-- Table structure for table `pre3574_hook_alias`
--

CREATE TABLE `pre3574_hook_alias` (
  `id_hook_alias` int unsigned NOT NULL AUTO_INCREMENT,
  `alias` varchar(191) NOT NULL,
  `name` varchar(191) NOT NULL,
  PRIMARY KEY (`id_hook_alias`),
  UNIQUE KEY `alias` (`alias`)
) ENGINE=InnoDB AUTO_INCREMENT=88 DEFAULT CHARSET=utf8mb4 COLLATE=utf8mb4_0900_ai_ci;

--
-- Dumping data for table `pre3574_hook_alias`
--

INSERT INTO `pre3574_hook_alias` VALUES (1,'newOrder','actionValidateOrder'),(2,'paymentConfirm','actionPaymentConfirmation'),(3,'paymentReturn','displayPaymentReturn'),(4,'updateQuantity','actionUpdateQuantity'),(5,'rightColumn','displayRightColumn'),(6,'leftColumn','displayLeftColumn'),(7,'home','displayHome'),(8,'Header','displayHeader'),(9,'cart','actionCartSave'),(10,'authentication','actionAuthentication'),(11,'addproduct','actionProductAdd'),(12,'updateproduct','actionProductUpdate'),(13,'top','displayTop'),(14,'extraRight','displayRightColumnProduct'),(15,'deleteproduct','actionProductDelete'),(16,'productfooter','displayFooterProduct'),(17,'invoice','displayInvoice'),(18,'updateOrderStatus','actionOrderStatusUpdate'),(19,'adminOrder','displayAdminOrder'),(20,'footer','displayFooter'),(21,'PDFInvoice','displayPDFInvoice'),(22,'adminCustomers','displayAdminCustomers'),(23,'orderConfirmation','displayOrderConfirmation'),(24,'createAccount','actionCustomerAccountAdd'),(25,'customerAccount','displayCustomerAccount'),(26,'orderSlip','actionOrderSlipAdd'),(27,'shoppingCart','displayShoppingCartFooter'),(28,'createAccountForm','displayCustomerAccountForm'),(29,'AdminStatsModules','displayAdminStatsModules'),(30,'GraphEngine','displayAdminStatsGraphEngine'),(31,'orderReturn','actionOrderReturn'),(32,'productActions','displayProductAdditionalInfo'),(33,'displayProductButtons','displayProductAdditionalInfo'),(34,'backOfficeHome','displayBackOfficeHome'),(35,'GridEngine','displayAdminStatsGridEngine'),(36,'watermark','actionWatermark'),(37,'cancelProduct','actionProductCancel'),(38,'extraLeft','displayLeftColumnProduct'),(39,'productOutOfStock','actionProductOutOfStock'),(40,'updateProductAttribute','actionProductAttributeUpdate'),(41,'extraCarrier','displayCarrierList'),(42,'shoppingCartExtra','displayShoppingCart'),(43,'updateCarrier','actionCarrierUpdate'),(44,'postUpdateOrderStatus','actionOrderStatusPostUpdate'),(45,'createAccountTop','displayCustomerAccountFormTop'),(46,'backOfficeHeader','displayBackOfficeHeader'),(47,'backOfficeTop','displayBackOfficeTop'),(48,'backOfficeFooter','displayBackOfficeFooter'),(49,'deleteProductAttribute','actionProductAttributeDelete'),(50,'processCarrier','actionCarrierProcess'),(51,'beforeCarrier','displayBeforeCarrier'),(52,'orderDetailDisplayed','displayOrderDetail'),(53,'paymentCCAdded','actionPaymentCCAdd'),(54,'categoryAddition','actionCategoryAdd'),(55,'categoryUpdate','actionCategoryUpdate'),(56,'categoryDeletion','actionCategoryDelete'),(57,'paymentTop','displayPaymentTop'),(58,'afterCreateHtaccess','actionHtaccessCreate'),(59,'afterSaveAdminMeta','actionAdminMetaSave'),(60,'attributeGroupForm','displayAttributeGroupForm'),(61,'afterSaveAttributeGroup','actionAttributeGroupSave'),(62,'afterDeleteAttributeGroup','actionAttributeGroupDelete'),(63,'featureForm','displayFeatureForm'),(64,'afterSaveFeature','actionFeatureSave'),(65,'afterDeleteFeature','actionFeatureDelete'),(66,'afterSaveProduct','actionProductSave'),(67,'postProcessAttributeGroup','displayAttributeGroupPostProcess'),(68,'postProcessFeature','displayFeaturePostProcess'),(69,'featureValueForm','displayFeatureValueForm'),(70,'postProcessFeatureValue','displayFeatureValuePostProcess'),(71,'afterDeleteFeatureValue','actionFeatureValueDelete'),(72,'afterSaveFeatureValue','actionFeatureValueSave'),(73,'attributeForm','displayAttributeForm'),(74,'postProcessAttribute','actionAttributePostProcess'),(75,'afterDeleteAttribute','actionAttributeDelete'),(76,'afterSaveAttribute','actionAttributeSave'),(77,'taxManager','actionTaxManager'),(78,'myAccountBlock','displayMyAccountBlock'),(79,'actionBeforeCartUpdateQty','actionCartUpdateQuantityBefore'),(80,'actionBeforeAjaxDie','actionAjaxDieBefore'),(81,'actionBeforeAuthentication','actionAuthenticationBefore'),(82,'actionBeforeSubmitAccount','actionSubmitAccountBefore'),(83,'displayInvoice','displayAdminOrderTop'),(84,'displayBackOfficeOrderActions','displayAdminOrderSide'),(85,'actionFrontControllerAfterInit','actionFrontControllerInitAfter'),(86,'displayAdminListBefore','displayAdminGridTableBefore'),(87,'displayAdminListAfter','displayAdminGridTableAfter');

--
-- Table structure for table `pre3574_hook_module`
--

CREATE TABLE `pre3574_hook_module` (
  `id_module` int unsigned NOT NULL,
  `id_shop` int unsigned NOT NULL DEFAULT '1',
  `id_hook` int unsigned NOT NULL,
  `position` tinyint unsigned NOT NULL,
  PRIMARY KEY (`id_module`,`id_hook`,`id_shop`),
  KEY `id_hook` (`id_hook`),
  KEY `id_module` (`id_module`),
  KEY `position` (`id_shop`,`position`)
) ENGINE=InnoDB DEFAULT CHARSET=utf8mb4 COLLATE=utf8mb4_0900_ai_ci;

--
-- Dumping data for table `pre3574_hook_module`
--

INSERT INTO `pre3574_hook_module` VALUES (1,1,45,1),(1,1,146,1),(1,1,328,1),(2,1,26,1),(2,1,30,1),(2,1,896,1),(2,1,898,1),(2,1,899,1),(3,1,32,1),(3,1,48,1),(3,1,53,1),(3,1,80,1),(3,1,107,1),(3,1,110,1),(3,1,212,1),(3,1,900,1),(4,1,51,1),(4,1,127,1),(5,1,11,1),(5,1,18,1),(5,1,903,1),(5,1,904,1),(6,1,906,1),(7,1,905,1),(9,1,20,1),(10,1,29,1),(10,1,87,1),(10,1,907,1),(10,1,908,1),(10,1,909,1),(10,1,910,1),(10,1,911,1),(10,1,912,1),(10,1,913,1),(10,1,914,1),(10,1,915,1),(10,1,916,1),(10,1,917,1),(10,1,918,1),(10,1,919,1),(10,1,920,1),(10,1,921,1),(10,1,922,1),(11,1,923,1),(12,1,19,1),(13,1,23,1),(13,1,24,1),(13,1,924,1),(13,1,925,1),(14,1,926,1),(16,1,927,1),(16,1,928,1),(16,1,929,1),(18,1,74,1),(19,1,52,1),(19,1,897,1),(19,1,930,1),(19,1,932,1),(19,1,933,1),(19,1,934,1),(21,1,935,1),(21,1,936,1),(22,1,35,1),(22,1,140,1),(22,1,937,1),(23,1,17,1),(24,1,86,1),(24,1,88,1),(24,1,93,1),(24,1,94,1),(24,1,96,1),(24,1,97,1),(24,1,98,1),(24,1,103,1),(24,1,104,1),(24,1,106,1),(24,1,108,1),(24,1,431,1),(24,1,439,1),(24,1,447,1),(24,1,665,1),(24,1,938,1),(24,1,939,1),(24,1,940,1),(24,1,941,1),(24,1,942,1),(24,1,943,1),(24,1,944,1),(24,1,945,1),(24,1,946,1),(24,1,947,1),(24,1,948,1),(24,1,949,1),(24,1,950,1),(24,1,951,1),(25,1,14,1),(26,1,63,1),(27,1,8,1),(27,1,952,1),(28,1,953,1),(28,1,954,1),(29,1,60,1),(31,1,1,1),(31,1,28,1),(31,1,33,1),(31,1,40,1),(31,1,50,1),(31,1,67,1),(31,1,76,1),(31,1,81,1),(31,1,894,1),(33,1,956,1),(37,1,704,1),(37,1,705,1),(37,1,708,1),(47,1,9,1),(47,1,62,1),(47,1,70,1),(47,1,121,1),(47,1,957,1),(54,1,959,1),(55,1,10,1),(64,1,960,1),(65,1,22,1),(67,1,59,1),(67,1,145,1),(67,1,696,1),(67,1,701,1),(67,1,714,1),(67,1,715,1),(67,1,716,1),(67,1,717,1),(67,1,955,1),(67,1,961,1),(67,1,962,1),(67,1,963,1),(67,1,964,1),(68,1,120,1),(68,1,176,1),(68,1,966,1),(68,1,967,1),(68,1,968,1),(68,1,969,1),(69,1,970,1),(69,1,971,1),(69,1,972,1),(69,1,973,1),(69,1,974,1),(69,1,975,1),(69,1,976,1),(69,1,977,1),(69,1,978,1),(69,1,979,1),(69,1,980,1),(69,1,981,1),(69,1,982,1),(69,1,983,1),(69,1,984,1),(69,1,985,1),(69,1,986,1),(69,1,987,1),(69,1,988,1),(69,1,989,1),(69,1,990,1),(69,1,991,1),(69,1,992,1),(69,1,993,1),(69,1,994,1),(69,1,995,1),(69,1,996,1),(69,1,997,1),(69,1,998,1),(69,1,999,1),(69,1,1000,1),(69,1,1001,1),(69,1,1002,1),(69,1,1003,1),(69,1,1004,1),(69,1,1005,1),(69,1,1006,1),(69,1,1007,1),(69,1,1008,1),(69,1,1009,1),(69,1,1010,1),(69,1,1011,1),(69,1,1012,1),(69,1,1013,1),(69,1,1014,1),(69,1,1015,1),(69,1,1016,1),(69,1,1017,1),(69,1,1018,1),(70,1,1019,1),(3,1,899,2),(4,1,53,2),(4,1,900,2),(7,1,906,2),(11,1,20,2),(11,1,29,2),(12,1,922,2),(13,1,19,2),(13,1,32,2),(13,1,87,2),(16,1,23,2),(16,1,24,2),(19,1,51,2),(19,1,127,2),(20,1,897,2),(21,1,45,2),(22,1,63,2),(22,1,932,2),(22,1,933,2),(22,1,934,2),(24,1,17,2),(30,1,954,2),(30,1,955,2),(31,1,35,2),(31,1,74,2),(32,1,76,2),(34,1,50,2),(34,1,952,2),(36,1,60,2),(47,1,1,2),(47,1,80,2),(47,1,110,2),(50,1,8,2),(55,1,916,2),(55,1,917,2),(55,1,918,2),(59,1,919,2),(59,1,920,2),(61,1,953,2),(65,1,28,2),(66,1,10,2),(66,1,913,2),(66,1,914,2),(66,1,915,2),(67,1,328,2),(67,1,704,2),(67,1,705,2),(67,1,708,2),(67,1,935,2),(68,1,696,2),(69,1,907,2),(69,1,908,2),(69,1,909,2),(69,1,921,2),(69,1,926,2),(69,1,967,2),(70,1,52,2),(70,1,98,2),(70,1,121,2),(2,1,897,3),(5,1,45,3),(8,1,906,3),(12,1,20,3),(14,1,19,3),(15,1,922,3),(16,1,32,3),(17,1,23,3),(17,1,24,3),(19,1,899,3),(24,1,87,3),(25,1,932,3),(28,1,900,3),(35,1,35,3),(35,1,74,3),(38,1,60,3),(47,1,53,3),(47,1,63,3),(47,1,933,3),(47,1,934,3),(50,1,952,3),(52,1,29,3),(55,1,17,3),(56,1,127,3),(61,1,954,3),(62,1,953,3),(65,1,51,3),(68,1,76,3),(69,1,913,3),(69,1,914,3),(69,1,915,3),(69,1,916,3),(69,1,917,3),(69,1,918,3),(69,1,919,3),(69,1,920,3),(70,1,1,3),(3,1,45,4),(9,1,906,4),(15,1,19,4),(17,1,32,4),(18,1,23,4),(18,1,24,4),(20,1,899,4),(22,1,20,4),(30,1,900,4),(39,1,35,4),(40,1,60,4),(47,1,932,4),(59,1,63,4),(62,1,954,4),(66,1,17,4),(67,1,953,4),(70,1,51,4),(70,1,76,4),(16,1,19,5),(18,1,32,5),(31,1,20,5),(39,1,23,5),(39,1,24,5),(41,1,60,5),(47,1,899,5),(47,1,900,5),(59,1,35,5),(17,1,19,6),(39,1,32,6),(42,1,60,6),(62,1,900,6),(18,1,19,7),(44,1,60,7),(47,1,32,7),(64,1,900,7),(45,1,60,8),(67,1,900,8),(70,1,32,8),(46,1,60,9),(49,1,60,10),(51,1,60,11),(52,1,60,12),(53,1,60,13),(54,1,60,14),(57,1,60,15),(58,1,60,16),(60,1,60,17),(63,1,60,18);

--
-- Table structure for table `pre3574_hook_module_exceptions`
--

CREATE TABLE `pre3574_hook_module_exceptions` (
  `id_hook_module_exceptions` int unsigned NOT NULL AUTO_INCREMENT,
  `id_shop` int unsigned NOT NULL DEFAULT '1',
  `id_module` int unsigned NOT NULL,
  `id_hook` int unsigned NOT NULL,
  `file_name` varchar(255) DEFAULT NULL,
  PRIMARY KEY (`id_hook_module_exceptions`),
  KEY `id_module` (`id_module`),
  KEY `id_hook` (`id_hook`)
) ENGINE=InnoDB DEFAULT CHARSET=utf8mb4 COLLATE=utf8mb4_0900_ai_ci;

--
-- Dumping data for table `pre3574_hook_module_exceptions`
--


--
-- Table structure for table `pre3574_image`
--

CREATE TABLE `pre3574_image` (
  `id_image` int unsigned NOT NULL AUTO_INCREMENT,
  `id_product` int unsigned NOT NULL,
  `position` smallint unsigned NOT NULL DEFAULT '0',
  `cover` tinyint unsigned DEFAULT NULL,
  PRIMARY KEY (`id_image`),
  UNIQUE KEY `id_product_cover` (`id_product`,`cover`),
  UNIQUE KEY `idx_product_image` (`id_image`,`id_product`,`cover`),
  KEY `image_product` (`id_product`)
) ENGINE=InnoDB AUTO_INCREMENT=3 DEFAULT CHARSET=utf8mb4 COLLATE=utf8mb4_0900_ai_ci;

--
-- Dumping data for table `pre3574_image`
--

INSERT INTO `pre3574_image` VALUES (1,1,1,1),(2,2,1,1);

--
-- Table structure for table `pre3574_image_lang`
--

CREATE TABLE `pre3574_image_lang` (
  `id_image` int unsigned NOT NULL,
  `id_lang` int unsigned NOT NULL,
  `legend` varchar(128) DEFAULT NULL,
  PRIMARY KEY (`id_image`,`id_lang`),
  KEY `id_image` (`id_image`)
) ENGINE=InnoDB DEFAULT CHARSET=utf8mb4 COLLATE=utf8mb4_0900_ai_ci;

--
-- Dumping data for table `pre3574_image_lang`
--

INSERT INTO `pre3574_image_lang` VALUES (1,1,''),(1,2,''),(2,1,''),(2,2,'');

--
-- Table structure for table `pre3574_image_shop`
--

CREATE TABLE `pre3574_image_shop` (
  `id_product` int unsigned NOT NULL,
  `id_image` int unsigned NOT NULL,
  `id_shop` int unsigned NOT NULL,
  `cover` tinyint unsigned DEFAULT NULL,
  PRIMARY KEY (`id_image`,`id_shop`),
  UNIQUE KEY `id_product` (`id_product`,`id_shop`,`cover`),
  KEY `id_shop` (`id_shop`)
) ENGINE=InnoDB DEFAULT CHARSET=utf8mb4 COLLATE=utf8mb4_0900_ai_ci;

--
-- Dumping data for table `pre3574_image_shop`
--

INSERT INTO `pre3574_image_shop` VALUES (1,1,1,1),(2,2,1,1);

--
-- Table structure for table `pre3574_image_type`
--

CREATE TABLE `pre3574_image_type` (
  `id_image_type` int unsigned NOT NULL AUTO_INCREMENT,
  `name` varchar(64) NOT NULL,
  `width` int unsigned NOT NULL,
  `height` int unsigned NOT NULL,
  `products` tinyint(1) NOT NULL DEFAULT '1',
  `categories` tinyint(1) NOT NULL DEFAULT '1',
  `manufacturers` tinyint(1) NOT NULL DEFAULT '1',
  `suppliers` tinyint(1) NOT NULL DEFAULT '1',
  `stores` tinyint(1) NOT NULL DEFAULT '1',
  PRIMARY KEY (`id_image_type`),
  KEY `image_type_name` (`name`)
) ENGINE=InnoDB AUTO_INCREMENT=8 DEFAULT CHARSET=utf8mb4 COLLATE=utf8mb4_0900_ai_ci;

--
-- Dumping data for table `pre3574_image_type`
--

INSERT INTO `pre3574_image_type` VALUES (1,'cart_default',125,125,1,0,0,0,0),(2,'small_default',98,98,1,1,1,1,0),(3,'medium_default',452,452,1,0,1,1,0),(4,'home_default',250,250,1,0,0,0,0),(5,'large_default',800,800,1,0,1,1,0),(6,'category_default',141,180,0,1,0,0,0),(7,'stores_default',170,115,0,0,0,0,1);

--
-- Table structure for table `pre3574_import_match`
--

CREATE TABLE `pre3574_import_match` (
  `id_import_match` int NOT NULL AUTO_INCREMENT,
  `name` varchar(32) NOT NULL,
  `match` mediumtext NOT NULL,
  `skip` int NOT NULL,
  PRIMARY KEY (`id_import_match`)
) ENGINE=InnoDB DEFAULT CHARSET=utf8mb4 COLLATE=utf8mb4_0900_ai_ci;

--
-- Dumping data for table `pre3574_import_match`
--


--
-- Table structure for table `pre3574_info`
--

CREATE TABLE `pre3574_info` (
  `id_info` int unsigned NOT NULL AUTO_INCREMENT,
  PRIMARY KEY (`id_info`)
) ENGINE=InnoDB AUTO_INCREMENT=2 DEFAULT CHARSET=utf8mb3;

--
-- Dumping data for table `pre3574_info`
--

INSERT INTO `pre3574_info` VALUES (1);

--
-- Table structure for table `pre3574_info_lang`
--

CREATE TABLE `pre3574_info_lang` (
  `id_info` int unsigned NOT NULL,
  `id_shop` int unsigned NOT NULL,
  `id_lang` int unsigned NOT NULL,
  `text` text NOT NULL,
  PRIMARY KEY (`id_info`,`id_lang`,`id_shop`)
) ENGINE=InnoDB DEFAULT CHARSET=utf8mb3;

--
-- Dumping data for table `pre3574_info_lang`
--

INSERT INTO `pre3574_info_lang` VALUES (1,1,1,'<h2>Custom Text Block</h2>\n<p><strong class=\"dark\">Lorem ipsum dolor sit amet conse ctetu</strong></p>\n<p>Sit amet conse ctetur adipisicing elit, sed do eiusmod tempor incididunt ut labore et dolore magna aliqua. Ut enim ad minim veniam, quis nostrud exercitation ullamco laboris nisi ut aliquip ex ea commodo consequat. Duis aute irure dolor in reprehenderit.</p>'),(1,1,2,'<h2>Custom Text Block</h2>\n<p><strong class=\"dark\">Lorem ipsum dolor sit amet conse ctetu</strong></p>\n<p>Sit amet conse ctetur adipisicing elit, sed do eiusmod tempor incididunt ut labore et dolore magna aliqua. Ut enim ad minim veniam, quis nostrud exercitation ullamco laboris nisi ut aliquip ex ea commodo consequat. Duis aute irure dolor in reprehenderit.</p>');

--
-- Table structure for table `pre3574_info_shop`
--

CREATE TABLE `pre3574_info_shop` (
  `id_info` int unsigned NOT NULL,
  `id_shop` int unsigned NOT NULL,
  PRIMARY KEY (`id_info`,`id_shop`)
) ENGINE=InnoDB DEFAULT CHARSET=utf8mb3;

--
-- Dumping data for table `pre3574_info_shop`
--

INSERT INTO `pre3574_info_shop` VALUES (1,1);

--
-- Table structure for table `pre3574_lang`
--

CREATE TABLE `pre3574_lang` (
  `id_lang` int NOT NULL AUTO_INCREMENT,
  `name` varchar(32) COLLATE utf8mb4_unicode_ci NOT NULL,
  `active` tinyint(1) NOT NULL,
  `iso_code` varchar(2) COLLATE utf8mb4_unicode_ci NOT NULL,
  `language_code` varchar(5) COLLATE utf8mb4_unicode_ci NOT NULL,
  `locale` varchar(5) COLLATE utf8mb4_unicode_ci NOT NULL,
  `date_format_lite` varchar(32) COLLATE utf8mb4_unicode_ci NOT NULL,
  `date_format_full` varchar(32) COLLATE utf8mb4_unicode_ci NOT NULL,
  `is_rtl` tinyint(1) NOT NULL,
  PRIMARY KEY (`id_lang`)
) ENGINE=InnoDB AUTO_INCREMENT=3 DEFAULT CHARSET=utf8mb4 COLLATE=utf8mb4_unicode_ci;

--
-- Dumping data for table `pre3574_lang`
--

INSERT INTO `pre3574_lang` VALUES (1,'English (English)',1,'en','en-us','en-US','m/d/Y','m/d/Y H:i:s',0),(2,'Français (French)',1,'fr','fr-fr','fr-FR','d/m/Y','d/m/Y H:i:s',0);

--
-- Table structure for table `pre3574_lang_shop`
--

CREATE TABLE `pre3574_lang_shop` (
  `id_lang` int NOT NULL,
  `id_shop` int NOT NULL,
  PRIMARY KEY (`id_lang`,`id_shop`),
  KEY `IDX_A6DB4634BA299860` (`id_lang`),
  KEY `IDX_A6DB4634274A50A0` (`id_shop`)
) ENGINE=InnoDB DEFAULT CHARSET=utf8mb4 COLLATE=utf8mb4_unicode_ci;

--
-- Dumping data for table `pre3574_lang_shop`
--

INSERT INTO `pre3574_lang_shop` VALUES (1,1),(2,1);

--
-- Table structure for table `pre3574_layered_category`
--

CREATE TABLE `pre3574_layered_category` (
  `id_layered_category` int unsigned NOT NULL AUTO_INCREMENT,
  `id_shop` int unsigned NOT NULL,
  `controller` varchar(64) NOT NULL,
  `id_category` int unsigned NOT NULL,
  `id_value` int unsigned DEFAULT '0',
  `type` enum('category','id_feature','id_attribute_group','availability','condition','manufacturer','weight','price','extras') NOT NULL,
  `position` int unsigned NOT NULL,
  `filter_type` int unsigned NOT NULL DEFAULT '0',
  `filter_show_limit` int unsigned NOT NULL DEFAULT '0',
  PRIMARY KEY (`id_layered_category`),
  KEY `id_category_shop` (`id_category`,`id_shop`,`type`,`id_value`,`position`),
  KEY `id_category` (`id_category`,`type`)
) ENGINE=InnoDB DEFAULT CHARSET=utf8mb3;

--
-- Dumping data for table `pre3574_layered_category`
--


--
-- Table structure for table `pre3574_layered_filter`
--

CREATE TABLE `pre3574_layered_filter` (
  `id_layered_filter` int unsigned NOT NULL AUTO_INCREMENT,
  `name` varchar(64) NOT NULL,
  `filters` longtext,
  `n_categories` int unsigned NOT NULL,
  `date_add` datetime NOT NULL,
  PRIMARY KEY (`id_layered_filter`)
) ENGINE=InnoDB DEFAULT CHARSET=utf8mb3;

--
-- Dumping data for table `pre3574_layered_filter`
--


--
-- Table structure for table `pre3574_layered_filter_block`
--

CREATE TABLE `pre3574_layered_filter_block` (
  `hash` char(32) NOT NULL DEFAULT '',
  `data` text,
  PRIMARY KEY (`hash`)
) ENGINE=InnoDB DEFAULT CHARSET=utf8mb3;

--
-- Dumping data for table `pre3574_layered_filter_block`
--

INSERT INTO `pre3574_layered_filter_block` VALUES ('0272a7cd4af502badd218abb3a9f4eac','a:1:{s:7:\"filters\";a:0:{}}'),('2c8c4de9ea9c4ca9114b05a914ca1703','a:1:{s:7:\"filters\";a:0:{}}'),('d1ce546b6d8561435ec6d2d05c7adc32','a:1:{s:7:\"filters\";a:0:{}}'),('d5667b3ddcc535a885ac8b24ace41e9e','a:1:{s:7:\"filters\";a:0:{}}');

--
-- Table structure for table `pre3574_layered_filter_shop`
--

CREATE TABLE `pre3574_layered_filter_shop` (
  `id_layered_filter` int unsigned NOT NULL,
  `id_shop` int unsigned NOT NULL,
  PRIMARY KEY (`id_layered_filter`,`id_shop`),
  KEY `id_shop` (`id_shop`)
) ENGINE=InnoDB DEFAULT CHARSET=utf8mb3;

--
-- Dumping data for table `pre3574_layered_filter_shop`
--


--
-- Table structure for table `pre3574_layered_indexable_attribute_group`
--

CREATE TABLE `pre3574_layered_indexable_attribute_group` (
  `id_attribute_group` int NOT NULL,
  `indexable` tinyint(1) NOT NULL DEFAULT '0',
  PRIMARY KEY (`id_attribute_group`)
) ENGINE=InnoDB DEFAULT CHARSET=utf8mb3;

--
-- Dumping data for table `pre3574_layered_indexable_attribute_group`
--


--
-- Table structure for table `pre3574_layered_indexable_attribute_group_lang_value`
--

CREATE TABLE `pre3574_layered_indexable_attribute_group_lang_value` (
  `id_attribute_group` int NOT NULL,
  `id_lang` int NOT NULL,
  `url_name` varchar(128) DEFAULT NULL,
  `meta_title` varchar(128) DEFAULT NULL,
  PRIMARY KEY (`id_attribute_group`,`id_lang`)
) ENGINE=InnoDB DEFAULT CHARSET=utf8mb3;

--
-- Dumping data for table `pre3574_layered_indexable_attribute_group_lang_value`
--


--
-- Table structure for table `pre3574_layered_indexable_attribute_lang_value`
--

CREATE TABLE `pre3574_layered_indexable_attribute_lang_value` (
  `id_attribute` int NOT NULL,
  `id_lang` int NOT NULL,
  `url_name` varchar(128) DEFAULT NULL,
  `meta_title` varchar(128) DEFAULT NULL,
  PRIMARY KEY (`id_attribute`,`id_lang`)
) ENGINE=InnoDB DEFAULT CHARSET=utf8mb3;

--
-- Dumping data for table `pre3574_layered_indexable_attribute_lang_value`
--


--
-- Table structure for table `pre3574_layered_indexable_feature`
--

CREATE TABLE `pre3574_layered_indexable_feature` (
  `id_feature` int NOT NULL,
  `indexable` tinyint(1) NOT NULL DEFAULT '0',
  PRIMARY KEY (`id_feature`)
) ENGINE=InnoDB DEFAULT CHARSET=utf8mb3;

--
-- Dumping data for table `pre3574_layered_indexable_feature`
--


--
-- Table structure for table `pre3574_layered_indexable_feature_lang_value`
--

CREATE TABLE `pre3574_layered_indexable_feature_lang_value` (
  `id_feature` int NOT NULL,
  `id_lang` int NOT NULL,
  `url_name` varchar(128) NOT NULL,
  `meta_title` varchar(128) DEFAULT NULL,
  PRIMARY KEY (`id_feature`,`id_lang`)
) ENGINE=InnoDB DEFAULT CHARSET=utf8mb3;

--
-- Dumping data for table `pre3574_layered_indexable_feature_lang_value`
--


--
-- Table structure for table `pre3574_layered_indexable_feature_value_lang_value`
--

CREATE TABLE `pre3574_layered_indexable_feature_value_lang_value` (
  `id_feature_value` int NOT NULL,
  `id_lang` int NOT NULL,
  `url_name` varchar(128) DEFAULT NULL,
  `meta_title` varchar(128) DEFAULT NULL,
  PRIMARY KEY (`id_feature_value`,`id_lang`)
) ENGINE=InnoDB DEFAULT CHARSET=utf8mb3;

--
-- Dumping data for table `pre3574_layered_indexable_feature_value_lang_value`
--


--
-- Table structure for table `pre3574_layered_price_index`
--

CREATE TABLE `pre3574_layered_price_index` (
  `id_product` int NOT NULL,
  `id_currency` int NOT NULL,
  `id_shop` int NOT NULL,
  `price_min` decimal(20,6) NOT NULL,
  `price_max` decimal(20,6) NOT NULL,
  `id_country` int NOT NULL,
  PRIMARY KEY (`id_product`,`id_currency`,`id_shop`,`id_country`),
  KEY `id_currency` (`id_currency`),
  KEY `price_min` (`price_min`),
  KEY `price_max` (`price_max`)
) ENGINE=InnoDB DEFAULT CHARSET=utf8mb3;

--
-- Dumping data for table `pre3574_layered_price_index`
--

INSERT INTO `pre3574_layered_price_index` VALUES (1,1,1,0.000000,0.000000,8),(1,2,1,0.000000,0.000000,8),(2,1,1,0.000000,0.000000,8),(2,2,1,0.000000,0.000000,8);

--
-- Table structure for table `pre3574_layered_product_attribute`
--

CREATE TABLE `pre3574_layered_product_attribute` (
  `id_attribute` int unsigned NOT NULL,
  `id_product` int unsigned NOT NULL,
  `id_attribute_group` int unsigned NOT NULL DEFAULT '0',
  `id_shop` int unsigned NOT NULL DEFAULT '1',
  PRIMARY KEY (`id_attribute`,`id_product`,`id_shop`),
  UNIQUE KEY `id_attribute_group` (`id_attribute_group`,`id_attribute`,`id_product`,`id_shop`)
) ENGINE=InnoDB DEFAULT CHARSET=utf8mb3;

--
-- Dumping data for table `pre3574_layered_product_attribute`
--


--
-- Table structure for table `pre3574_link_block`
--

CREATE TABLE `pre3574_link_block` (
  `id_link_block` int unsigned NOT NULL AUTO_INCREMENT,
  `id_hook` int unsigned DEFAULT NULL,
  `position` int unsigned NOT NULL DEFAULT '0',
  `content` text,
  PRIMARY KEY (`id_link_block`)
) ENGINE=InnoDB AUTO_INCREMENT=3 DEFAULT CHARSET=utf8mb3;

--
-- Dumping data for table `pre3574_link_block`
--

INSERT INTO `pre3574_link_block` VALUES (1,45,0,'{\"cms\":[false],\"product\":[\"prices-drop\",\"new-products\",\"best-sales\"],\"static\":[false]}'),(2,45,1,'{\"cms\":[\"1\",\"2\",\"3\",\"4\",\"5\"],\"product\":[false],\"static\":[\"contact\",\"sitemap\",\"stores\"]}');

--
-- Table structure for table `pre3574_link_block_lang`
--

CREATE TABLE `pre3574_link_block_lang` (
  `id_link_block` int unsigned NOT NULL,
  `id_lang` int unsigned NOT NULL,
  `name` varchar(40) NOT NULL DEFAULT '',
  `custom_content` text,
  PRIMARY KEY (`id_link_block`,`id_lang`)
) ENGINE=InnoDB DEFAULT CHARSET=utf8mb3;

--
-- Dumping data for table `pre3574_link_block_lang`
--

INSERT INTO `pre3574_link_block_lang` VALUES (1,1,'Products',NULL),(1,2,'Products',NULL),(2,1,'Our company',NULL),(2,2,'Our company',NULL);

--
-- Table structure for table `pre3574_link_block_shop`
--

CREATE TABLE `pre3574_link_block_shop` (
  `id_link_block` int unsigned NOT NULL AUTO_INCREMENT,
  `id_shop` int unsigned NOT NULL,
  `position` int unsigned NOT NULL DEFAULT '0',
  PRIMARY KEY (`id_link_block`,`id_shop`)
) ENGINE=InnoDB AUTO_INCREMENT=3 DEFAULT CHARSET=utf8mb3;

--
-- Dumping data for table `pre3574_link_block_shop`
--

INSERT INTO `pre3574_link_block_shop` VALUES (1,1,0),(2,1,1);

--
-- Table structure for table `pre3574_linksmenutop`
--

CREATE TABLE `pre3574_linksmenutop` (
  `id_linksmenutop` int unsigned NOT NULL AUTO_INCREMENT,
  `id_shop` int unsigned NOT NULL,
  `new_window` tinyint(1) NOT NULL,
  PRIMARY KEY (`id_linksmenutop`),
  KEY `id_shop` (`id_shop`)
) ENGINE=InnoDB DEFAULT CHARSET=utf8mb4 COLLATE=utf8mb4_0900_ai_ci;

--
-- Dumping data for table `pre3574_linksmenutop`
--


--
-- Table structure for table `pre3574_linksmenutop_lang`
--

CREATE TABLE `pre3574_linksmenutop_lang` (
  `id_linksmenutop` int unsigned NOT NULL,
  `id_lang` int unsigned NOT NULL,
  `id_shop` int unsigned NOT NULL,
  `label` varchar(128) NOT NULL,
  `link` varchar(128) NOT NULL,
  KEY `id_linksmenutop` (`id_linksmenutop`,`id_lang`,`id_shop`)
) ENGINE=InnoDB DEFAULT CHARSET=utf8mb4 COLLATE=utf8mb4_0900_ai_ci;

--
-- Dumping data for table `pre3574_linksmenutop_lang`
--


--
-- Table structure for table `pre3574_log`
--

CREATE TABLE `pre3574_log` (
  `id_log` int unsigned NOT NULL AUTO_INCREMENT,
  `severity` tinyint(1) NOT NULL,
  `error_code` int DEFAULT NULL,
  `message` mediumtext NOT NULL,
  `object_type` varchar(32) DEFAULT NULL,
  `object_id` int unsigned DEFAULT NULL,
  `id_shop` int unsigned DEFAULT NULL,
  `id_shop_group` int unsigned DEFAULT NULL,
  `id_lang` int unsigned DEFAULT NULL,
  `in_all_shops` tinyint unsigned NOT NULL DEFAULT '0',
  `id_employee` int unsigned DEFAULT NULL,
  `date_add` datetime NOT NULL,
  `date_upd` datetime NOT NULL,
  PRIMARY KEY (`id_log`)
) ENGINE=InnoDB AUTO_INCREMENT=446 DEFAULT CHARSET=utf8mb4 COLLATE=utf8mb4_0900_ai_ci;

--
-- Dumping data for table `pre3574_log`
--

INSERT INTO `pre3574_log` VALUES (1,1,0,'Exporting mail with theme modern for language English (English)','',0,1,NULL,0,0,0,'2026-03-19 14:03:07','2026-03-19 14:03:07'),(2,1,0,'Core output folder: /home/testjaa/www/mails','',0,1,NULL,0,0,0,'2026-03-19 14:03:07','2026-03-19 14:03:07'),(3,1,0,'Modules output folder: /home/testjaa/www/modules/','',0,1,NULL,0,0,0,'2026-03-19 14:03:07','2026-03-19 14:03:07'),(4,1,0,'Generate html template account at /home/testjaa/www/mails/en/account.html','',0,1,NULL,0,0,0,'2026-03-19 14:03:07','2026-03-19 14:03:07'),(5,1,0,'Generate txt template account at /home/testjaa/www/mails/en/account.txt','',0,1,NULL,0,0,0,'2026-03-19 14:03:07','2026-03-19 14:03:07'),(6,1,0,'Generate html template backoffice_order at /home/testjaa/www/mails/en/backoffice_order.html','',0,1,NULL,0,0,0,'2026-03-19 14:03:07','2026-03-19 14:03:07'),(7,1,0,'Generate txt template backoffice_order at /home/testjaa/www/mails/en/backoffice_order.txt','',0,1,NULL,0,0,0,'2026-03-19 14:03:07','2026-03-19 14:03:07'),(8,1,0,'Generate html template bankwire at /home/testjaa/www/mails/en/bankwire.html','',0,1,NULL,0,0,0,'2026-03-19 14:03:07','2026-03-19 14:03:07'),(9,1,0,'Generate txt template bankwire at /home/testjaa/www/mails/en/bankwire.txt','',0,1,NULL,0,0,0,'2026-03-19 14:03:07','2026-03-19 14:03:07'),(10,1,0,'Generate html template cheque at /home/testjaa/www/mails/en/cheque.html','',0,1,NULL,0,0,0,'2026-03-19 14:03:07','2026-03-19 14:03:07'),(11,1,0,'Generate txt template cheque at /home/testjaa/www/mails/en/cheque.txt','',0,1,NULL,0,0,0,'2026-03-19 14:03:07','2026-03-19 14:03:07'),(12,1,0,'Generate html template contact at /home/testjaa/www/mails/en/contact.html','',0,1,NULL,0,0,0,'2026-03-19 14:03:07','2026-03-19 14:03:07'),(13,1,0,'Generate txt template contact at /home/testjaa/www/mails/en/contact.txt','',0,1,NULL,0,0,0,'2026-03-19 14:03:07','2026-03-19 14:03:07'),(14,1,0,'Generate html template contact_form at /home/testjaa/www/mails/en/contact_form.html','',0,1,NULL,0,0,0,'2026-03-19 14:03:07','2026-03-19 14:03:07'),(15,1,0,'Generate txt template contact_form at /home/testjaa/www/mails/en/contact_form.txt','',0,1,NULL,0,0,0,'2026-03-19 14:03:07','2026-03-19 14:03:07'),(16,1,0,'Generate html template credit_slip at /home/testjaa/www/mails/en/credit_slip.html','',0,1,NULL,0,0,0,'2026-03-19 14:03:07','2026-03-19 14:03:07'),(17,1,0,'Generate txt template credit_slip at /home/testjaa/www/mails/en/credit_slip.txt','',0,1,NULL,0,0,0,'2026-03-19 14:03:07','2026-03-19 14:03:07'),(18,1,0,'Generate html template download_product at /home/testjaa/www/mails/en/download_product.html','',0,1,NULL,0,0,0,'2026-03-19 14:03:07','2026-03-19 14:03:07'),(19,1,0,'Generate txt template download_product at /home/testjaa/www/mails/en/download_product.txt','',0,1,NULL,0,0,0,'2026-03-19 14:03:07','2026-03-19 14:03:07'),(20,1,0,'Generate html template employee_password at /home/testjaa/www/mails/en/employee_password.html','',0,1,NULL,0,0,0,'2026-03-19 14:03:07','2026-03-19 14:03:07'),(21,1,0,'Generate txt template employee_password at /home/testjaa/www/mails/en/employee_password.txt','',0,1,NULL,0,0,0,'2026-03-19 14:03:07','2026-03-19 14:03:07'),(22,1,0,'Generate html template forward_msg at /home/testjaa/www/mails/en/forward_msg.html','',0,1,NULL,0,0,0,'2026-03-19 14:03:07','2026-03-19 14:03:07'),(23,1,0,'Generate txt template forward_msg at /home/testjaa/www/mails/en/forward_msg.txt','',0,1,NULL,0,0,0,'2026-03-19 14:03:07','2026-03-19 14:03:07'),(24,1,0,'Generate html template guest_to_customer at /home/testjaa/www/mails/en/guest_to_customer.html','',0,1,NULL,0,0,0,'2026-03-19 14:03:07','2026-03-19 14:03:07'),(25,1,0,'Generate txt template guest_to_customer at /home/testjaa/www/mails/en/guest_to_customer.txt','',0,1,NULL,0,0,0,'2026-03-19 14:03:07','2026-03-19 14:03:07'),(26,1,0,'Generate html template import at /home/testjaa/www/mails/en/import.html','',0,1,NULL,0,0,0,'2026-03-19 14:03:07','2026-03-19 14:03:07'),(27,1,0,'Generate txt template import at /home/testjaa/www/mails/en/import.txt','',0,1,NULL,0,0,0,'2026-03-19 14:03:07','2026-03-19 14:03:07'),(28,1,0,'Generate html template in_transit at /home/testjaa/www/mails/en/in_transit.html','',0,1,NULL,0,0,0,'2026-03-19 14:03:07','2026-03-19 14:03:07'),(29,1,0,'Generate txt template in_transit at /home/testjaa/www/mails/en/in_transit.txt','',0,1,NULL,0,0,0,'2026-03-19 14:03:07','2026-03-19 14:03:07'),(30,1,0,'Generate html template log_alert at /home/testjaa/www/mails/en/log_alert.html','',0,1,NULL,0,0,0,'2026-03-19 14:03:07','2026-03-19 14:03:07'),(31,1,0,'Generate txt template log_alert at /home/testjaa/www/mails/en/log_alert.txt','',0,1,NULL,0,0,0,'2026-03-19 14:03:07','2026-03-19 14:03:07'),(32,1,0,'Generate html template newsletter at /home/testjaa/www/mails/en/newsletter.html','',0,1,NULL,0,0,0,'2026-03-19 14:03:07','2026-03-19 14:03:07'),(33,1,0,'Generate txt template newsletter at /home/testjaa/www/mails/en/newsletter.txt','',0,1,NULL,0,0,0,'2026-03-19 14:03:07','2026-03-19 14:03:07'),(34,1,0,'Generate html template order_canceled at /home/testjaa/www/mails/en/order_canceled.html','',0,1,NULL,0,0,0,'2026-03-19 14:03:07','2026-03-19 14:03:07'),(35,1,0,'Generate txt template order_canceled at /home/testjaa/www/mails/en/order_canceled.txt','',0,1,NULL,0,0,0,'2026-03-19 14:03:07','2026-03-19 14:03:07'),(36,1,0,'Generate html template order_changed at /home/testjaa/www/mails/en/order_changed.html','',0,1,NULL,0,0,0,'2026-03-19 14:03:07','2026-03-19 14:03:07'),(37,1,0,'Generate txt template order_changed at /home/testjaa/www/mails/en/order_changed.txt','',0,1,NULL,0,0,0,'2026-03-19 14:03:07','2026-03-19 14:03:07'),(38,1,0,'Generate html template order_conf at /home/testjaa/www/mails/en/order_conf.html','',0,1,NULL,0,0,0,'2026-03-19 14:03:07','2026-03-19 14:03:07'),(39,1,0,'Generate txt template order_conf at /home/testjaa/www/mails/en/order_conf.txt','',0,1,NULL,0,0,0,'2026-03-19 14:03:07','2026-03-19 14:03:07'),(40,1,0,'Generate html template order_customer_comment at /home/testjaa/www/mails/en/order_customer_comment.html','',0,1,NULL,0,0,0,'2026-03-19 14:03:07','2026-03-19 14:03:07'),(41,1,0,'Generate txt template order_customer_comment at /home/testjaa/www/mails/en/order_customer_comment.txt','',0,1,NULL,0,0,0,'2026-03-19 14:03:07','2026-03-19 14:03:07'),(42,1,0,'Generate html template order_merchant_comment at /home/testjaa/www/mails/en/order_merchant_comment.html','',0,1,NULL,0,0,0,'2026-03-19 14:03:07','2026-03-19 14:03:07'),(43,1,0,'Generate txt template order_merchant_comment at /home/testjaa/www/mails/en/order_merchant_comment.txt','',0,1,NULL,0,0,0,'2026-03-19 14:03:07','2026-03-19 14:03:07'),(44,1,0,'Generate html template order_return_state at /home/testjaa/www/mails/en/order_return_state.html','',0,1,NULL,0,0,0,'2026-03-19 14:03:07','2026-03-19 14:03:07'),(45,1,0,'Generate txt template order_return_state at /home/testjaa/www/mails/en/order_return_state.txt','',0,1,NULL,0,0,0,'2026-03-19 14:03:07','2026-03-19 14:03:07'),(46,1,0,'Generate html template outofstock at /home/testjaa/www/mails/en/outofstock.html','',0,1,NULL,0,0,0,'2026-03-19 14:03:07','2026-03-19 14:03:07'),(47,1,0,'Generate txt template outofstock at /home/testjaa/www/mails/en/outofstock.txt','',0,1,NULL,0,0,0,'2026-03-19 14:03:07','2026-03-19 14:03:07'),(48,1,0,'Generate html template password at /home/testjaa/www/mails/en/password.html','',0,1,NULL,0,0,0,'2026-03-19 14:03:07','2026-03-19 14:03:07'),(49,1,0,'Generate txt template password at /home/testjaa/www/mails/en/password.txt','',0,1,NULL,0,0,0,'2026-03-19 14:03:07','2026-03-19 14:03:07'),(50,1,0,'Generate html template password_query at /home/testjaa/www/mails/en/password_query.html','',0,1,NULL,0,0,0,'2026-03-19 14:03:07','2026-03-19 14:03:07'),(51,1,0,'Generate txt template password_query at /home/testjaa/www/mails/en/password_query.txt','',0,1,NULL,0,0,0,'2026-03-19 14:03:07','2026-03-19 14:03:07'),(52,1,0,'Generate html template payment at /home/testjaa/www/mails/en/payment.html','',0,1,NULL,0,0,0,'2026-03-19 14:03:07','2026-03-19 14:03:07'),(53,1,0,'Generate txt template payment at /home/testjaa/www/mails/en/payment.txt','',0,1,NULL,0,0,0,'2026-03-19 14:03:07','2026-03-19 14:03:07'),(54,1,0,'Generate html template payment_error at /home/testjaa/www/mails/en/payment_error.html','',0,1,NULL,0,0,0,'2026-03-19 14:03:07','2026-03-19 14:03:07'),(55,1,0,'Generate txt template payment_error at /home/testjaa/www/mails/en/payment_error.txt','',0,1,NULL,0,0,0,'2026-03-19 14:03:07','2026-03-19 14:03:07'),(56,1,0,'Generate html template preparation at /home/testjaa/www/mails/en/preparation.html','',0,1,NULL,0,0,0,'2026-03-19 14:03:07','2026-03-19 14:03:07'),(57,1,0,'Generate txt template preparation at /home/testjaa/www/mails/en/preparation.txt','',0,1,NULL,0,0,0,'2026-03-19 14:03:07','2026-03-19 14:03:07'),(58,1,0,'Generate html template productoutofstock at /home/testjaa/www/mails/en/productoutofstock.html','',0,1,NULL,0,0,0,'2026-03-19 14:03:07','2026-03-19 14:03:07'),(59,1,0,'Generate txt template productoutofstock at /home/testjaa/www/mails/en/productoutofstock.txt','',0,1,NULL,0,0,0,'2026-03-19 14:03:07','2026-03-19 14:03:07'),(60,1,0,'Generate html template refund at /home/testjaa/www/mails/en/refund.html','',0,1,NULL,0,0,0,'2026-03-19 14:03:07','2026-03-19 14:03:07'),(61,1,0,'Generate txt template refund at /home/testjaa/www/mails/en/refund.txt','',0,1,NULL,0,0,0,'2026-03-19 14:03:07','2026-03-19 14:03:07'),(62,1,0,'Generate html template reply_msg at /home/testjaa/www/mails/en/reply_msg.html','',0,1,NULL,0,0,0,'2026-03-19 14:03:07','2026-03-19 14:03:07'),(63,1,0,'Generate txt template reply_msg at /home/testjaa/www/mails/en/reply_msg.txt','',0,1,NULL,0,0,0,'2026-03-19 14:03:07','2026-03-19 14:03:07'),(64,1,0,'Generate html template shipped at /home/testjaa/www/mails/en/shipped.html','',0,1,NULL,0,0,0,'2026-03-19 14:03:07','2026-03-19 14:03:07'),(65,1,0,'Generate txt template shipped at /home/testjaa/www/mails/en/shipped.txt','',0,1,NULL,0,0,0,'2026-03-19 14:03:07','2026-03-19 14:03:07'),(66,1,0,'Generate html template test at /home/testjaa/www/mails/en/test.html','',0,1,NULL,0,0,0,'2026-03-19 14:03:07','2026-03-19 14:03:07'),(67,1,0,'Generate txt template test at /home/testjaa/www/mails/en/test.txt','',0,1,NULL,0,0,0,'2026-03-19 14:03:07','2026-03-19 14:03:07'),(68,1,0,'Generate html template voucher at /home/testjaa/www/mails/en/voucher.html','',0,1,NULL,0,0,0,'2026-03-19 14:03:07','2026-03-19 14:03:07'),(69,1,0,'Generate txt template voucher at /home/testjaa/www/mails/en/voucher.txt','',0,1,NULL,0,0,0,'2026-03-19 14:03:07','2026-03-19 14:03:07'),(70,1,0,'Generate html template voucher_new at /home/testjaa/www/mails/en/voucher_new.html','',0,1,NULL,0,0,0,'2026-03-19 14:03:07','2026-03-19 14:03:07'),(71,1,0,'Generate txt template voucher_new at /home/testjaa/www/mails/en/voucher_new.txt','',0,1,NULL,0,0,0,'2026-03-19 14:03:07','2026-03-19 14:03:07'),(72,1,0,'Generate html template referralprogram-congratulations at /home/testjaa/www/modules//referralprogram/mails/en/referralprogram-congratulations.html','',0,1,NULL,0,0,0,'2026-03-19 14:03:08','2026-03-19 14:03:08'),(73,1,0,'Generate txt template referralprogram-congratulations at /home/testjaa/www/modules//referralprogram/mails/en/referralprogram-congratulations.txt','',0,1,NULL,0,0,0,'2026-03-19 14:03:08','2026-03-19 14:03:08'),(74,1,0,'Generate html template referralprogram-invitation at /home/testjaa/www/modules//referralprogram/mails/en/referralprogram-invitation.html','',0,1,NULL,0,0,0,'2026-03-19 14:03:08','2026-03-19 14:03:08'),(75,1,0,'Generate txt template referralprogram-invitation at /home/testjaa/www/modules//referralprogram/mails/en/referralprogram-invitation.txt','',0,1,NULL,0,0,0,'2026-03-19 14:03:08','2026-03-19 14:03:08'),(76,1,0,'Generate html template referralprogram-voucher at /home/testjaa/www/modules//referralprogram/mails/en/referralprogram-voucher.html','',0,1,NULL,0,0,0,'2026-03-19 14:03:08','2026-03-19 14:03:08'),(77,1,0,'Generate txt template referralprogram-voucher at /home/testjaa/www/modules//referralprogram/mails/en/referralprogram-voucher.txt','',0,1,NULL,0,0,0,'2026-03-19 14:03:08','2026-03-19 14:03:08'),(78,1,0,'Generate html template customer_qty at /home/testjaa/www/modules//ps_emailalerts/mails/en/customer_qty.html','',0,1,NULL,0,0,0,'2026-03-19 14:03:08','2026-03-19 14:03:08'),(79,1,0,'Generate txt template customer_qty at /home/testjaa/www/modules//ps_emailalerts/mails/en/customer_qty.txt','',0,1,NULL,0,0,0,'2026-03-19 14:03:08','2026-03-19 14:03:08'),(80,1,0,'Generate html template new_order at /home/testjaa/www/modules//ps_emailalerts/mails/en/new_order.html','',0,1,NULL,0,0,0,'2026-03-19 14:03:08','2026-03-19 14:03:08'),(81,1,0,'Generate txt template new_order at /home/testjaa/www/modules//ps_emailalerts/mails/en/new_order.txt','',0,1,NULL,0,0,0,'2026-03-19 14:03:08','2026-03-19 14:03:08'),(82,1,0,'Generate html template order_changed at /home/testjaa/www/modules//ps_emailalerts/mails/en/order_changed.html','',0,1,NULL,0,0,0,'2026-03-19 14:03:08','2026-03-19 14:03:08'),(83,1,0,'Generate txt template order_changed at /home/testjaa/www/modules//ps_emailalerts/mails/en/order_changed.txt','',0,1,NULL,0,0,0,'2026-03-19 14:03:08','2026-03-19 14:03:08'),(84,1,0,'Generate html template productcoverage at /home/testjaa/www/modules//ps_emailalerts/mails/en/productcoverage.html','',0,1,NULL,0,0,0,'2026-03-19 14:03:08','2026-03-19 14:03:08'),(85,1,0,'Generate txt template productcoverage at /home/testjaa/www/modules//ps_emailalerts/mails/en/productcoverage.txt','',0,1,NULL,0,0,0,'2026-03-19 14:03:08','2026-03-19 14:03:08'),(86,1,0,'Generate html template productoutofstock at /home/testjaa/www/modules//ps_emailalerts/mails/en/productoutofstock.html','',0,1,NULL,0,0,0,'2026-03-19 14:03:08','2026-03-19 14:03:08'),(87,1,0,'Generate txt template productoutofstock at /home/testjaa/www/modules//ps_emailalerts/mails/en/productoutofstock.txt','',0,1,NULL,0,0,0,'2026-03-19 14:03:08','2026-03-19 14:03:08'),(88,1,0,'Generate html template return_slip at /home/testjaa/www/modules//ps_emailalerts/mails/en/return_slip.html','',0,1,NULL,0,0,0,'2026-03-19 14:03:08','2026-03-19 14:03:08'),(89,1,0,'Generate txt template return_slip at /home/testjaa/www/modules//ps_emailalerts/mails/en/return_slip.txt','',0,1,NULL,0,0,0,'2026-03-19 14:03:08','2026-03-19 14:03:08'),(90,1,0,'Generate html template followup_1 at /home/testjaa/www/modules//ps_reminder/mails/en/followup_1.html','',0,1,NULL,0,0,0,'2026-03-19 14:03:08','2026-03-19 14:03:08'),(91,1,0,'Generate txt template followup_1 at /home/testjaa/www/modules//ps_reminder/mails/en/followup_1.txt','',0,1,NULL,0,0,0,'2026-03-19 14:03:08','2026-03-19 14:03:08'),(92,1,0,'Generate html template followup_2 at /home/testjaa/www/modules//ps_reminder/mails/en/followup_2.html','',0,1,NULL,0,0,0,'2026-03-19 14:03:08','2026-03-19 14:03:08'),(93,1,0,'Generate txt template followup_2 at /home/testjaa/www/modules//ps_reminder/mails/en/followup_2.txt','',0,1,NULL,0,0,0,'2026-03-19 14:03:08','2026-03-19 14:03:08'),(94,1,0,'Generate html template followup_3 at /home/testjaa/www/modules//ps_reminder/mails/en/followup_3.html','',0,1,NULL,0,0,0,'2026-03-19 14:03:08','2026-03-19 14:03:08'),(95,1,0,'Generate txt template followup_3 at /home/testjaa/www/modules//ps_reminder/mails/en/followup_3.txt','',0,1,NULL,0,0,0,'2026-03-19 14:03:08','2026-03-19 14:03:08'),(96,1,0,'Generate html template followup_4 at /home/testjaa/www/modules//ps_reminder/mails/en/followup_4.html','',0,1,NULL,0,0,0,'2026-03-19 14:03:08','2026-03-19 14:03:08'),(97,1,0,'Generate txt template followup_4 at /home/testjaa/www/modules//ps_reminder/mails/en/followup_4.txt','',0,1,NULL,0,0,0,'2026-03-19 14:03:08','2026-03-19 14:03:08'),(98,1,0,'Generate html template followup_1 at /home/testjaa/www/modules//followup/mails/en/followup_1.html','',0,1,NULL,0,0,0,'2026-03-19 14:03:08','2026-03-19 14:03:08'),(99,1,0,'Generate txt template followup_1 at /home/testjaa/www/modules//followup/mails/en/followup_1.txt','',0,1,NULL,0,0,0,'2026-03-19 14:03:08','2026-03-19 14:03:08'),(100,1,0,'Generate html template followup_2 at /home/testjaa/www/modules//followup/mails/en/followup_2.html','',0,1,NULL,0,0,0,'2026-03-19 14:03:08','2026-03-19 14:03:08'),(101,1,0,'Generate txt template followup_2 at /home/testjaa/www/modules//followup/mails/en/followup_2.txt','',0,1,NULL,0,0,0,'2026-03-19 14:03:08','2026-03-19 14:03:08'),(102,1,0,'Generate html template followup_3 at /home/testjaa/www/modules//followup/mails/en/followup_3.html','',0,1,NULL,0,0,0,'2026-03-19 14:03:08','2026-03-19 14:03:08'),(103,1,0,'Generate txt template followup_3 at /home/testjaa/www/modules//followup/mails/en/followup_3.txt','',0,1,NULL,0,0,0,'2026-03-19 14:03:08','2026-03-19 14:03:08'),(104,1,0,'Generate html template followup_4 at /home/testjaa/www/modules//followup/mails/en/followup_4.html','',0,1,NULL,0,0,0,'2026-03-19 14:03:08','2026-03-19 14:03:08'),(105,1,0,'Generate txt template followup_4 at /home/testjaa/www/modules//followup/mails/en/followup_4.txt','',0,1,NULL,0,0,0,'2026-03-19 14:03:08','2026-03-19 14:03:08'),(106,1,0,'Generate html template newsletter_conf at /home/testjaa/www/modules//ps_emailsubscription/mails/en/newsletter_conf.html','',0,1,NULL,0,0,0,'2026-03-19 14:03:08','2026-03-19 14:03:08'),(107,1,0,'Generate txt template newsletter_conf at /home/testjaa/www/modules//ps_emailsubscription/mails/en/newsletter_conf.txt','',0,1,NULL,0,0,0,'2026-03-19 14:03:08','2026-03-19 14:03:08'),(108,1,0,'Generate html template newsletter_verif at /home/testjaa/www/modules//ps_emailsubscription/mails/en/newsletter_verif.html','',0,1,NULL,0,0,0,'2026-03-19 14:03:08','2026-03-19 14:03:08'),(109,1,0,'Generate txt template newsletter_verif at /home/testjaa/www/modules//ps_emailsubscription/mails/en/newsletter_verif.txt','',0,1,NULL,0,0,0,'2026-03-19 14:03:08','2026-03-19 14:03:08'),(110,1,0,'Generate html template newsletter_voucher at /home/testjaa/www/modules//ps_emailsubscription/mails/en/newsletter_voucher.html','',0,1,NULL,0,0,0,'2026-03-19 14:03:08','2026-03-19 14:03:08'),(111,1,0,'Generate txt template newsletter_voucher at /home/testjaa/www/modules//ps_emailsubscription/mails/en/newsletter_voucher.txt','',0,1,NULL,0,0,0,'2026-03-19 14:03:08','2026-03-19 14:03:08'),(112,1,0,'Protect vendor folder in module ps_linklist','',0,1,NULL,1,0,1,'2026-03-19 14:03:10','2026-03-19 14:03:10'),(113,1,0,'Module ps_linklist has no vendor folder','',0,1,NULL,1,0,1,'2026-03-19 14:03:10','2026-03-19 14:03:10'),(114,1,0,'Protect vendor folder in module blockreassurance','',0,1,NULL,1,0,1,'2026-03-19 14:03:10','2026-03-19 14:03:10'),(115,1,0,'Module blockreassurance has no vendor folder','',0,1,NULL,1,0,1,'2026-03-19 14:03:10','2026-03-19 14:03:10'),(116,1,0,'Protect vendor folder in module blockwishlist','',0,1,NULL,1,0,1,'2026-03-19 14:03:10','2026-03-19 14:03:10'),(117,1,0,'Module blockwishlist has no vendor folder','',0,1,NULL,1,0,1,'2026-03-19 14:03:10','2026-03-19 14:03:10'),(118,1,0,'Protect vendor folder in module psgdpr','',0,1,NULL,1,0,1,'2026-03-19 14:03:10','2026-03-19 14:03:10'),(119,1,0,'Module psgdpr has no vendor folder','',0,1,NULL,1,0,1,'2026-03-19 14:03:10','2026-03-19 14:03:10'),(120,1,0,'Protect vendor folder in module ps_contactinfo','',0,1,NULL,1,0,1,'2026-03-19 14:03:10','2026-03-19 14:03:10'),(121,1,0,'Module ps_contactinfo has no vendor folder','',0,1,NULL,1,0,1,'2026-03-19 14:03:10','2026-03-19 14:03:10'),(122,1,0,'Protect vendor folder in module ps_languageselector','',0,1,NULL,1,0,1,'2026-03-19 14:03:10','2026-03-19 14:03:10'),(123,1,0,'Module ps_languageselector has no vendor folder','',0,1,NULL,1,0,1,'2026-03-19 14:03:10','2026-03-19 14:03:10'),(124,1,0,'Protect vendor folder in module ps_currencyselector','',0,1,NULL,1,0,1,'2026-03-19 14:03:10','2026-03-19 14:03:10'),(125,1,0,'Module ps_currencyselector has no vendor folder','',0,1,NULL,1,0,1,'2026-03-19 14:03:10','2026-03-19 14:03:10'),(126,1,0,'Protect vendor folder in module ps_customersignin','',0,1,NULL,1,0,1,'2026-03-19 14:03:10','2026-03-19 14:03:10'),(127,1,0,'Module ps_customersignin has no vendor folder','',0,1,NULL,1,0,1,'2026-03-19 14:03:10','2026-03-19 14:03:10'),(128,1,0,'Protect vendor folder in module ps_shoppingcart','',0,1,NULL,1,0,1,'2026-03-19 14:03:10','2026-03-19 14:03:10'),(129,1,0,'Module ps_shoppingcart has no vendor folder','',0,1,NULL,1,0,1,'2026-03-19 14:03:10','2026-03-19 14:03:10'),(130,1,0,'Protect vendor folder in module ps_mainmenu','',0,1,NULL,1,0,1,'2026-03-19 14:03:10','2026-03-19 14:03:10'),(131,1,0,'Module ps_mainmenu has no vendor folder','',0,1,NULL,1,0,1,'2026-03-19 14:03:10','2026-03-19 14:03:10'),(132,1,0,'Protect vendor folder in module ps_searchbar','',0,1,NULL,1,0,1,'2026-03-19 14:03:10','2026-03-19 14:03:10'),(133,1,0,'Module ps_searchbar has no vendor folder','',0,1,NULL,1,0,1,'2026-03-19 14:03:10','2026-03-19 14:03:10'),(134,1,0,'Protect vendor folder in module ps_imageslider','',0,1,NULL,1,0,1,'2026-03-19 14:03:11','2026-03-19 14:03:11'),(135,1,0,'Module ps_imageslider has no vendor folder','',0,1,NULL,1,0,1,'2026-03-19 14:03:11','2026-03-19 14:03:11'),(136,1,0,'Protect vendor folder in module ps_featuredproducts','',0,1,NULL,1,0,1,'2026-03-19 14:03:11','2026-03-19 14:03:11'),(137,1,0,'Module ps_featuredproducts has no vendor folder','',0,1,NULL,1,0,1,'2026-03-19 14:03:11','2026-03-19 14:03:11'),(138,1,0,'Protect vendor folder in module ps_banner','',0,1,NULL,1,0,1,'2026-03-19 14:03:11','2026-03-19 14:03:11'),(139,1,0,'Module ps_banner has no vendor folder','',0,1,NULL,1,0,1,'2026-03-19 14:03:11','2026-03-19 14:03:11'),(140,1,0,'Protect vendor folder in module ps_customtext','',0,1,NULL,1,0,1,'2026-03-19 14:03:11','2026-03-19 14:03:11'),(141,1,0,'Module ps_customtext has no vendor folder','',0,1,NULL,1,0,1,'2026-03-19 14:03:11','2026-03-19 14:03:11'),(142,1,0,'Protect vendor folder in module ps_specials','',0,1,NULL,1,0,1,'2026-03-19 14:03:11','2026-03-19 14:03:11'),(143,1,0,'Module ps_specials has no vendor folder','',0,1,NULL,1,0,1,'2026-03-19 14:03:11','2026-03-19 14:03:11'),(144,1,0,'Protect vendor folder in module ps_newproducts','',0,1,NULL,1,0,1,'2026-03-19 14:03:11','2026-03-19 14:03:11'),(145,1,0,'Module ps_newproducts has no vendor folder','',0,1,NULL,1,0,1,'2026-03-19 14:03:11','2026-03-19 14:03:11'),(146,1,0,'Protect vendor folder in module ps_bestsellers','',0,1,NULL,1,0,1,'2026-03-19 14:03:11','2026-03-19 14:03:11'),(147,1,0,'Module ps_bestsellers has no vendor folder','',0,1,NULL,1,0,1,'2026-03-19 14:03:11','2026-03-19 14:03:11'),(148,1,0,'Protect vendor folder in module ps_emailsubscription','',0,1,NULL,1,0,1,'2026-03-19 14:03:11','2026-03-19 14:03:11'),(149,1,0,'Module ps_emailsubscription has no vendor folder','',0,1,NULL,1,0,1,'2026-03-19 14:03:11','2026-03-19 14:03:11'),(150,1,0,'Protect vendor folder in module ps_socialfollow','',0,1,NULL,1,0,1,'2026-03-19 14:03:11','2026-03-19 14:03:11'),(151,1,0,'Module ps_socialfollow has no vendor folder','',0,1,NULL,1,0,1,'2026-03-19 14:03:11','2026-03-19 14:03:11'),(152,1,0,'Protect vendor folder in module ps_customeraccountlinks','',0,1,NULL,1,0,1,'2026-03-19 14:03:11','2026-03-19 14:03:11'),(153,1,0,'Module ps_customeraccountlinks has no vendor folder','',0,1,NULL,1,0,1,'2026-03-19 14:03:11','2026-03-19 14:03:11'),(154,1,0,'Protect vendor folder in module productcomments','',0,1,NULL,1,0,1,'2026-03-19 14:03:11','2026-03-19 14:03:11'),(155,1,0,'Module productcomments has no vendor folder','',0,1,NULL,1,0,1,'2026-03-19 14:03:11','2026-03-19 14:03:11'),(156,1,0,'Protect vendor folder in module ps_categorytree','',0,1,NULL,1,0,1,'2026-03-19 14:03:11','2026-03-19 14:03:11'),(157,1,0,'Module ps_categorytree has no vendor folder','',0,1,NULL,1,0,1,'2026-03-19 14:03:11','2026-03-19 14:03:11'),(158,1,0,'Protect vendor folder in module ps_facetedsearch','',0,1,NULL,1,0,1,'2026-03-19 14:03:12','2026-03-19 14:03:12'),(159,1,0,'Module ps_facetedsearch has no vendor folder','',0,1,NULL,1,0,1,'2026-03-19 14:03:12','2026-03-19 14:03:12'),(160,1,0,'Protect vendor folder in module contactform','',0,1,NULL,1,0,1,'2026-03-19 14:03:12','2026-03-19 14:03:12'),(161,1,0,'Module contactform has no vendor folder','',0,1,NULL,1,0,1,'2026-03-19 14:03:12','2026-03-19 14:03:12'),(162,1,0,'Protect vendor folder in module ps_sharebuttons','',0,1,NULL,1,0,1,'2026-03-19 14:03:12','2026-03-19 14:03:12'),(163,1,0,'Module ps_sharebuttons has no vendor folder','',0,1,NULL,1,0,1,'2026-03-19 14:03:12','2026-03-19 14:03:12'),(164,1,0,'Protect vendor folder in module ps_wirepayment','',0,1,NULL,1,0,1,'2026-03-19 14:03:20','2026-03-19 14:03:20'),(165,1,0,'Module ps_wirepayment has no vendor folder','',0,1,NULL,1,0,1,'2026-03-19 14:03:20','2026-03-19 14:03:20'),(166,1,0,'Protect vendor folder in module dashtrends','',0,1,NULL,1,0,1,'2026-03-19 14:03:20','2026-03-19 14:03:20'),(167,1,0,'Module dashtrends has no vendor folder','',0,1,NULL,1,0,1,'2026-03-19 14:03:20','2026-03-19 14:03:20'),(168,1,0,'Protect vendor folder in module statsforecast','',0,1,NULL,1,0,1,'2026-03-19 14:03:20','2026-03-19 14:03:20'),(169,1,0,'Module statsforecast has no vendor folder','',0,1,NULL,1,0,1,'2026-03-19 14:03:20','2026-03-19 14:03:20'),(170,1,0,'Protect vendor folder in module dashactivity','',0,1,NULL,1,0,1,'2026-03-19 14:03:20','2026-03-19 14:03:20'),(171,1,0,'Module dashactivity has no vendor folder','',0,1,NULL,1,0,1,'2026-03-19 14:03:20','2026-03-19 14:03:20'),(172,1,0,'Protect vendor folder in module ps_googleanalytics','',0,1,NULL,1,0,1,'2026-03-19 14:03:20','2026-03-19 14:03:20'),(173,1,0,'Module ps_googleanalytics has no vendor folder','',0,1,NULL,1,0,1,'2026-03-19 14:03:20','2026-03-19 14:03:20'),(174,1,0,'Protect vendor folder in module ps_faviconnotificationbo','',0,1,NULL,1,0,1,'2026-03-19 14:03:20','2026-03-19 14:03:20'),(175,1,0,'Module ps_faviconnotificationbo has no vendor folder','',0,1,NULL,1,0,1,'2026-03-19 14:03:20','2026-03-19 14:03:20'),(176,1,0,'Protect vendor folder in module gridhtml','',0,1,NULL,1,0,1,'2026-03-19 14:03:20','2026-03-19 14:03:20'),(177,1,0,'Module gridhtml has no vendor folder','',0,1,NULL,1,0,1,'2026-03-19 14:03:20','2026-03-19 14:03:20'),(178,1,0,'Protect vendor folder in module ps_cashondelivery','',0,1,NULL,1,0,1,'2026-03-19 14:03:20','2026-03-19 14:03:20'),(179,1,0,'Module ps_cashondelivery has no vendor folder','',0,1,NULL,1,0,1,'2026-03-19 14:03:20','2026-03-19 14:03:20'),(180,1,0,'Protect vendor folder in module ps_crossselling','',0,1,NULL,1,0,1,'2026-03-19 14:03:20','2026-03-19 14:03:20'),(181,1,0,'Module ps_crossselling has no vendor folder','',0,1,NULL,1,0,1,'2026-03-19 14:03:20','2026-03-19 14:03:20'),(182,1,0,'Protect vendor folder in module statsstock','',0,1,NULL,1,0,1,'2026-03-19 14:03:20','2026-03-19 14:03:20'),(183,1,0,'Module statsstock has no vendor folder','',0,1,NULL,1,0,1,'2026-03-19 14:03:20','2026-03-19 14:03:20'),(184,1,0,'Protect vendor folder in module ps_distributionapiclient','',0,1,NULL,1,0,1,'2026-03-19 14:03:20','2026-03-19 14:03:20'),(185,1,0,'Module ps_distributionapiclient has no vendor folder','',0,1,NULL,1,0,1,'2026-03-19 14:03:20','2026-03-19 14:03:20'),(186,1,0,'Protect vendor folder in module statsregistrations','',0,1,NULL,1,0,1,'2026-03-19 14:03:20','2026-03-19 14:03:20'),(187,1,0,'Module statsregistrations has no vendor folder','',0,1,NULL,1,0,1,'2026-03-19 14:03:20','2026-03-19 14:03:20'),(188,1,0,'Protect vendor folder in module ps_categoryproducts','',0,1,NULL,1,0,1,'2026-03-19 14:03:20','2026-03-19 14:03:20'),(189,1,0,'Module ps_categoryproducts has no vendor folder','',0,1,NULL,1,0,1,'2026-03-19 14:03:20','2026-03-19 14:03:20'),(190,1,0,'Protect vendor folder in module statsbestcategories','',0,1,NULL,1,0,1,'2026-03-19 14:03:20','2026-03-19 14:03:20'),(191,1,0,'Module statsbestcategories has no vendor folder','',0,1,NULL,1,0,1,'2026-03-19 14:03:20','2026-03-19 14:03:20'),(192,1,0,'Protect vendor folder in module statsproduct','',0,1,NULL,1,0,1,'2026-03-19 14:03:20','2026-03-19 14:03:20'),(193,1,0,'Module statsproduct has no vendor folder','',0,1,NULL,1,0,1,'2026-03-19 14:03:20','2026-03-19 14:03:20'),(194,1,0,'Protect vendor folder in module statscatalog','',0,1,NULL,1,0,1,'2026-03-19 14:03:20','2026-03-19 14:03:20'),(195,1,0,'Module statscatalog has no vendor folder','',0,1,NULL,1,0,1,'2026-03-19 14:03:20','2026-03-19 14:03:20'),(196,1,0,'Protect vendor folder in module ps_themecusto','',0,1,NULL,1,0,1,'2026-03-19 14:03:20','2026-03-19 14:03:20'),(197,1,0,'Module ps_themecusto has no vendor folder','',0,1,NULL,1,0,1,'2026-03-19 14:03:20','2026-03-19 14:03:20'),(198,1,0,'Protect vendor folder in module statsbestsuppliers','',0,1,NULL,1,0,1,'2026-03-19 14:03:21','2026-03-19 14:03:21'),(199,1,0,'Module statsbestsuppliers has no vendor folder','',0,1,NULL,1,0,1,'2026-03-19 14:03:21','2026-03-19 14:03:21'),(200,1,0,'Protect vendor folder in module statsnewsletter','',0,1,NULL,1,0,1,'2026-03-19 14:03:21','2026-03-19 14:03:21'),(201,1,0,'Module statsnewsletter has no vendor folder','',0,1,NULL,1,0,1,'2026-03-19 14:03:21','2026-03-19 14:03:21'),(202,1,0,'Protect vendor folder in module statsbestvouchers','',0,1,NULL,1,0,1,'2026-03-19 14:03:21','2026-03-19 14:03:21'),(203,1,0,'Module statsbestvouchers has no vendor folder','',0,1,NULL,1,0,1,'2026-03-19 14:03:21','2026-03-19 14:03:21'),(204,1,0,'Protect vendor folder in module ps_emailalerts','',0,1,NULL,1,0,1,'2026-03-19 14:03:21','2026-03-19 14:03:21'),(205,1,0,'Module ps_emailalerts has no vendor folder','',0,1,NULL,1,0,1,'2026-03-19 14:03:21','2026-03-19 14:03:21'),(206,1,0,'Protect vendor folder in module gsitemap','',0,1,NULL,1,0,1,'2026-03-19 14:03:21','2026-03-19 14:03:21'),(207,1,0,'Module gsitemap has no vendor folder','',0,1,NULL,1,0,1,'2026-03-19 14:03:21','2026-03-19 14:03:21'),(208,1,0,'Protect vendor folder in module statscarrier','',0,1,NULL,1,0,1,'2026-03-19 14:03:21','2026-03-19 14:03:21'),(209,1,0,'Module statscarrier has no vendor folder','',0,1,NULL,1,0,1,'2026-03-19 14:03:21','2026-03-19 14:03:21'),(210,1,0,'Protect vendor folder in module ps_checkpayment','',0,1,NULL,1,0,1,'2026-03-19 14:03:21','2026-03-19 14:03:21'),(211,1,0,'Module ps_checkpayment has no vendor folder','',0,1,NULL,1,0,1,'2026-03-19 14:03:21','2026-03-19 14:03:21'),(212,1,0,'Protect vendor folder in module statscheckup','',0,1,NULL,1,0,1,'2026-03-19 14:03:21','2026-03-19 14:03:21'),(213,1,0,'Module statscheckup has no vendor folder','',0,1,NULL,1,0,1,'2026-03-19 14:03:21','2026-03-19 14:03:21'),(214,1,0,'Protect vendor folder in module pagesnotfound','',0,1,NULL,1,0,1,'2026-03-19 14:03:21','2026-03-19 14:03:21'),(215,1,0,'Module pagesnotfound has no vendor folder','',0,1,NULL,1,0,1,'2026-03-19 14:03:21','2026-03-19 14:03:21'),(216,1,0,'Protect vendor folder in module statsbestcustomers','',0,1,NULL,1,0,1,'2026-03-19 14:03:21','2026-03-19 14:03:21'),(217,1,0,'Module statsbestcustomers has no vendor folder','',0,1,NULL,1,0,1,'2026-03-19 14:03:21','2026-03-19 14:03:21'),(218,1,0,'Protect vendor folder in module statssearch','',0,1,NULL,1,0,1,'2026-03-19 14:03:21','2026-03-19 14:03:21'),(219,1,0,'Module statssearch has no vendor folder','',0,1,NULL,1,0,1,'2026-03-19 14:03:21','2026-03-19 14:03:21'),(220,1,0,'Protect vendor folder in module ps_brandlist','',0,1,NULL,1,0,1,'2026-03-19 14:03:21','2026-03-19 14:03:21'),(221,1,0,'Module ps_brandlist has no vendor folder','',0,1,NULL,1,0,1,'2026-03-19 14:03:21','2026-03-19 14:03:21'),(222,1,0,'Protect vendor folder in module ps_dataprivacy','',0,1,NULL,1,0,1,'2026-03-19 14:03:21','2026-03-19 14:03:21'),(223,1,0,'Module ps_dataprivacy has no vendor folder','',0,1,NULL,1,0,1,'2026-03-19 14:03:21','2026-03-19 14:03:21'),(224,1,0,'Protect vendor folder in module statspersonalinfos','',0,1,NULL,1,0,1,'2026-03-19 14:03:21','2026-03-19 14:03:21'),(225,1,0,'Module statspersonalinfos has no vendor folder','',0,1,NULL,1,0,1,'2026-03-19 14:03:21','2026-03-19 14:03:21'),(226,1,0,'Protect vendor folder in module statssales','',0,1,NULL,1,0,1,'2026-03-19 14:03:21','2026-03-19 14:03:21'),(227,1,0,'Module statssales has no vendor folder','',0,1,NULL,1,0,1,'2026-03-19 14:03:21','2026-03-19 14:03:21'),(228,1,0,'Protect vendor folder in module ps_viewedproduct','',0,1,NULL,1,0,1,'2026-03-19 14:03:21','2026-03-19 14:03:21'),(229,1,0,'Module ps_viewedproduct has no vendor folder','',0,1,NULL,1,0,1,'2026-03-19 14:03:21','2026-03-19 14:03:21'),(230,1,0,'Protect vendor folder in module statsbestproducts','',0,1,NULL,1,0,1,'2026-03-19 14:03:21','2026-03-19 14:03:21'),(231,1,0,'Module statsbestproducts has no vendor folder','',0,1,NULL,1,0,1,'2026-03-19 14:03:21','2026-03-19 14:03:21'),(232,1,0,'Protect vendor folder in module dashproducts','',0,1,NULL,1,0,1,'2026-03-19 14:03:21','2026-03-19 14:03:21'),(233,1,0,'Module dashproducts has no vendor folder','',0,1,NULL,1,0,1,'2026-03-19 14:03:21','2026-03-19 14:03:21'),(234,1,0,'Protect vendor folder in module dashgoals','',0,1,NULL,1,0,1,'2026-03-19 14:03:22','2026-03-19 14:03:22'),(235,1,0,'Module dashgoals has no vendor folder','',0,1,NULL,1,0,1,'2026-03-19 14:03:22','2026-03-19 14:03:22'),(236,1,0,'Protect vendor folder in module statsbestmanufacturers','',0,1,NULL,1,0,1,'2026-03-19 14:03:22','2026-03-19 14:03:22'),(237,1,0,'Module statsbestmanufacturers has no vendor folder','',0,1,NULL,1,0,1,'2026-03-19 14:03:22','2026-03-19 14:03:22'),(238,1,0,'Protect vendor folder in module graphnvd3','',0,1,NULL,1,0,1,'2026-03-19 14:03:22','2026-03-19 14:03:22'),(239,1,0,'Module graphnvd3 has no vendor folder','',0,1,NULL,1,0,1,'2026-03-19 14:03:22','2026-03-19 14:03:22'),(240,1,0,'Protect vendor folder in module statsdata','',0,1,NULL,1,0,1,'2026-03-19 14:03:22','2026-03-19 14:03:22'),(241,1,0,'Module statsdata has no vendor folder','',0,1,NULL,1,0,1,'2026-03-19 14:03:22','2026-03-19 14:03:22'),(242,1,0,'Protect vendor folder in module ps_supplierlist','',0,1,NULL,1,0,1,'2026-03-19 14:03:22','2026-03-19 14:03:22'),(243,1,0,'Module ps_supplierlist has no vendor folder','',0,1,NULL,1,0,1,'2026-03-19 14:03:22','2026-03-19 14:03:22'),(244,1,0,'Back office connection from 78.141.129.78','',0,NULL,NULL,1,1,1,'2026-03-19 14:54:21','2026-03-19 14:54:21'),(245,1,0,'Back office connection from 78.141.129.78','',0,NULL,NULL,1,1,1,'2026-03-19 14:54:42','2026-03-19 14:54:42'),(246,1,0,'Protect vendor folder in module ps_mbo','',0,1,NULL,1,0,1,'2026-03-19 14:55:14','2026-03-19 14:55:14'),(247,1,0,'Protect vendor folder in module ps_accounts','',0,1,NULL,1,0,1,'2026-03-19 14:55:40','2026-03-19 14:55:40'),(248,1,0,'Back office connection from 78.141.129.78','',0,NULL,NULL,1,1,1,'2026-03-19 14:58:11','2026-03-19 14:58:11'),(249,1,0,'Exporting mail with theme modern for language Français (French)','',0,1,NULL,1,0,1,'2026-03-19 15:02:39','2026-03-19 15:02:39'),(250,1,0,'Core output folder: /home/testjaa/www/mails','',0,1,NULL,1,0,1,'2026-03-19 15:02:39','2026-03-19 15:02:39'),(251,1,0,'Modules output folder: /home/testjaa/www/modules/','',0,1,NULL,1,0,1,'2026-03-19 15:02:39','2026-03-19 15:02:39'),(252,1,0,'Generate html template account at /home/testjaa/www/mails/fr/account.html','',0,1,NULL,1,0,1,'2026-03-19 15:02:39','2026-03-19 15:02:39'),(253,1,0,'Generate txt template account at /home/testjaa/www/mails/fr/account.txt','',0,1,NULL,1,0,1,'2026-03-19 15:02:39','2026-03-19 15:02:39'),(254,1,0,'Generate html template backoffice_order at /home/testjaa/www/mails/fr/backoffice_order.html','',0,1,NULL,1,0,1,'2026-03-19 15:02:39','2026-03-19 15:02:39'),(255,1,0,'Generate txt template backoffice_order at /home/testjaa/www/mails/fr/backoffice_order.txt','',0,1,NULL,1,0,1,'2026-03-19 15:02:39','2026-03-19 15:02:39'),(256,1,0,'Generate html template bankwire at /home/testjaa/www/mails/fr/bankwire.html','',0,1,NULL,1,0,1,'2026-03-19 15:02:40','2026-03-19 15:02:40'),(257,1,0,'Generate txt template bankwire at /home/testjaa/www/mails/fr/bankwire.txt','',0,1,NULL,1,0,1,'2026-03-19 15:02:40','2026-03-19 15:02:40'),(258,1,0,'Generate html template cheque at /home/testjaa/www/mails/fr/cheque.html','',0,1,NULL,1,0,1,'2026-03-19 15:02:40','2026-03-19 15:02:40'),(259,1,0,'Generate txt template cheque at /home/testjaa/www/mails/fr/cheque.txt','',0,1,NULL,1,0,1,'2026-03-19 15:02:40','2026-03-19 15:02:40'),(260,1,0,'Generate html template contact at /home/testjaa/www/mails/fr/contact.html','',0,1,NULL,1,0,1,'2026-03-19 15:02:40','2026-03-19 15:02:40'),(261,1,0,'Generate txt template contact at /home/testjaa/www/mails/fr/contact.txt','',0,1,NULL,1,0,1,'2026-03-19 15:02:40','2026-03-19 15:02:40'),(262,1,0,'Generate html template contact_form at /home/testjaa/www/mails/fr/contact_form.html','',0,1,NULL,1,0,1,'2026-03-19 15:02:40','2026-03-19 15:02:40'),(263,1,0,'Generate txt template contact_form at /home/testjaa/www/mails/fr/contact_form.txt','',0,1,NULL,1,0,1,'2026-03-19 15:02:40','2026-03-19 15:02:40'),(264,1,0,'Generate html template credit_slip at /home/testjaa/www/mails/fr/credit_slip.html','',0,1,NULL,1,0,1,'2026-03-19 15:02:40','2026-03-19 15:02:40'),(265,1,0,'Generate txt template credit_slip at /home/testjaa/www/mails/fr/credit_slip.txt','',0,1,NULL,1,0,1,'2026-03-19 15:02:40','2026-03-19 15:02:40'),(266,1,0,'Generate html template download_product at /home/testjaa/www/mails/fr/download_product.html','',0,1,NULL,1,0,1,'2026-03-19 15:02:40','2026-03-19 15:02:40'),(267,1,0,'Generate txt template download_product at /home/testjaa/www/mails/fr/download_product.txt','',0,1,NULL,1,0,1,'2026-03-19 15:02:40','2026-03-19 15:02:40'),(268,1,0,'Generate html template employee_password at /home/testjaa/www/mails/fr/employee_password.html','',0,1,NULL,1,0,1,'2026-03-19 15:02:40','2026-03-19 15:02:40'),(269,1,0,'Generate txt template employee_password at /home/testjaa/www/mails/fr/employee_password.txt','',0,1,NULL,1,0,1,'2026-03-19 15:02:40','2026-03-19 15:02:40'),(270,1,0,'Generate html template forward_msg at /home/testjaa/www/mails/fr/forward_msg.html','',0,1,NULL,1,0,1,'2026-03-19 15:02:40','2026-03-19 15:02:40'),(271,1,0,'Generate txt template forward_msg at /home/testjaa/www/mails/fr/forward_msg.txt','',0,1,NULL,1,0,1,'2026-03-19 15:02:40','2026-03-19 15:02:40'),(272,1,0,'Generate html template guest_to_customer at /home/testjaa/www/mails/fr/guest_to_customer.html','',0,1,NULL,1,0,1,'2026-03-19 15:02:40','2026-03-19 15:02:40'),(273,1,0,'Generate txt template guest_to_customer at /home/testjaa/www/mails/fr/guest_to_customer.txt','',0,1,NULL,1,0,1,'2026-03-19 15:02:40','2026-03-19 15:02:40'),(274,1,0,'Generate html template import at /home/testjaa/www/mails/fr/import.html','',0,1,NULL,1,0,1,'2026-03-19 15:02:40','2026-03-19 15:02:40'),(275,1,0,'Generate txt template import at /home/testjaa/www/mails/fr/import.txt','',0,1,NULL,1,0,1,'2026-03-19 15:02:40','2026-03-19 15:02:40'),(276,1,0,'Generate html template in_transit at /home/testjaa/www/mails/fr/in_transit.html','',0,1,NULL,1,0,1,'2026-03-19 15:02:40','2026-03-19 15:02:40'),(277,1,0,'Generate txt template in_transit at /home/testjaa/www/mails/fr/in_transit.txt','',0,1,NULL,1,0,1,'2026-03-19 15:02:40','2026-03-19 15:02:40'),(278,1,0,'Generate html template log_alert at /home/testjaa/www/mails/fr/log_alert.html','',0,1,NULL,1,0,1,'2026-03-19 15:02:40','2026-03-19 15:02:40'),(279,1,0,'Generate txt template log_alert at /home/testjaa/www/mails/fr/log_alert.txt','',0,1,NULL,1,0,1,'2026-03-19 15:02:40','2026-03-19 15:02:40'),(280,1,0,'Generate html template newsletter at /home/testjaa/www/mails/fr/newsletter.html','',0,1,NULL,1,0,1,'2026-03-19 15:02:40','2026-03-19 15:02:40'),(281,1,0,'Generate txt template newsletter at /home/testjaa/www/mails/fr/newsletter.txt','',0,1,NULL,1,0,1,'2026-03-19 15:02:40','2026-03-19 15:02:40'),(282,1,0,'Generate html template order_canceled at /home/testjaa/www/mails/fr/order_canceled.html','',0,1,NULL,1,0,1,'2026-03-19 15:02:40','2026-03-19 15:02:40'),(283,1,0,'Generate txt template order_canceled at /home/testjaa/www/mails/fr/order_canceled.txt','',0,1,NULL,1,0,1,'2026-03-19 15:02:40','2026-03-19 15:02:40'),(284,1,0,'Generate html template order_changed at /home/testjaa/www/mails/fr/order_changed.html','',0,1,NULL,1,0,1,'2026-03-19 15:02:40','2026-03-19 15:02:40'),(285,1,0,'Generate txt template order_changed at /home/testjaa/www/mails/fr/order_changed.txt','',0,1,NULL,1,0,1,'2026-03-19 15:02:40','2026-03-19 15:02:40'),(286,1,0,'Generate html template order_conf at /home/testjaa/www/mails/fr/order_conf.html','',0,1,NULL,1,0,1,'2026-03-19 15:02:40','2026-03-19 15:02:40'),(287,1,0,'Generate txt template order_conf at /home/testjaa/www/mails/fr/order_conf.txt','',0,1,NULL,1,0,1,'2026-03-19 15:02:40','2026-03-19 15:02:40'),(288,1,0,'Generate html template order_customer_comment at /home/testjaa/www/mails/fr/order_customer_comment.html','',0,1,NULL,1,0,1,'2026-03-19 15:02:40','2026-03-19 15:02:40'),(289,1,0,'Generate txt template order_customer_comment at /home/testjaa/www/mails/fr/order_customer_comment.txt','',0,1,NULL,1,0,1,'2026-03-19 15:02:40','2026-03-19 15:02:40'),(290,1,0,'Generate html template order_merchant_comment at /home/testjaa/www/mails/fr/order_merchant_comment.html','',0,1,NULL,1,0,1,'2026-03-19 15:02:40','2026-03-19 15:02:40'),(291,1,0,'Generate txt template order_merchant_comment at /home/testjaa/www/mails/fr/order_merchant_comment.txt','',0,1,NULL,1,0,1,'2026-03-19 15:02:40','2026-03-19 15:02:40'),(292,1,0,'Generate html template order_return_state at /home/testjaa/www/mails/fr/order_return_state.html','',0,1,NULL,1,0,1,'2026-03-19 15:02:40','2026-03-19 15:02:40'),(293,1,0,'Generate txt template order_return_state at /home/testjaa/www/mails/fr/order_return_state.txt','',0,1,NULL,1,0,1,'2026-03-19 15:02:40','2026-03-19 15:02:40'),(294,1,0,'Generate html template outofstock at /home/testjaa/www/mails/fr/outofstock.html','',0,1,NULL,1,0,1,'2026-03-19 15:02:40','2026-03-19 15:02:40'),(295,1,0,'Generate txt template outofstock at /home/testjaa/www/mails/fr/outofstock.txt','',0,1,NULL,1,0,1,'2026-03-19 15:02:40','2026-03-19 15:02:40'),(296,1,0,'Generate html template password at /home/testjaa/www/mails/fr/password.html','',0,1,NULL,1,0,1,'2026-03-19 15:02:40','2026-03-19 15:02:40'),(297,1,0,'Generate txt template password at /home/testjaa/www/mails/fr/password.txt','',0,1,NULL,1,0,1,'2026-03-19 15:02:40','2026-03-19 15:02:40'),(298,1,0,'Generate html template password_query at /home/testjaa/www/mails/fr/password_query.html','',0,1,NULL,1,0,1,'2026-03-19 15:02:40','2026-03-19 15:02:40'),(299,1,0,'Generate txt template password_query at /home/testjaa/www/mails/fr/password_query.txt','',0,1,NULL,1,0,1,'2026-03-19 15:02:40','2026-03-19 15:02:40'),(300,1,0,'Generate html template payment at /home/testjaa/www/mails/fr/payment.html','',0,1,NULL,1,0,1,'2026-03-19 15:02:40','2026-03-19 15:02:40'),(301,1,0,'Generate txt template payment at /home/testjaa/www/mails/fr/payment.txt','',0,1,NULL,1,0,1,'2026-03-19 15:02:40','2026-03-19 15:02:40'),(302,1,0,'Generate html template payment_error at /home/testjaa/www/mails/fr/payment_error.html','',0,1,NULL,1,0,1,'2026-03-19 15:02:40','2026-03-19 15:02:40'),(303,1,0,'Generate txt template payment_error at /home/testjaa/www/mails/fr/payment_error.txt','',0,1,NULL,1,0,1,'2026-03-19 15:02:40','2026-03-19 15:02:40'),(304,1,0,'Generate html template preparation at /home/testjaa/www/mails/fr/preparation.html','',0,1,NULL,1,0,1,'2026-03-19 15:02:40','2026-03-19 15:02:40'),(305,1,0,'Generate txt template preparation at /home/testjaa/www/mails/fr/preparation.txt','',0,1,NULL,1,0,1,'2026-03-19 15:02:40','2026-03-19 15:02:40'),(306,1,0,'Generate html template productoutofstock at /home/testjaa/www/mails/fr/productoutofstock.html','',0,1,NULL,1,0,1,'2026-03-19 15:02:40','2026-03-19 15:02:40'),(307,1,0,'Generate txt template productoutofstock at /home/testjaa/www/mails/fr/productoutofstock.txt','',0,1,NULL,1,0,1,'2026-03-19 15:02:40','2026-03-19 15:02:40'),(308,1,0,'Generate html template refund at /home/testjaa/www/mails/fr/refund.html','',0,1,NULL,1,0,1,'2026-03-19 15:02:40','2026-03-19 15:02:40'),(309,1,0,'Generate txt template refund at /home/testjaa/www/mails/fr/refund.txt','',0,1,NULL,1,0,1,'2026-03-19 15:02:40','2026-03-19 15:02:40'),(310,1,0,'Generate html template reply_msg at /home/testjaa/www/mails/fr/reply_msg.html','',0,1,NULL,1,0,1,'2026-03-19 15:02:40','2026-03-19 15:02:40'),(311,1,0,'Generate txt template reply_msg at /home/testjaa/www/mails/fr/reply_msg.txt','',0,1,NULL,1,0,1,'2026-03-19 15:02:40','2026-03-19 15:02:40'),(312,1,0,'Generate html template shipped at /home/testjaa/www/mails/fr/shipped.html','',0,1,NULL,1,0,1,'2026-03-19 15:02:40','2026-03-19 15:02:40'),(313,1,0,'Generate txt template shipped at /home/testjaa/www/mails/fr/shipped.txt','',0,1,NULL,1,0,1,'2026-03-19 15:02:40','2026-03-19 15:02:40'),(314,1,0,'Generate html template test at /home/testjaa/www/mails/fr/test.html','',0,1,NULL,1,0,1,'2026-03-19 15:02:40','2026-03-19 15:02:40'),(315,1,0,'Generate txt template test at /home/testjaa/www/mails/fr/test.txt','',0,1,NULL,1,0,1,'2026-03-19 15:02:40','2026-03-19 15:02:40'),(316,1,0,'Generate html template voucher at /home/testjaa/www/mails/fr/voucher.html','',0,1,NULL,1,0,1,'2026-03-19 15:02:40','2026-03-19 15:02:40'),(317,1,0,'Generate txt template voucher at /home/testjaa/www/mails/fr/voucher.txt','',0,1,NULL,1,0,1,'2026-03-19 15:02:40','2026-03-19 15:02:40'),(318,1,0,'Generate html template voucher_new at /home/testjaa/www/mails/fr/voucher_new.html','',0,1,NULL,1,0,1,'2026-03-19 15:02:40','2026-03-19 15:02:40'),(319,1,0,'Generate txt template voucher_new at /home/testjaa/www/mails/fr/voucher_new.txt','',0,1,NULL,1,0,1,'2026-03-19 15:02:40','2026-03-19 15:02:40'),(320,1,0,'Generate html template referralprogram-congratulations at /home/testjaa/www/modules//referralprogram/mails/fr/referralprogram-congratulations.html','',0,1,NULL,1,0,1,'2026-03-19 15:02:40','2026-03-19 15:02:40'),(321,1,0,'Generate txt template referralprogram-congratulations at /home/testjaa/www/modules//referralprogram/mails/fr/referralprogram-congratulations.txt','',0,1,NULL,1,0,1,'2026-03-19 15:02:40','2026-03-19 15:02:40'),(322,1,0,'Generate html template referralprogram-invitation at /home/testjaa/www/modules//referralprogram/mails/fr/referralprogram-invitation.html','',0,1,NULL,1,0,1,'2026-03-19 15:02:40','2026-03-19 15:02:40'),(323,1,0,'Generate txt template referralprogram-invitation at /home/testjaa/www/modules//referralprogram/mails/fr/referralprogram-invitation.txt','',0,1,NULL,1,0,1,'2026-03-19 15:02:40','2026-03-19 15:02:40'),(324,1,0,'Generate html template referralprogram-voucher at /home/testjaa/www/modules//referralprogram/mails/fr/referralprogram-voucher.html','',0,1,NULL,1,0,1,'2026-03-19 15:02:40','2026-03-19 15:02:40'),(325,1,0,'Generate txt template referralprogram-voucher at /home/testjaa/www/modules//referralprogram/mails/fr/referralprogram-voucher.txt','',0,1,NULL,1,0,1,'2026-03-19 15:02:40','2026-03-19 15:02:40'),(326,1,0,'Generate html template customer_qty at /home/testjaa/www/modules//ps_emailalerts/mails/fr/customer_qty.html','',0,1,NULL,1,0,1,'2026-03-19 15:02:40','2026-03-19 15:02:40'),(327,1,0,'Generate txt template customer_qty at /home/testjaa/www/modules//ps_emailalerts/mails/fr/customer_qty.txt','',0,1,NULL,1,0,1,'2026-03-19 15:02:40','2026-03-19 15:02:40'),(328,1,0,'Generate html template new_order at /home/testjaa/www/modules//ps_emailalerts/mails/fr/new_order.html','',0,1,NULL,1,0,1,'2026-03-19 15:02:40','2026-03-19 15:02:40'),(329,1,0,'Generate txt template new_order at /home/testjaa/www/modules//ps_emailalerts/mails/fr/new_order.txt','',0,1,NULL,1,0,1,'2026-03-19 15:02:40','2026-03-19 15:02:40'),(330,1,0,'Generate html template order_changed at /home/testjaa/www/modules//ps_emailalerts/mails/fr/order_changed.html','',0,1,NULL,1,0,1,'2026-03-19 15:02:40','2026-03-19 15:02:40'),(331,1,0,'Generate txt template order_changed at /home/testjaa/www/modules//ps_emailalerts/mails/fr/order_changed.txt','',0,1,NULL,1,0,1,'2026-03-19 15:02:40','2026-03-19 15:02:40'),(332,1,0,'Generate html template productcoverage at /home/testjaa/www/modules//ps_emailalerts/mails/fr/productcoverage.html','',0,1,NULL,1,0,1,'2026-03-19 15:02:40','2026-03-19 15:02:40'),(333,1,0,'Generate txt template productcoverage at /home/testjaa/www/modules//ps_emailalerts/mails/fr/productcoverage.txt','',0,1,NULL,1,0,1,'2026-03-19 15:02:40','2026-03-19 15:02:40'),(334,1,0,'Generate html template productoutofstock at /home/testjaa/www/modules//ps_emailalerts/mails/fr/productoutofstock.html','',0,1,NULL,1,0,1,'2026-03-19 15:02:40','2026-03-19 15:02:40'),(335,1,0,'Generate txt template productoutofstock at /home/testjaa/www/modules//ps_emailalerts/mails/fr/productoutofstock.txt','',0,1,NULL,1,0,1,'2026-03-19 15:02:40','2026-03-19 15:02:40'),(336,1,0,'Generate html template return_slip at /home/testjaa/www/modules//ps_emailalerts/mails/fr/return_slip.html','',0,1,NULL,1,0,1,'2026-03-19 15:02:40','2026-03-19 15:02:40'),(337,1,0,'Generate txt template return_slip at /home/testjaa/www/modules//ps_emailalerts/mails/fr/return_slip.txt','',0,1,NULL,1,0,1,'2026-03-19 15:02:40','2026-03-19 15:02:40'),(338,1,0,'Generate html template followup_1 at /home/testjaa/www/modules//ps_reminder/mails/fr/followup_1.html','',0,1,NULL,1,0,1,'2026-03-19 15:02:40','2026-03-19 15:02:40'),(339,1,0,'Generate txt template followup_1 at /home/testjaa/www/modules//ps_reminder/mails/fr/followup_1.txt','',0,1,NULL,1,0,1,'2026-03-19 15:02:40','2026-03-19 15:02:40'),(340,1,0,'Generate html template followup_2 at /home/testjaa/www/modules//ps_reminder/mails/fr/followup_2.html','',0,1,NULL,1,0,1,'2026-03-19 15:02:40','2026-03-19 15:02:40'),(341,1,0,'Generate txt template followup_2 at /home/testjaa/www/modules//ps_reminder/mails/fr/followup_2.txt','',0,1,NULL,1,0,1,'2026-03-19 15:02:40','2026-03-19 15:02:40'),(342,1,0,'Generate html template followup_3 at /home/testjaa/www/modules//ps_reminder/mails/fr/followup_3.html','',0,1,NULL,1,0,1,'2026-03-19 15:02:40','2026-03-19 15:02:40'),(343,1,0,'Generate txt template followup_3 at /home/testjaa/www/modules//ps_reminder/mails/fr/followup_3.txt','',0,1,NULL,1,0,1,'2026-03-19 15:02:40','2026-03-19 15:02:40'),(344,1,0,'Generate html template followup_4 at /home/testjaa/www/modules//ps_reminder/mails/fr/followup_4.html','',0,1,NULL,1,0,1,'2026-03-19 15:02:40','2026-03-19 15:02:40'),(345,1,0,'Generate txt template followup_4 at /home/testjaa/www/modules//ps_reminder/mails/fr/followup_4.txt','',0,1,NULL,1,0,1,'2026-03-19 15:02:40','2026-03-19 15:02:40'),(346,1,0,'Generate html template followup_1 at /home/testjaa/www/modules//followup/mails/fr/followup_1.html','',0,1,NULL,1,0,1,'2026-03-19 15:02:40','2026-03-19 15:02:40'),(347,1,0,'Generate txt template followup_1 at /home/testjaa/www/modules//followup/mails/fr/followup_1.txt','',0,1,NULL,1,0,1,'2026-03-19 15:02:40','2026-03-19 15:02:40'),(348,1,0,'Generate html template followup_2 at /home/testjaa/www/modules//followup/mails/fr/followup_2.html','',0,1,NULL,1,0,1,'2026-03-19 15:02:40','2026-03-19 15:02:40'),(349,1,0,'Generate txt template followup_2 at /home/testjaa/www/modules//followup/mails/fr/followup_2.txt','',0,1,NULL,1,0,1,'2026-03-19 15:02:40','2026-03-19 15:02:40'),(350,1,0,'Generate html template followup_3 at /home/testjaa/www/modules//followup/mails/fr/followup_3.html','',0,1,NULL,1,0,1,'2026-03-19 15:02:40','2026-03-19 15:02:40'),(351,1,0,'Generate txt template followup_3 at /home/testjaa/www/modules//followup/mails/fr/followup_3.txt','',0,1,NULL,1,0,1,'2026-03-19 15:02:40','2026-03-19 15:02:40'),(352,1,0,'Generate html template followup_4 at /home/testjaa/www/modules//followup/mails/fr/followup_4.html','',0,1,NULL,1,0,1,'2026-03-19 15:02:40','2026-03-19 15:02:40'),(353,1,0,'Generate txt template followup_4 at /home/testjaa/www/modules//followup/mails/fr/followup_4.txt','',0,1,NULL,1,0,1,'2026-03-19 15:02:40','2026-03-19 15:02:40'),(354,1,0,'Generate html template newsletter_conf at /home/testjaa/www/modules//ps_emailsubscription/mails/fr/newsletter_conf.html','',0,1,NULL,1,0,1,'2026-03-19 15:02:40','2026-03-19 15:02:40'),(355,1,0,'Generate txt template newsletter_conf at /home/testjaa/www/modules//ps_emailsubscription/mails/fr/newsletter_conf.txt','',0,1,NULL,1,0,1,'2026-03-19 15:02:40','2026-03-19 15:02:40'),(356,1,0,'Generate html template newsletter_verif at /home/testjaa/www/modules//ps_emailsubscription/mails/fr/newsletter_verif.html','',0,1,NULL,1,0,1,'2026-03-19 15:02:40','2026-03-19 15:02:40'),(357,1,0,'Generate txt template newsletter_verif at /home/testjaa/www/modules//ps_emailsubscription/mails/fr/newsletter_verif.txt','',0,1,NULL,1,0,1,'2026-03-19 15:02:40','2026-03-19 15:02:40'),(358,1,0,'Generate html template newsletter_voucher at /home/testjaa/www/modules//ps_emailsubscription/mails/fr/newsletter_voucher.html','',0,1,NULL,1,0,1,'2026-03-19 15:02:40','2026-03-19 15:02:40'),(359,1,0,'Generate txt template newsletter_voucher at /home/testjaa/www/modules//ps_emailsubscription/mails/fr/newsletter_voucher.txt','',0,1,NULL,1,0,1,'2026-03-19 15:02:40','2026-03-19 15:02:40'),(360,1,0,'API Call received = /admin9592/index.php?controller=apiSecurityPsMbo&token=b31536f09b9833007bcbc3b8d109a329','',0,1,NULL,1,0,1,'2026-03-19 15:03:02','2026-03-19 15:03:02'),(361,1,0,'API Call received = /admin9592/index.php?controller=apiSecurityPsMbo&token=b31536f09b9833007bcbc3b8d109a329','',0,1,NULL,1,0,1,'2026-03-19 15:03:02','2026-03-19 15:03:02'),(362,1,0,'API Call received = /admin9592/index.php?controller=apiSecurityPsMbo&token=b31536f09b9833007bcbc3b8d109a329','',0,1,NULL,1,0,1,'2026-03-19 15:03:02','2026-03-19 15:03:02'),(363,1,0,'API Call received = /admin9592/index.php?controller=apiSecurityPsMbo&token=b31536f09b9833007bcbc3b8d109a329','',0,1,NULL,1,0,1,'2026-03-19 15:03:02','2026-03-19 15:03:02'),(364,1,0,'API Call received = /admin9592/index.php?controller=apiSecurityPsMbo&token=b31536f09b9833007bcbc3b8d109a329','',0,1,NULL,1,0,1,'2026-03-19 15:03:02','2026-03-19 15:03:02'),(365,1,0,'API Call received = /admin9592/index.php?controller=apiSecurityPsMbo&token=b31536f09b9833007bcbc3b8d109a329','',0,1,NULL,1,0,1,'2026-03-19 15:03:02','2026-03-19 15:03:02'),(366,1,0,'Protect vendor folder in module ps_eventbus','',0,1,NULL,1,0,1,'2026-03-19 15:03:04','2026-03-19 15:03:04'),(367,1,0,'API Call received = /admin9592/index.php?controller=apiSecurityPsMbo&token=b31536f09b9833007bcbc3b8d109a329','',0,1,NULL,1,0,1,'2026-03-19 15:03:05','2026-03-19 15:03:05'),(368,1,0,'API Call received = /admin9592/index.php?controller=apiSecurityPsMbo&token=b31536f09b9833007bcbc3b8d109a329','',0,1,NULL,1,0,1,'2026-03-19 15:03:11','2026-03-19 15:03:11'),(369,1,0,'API Call received = /admin9592/index.php?controller=apiSecurityPsMbo&token=b31536f09b9833007bcbc3b8d109a329','',0,1,NULL,1,0,1,'2026-03-19 15:03:13','2026-03-19 15:03:13'),(370,1,0,'API Call received = /admin9592/index.php?controller=apiSecurityPsMbo&token=b31536f09b9833007bcbc3b8d109a329','',0,1,NULL,1,0,1,'2026-03-19 15:03:13','2026-03-19 15:03:13'),(371,1,0,'API Call received = /admin9592/index.php?controller=apiSecurityPsMbo&token=b31536f09b9833007bcbc3b8d109a329','',0,1,NULL,1,0,1,'2026-03-19 15:03:13','2026-03-19 15:03:13'),(372,1,0,'API Call received = /admin9592/index.php?controller=apiSecurityPsMbo&token=b31536f09b9833007bcbc3b8d109a329','',0,1,NULL,1,0,1,'2026-03-19 15:03:13','2026-03-19 15:03:13'),(373,1,0,'API Call received = /admin9592/index.php?controller=apiSecurityPsMbo&token=b31536f09b9833007bcbc3b8d109a329','',0,1,NULL,1,0,1,'2026-03-19 15:03:13','2026-03-19 15:03:13'),(374,1,0,'API Call received = /admin9592/index.php?controller=apiSecurityPsMbo&token=b31536f09b9833007bcbc3b8d109a329','',0,1,NULL,1,0,1,'2026-03-19 15:03:13','2026-03-19 15:03:13'),(375,1,0,'API Call received = /admin9592/index.php?controller=apiSecurityPsMbo&token=b31536f09b9833007bcbc3b8d109a329','',0,1,NULL,1,0,1,'2026-03-19 15:03:14','2026-03-19 15:03:14'),(376,1,0,'API Call received = /admin9592/index.php?controller=apiSecurityPsMbo&token=b31536f09b9833007bcbc3b8d109a329','',0,1,NULL,1,0,1,'2026-03-19 15:03:24','2026-03-19 15:03:24'),(377,1,0,'API Call received = /admin9592/index.php?controller=apiSecurityPsMbo&token=b31536f09b9833007bcbc3b8d109a329','',0,1,NULL,1,0,1,'2026-03-19 15:03:49','2026-03-19 15:03:49'),(378,1,0,'API Call received = /admin9592/index.php?controller=apiSecurityPsMbo&token=b31536f09b9833007bcbc3b8d109a329','',0,1,NULL,1,0,1,'2026-03-19 15:03:49','2026-03-19 15:03:49'),(379,1,0,'API Call received = /admin9592/index.php?controller=apiSecurityPsMbo&token=b31536f09b9833007bcbc3b8d109a329','',0,1,NULL,1,0,1,'2026-03-19 15:03:49','2026-03-19 15:03:49'),(380,1,0,'API Call received = /admin9592/index.php?controller=apiSecurityPsMbo&token=b31536f09b9833007bcbc3b8d109a329','',0,1,NULL,1,0,1,'2026-03-19 15:03:49','2026-03-19 15:03:49'),(381,1,0,'API Call received = /admin9592/index.php?controller=apiSecurityPsMbo&token=b31536f09b9833007bcbc3b8d109a329','',0,1,NULL,1,0,1,'2026-03-19 15:03:49','2026-03-19 15:03:49'),(382,1,0,'API Call received = /admin9592/index.php?controller=apiSecurityPsMbo&token=b31536f09b9833007bcbc3b8d109a329','',0,1,NULL,1,0,1,'2026-03-19 15:03:49','2026-03-19 15:03:49'),(383,1,0,'Protect vendor folder in module opcmsd','',0,1,NULL,1,0,1,'2026-03-19 15:04:03','2026-03-19 15:04:03'),(384,1,0,'Module opcmsd has no vendor folder','',0,1,NULL,1,0,1,'2026-03-19 15:04:03','2026-03-19 15:04:03'),(385,1,0,'API Call received = /admin9592/index.php?controller=apiSecurityPsMbo&token=b31536f09b9833007bcbc3b8d109a329','',0,1,NULL,1,0,1,'2026-03-19 15:04:21','2026-03-19 15:04:21'),(386,1,0,'API Call received = /admin9592/index.php?controller=apiSecurityPsMbo&token=b31536f09b9833007bcbc3b8d109a329','',0,1,NULL,1,0,1,'2026-03-19 15:04:21','2026-03-19 15:04:21'),(387,1,0,'API Call received = /admin9592/index.php?controller=apiSecurityPsMbo&token=b31536f09b9833007bcbc3b8d109a329','',0,1,NULL,1,0,1,'2026-03-19 15:04:21','2026-03-19 15:04:21'),(388,1,0,'API Call received = /admin9592/index.php?controller=apiSecurityPsMbo&token=b31536f09b9833007bcbc3b8d109a329','',0,1,NULL,1,0,1,'2026-03-19 15:04:21','2026-03-19 15:04:21'),(389,1,0,'API Call received = /admin9592/index.php?controller=apiSecurityPsMbo&token=b31536f09b9833007bcbc3b8d109a329','',0,1,NULL,1,0,1,'2026-03-19 15:04:21','2026-03-19 15:04:21'),(390,1,0,'API Call received = /admin9592/index.php?controller=apiSecurityPsMbo&token=b31536f09b9833007bcbc3b8d109a329','',0,1,NULL,1,0,1,'2026-03-19 15:11:38','2026-03-19 15:11:38'),(391,1,0,'API Call received = /admin9592/index.php?controller=apiSecurityPsMbo&token=b31536f09b9833007bcbc3b8d109a329','',0,1,NULL,1,0,1,'2026-03-19 15:11:38','2026-03-19 15:11:38'),(392,1,0,'API Call received = /admin9592/index.php?controller=apiSecurityPsMbo&token=b31536f09b9833007bcbc3b8d109a329','',0,1,NULL,1,0,1,'2026-03-19 15:11:38','2026-03-19 15:11:38'),(393,1,0,'API Call received = /admin9592/index.php?controller=apiSecurityPsMbo&token=b31536f09b9833007bcbc3b8d109a329','',0,1,NULL,1,0,1,'2026-03-19 15:11:38','2026-03-19 15:11:38'),(394,1,0,'API Call received = /admin9592/index.php?controller=apiSecurityPsMbo&token=b31536f09b9833007bcbc3b8d109a329','',0,1,NULL,1,0,1,'2026-03-19 15:11:38','2026-03-19 15:11:38'),(395,1,0,'API Call received = /admin9592/index.php?controller=apiSecurityPsMbo&token=b31536f09b9833007bcbc3b8d109a329','',0,1,NULL,1,0,1,'2026-03-19 15:11:38','2026-03-19 15:11:38'),(396,3,200,'Could not validate the client concurrency token required by the service. Please provide a valid token in the client request.  CorrelationId:  dd396174-53b9-4067-8bd5-7a4cd751e5e3.','Microsoft Dynamics 365 Business ',4,NULL,NULL,NULL,0,NULL,'2026-03-19 16:03:29','2026-03-19 16:03:29'),(397,3,200,'Could not validate the client concurrency token required by the service. Please provide a valid token in the client request.  CorrelationId:  abc8b97b-a2ad-48c0-9bab-2e4e5e55d796.','Microsoft Dynamics 365 Business ',5,NULL,NULL,NULL,0,NULL,'2026-03-19 16:03:43','2026-03-19 16:03:43'),(398,3,200,'Could not validate the client concurrency token required by the service. Please provide a valid token in the client request.  CorrelationId:  e4ddac59-037e-4a2d-8aba-d74494b1c55f.','Microsoft Dynamics 365 Business ',125,NULL,NULL,NULL,0,NULL,'2026-03-19 16:04:09','2026-03-19 16:04:09'),(399,3,200,'Could not validate the client concurrency token required by the service. Please provide a valid token in the client request.  CorrelationId:  cebe77b1-1ff6-4b99-9265-123c1be7be98.','Microsoft Dynamics 365 Business ',1,NULL,NULL,NULL,0,NULL,'2026-03-19 16:23:49','2026-03-19 16:23:49'),(400,3,200,'Could not validate the client concurrency token required by the service. Please provide a valid token in the client request.  CorrelationId:  e0e2a3d4-931f-4708-aaa9-59e09c054a03.','Microsoft Dynamics 365 Business ',1,NULL,NULL,NULL,0,NULL,'2026-03-19 16:23:49','2026-03-19 16:23:49'),(401,3,200,'Could not validate the client concurrency token required by the service. Please provide a valid token in the client request.  CorrelationId:  c5a1aede-6aed-4879-bcbe-969a71bf0b19.','Microsoft Dynamics 365 Business ',1,NULL,NULL,NULL,0,NULL,'2026-03-19 16:23:50','2026-03-19 16:23:50'),(402,3,200,'Could not validate the client concurrency token required by the service. Please provide a valid token in the client request.  CorrelationId:  7456b103-59a3-4eb3-b9e9-632dbbca927b.','Microsoft Dynamics 365 Business ',1,NULL,NULL,NULL,0,NULL,'2026-03-19 16:23:50','2026-03-19 16:23:50'),(403,3,200,'Could not validate the client concurrency token required by the service. Please provide a valid token in the client request.  CorrelationId:  36b727a0-247e-4823-aa62-44e78eea296b.','Microsoft Dynamics 365 Business ',1,NULL,NULL,NULL,0,NULL,'2026-03-19 16:23:50','2026-03-19 16:23:50'),(404,3,200,'Could not validate the client concurrency token required by the service. Please provide a valid token in the client request.  CorrelationId:  806aef62-a524-432b-9173-1de29499157b.','Microsoft Dynamics 365 Business ',1,NULL,NULL,NULL,0,NULL,'2026-03-19 16:23:51','2026-03-19 16:23:51'),(405,3,200,'Could not validate the client concurrency token required by the service. Please provide a valid token in the client request.  CorrelationId:  03edad88-d748-49a0-b91c-31faa9fd0abf.','Microsoft Dynamics 365 Business ',1,NULL,NULL,NULL,0,NULL,'2026-03-19 16:25:51','2026-03-19 16:25:51'),(406,3,200,'Could not validate the client concurrency token required by the service. Please provide a valid token in the client request.  CorrelationId:  5d9a7322-2ea6-4cd2-b94f-f35d05c8970a.','Microsoft Dynamics 365 Business ',1,NULL,NULL,NULL,0,NULL,'2026-03-19 16:29:21','2026-03-19 16:29:21'),(407,3,200,'Could not validate the client concurrency token required by the service. Please provide a valid token in the client request.  CorrelationId:  f4e8c907-14ec-4bfd-bcfd-affaa087082d.','Microsoft Dynamics 365 Business ',1,NULL,NULL,NULL,0,NULL,'2026-03-19 16:29:22','2026-03-19 16:29:22'),(408,3,200,'Could not validate the client concurrency token required by the service. Please provide a valid token in the client request.  CorrelationId:  eaae0fb1-5297-4c3b-87e2-5657f3b5f7b6.','Microsoft Dynamics 365 Business ',1,NULL,NULL,NULL,0,NULL,'2026-03-19 16:29:22','2026-03-19 16:29:22'),(409,3,200,'Could not validate the client concurrency token required by the service. Please provide a valid token in the client request.  CorrelationId:  0db1d2a4-6280-4351-a445-82e53dc23b32.','Microsoft Dynamics 365 Business ',1,NULL,NULL,NULL,0,NULL,'2026-03-19 16:29:22','2026-03-19 16:29:22'),(410,3,200,'Could not validate the client concurrency token required by the service. Please provide a valid token in the client request.  CorrelationId:  cde36102-aa2e-4f21-b988-8a3eb09d8316.','Microsoft Dynamics 365 Business ',1,NULL,NULL,NULL,0,NULL,'2026-03-19 16:29:22','2026-03-19 16:29:22'),(411,3,200,'Could not validate the client concurrency token required by the service. Please provide a valid token in the client request.  CorrelationId:  4f01886c-2290-4d31-b95d-37faf156ec7d.','Microsoft Dynamics 365 Business ',1,NULL,NULL,NULL,0,NULL,'2026-03-19 16:29:23','2026-03-19 16:29:23'),(412,3,200,'Could not validate the client concurrency token required by the service. Please provide a valid token in the client request.  CorrelationId:  5e251129-0b73-457d-bd5d-60adee5b48ca.','Microsoft Dynamics 365 Business ',1,NULL,NULL,NULL,0,NULL,'2026-03-19 16:29:35','2026-03-19 16:29:35'),(413,3,200,'Could not validate the client concurrency token required by the service. Please provide a valid token in the client request.  CorrelationId:  33b10715-d9b8-4283-bd4e-32d30ecf0f80.','Microsoft Dynamics 365 Business ',1,NULL,NULL,NULL,0,NULL,'2026-03-19 16:29:35','2026-03-19 16:29:35'),(414,3,200,'Could not validate the client concurrency token required by the service. Please provide a valid token in the client request.  CorrelationId:  a4f17136-9fd6-4266-8c53-fd13ca368817.','Microsoft Dynamics 365 Business ',1,NULL,NULL,NULL,0,NULL,'2026-03-19 16:29:35','2026-03-19 16:29:35'),(415,3,200,'Could not validate the client concurrency token required by the service. Please provide a valid token in the client request.  CorrelationId:  f0c7a979-4b0c-488c-a451-6cccece4c440.','Microsoft Dynamics 365 Business ',1,NULL,NULL,NULL,0,NULL,'2026-03-19 16:29:36','2026-03-19 16:29:36'),(416,3,200,'Could not validate the client concurrency token required by the service. Please provide a valid token in the client request.  CorrelationId:  c241aaa0-60b3-40d6-8ea7-5a38d23ef4ee.','Microsoft Dynamics 365 Business ',1,NULL,NULL,NULL,0,NULL,'2026-03-19 16:29:36','2026-03-19 16:29:36'),(417,3,200,'Could not validate the client concurrency token required by the service. Please provide a valid token in the client request.  CorrelationId:  f2f4afae-33c7-45be-a366-a91f56e26428.','Microsoft Dynamics 365 Business ',1,NULL,NULL,NULL,0,NULL,'2026-03-19 16:29:36','2026-03-19 16:29:36'),(418,3,200,'Could not validate the client concurrency token required by the service. Please provide a valid token in the client request.  CorrelationId:  e8801419-7ea0-4a3f-a9fd-07fb618d0213.','Microsoft Dynamics 365 Business ',1,NULL,NULL,NULL,0,NULL,'2026-03-19 16:32:33','2026-03-19 16:32:33'),(419,3,200,'Could not validate the client concurrency token required by the service. Please provide a valid token in the client request.  CorrelationId:  baa5bed6-90d6-4dfe-8e04-1797a67b6610.','Microsoft Dynamics 365 Business ',1,NULL,NULL,NULL,0,NULL,'2026-03-19 16:32:33','2026-03-19 16:32:33'),(420,3,200,'Could not validate the client concurrency token required by the service. Please provide a valid token in the client request.  CorrelationId:  22384f8c-9212-4e13-a441-429d9c040ae5.','Microsoft Dynamics 365 Business ',1,NULL,NULL,NULL,0,NULL,'2026-03-19 16:32:34','2026-03-19 16:32:34'),(421,3,200,'Could not validate the client concurrency token required by the service. Please provide a valid token in the client request.  CorrelationId:  2fa0499c-4ac8-4fc0-9334-eaee965e0bc5.','Microsoft Dynamics 365 Business ',1,NULL,NULL,NULL,0,NULL,'2026-03-19 16:32:34','2026-03-19 16:32:34'),(422,3,200,'Could not validate the client concurrency token required by the service. Please provide a valid token in the client request.  CorrelationId:  7cf796e6-93a2-49a8-b812-26875fc8dbbc.','Microsoft Dynamics 365 Business ',1,NULL,NULL,NULL,0,NULL,'2026-03-19 16:32:35','2026-03-19 16:32:35'),(423,3,200,'Could not validate the client concurrency token required by the service. Please provide a valid token in the client request.  CorrelationId:  3a458606-aea1-402e-9ac6-cbe9aeccd538.','Microsoft Dynamics 365 Business ',1,NULL,NULL,NULL,0,NULL,'2026-03-19 16:32:35','2026-03-19 16:32:35'),(424,3,200,'Could not validate the client concurrency token required by the service. Please provide a valid token in the client request.  CorrelationId:  b924d29c-3b96-4ab4-8b18-8e2dde7878f0.','Microsoft Dynamics 365 Business ',2,NULL,NULL,NULL,0,NULL,'2026-03-19 16:38:25','2026-03-19 16:38:25'),(425,3,200,'Could not validate the client concurrency token required by the service. Please provide a valid token in the client request.  CorrelationId:  aacb5084-ac32-4590-a9e5-f8b9a44b47f5.','Microsoft Dynamics 365 Business ',2,NULL,NULL,NULL,0,NULL,'2026-03-19 16:38:25','2026-03-19 16:38:25'),(426,3,200,'Could not validate the client concurrency token required by the service. Please provide a valid token in the client request.  CorrelationId:  77c5156f-1fbf-49f3-832d-f6578de99803.','Microsoft Dynamics 365 Business ',2,NULL,NULL,NULL,0,NULL,'2026-03-19 16:38:26','2026-03-19 16:38:26'),(427,3,200,'Could not validate the client concurrency token required by the service. Please provide a valid token in the client request.  CorrelationId:  1c06633c-fe3f-4fa7-b70d-28a979e81860.','Microsoft Dynamics 365 Business ',2,NULL,NULL,NULL,0,NULL,'2026-03-19 16:38:26','2026-03-19 16:38:26'),(428,3,200,'Could not validate the client concurrency token required by the service. Please provide a valid token in the client request.  CorrelationId:  2ff4bb32-d9e0-4d6e-9e11-ac9d74ab35ee.','Microsoft Dynamics 365 Business ',2,NULL,NULL,NULL,0,NULL,'2026-03-19 16:38:26','2026-03-19 16:38:26'),(429,3,200,'Could not validate the client concurrency token required by the service. Please provide a valid token in the client request.  CorrelationId:  421522f5-cab5-4708-99a0-ff821f8f345c.','Microsoft Dynamics 365 Business ',2,NULL,NULL,NULL,0,NULL,'2026-03-19 16:38:26','2026-03-19 16:38:26'),(430,3,200,'Could not validate the client concurrency token required by the service. Please provide a valid token in the client request.  CorrelationId:  1c0b5f4b-e06b-4697-8c4b-3f48fb0dc34b.','Microsoft Dynamics 365 Business ',2,NULL,NULL,NULL,0,NULL,'2026-03-19 16:39:57','2026-03-19 16:39:57'),(431,3,200,'Could not validate the client concurrency token required by the service. Please provide a valid token in the client request.  CorrelationId:  6c87ec63-de4e-41de-bafc-abe862e5ad90.','Microsoft Dynamics 365 Business ',2,NULL,NULL,NULL,0,NULL,'2026-03-19 16:39:58','2026-03-19 16:39:58'),(432,3,200,'Could not validate the client concurrency token required by the service. Please provide a valid token in the client request.  CorrelationId:  b8bbb7ec-3995-4de1-a7bc-26a21fc5105b.','Microsoft Dynamics 365 Business ',2,NULL,NULL,NULL,0,NULL,'2026-03-19 16:39:58','2026-03-19 16:39:58'),(433,3,200,'Could not validate the client concurrency token required by the service. Please provide a valid token in the client request.  CorrelationId:  2f38ea84-82b2-42fe-b326-b2d4b764c505.','Microsoft Dynamics 365 Business ',2,NULL,NULL,NULL,0,NULL,'2026-03-19 16:39:58','2026-03-19 16:39:58'),(434,3,200,'Could not validate the client concurrency token required by the service. Please provide a valid token in the client request.  CorrelationId:  761e4a9c-adb9-4322-a28e-62fd624b27c8.','Microsoft Dynamics 365 Business ',2,NULL,NULL,NULL,0,NULL,'2026-03-19 16:39:58','2026-03-19 16:39:58'),(435,3,200,'Could not validate the client concurrency token required by the service. Please provide a valid token in the client request.  CorrelationId:  c6251bd5-1130-431d-8dab-51f099f7999d.','Microsoft Dynamics 365 Business ',2,NULL,NULL,NULL,0,NULL,'2026-03-19 16:39:59','2026-03-19 16:39:59'),(436,3,200,'Could not validate the client concurrency token required by the service. Please provide a valid token in the client request.  CorrelationId:  60b30c3c-f9aa-4f1c-be64-73c39b272d94.','Microsoft Dynamics 365 Business ',2,NULL,NULL,NULL,0,NULL,'2026-03-19 16:40:16','2026-03-19 16:40:16'),(437,3,200,'Could not validate the client concurrency token required by the service. Please provide a valid token in the client request.  CorrelationId:  d8c67d41-f03e-4d88-8a2e-2e95d0291a87.','Microsoft Dynamics 365 Business ',2,NULL,NULL,NULL,0,NULL,'2026-03-19 16:40:16','2026-03-19 16:40:16'),(438,3,200,'Could not validate the client concurrency token required by the service. Please provide a valid token in the client request.  CorrelationId:  afd6b8d3-2b94-40a0-b867-6dfa3defd5e8.','Microsoft Dynamics 365 Business ',2,NULL,NULL,NULL,0,NULL,'2026-03-19 16:40:17','2026-03-19 16:40:17'),(439,3,200,'Could not validate the client concurrency token required by the service. Please provide a valid token in the client request.  CorrelationId:  43c10382-6203-4661-931a-56b95415556c.','Microsoft Dynamics 365 Business ',2,NULL,NULL,NULL,0,NULL,'2026-03-19 16:40:17','2026-03-19 16:40:17'),(440,3,200,'Could not validate the client concurrency token required by the service. Please provide a valid token in the client request.  CorrelationId:  518443d9-d1e3-4d4b-a1c1-553eb828f429.','Microsoft Dynamics 365 Business ',2,NULL,NULL,NULL,0,NULL,'2026-03-19 16:40:17','2026-03-19 16:40:17'),(441,3,200,'Could not validate the client concurrency token required by the service. Please provide a valid token in the client request.  CorrelationId:  ffd0fb36-60c4-4120-8aeb-7dade6de459e.','Microsoft Dynamics 365 Business ',2,NULL,NULL,NULL,0,NULL,'2026-03-19 16:40:18','2026-03-19 16:40:18'),(442,1,0,'API Call received = /admin9592/index.php?controller=apiSecurityPsMbo&token=b31536f09b9833007bcbc3b8d109a329','',0,1,NULL,1,0,1,'2026-03-19 16:45:54','2026-03-19 16:45:54'),(443,1,0,'API Call received = /admin9592/index.php?controller=apiSecurityPsMbo&token=b31536f09b9833007bcbc3b8d109a329','',0,1,NULL,1,0,1,'2026-03-19 16:45:54','2026-03-19 16:45:54'),(444,1,0,'API Call received = /admin9592/index.php?controller=apiSecurityPsMbo&token=b31536f09b9833007bcbc3b8d109a329','',0,1,NULL,1,0,1,'2026-03-19 16:46:58','2026-03-19 16:46:58'),(445,1,0,'API Call received = /admin9592/index.php?controller=apiSecurityPsMbo&token=b31536f09b9833007bcbc3b8d109a329','',0,1,NULL,1,0,1,'2026-03-19 16:46:58','2026-03-19 16:46:58');

--
-- Table structure for table `pre3574_mail`
--

CREATE TABLE `pre3574_mail` (
  `id_mail` int unsigned NOT NULL AUTO_INCREMENT,
  `recipient` varchar(126) NOT NULL,
  `template` varchar(62) NOT NULL,
  `subject` varchar(254) NOT NULL,
  `id_lang` int unsigned NOT NULL,
  `date_add` timestamp NOT NULL DEFAULT CURRENT_TIMESTAMP,
  PRIMARY KEY (`id_mail`),
  KEY `recipient` (`recipient`(10))
) ENGINE=InnoDB DEFAULT CHARSET=utf8mb4 COLLATE=utf8mb4_0900_ai_ci;

--
-- Dumping data for table `pre3574_mail`
--


--
-- Table structure for table `pre3574_mailalert_customer_oos`
--

CREATE TABLE `pre3574_mailalert_customer_oos` (
  `id_customer` int unsigned NOT NULL,
  `customer_email` varchar(128) NOT NULL,
  `id_product` int unsigned NOT NULL,
  `id_product_attribute` int unsigned NOT NULL,
  `id_shop` int unsigned NOT NULL,
  `id_lang` int unsigned NOT NULL,
  PRIMARY KEY (`id_customer`,`customer_email`,`id_product`,`id_product_attribute`,`id_shop`)
) ENGINE=InnoDB DEFAULT CHARSET=utf8mb3;

--
-- Dumping data for table `pre3574_mailalert_customer_oos`
--


--
-- Table structure for table `pre3574_manufacturer`
--

CREATE TABLE `pre3574_manufacturer` (
  `id_manufacturer` int unsigned NOT NULL AUTO_INCREMENT,
  `name` varchar(64) NOT NULL,
  `date_add` datetime NOT NULL,
  `date_upd` datetime NOT NULL,
  `active` tinyint(1) NOT NULL DEFAULT '0',
  PRIMARY KEY (`id_manufacturer`)
) ENGINE=InnoDB DEFAULT CHARSET=utf8mb4 COLLATE=utf8mb4_0900_ai_ci;

--
-- Dumping data for table `pre3574_manufacturer`
--


--
-- Table structure for table `pre3574_manufacturer_lang`
--

CREATE TABLE `pre3574_manufacturer_lang` (
  `id_manufacturer` int unsigned NOT NULL,
  `id_lang` int unsigned NOT NULL,
  `description` mediumtext,
  `short_description` mediumtext,
  `meta_title` varchar(255) DEFAULT NULL,
  `meta_keywords` varchar(255) DEFAULT NULL,
  `meta_description` varchar(512) DEFAULT NULL,
  PRIMARY KEY (`id_manufacturer`,`id_lang`)
) ENGINE=InnoDB DEFAULT CHARSET=utf8mb4 COLLATE=utf8mb4_0900_ai_ci;

--
-- Dumping data for table `pre3574_manufacturer_lang`
--


--
-- Table structure for table `pre3574_manufacturer_shop`
--

CREATE TABLE `pre3574_manufacturer_shop` (
  `id_manufacturer` int unsigned NOT NULL,
  `id_shop` int unsigned NOT NULL,
  PRIMARY KEY (`id_manufacturer`,`id_shop`),
  KEY `id_shop` (`id_shop`)
) ENGINE=InnoDB DEFAULT CHARSET=utf8mb4 COLLATE=utf8mb4_0900_ai_ci;

--
-- Dumping data for table `pre3574_manufacturer_shop`
--


--
-- Table structure for table `pre3574_mbo_api_config`
--

CREATE TABLE `pre3574_mbo_api_config` (
  `id_mbo_api_config` int unsigned NOT NULL AUTO_INCREMENT,
  `config_key` varchar(255) DEFAULT NULL,
  `config_value` varchar(255) DEFAULT NULL,
  `ps_version` varchar(255) DEFAULT NULL,
  `mbo_version` varchar(255) DEFAULT NULL,
  `applied` tinyint(1) NOT NULL DEFAULT '0',
  `date_add` datetime NOT NULL,
  PRIMARY KEY (`id_mbo_api_config`)
) ENGINE=InnoDB DEFAULT CHARSET=utf8mb3;

--
-- Dumping data for table `pre3574_mbo_api_config`
--


--
-- Table structure for table `pre3574_memcached_servers`
--

CREATE TABLE `pre3574_memcached_servers` (
  `id_memcached_server` int unsigned NOT NULL AUTO_INCREMENT,
  `ip` varchar(254) NOT NULL,
  `port` int unsigned NOT NULL,
  `weight` int unsigned NOT NULL,
  PRIMARY KEY (`id_memcached_server`)
) ENGINE=InnoDB DEFAULT CHARSET=utf8mb4 COLLATE=utf8mb4_0900_ai_ci;

--
-- Dumping data for table `pre3574_memcached_servers`
--


--
-- Table structure for table `pre3574_message`
--

CREATE TABLE `pre3574_message` (
  `id_message` int unsigned NOT NULL AUTO_INCREMENT,
  `id_cart` int unsigned DEFAULT NULL,
  `id_customer` int unsigned NOT NULL,
  `id_employee` int unsigned DEFAULT NULL,
  `id_order` int unsigned NOT NULL,
  `message` mediumtext NOT NULL,
  `private` tinyint unsigned NOT NULL DEFAULT '1',
  `date_add` datetime NOT NULL,
  PRIMARY KEY (`id_message`),
  KEY `message_order` (`id_order`),
  KEY `id_cart` (`id_cart`),
  KEY `id_customer` (`id_customer`),
  KEY `id_employee` (`id_employee`)
) ENGINE=InnoDB DEFAULT CHARSET=utf8mb4 COLLATE=utf8mb4_0900_ai_ci;

--
-- Dumping data for table `pre3574_message`
--


--
-- Table structure for table `pre3574_message_readed`
--

CREATE TABLE `pre3574_message_readed` (
  `id_message` int unsigned NOT NULL,
  `id_employee` int unsigned NOT NULL,
  `date_add` datetime NOT NULL,
  PRIMARY KEY (`id_message`,`id_employee`)
) ENGINE=InnoDB DEFAULT CHARSET=utf8mb4 COLLATE=utf8mb4_0900_ai_ci;

--
-- Dumping data for table `pre3574_message_readed`
--


--
-- Table structure for table `pre3574_meta`
--

CREATE TABLE `pre3574_meta` (
  `id_meta` int unsigned NOT NULL AUTO_INCREMENT,
  `page` varchar(64) NOT NULL,
  `configurable` tinyint unsigned NOT NULL DEFAULT '1',
  PRIMARY KEY (`id_meta`),
  UNIQUE KEY `page` (`page`)
) ENGINE=InnoDB AUTO_INCREMENT=44 DEFAULT CHARSET=utf8mb4 COLLATE=utf8mb4_0900_ai_ci;

--
-- Dumping data for table `pre3574_meta`
--



--
-- Table structure for table `pre3574_meta_lang`
--

CREATE TABLE `pre3574_meta_lang` (
  `id_meta` int unsigned NOT NULL,
  `id_shop` int unsigned NOT NULL DEFAULT '1',
  `id_lang` int unsigned NOT NULL,
  `title` varchar(128) DEFAULT NULL,
  `description` varchar(255) DEFAULT NULL,
  `keywords` varchar(255) DEFAULT NULL,
  `url_rewrite` varchar(254) NOT NULL,
  PRIMARY KEY (`id_meta`,`id_shop`,`id_lang`),
  KEY `id_shop` (`id_shop`),
  KEY `id_lang` (`id_lang`)
) ENGINE=InnoDB DEFAULT CHARSET=utf8mb4 COLLATE=utf8mb4_0900_ai_ci;

--
-- Dumping data for table `pre3574_meta_lang`
--



--
-- Table structure for table `pre3574_module`
--

CREATE TABLE `pre3574_module` (
  `id_module` int unsigned NOT NULL AUTO_INCREMENT,
  `name` varchar(64) NOT NULL,
  `active` tinyint unsigned NOT NULL DEFAULT '0',
  `version` varchar(8) NOT NULL,
  PRIMARY KEY (`id_module`),
  UNIQUE KEY `name_UNIQUE` (`name`),
  KEY `name` (`name`)
) ENGINE=InnoDB AUTO_INCREMENT=71 DEFAULT CHARSET=utf8mb4 COLLATE=utf8mb4_0900_ai_ci;

--
-- Dumping data for table `pre3574_module`
--

INSERT INTO `pre3574_module` VALUES (1,'ps_linklist',1,'6.0.7'),(2,'blockreassurance',1,'5.1.4'),(3,'blockwishlist',1,'3.0.2'),(4,'psgdpr',1,'1.4.3'),(5,'ps_contactinfo',1,'3.3.3'),(6,'ps_languageselector',1,'2.1.3'),(7,'ps_currencyselector',1,'2.1.1'),(8,'ps_customersignin',1,'2.0.5'),(9,'ps_shoppingcart',1,'3.0.0'),(10,'ps_mainmenu',1,'2.3.4'),(11,'ps_searchbar',1,'2.1.3'),(12,'ps_imageslider',1,'3.2.1'),(13,'ps_featuredproducts',1,'2.1.5'),(14,'ps_banner',1,'2.1.2'),(15,'ps_customtext',1,'4.2.1'),(16,'ps_specials',1,'1.0.2'),(17,'ps_newproducts',1,'1.0.4'),(18,'ps_bestsellers',1,'1.0.6'),(19,'ps_emailsubscription',1,'2.8.2'),(20,'ps_socialfollow',1,'2.3.2'),(21,'ps_customeraccountlinks',1,'3.2.0'),(22,'productcomments',1,'7.0.0'),(23,'ps_categorytree',1,'3.0.1'),(24,'ps_facetedsearch',1,'4.0.0'),(25,'contactform',1,'4.4.3'),(26,'ps_sharebuttons',1,'2.1.2'),(27,'ps_wirepayment',1,'2.2.0'),(28,'dashtrends',1,'2.1.3'),(29,'statsforecast',1,'2.0.4'),(30,'dashactivity',1,'2.1.1'),(31,'ps_googleanalytics',1,'5.0.2'),(32,'ps_faviconnotificationbo',1,'2.1.3'),(33,'gridhtml',1,'2.0.3'),(34,'ps_cashondelivery',1,'2.0.1'),(35,'ps_crossselling',1,'2.0.2'),(36,'statsstock',1,'2.0.1'),(37,'ps_distributionapiclient',1,'1.1.1'),(38,'statsregistrations',1,'2.0.1'),(39,'ps_categoryproducts',1,'1.0.7'),(40,'statsbestcategories',1,'2.0.1'),(41,'statsproduct',1,'2.1.3'),(42,'statscatalog',1,'2.0.4'),(43,'ps_themecusto',1,'1.2.5'),(44,'statsbestsuppliers',1,'2.0.2'),(45,'statsnewsletter',1,'2.0.3'),(46,'statsbestvouchers',1,'2.0.1'),(47,'ps_emailalerts',1,'3.0.1'),(48,'gsitemap',1,'4.4.0'),(49,'statscarrier',1,'2.0.1'),(50,'ps_checkpayment',1,'2.1.0'),(51,'statscheckup',1,'2.0.3'),(52,'pagesnotfound',1,'2.0.3'),(53,'statsbestcustomers',1,'2.0.4'),(54,'statssearch',1,'2.0.2'),(55,'ps_brandlist',1,'1.0.3'),(56,'ps_dataprivacy',1,'2.1.1'),(57,'statspersonalinfos',1,'2.0.4'),(58,'statssales',1,'2.1.0'),(59,'ps_viewedproduct',1,'1.2.4'),(60,'statsbestproducts',1,'2.0.1'),(61,'dashproducts',1,'2.1.4'),(62,'dashgoals',1,'2.0.4'),(63,'statsbestmanufacturers',1,'2.0.3'),(64,'graphnvd3',1,'2.0.3'),(65,'statsdata',1,'2.1.2'),(66,'ps_supplierlist',1,'1.0.6'),(67,'ps_mbo',1,'4.14.1'),(68,'ps_accounts',1,'8.0.13'),(69,'ps_eventbus',1,'4.0.13'),(70,'opcmsd',1,'1.0.0');

--
-- Table structure for table `pre3574_module_carrier`
--

CREATE TABLE `pre3574_module_carrier` (
  `id_module` int unsigned NOT NULL,
  `id_shop` int unsigned NOT NULL DEFAULT '1',
  `id_reference` int NOT NULL,
  PRIMARY KEY (`id_module`,`id_shop`,`id_reference`)
) ENGINE=InnoDB DEFAULT CHARSET=utf8mb4 COLLATE=utf8mb4_0900_ai_ci;

--
-- Dumping data for table `pre3574_module_carrier`
--

INSERT INTO `pre3574_module_carrier` VALUES (27,1,1),(34,1,1),(50,1,1);

--
-- Table structure for table `pre3574_module_country`
--

CREATE TABLE `pre3574_module_country` (
  `id_module` int unsigned NOT NULL,
  `id_shop` int unsigned NOT NULL DEFAULT '1',
  `id_country` int unsigned NOT NULL,
  PRIMARY KEY (`id_module`,`id_shop`,`id_country`)
) ENGINE=InnoDB DEFAULT CHARSET=utf8mb4 COLLATE=utf8mb4_0900_ai_ci;

--
-- Dumping data for table `pre3574_module_country`
--

INSERT INTO `pre3574_module_country` VALUES (27,1,1),(27,1,2),(27,1,3),(27,1,4),(27,1,5),(27,1,6),(27,1,7),(27,1,8),(27,1,9),(27,1,10),(27,1,11),(27,1,12),(27,1,13),(27,1,14),(27,1,15),(27,1,16),(27,1,17),(27,1,18),(27,1,19),(27,1,20),(27,1,21),(27,1,22),(27,1,23),(27,1,24),(27,1,25),(27,1,26),(27,1,27),(27,1,28),(27,1,29),(27,1,30),(27,1,31),(27,1,32),(27,1,33),(27,1,34),(27,1,35),(27,1,36),(27,1,37),(27,1,38),(27,1,39),(27,1,40),(27,1,41),(27,1,42),(27,1,43),(27,1,44),(27,1,45),(27,1,46),(27,1,47),(27,1,48),(27,1,49),(27,1,50),(27,1,51),(27,1,52),(27,1,53),(27,1,54),(27,1,55),(27,1,56),(27,1,57),(27,1,58),(27,1,59),(27,1,60),(27,1,61),(27,1,62),(27,1,63),(27,1,64),(27,1,65),(27,1,66),(27,1,67),(27,1,68),(27,1,69),(27,1,70),(27,1,71),(27,1,72),(27,1,73),(27,1,74),(27,1,75),(27,1,76),(27,1,77),(27,1,78),(27,1,79),(27,1,80),(27,1,81),(27,1,82),(27,1,83),(27,1,84),(27,1,85),(27,1,86),(27,1,87),(27,1,88),(27,1,89),(27,1,90),(27,1,91),(27,1,92),(27,1,93),(27,1,94),(27,1,95),(27,1,96),(27,1,97),(27,1,98),(27,1,99),(27,1,100),(27,1,101),(27,1,102),(27,1,103),(27,1,104),(27,1,105),(27,1,106),(27,1,107),(27,1,108),(27,1,109),(27,1,110),(27,1,111),(27,1,112),(27,1,113),(27,1,114),(27,1,115),(27,1,116),(27,1,117),(27,1,118),(27,1,119),(27,1,120),(27,1,121),(27,1,122),(27,1,123),(27,1,124),(27,1,125),(27,1,126),(27,1,127),(27,1,128),(27,1,129),(27,1,130),(27,1,131),(27,1,132),(27,1,133),(27,1,134),(27,1,135),(27,1,136),(27,1,137),(27,1,138),(27,1,139),(27,1,140),(27,1,141),(27,1,142),(27,1,143),(27,1,144),(27,1,145),(27,1,146),(27,1,147),(27,1,148),(27,1,149),(27,1,150),(27,1,151),(27,1,152),(27,1,153),(27,1,154),(27,1,155),(27,1,156),(27,1,157),(27,1,158),(27,1,159),(27,1,160),(27,1,161),(27,1,162),(27,1,163),(27,1,164),(27,1,165),(27,1,166),(27,1,167),(27,1,168),(27,1,169),(27,1,170),(27,1,171),(27,1,172),(27,1,173),(27,1,174),(27,1,175),(27,1,176),(27,1,177),(27,1,178),(27,1,179),(27,1,180),(27,1,181),(27,1,182),(27,1,183),(27,1,184),(27,1,185),(27,1,186),(27,1,187),(27,1,188),(27,1,189),(27,1,190),(27,1,191),(27,1,192),(27,1,193),(27,1,194),(27,1,195),(27,1,196),(27,1,197),(27,1,198),(27,1,199),(27,1,200),(27,1,201),(27,1,202),(27,1,203),(27,1,204),(27,1,205),(27,1,206),(27,1,207),(27,1,208),(27,1,209),(27,1,210),(27,1,211),(27,1,212),(27,1,213),(27,1,214),(27,1,215),(27,1,216),(27,1,217),(27,1,218),(27,1,219),(27,1,220),(27,1,221),(27,1,222),(27,1,223),(27,1,224),(27,1,225),(27,1,226),(27,1,227),(27,1,228),(27,1,229),(27,1,230),(27,1,231),(27,1,232),(27,1,233),(27,1,234),(27,1,235),(27,1,236),(27,1,237),(27,1,238),(27,1,239),(27,1,240),(27,1,241),(34,1,1),(34,1,2),(34,1,3),(34,1,4),(34,1,5),(34,1,6),(34,1,7),(34,1,8),(34,1,9),(34,1,10),(34,1,11),(34,1,12),(34,1,13),(34,1,14),(34,1,15),(34,1,16),(34,1,17),(34,1,18),(34,1,19),(34,1,20),(34,1,21),(34,1,22),(34,1,23),(34,1,24),(34,1,25),(34,1,26),(34,1,27),(34,1,28),(34,1,29),(34,1,30),(34,1,31),(34,1,32),(34,1,33),(34,1,34),(34,1,35),(34,1,36),(34,1,37),(34,1,38),(34,1,39),(34,1,40),(34,1,41),(34,1,42),(34,1,43),(34,1,44),(34,1,45),(34,1,46),(34,1,47),(34,1,48),(34,1,49),(34,1,50),(34,1,51),(34,1,52),(34,1,53),(34,1,54),(34,1,55),(34,1,56),(34,1,57),(34,1,58),(34,1,59),(34,1,60),(34,1,61),(34,1,62),(34,1,63),(34,1,64),(34,1,65),(34,1,66),(34,1,67),(34,1,68),(34,1,69),(34,1,70),(34,1,71),(34,1,72),(34,1,73),(34,1,74),(34,1,75),(34,1,76),(34,1,77),(34,1,78),(34,1,79),(34,1,80),(34,1,81),(34,1,82),(34,1,83),(34,1,84),(34,1,85),(34,1,86),(34,1,87),(34,1,88),(34,1,89),(34,1,90),(34,1,91),(34,1,92),(34,1,93),(34,1,94),(34,1,95),(34,1,96),(34,1,97),(34,1,98),(34,1,99),(34,1,100),(34,1,101),(34,1,102),(34,1,103),(34,1,104),(34,1,105),(34,1,106),(34,1,107),(34,1,108),(34,1,109),(34,1,110),(34,1,111),(34,1,112),(34,1,113),(34,1,114),(34,1,115),(34,1,116),(34,1,117),(34,1,118),(34,1,119),(34,1,120),(34,1,121),(34,1,122),(34,1,123),(34,1,124),(34,1,125),(34,1,126),(34,1,127),(34,1,128),(34,1,129),(34,1,130),(34,1,131),(34,1,132),(34,1,133),(34,1,134),(34,1,135),(34,1,136),(34,1,137),(34,1,138),(34,1,139),(34,1,140),(34,1,141),(34,1,142),(34,1,143),(34,1,144),(34,1,145),(34,1,146),(34,1,147),(34,1,148),(34,1,149),(34,1,150),(34,1,151),(34,1,152),(34,1,153),(34,1,154),(34,1,155),(34,1,156),(34,1,157),(34,1,158),(34,1,159),(34,1,160),(34,1,161),(34,1,162),(34,1,163),(34,1,164),(34,1,165),(34,1,166),(34,1,167),(34,1,168),(34,1,169),(34,1,170),(34,1,171),(34,1,172),(34,1,173),(34,1,174),(34,1,175),(34,1,176),(34,1,177),(34,1,178),(34,1,179),(34,1,180),(34,1,181),(34,1,182),(34,1,183),(34,1,184),(34,1,185),(34,1,186),(34,1,187),(34,1,188),(34,1,189),(34,1,190),(34,1,191),(34,1,192),(34,1,193),(34,1,194),(34,1,195),(34,1,196),(34,1,197),(34,1,198),(34,1,199),(34,1,200),(34,1,201),(34,1,202),(34,1,203),(34,1,204),(34,1,205),(34,1,206),(34,1,207),(34,1,208),(34,1,209),(34,1,210),(34,1,211),(34,1,212),(34,1,213),(34,1,214),(34,1,215),(34,1,216),(34,1,217),(34,1,218),(34,1,219),(34,1,220),(34,1,221),(34,1,222),(34,1,223),(34,1,224),(34,1,225),(34,1,226),(34,1,227),(34,1,228),(34,1,229),(34,1,230),(34,1,231),(34,1,232),(34,1,233),(34,1,234),(34,1,235),(34,1,236),(34,1,237),(34,1,238),(34,1,239),(34,1,240),(34,1,241),(50,1,1),(50,1,2),(50,1,3),(50,1,4),(50,1,5),(50,1,6),(50,1,7),(50,1,8),(50,1,9),(50,1,10),(50,1,11),(50,1,12),(50,1,13),(50,1,14),(50,1,15),(50,1,16),(50,1,17),(50,1,18),(50,1,19),(50,1,20),(50,1,21),(50,1,22),(50,1,23),(50,1,24),(50,1,25),(50,1,26),(50,1,27),(50,1,28),(50,1,29),(50,1,30),(50,1,31),(50,1,32),(50,1,33),(50,1,34),(50,1,35),(50,1,36),(50,1,37),(50,1,38),(50,1,39),(50,1,40),(50,1,41),(50,1,42),(50,1,43),(50,1,44),(50,1,45),(50,1,46),(50,1,47),(50,1,48),(50,1,49),(50,1,50),(50,1,51),(50,1,52),(50,1,53),(50,1,54),(50,1,55),(50,1,56),(50,1,57),(50,1,58),(50,1,59),(50,1,60),(50,1,61),(50,1,62),(50,1,63),(50,1,64),(50,1,65),(50,1,66),(50,1,67),(50,1,68),(50,1,69),(50,1,70),(50,1,71),(50,1,72),(50,1,73),(50,1,74),(50,1,75),(50,1,76),(50,1,77),(50,1,78),(50,1,79),(50,1,80),(50,1,81),(50,1,82),(50,1,83),(50,1,84),(50,1,85),(50,1,86),(50,1,87),(50,1,88),(50,1,89),(50,1,90),(50,1,91),(50,1,92),(50,1,93),(50,1,94),(50,1,95),(50,1,96),(50,1,97),(50,1,98),(50,1,99),(50,1,100),(50,1,101),(50,1,102),(50,1,103),(50,1,104),(50,1,105),(50,1,106),(50,1,107),(50,1,108),(50,1,109),(50,1,110),(50,1,111),(50,1,112),(50,1,113),(50,1,114),(50,1,115),(50,1,116),(50,1,117),(50,1,118),(50,1,119),(50,1,120),(50,1,121),(50,1,122),(50,1,123),(50,1,124),(50,1,125),(50,1,126),(50,1,127),(50,1,128),(50,1,129),(50,1,130),(50,1,131),(50,1,132),(50,1,133),(50,1,134),(50,1,135),(50,1,136),(50,1,137),(50,1,138),(50,1,139),(50,1,140),(50,1,141),(50,1,142),(50,1,143),(50,1,144),(50,1,145),(50,1,146),(50,1,147),(50,1,148),(50,1,149),(50,1,150),(50,1,151),(50,1,152),(50,1,153),(50,1,154),(50,1,155),(50,1,156),(50,1,157),(50,1,158),(50,1,159),(50,1,160),(50,1,161),(50,1,162),(50,1,163),(50,1,164),(50,1,165),(50,1,166),(50,1,167),(50,1,168),(50,1,169),(50,1,170),(50,1,171),(50,1,172),(50,1,173),(50,1,174),(50,1,175),(50,1,176),(50,1,177),(50,1,178),(50,1,179),(50,1,180),(50,1,181),(50,1,182),(50,1,183),(50,1,184),(50,1,185),(50,1,186),(50,1,187),(50,1,188),(50,1,189),(50,1,190),(50,1,191),(50,1,192),(50,1,193),(50,1,194),(50,1,195),(50,1,196),(50,1,197),(50,1,198),(50,1,199),(50,1,200),(50,1,201),(50,1,202),(50,1,203),(50,1,204),(50,1,205),(50,1,206),(50,1,207),(50,1,208),(50,1,209),(50,1,210),(50,1,211),(50,1,212),(50,1,213),(50,1,214),(50,1,215),(50,1,216),(50,1,217),(50,1,218),(50,1,219),(50,1,220),(50,1,221),(50,1,222),(50,1,223),(50,1,224),(50,1,225),(50,1,226),(50,1,227),(50,1,228),(50,1,229),(50,1,230),(50,1,231),(50,1,232),(50,1,233),(50,1,234),(50,1,235),(50,1,236),(50,1,237),(50,1,238),(50,1,239),(50,1,240),(50,1,241);

--
-- Table structure for table `pre3574_module_currency`
--

CREATE TABLE `pre3574_module_currency` (
  `id_module` int unsigned NOT NULL,
  `id_shop` int unsigned NOT NULL DEFAULT '1',
  `id_currency` int NOT NULL,
  PRIMARY KEY (`id_module`,`id_shop`,`id_currency`),
  KEY `id_module` (`id_module`)
) ENGINE=InnoDB DEFAULT CHARSET=utf8mb4 COLLATE=utf8mb4_0900_ai_ci;

--
-- Dumping data for table `pre3574_module_currency`
--

INSERT INTO `pre3574_module_currency` VALUES (27,1,1),(27,1,2),(34,1,1),(34,1,2),(50,1,1),(50,1,2);

--
-- Table structure for table `pre3574_module_group`
--

CREATE TABLE `pre3574_module_group` (
  `id_module` int unsigned NOT NULL,
  `id_shop` int unsigned NOT NULL DEFAULT '1',
  `id_group` int unsigned NOT NULL,
  PRIMARY KEY (`id_module`,`id_shop`,`id_group`)
) ENGINE=InnoDB DEFAULT CHARSET=utf8mb4 COLLATE=utf8mb4_0900_ai_ci;

--
-- Dumping data for table `pre3574_module_group`
--

INSERT INTO `pre3574_module_group` VALUES (1,1,1),(1,1,2),(1,1,3),(2,1,1),(2,1,2),(2,1,3),(3,1,1),(3,1,2),(3,1,3),(4,1,1),(4,1,2),(4,1,3),(5,1,1),(5,1,2),(5,1,3),(6,1,1),(6,1,2),(6,1,3),(7,1,1),(7,1,2),(7,1,3),(8,1,1),(8,1,2),(8,1,3),(9,1,1),(9,1,2),(9,1,3),(10,1,1),(10,1,2),(10,1,3),(11,1,1),(11,1,2),(11,1,3),(12,1,1),(12,1,2),(12,1,3),(13,1,1),(13,1,2),(13,1,3),(14,1,1),(14,1,2),(14,1,3),(15,1,1),(15,1,2),(15,1,3),(16,1,1),(16,1,2),(16,1,3),(17,1,1),(17,1,2),(17,1,3),(18,1,1),(18,1,2),(18,1,3),(19,1,1),(19,1,2),(19,1,3),(20,1,1),(20,1,2),(20,1,3),(21,1,1),(21,1,2),(21,1,3),(22,1,1),(22,1,2),(22,1,3),(23,1,1),(23,1,2),(23,1,3),(24,1,1),(24,1,2),(24,1,3),(25,1,1),(25,1,2),(25,1,3),(26,1,1),(26,1,2),(26,1,3),(27,1,1),(27,1,2),(27,1,3),(28,1,1),(28,1,2),(28,1,3),(29,1,1),(29,1,2),(29,1,3),(30,1,1),(30,1,2),(30,1,3),(31,1,1),(31,1,2),(31,1,3),(32,1,1),(32,1,2),(32,1,3),(33,1,1),(33,1,2),(33,1,3),(34,1,1),(34,1,2),(34,1,3),(35,1,1),(35,1,2),(35,1,3),(36,1,1),(36,1,2),(36,1,3),(37,1,1),(37,1,2),(37,1,3),(38,1,1),(38,1,2),(38,1,3),(39,1,1),(39,1,2),(39,1,3),(40,1,1),(40,1,2),(40,1,3),(41,1,1),(41,1,2),(41,1,3),(42,1,1),(42,1,2),(42,1,3),(43,1,1),(43,1,2),(43,1,3),(44,1,1),(44,1,2),(44,1,3),(45,1,1),(45,1,2),(45,1,3),(46,1,1),(46,1,2),(46,1,3),(47,1,1),(47,1,2),(47,1,3),(48,1,1),(48,1,2),(48,1,3),(49,1,1),(49,1,2),(49,1,3),(50,1,1),(50,1,2),(50,1,3),(51,1,1),(51,1,2),(51,1,3),(52,1,1),(52,1,2),(52,1,3),(53,1,1),(53,1,2),(53,1,3),(54,1,1),(54,1,2),(54,1,3),(55,1,1),(55,1,2),(55,1,3),(56,1,1),(56,1,2),(56,1,3),(57,1,1),(57,1,2),(57,1,3),(58,1,1),(58,1,2),(58,1,3),(59,1,1),(59,1,2),(59,1,3),(60,1,1),(60,1,2),(60,1,3),(61,1,1),(61,1,2),(61,1,3),(62,1,1),(62,1,2),(62,1,3),(63,1,1),(63,1,2),(63,1,3),(64,1,1),(64,1,2),(64,1,3),(65,1,1),(65,1,2),(65,1,3),(66,1,1),(66,1,2),(66,1,3),(67,1,1),(67,1,2),(67,1,3),(68,1,1),(68,1,2),(68,1,3),(69,1,1),(69,1,2),(69,1,3),(70,1,1),(70,1,2),(70,1,3);

--
-- Table structure for table `pre3574_module_history`
--

CREATE TABLE `pre3574_module_history` (
  `id` int NOT NULL AUTO_INCREMENT,
  `id_employee` int NOT NULL,
  `id_module` int NOT NULL,
  `date_add` datetime NOT NULL,
  `date_upd` datetime NOT NULL,
  PRIMARY KEY (`id`)
) ENGINE=InnoDB DEFAULT CHARSET=utf8mb4 COLLATE=utf8mb4_unicode_ci;

--
-- Dumping data for table `pre3574_module_history`
--


--
-- Table structure for table `pre3574_module_preference`
--

CREATE TABLE `pre3574_module_preference` (
  `id_module_preference` int NOT NULL AUTO_INCREMENT,
  `id_employee` int NOT NULL,
  `module` varchar(191) NOT NULL,
  `interest` tinyint(1) DEFAULT NULL,
  `favorite` tinyint(1) DEFAULT NULL,
  PRIMARY KEY (`id_module_preference`),
  UNIQUE KEY `employee_module` (`id_employee`,`module`)
) ENGINE=InnoDB DEFAULT CHARSET=utf8mb4 COLLATE=utf8mb4_0900_ai_ci;

--
-- Dumping data for table `pre3574_module_preference`
--


--
-- Table structure for table `pre3574_module_shop`
--

CREATE TABLE `pre3574_module_shop` (
  `id_module` int unsigned NOT NULL,
  `id_shop` int unsigned NOT NULL,
  `enable_device` tinyint(1) NOT NULL DEFAULT '7',
  PRIMARY KEY (`id_module`,`id_shop`),
  KEY `id_shop` (`id_shop`)
) ENGINE=InnoDB DEFAULT CHARSET=utf8mb4 COLLATE=utf8mb4_0900_ai_ci;

--
-- Dumping data for table `pre3574_module_shop`
--

INSERT INTO `pre3574_module_shop` VALUES (1,1,7),(2,1,7),(3,1,7),(4,1,7),(5,1,7),(6,1,7),(7,1,7),(8,1,7),(9,1,7),(10,1,7),(11,1,7),(12,1,7),(13,1,7),(14,1,3),(15,1,7),(16,1,7),(17,1,7),(18,1,7),(19,1,7),(20,1,7),(21,1,7),(22,1,7),(23,1,7),(24,1,7),(25,1,7),(26,1,7),(27,1,7),(28,1,7),(29,1,7),(30,1,7),(31,1,7),(32,1,7),(33,1,7),(34,1,7),(35,1,7),(36,1,7),(37,1,7),(38,1,7),(39,1,7),(40,1,7),(41,1,7),(42,1,7),(43,1,7),(44,1,7),(45,1,7),(46,1,7),(47,1,7),(48,1,7),(49,1,7),(50,1,7),(51,1,7),(52,1,7),(53,1,7),(54,1,7),(55,1,7),(56,1,7),(57,1,7),(58,1,7),(59,1,7),(60,1,7),(61,1,7),(62,1,7),(63,1,7),(64,1,7),(65,1,7),(66,1,7),(67,1,7),(68,1,7),(69,1,7),(70,1,7);

--
-- Table structure for table `pre3574_msd_customer`
--

CREATE TABLE `pre3574_msd_customer` (
  `id_msd_customer` int NOT NULL AUTO_INCREMENT,
  `prs_id_customer` int NOT NULL,
  `msd_id_customer` varchar(100) NOT NULL,
  PRIMARY KEY (`id_msd_customer`)
) ENGINE=InnoDB AUTO_INCREMENT=250 DEFAULT CHARSET=utf8mb3;

--
-- Dumping data for table `pre3574_msd_customer`
--

INSERT INTO `pre3574_msd_customer` VALUES (1,2,'fa9ac97c-2f78-f011-8eef-7ced8d5d7681'),(2,3,'999bc97c-2f78-f011-8eef-7ced8d5d7681'),(4,5,'c79bc97c-2f78-f011-8eef-7ced8d5d7681'),(5,6,'0b9cc97c-2f78-f011-8eef-7ced8d5d7681'),(6,7,'139cc97c-2f78-f011-8eef-7ced8d5d7681'),(7,8,'169cc97c-2f78-f011-8eef-7ced8d5d7681'),(8,9,'199cc97c-2f78-f011-8eef-7ced8d5d7681'),(9,10,'209cc97c-2f78-f011-8eef-7ced8d5d7681'),(10,11,'269cc97c-2f78-f011-8eef-7ced8d5d7681'),(11,12,'309cc97c-2f78-f011-8eef-7ced8d5d7681'),(12,13,'369cc97c-2f78-f011-8eef-7ced8d5d7681'),(13,14,'3d9cc97c-2f78-f011-8eef-7ced8d5d7681'),(14,15,'409cc97c-2f78-f011-8eef-7ced8d5d7681'),(15,16,'469cc97c-2f78-f011-8eef-7ced8d5d7681'),(16,17,'4d9cc97c-2f78-f011-8eef-7ced8d5d7681'),(17,18,'549cc97c-2f78-f011-8eef-7ced8d5d7681'),(18,19,'649cc97c-2f78-f011-8eef-7ced8d5d7681'),(19,20,'679cc97c-2f78-f011-8eef-7ced8d5d7681'),(21,22,'719cc97c-2f78-f011-8eef-7ced8d5d7681'),(22,23,'759cc97c-2f78-f011-8eef-7ced8d5d7681'),(23,24,'789cc97c-2f78-f011-8eef-7ced8d5d7681'),(24,25,'7c9cc97c-2f78-f011-8eef-7ced8d5d7681'),(25,26,'869cc97c-2f78-f011-8eef-7ced8d5d7681'),(26,27,'899cc97c-2f78-f011-8eef-7ced8d5d7681'),(27,28,'8d9cc97c-2f78-f011-8eef-7ced8d5d7681'),(28,29,'939cc97c-2f78-f011-8eef-7ced8d5d7681'),(29,30,'969cc97c-2f78-f011-8eef-7ced8d5d7681'),(30,31,'9a9cc97c-2f78-f011-8eef-7ced8d5d7681'),(31,32,'a09cc97c-2f78-f011-8eef-7ced8d5d7681'),(32,33,'a49cc97c-2f78-f011-8eef-7ced8d5d7681'),(33,34,'aa9cc97c-2f78-f011-8eef-7ced8d5d7681'),(34,35,'ad9cc97c-2f78-f011-8eef-7ced8d5d7681'),(35,36,'b19cc97c-2f78-f011-8eef-7ced8d5d7681'),(37,38,'bd9cc97c-2f78-f011-8eef-7ced8d5d7681'),(38,39,'c19cc97c-2f78-f011-8eef-7ced8d5d7681'),(39,40,'c49cc97c-2f78-f011-8eef-7ced8d5d7681'),(41,42,'cd9cc97c-2f78-f011-8eef-7ced8d5d7681'),(42,43,'d39cc97c-2f78-f011-8eef-7ced8d5d7681'),(43,44,'d79cc97c-2f78-f011-8eef-7ced8d5d7681'),(44,45,'da9cc97c-2f78-f011-8eef-7ced8d5d7681'),(45,46,'dd9cc97c-2f78-f011-8eef-7ced8d5d7681'),(46,47,'e09cc97c-2f78-f011-8eef-7ced8d5d7681'),(47,48,'e39cc97c-2f78-f011-8eef-7ced8d5d7681'),(48,49,'e69cc97c-2f78-f011-8eef-7ced8d5d7681'),(49,50,'ec9cc97c-2f78-f011-8eef-7ced8d5d7681'),(50,51,'f09cc97c-2f78-f011-8eef-7ced8d5d7681'),(51,52,'fd9cc97c-2f78-f011-8eef-7ced8d5d7681'),(52,53,'069dc97c-2f78-f011-8eef-7ced8d5d7681'),(53,54,'099dc97c-2f78-f011-8eef-7ced8d5d7681'),(54,55,'0c9dc97c-2f78-f011-8eef-7ced8d5d7681'),(55,56,'109dc97c-2f78-f011-8eef-7ced8d5d7681'),(56,57,'139dc97c-2f78-f011-8eef-7ced8d5d7681'),(57,58,'169dc97c-2f78-f011-8eef-7ced8d5d7681'),(58,59,'199dc97c-2f78-f011-8eef-7ced8d5d7681'),(59,60,'1c9dc97c-2f78-f011-8eef-7ced8d5d7681'),(60,61,'1f9dc97c-2f78-f011-8eef-7ced8d5d7681'),(61,21,'299dc97c-2f78-f011-8eef-7ced8d5d7681'),(62,62,'2f9dc97c-2f78-f011-8eef-7ced8d5d7681'),(63,63,'329dc97c-2f78-f011-8eef-7ced8d5d7681'),(64,64,'359dc97c-2f78-f011-8eef-7ced8d5d7681'),(65,65,'3c9dc97c-2f78-f011-8eef-7ced8d5d7681'),(66,66,'3f9dc97c-2f78-f011-8eef-7ced8d5d7681'),(67,67,'429dc97c-2f78-f011-8eef-7ced8d5d7681'),(68,68,'499dc97c-2f78-f011-8eef-7ced8d5d7681'),(69,69,'529dc97c-2f78-f011-8eef-7ced8d5d7681'),(71,71,'589dc97c-2f78-f011-8eef-7ced8d5d7681'),(72,72,'5e9dc97c-2f78-f011-8eef-7ced8d5d7681'),(73,73,'619dc97c-2f78-f011-8eef-7ced8d5d7681'),(74,74,'659dc97c-2f78-f011-8eef-7ced8d5d7681'),(75,75,'699dc97c-2f78-f011-8eef-7ced8d5d7681'),(76,76,'6c9dc97c-2f78-f011-8eef-7ced8d5d7681'),(77,77,'6f9dc97c-2f78-f011-8eef-7ced8d5d7681'),(78,78,'739dc97c-2f78-f011-8eef-7ced8d5d7681'),(79,79,'769dc97c-2f78-f011-8eef-7ced8d5d7681'),(80,80,'7e9dc97c-2f78-f011-8eef-7ced8d5d7681'),(81,81,'819dc97c-2f78-f011-8eef-7ced8d5d7681'),(82,82,'849dc97c-2f78-f011-8eef-7ced8d5d7681'),(83,83,'879dc97c-2f78-f011-8eef-7ced8d5d7681'),(84,84,'8a9dc97c-2f78-f011-8eef-7ced8d5d7681'),(85,85,'8e9dc97c-2f78-f011-8eef-7ced8d5d7681'),(86,86,'919dc97c-2f78-f011-8eef-7ced8d5d7681'),(87,87,'949dc97c-2f78-f011-8eef-7ced8d5d7681'),(88,88,'979dc97c-2f78-f011-8eef-7ced8d5d7681'),(90,89,'9e9dc97c-2f78-f011-8eef-7ced8d5d7681'),(91,90,'a49dc97c-2f78-f011-8eef-7ced8d5d7681'),(92,91,'a79dc97c-2f78-f011-8eef-7ced8d5d7681'),(93,92,'ab9dc97c-2f78-f011-8eef-7ced8d5d7681'),(94,93,'ae9dc97c-2f78-f011-8eef-7ced8d5d7681'),(95,94,'b49dc97c-2f78-f011-8eef-7ced8d5d7681'),(96,95,'b79dc97c-2f78-f011-8eef-7ced8d5d7681'),(97,96,'ba9dc97c-2f78-f011-8eef-7ced8d5d7681'),(98,97,'be9dc97c-2f78-f011-8eef-7ced8d5d7681'),(99,98,'c19dc97c-2f78-f011-8eef-7ced8d5d7681'),(100,99,'c49dc97c-2f78-f011-8eef-7ced8d5d7681'),(101,100,'ca9dc97c-2f78-f011-8eef-7ced8d5d7681'),(102,101,'cd9dc97c-2f78-f011-8eef-7ced8d5d7681'),(103,102,'d19dc97c-2f78-f011-8eef-7ced8d5d7681'),(104,103,'d49dc97c-2f78-f011-8eef-7ced8d5d7681'),(105,104,'da9dc97c-2f78-f011-8eef-7ced8d5d7681'),(106,4,'dd9dc97c-2f78-f011-8eef-7ced8d5d7681'),(107,105,'e39dc97c-2f78-f011-8eef-7ced8d5d7681'),(108,106,'e69dc97c-2f78-f011-8eef-7ced8d5d7681'),(109,107,'ea9dc97c-2f78-f011-8eef-7ced8d5d7681'),(110,108,'ed9dc97c-2f78-f011-8eef-7ced8d5d7681'),(111,37,'f09dc97c-2f78-f011-8eef-7ced8d5d7681'),(112,109,'f69dc97c-2f78-f011-8eef-7ced8d5d7681'),(113,110,'fa9dc97c-2f78-f011-8eef-7ced8d5d7681'),(114,111,'079ec97c-2f78-f011-8eef-7ced8d5d7681'),(115,112,'0a9ec97c-2f78-f011-8eef-7ced8d5d7681'),(116,113,'0d9ec97c-2f78-f011-8eef-7ced8d5d7681'),(117,114,'109ec97c-2f78-f011-8eef-7ced8d5d7681'),(118,115,'139ec97c-2f78-f011-8eef-7ced8d5d7681'),(119,116,'179ec97c-2f78-f011-8eef-7ced8d5d7681'),(120,117,'1a9ec97c-2f78-f011-8eef-7ced8d5d7681'),(121,118,'209ec97c-2f78-f011-8eef-7ced8d5d7681'),(122,119,'239ec97c-2f78-f011-8eef-7ced8d5d7681'),(123,120,'279ec97c-2f78-f011-8eef-7ced8d5d7681'),(124,121,'2a9ec97c-2f78-f011-8eef-7ced8d5d7681'),(125,122,'2e9ec97c-2f78-f011-8eef-7ced8d5d7681'),(126,123,'319ec97c-2f78-f011-8eef-7ced8d5d7681'),(127,124,'349ec97c-2f78-f011-8eef-7ced8d5d7681'),(128,125,'379ec97c-2f78-f011-8eef-7ced8d5d7681'),(129,126,'3a9ec97c-2f78-f011-8eef-7ced8d5d7681'),(130,127,'3e9ec97c-2f78-f011-8eef-7ced8d5d7681'),(131,128,'419ec97c-2f78-f011-8eef-7ced8d5d7681'),(132,129,'449ec97c-2f78-f011-8eef-7ced8d5d7681'),(133,130,'4a9ec97c-2f78-f011-8eef-7ced8d5d7681'),(134,131,'4d9ec97c-2f78-f011-8eef-7ced8d5d7681'),(135,132,'519ec97c-2f78-f011-8eef-7ced8d5d7681'),(136,133,'549ec97c-2f78-f011-8eef-7ced8d5d7681'),(137,134,'579ec97c-2f78-f011-8eef-7ced8d5d7681'),(138,135,'5a9ec97c-2f78-f011-8eef-7ced8d5d7681'),(139,136,'5d9ec97c-2f78-f011-8eef-7ced8d5d7681'),(140,137,'619ec97c-2f78-f011-8eef-7ced8d5d7681'),(141,138,'649ec97c-2f78-f011-8eef-7ced8d5d7681'),(142,139,'679ec97c-2f78-f011-8eef-7ced8d5d7681'),(143,140,'6a9ec97c-2f78-f011-8eef-7ced8d5d7681'),(144,141,'6e9ec97c-2f78-f011-8eef-7ced8d5d7681'),(145,142,'739ec97c-2f78-f011-8eef-7ced8d5d7681'),(146,143,'7b9ec97c-2f78-f011-8eef-7ced8d5d7681'),(147,144,'7f9ec97c-2f78-f011-8eef-7ced8d5d7681'),(148,145,'829ec97c-2f78-f011-8eef-7ced8d5d7681'),(149,146,'859ec97c-2f78-f011-8eef-7ced8d5d7681'),(150,147,'889ec97c-2f78-f011-8eef-7ced8d5d7681'),(151,148,'8c9ec97c-2f78-f011-8eef-7ced8d5d7681'),(152,149,'8f9ec97c-2f78-f011-8eef-7ced8d5d7681'),(153,150,'929ec97c-2f78-f011-8eef-7ced8d5d7681'),(154,151,'959ec97c-2f78-f011-8eef-7ced8d5d7681'),(155,41,'989ec97c-2f78-f011-8eef-7ced8d5d7681'),(156,152,'9f9ec97c-2f78-f011-8eef-7ced8d5d7681'),(157,153,'a29ec97c-2f78-f011-8eef-7ced8d5d7681'),(158,154,'a59ec97c-2f78-f011-8eef-7ced8d5d7681'),(159,155,'a89ec97c-2f78-f011-8eef-7ced8d5d7681'),(160,156,'ab9ec97c-2f78-f011-8eef-7ced8d5d7681'),(161,157,'ae9ec97c-2f78-f011-8eef-7ced8d5d7681'),(162,158,'b19ec97c-2f78-f011-8eef-7ced8d5d7681'),(163,159,'b59ec97c-2f78-f011-8eef-7ced8d5d7681'),(164,160,'bb9ec97c-2f78-f011-8eef-7ced8d5d7681'),(165,161,'be9ec97c-2f78-f011-8eef-7ced8d5d7681'),(166,162,'c19ec97c-2f78-f011-8eef-7ced8d5d7681'),(167,163,'c49ec97c-2f78-f011-8eef-7ced8d5d7681'),(168,164,'c89ec97c-2f78-f011-8eef-7ced8d5d7681'),(169,165,'cb9ec97c-2f78-f011-8eef-7ced8d5d7681'),(170,166,'2cddc182-2f78-f011-8eef-7ced8d5d7681'),(171,167,'2fddc182-2f78-f011-8eef-7ced8d5d7681'),(172,168,'32ddc182-2f78-f011-8eef-7ced8d5d7681'),(173,70,'36ddc182-2f78-f011-8eef-7ced8d5d7681'),(174,169,'39ddc182-2f78-f011-8eef-7ced8d5d7681'),(175,170,'3fddc182-2f78-f011-8eef-7ced8d5d7681'),(176,171,'42ddc182-2f78-f011-8eef-7ced8d5d7681'),(177,172,'46ddc182-2f78-f011-8eef-7ced8d5d7681'),(178,173,'49ddc182-2f78-f011-8eef-7ced8d5d7681'),(179,174,'4cddc182-2f78-f011-8eef-7ced8d5d7681'),(180,175,'52ddc182-2f78-f011-8eef-7ced8d5d7681'),(181,176,'55ddc182-2f78-f011-8eef-7ced8d5d7681'),(182,177,'5cddc182-2f78-f011-8eef-7ced8d5d7681'),(183,178,'5fddc182-2f78-f011-8eef-7ced8d5d7681'),(184,179,'62ddc182-2f78-f011-8eef-7ced8d5d7681'),(185,180,'65ddc182-2f78-f011-8eef-7ced8d5d7681'),(186,181,'69ddc182-2f78-f011-8eef-7ced8d5d7681'),(187,182,'6cddc182-2f78-f011-8eef-7ced8d5d7681'),(188,183,'72ddc182-2f78-f011-8eef-7ced8d5d7681'),(189,184,'75ddc182-2f78-f011-8eef-7ced8d5d7681'),(190,185,'79ddc182-2f78-f011-8eef-7ced8d5d7681'),(191,186,'7fddc182-2f78-f011-8eef-7ced8d5d7681'),(192,187,'de55b2f3-dfa4-f011-bbd0-7c1e522961bb'),(193,188,'e7cfc050-0ea5-f011-bbd0-7c1e522961bb'),(195,190,'7bcc1f57-11a5-f011-bbd0-7c1e522961bb'),(196,191,'4cbf41a9-11a5-f011-bbd0-7c1e522961bb'),(200,193,'ea91c431-16a5-f011-bbd0-7c1e522961bb'),(201,194,'88ecd374-16a5-f011-bbd0-7c1e522961bb'),(203,195,'1d3b388e-0da9-f011-bbd0-6045bd9dc4c2'),(204,196,'a7fb6dff-0da9-f011-bbd0-6045bd9dc4c2'),(205,197,'fe1b9e81-0ea9-f011-bbd0-6045bd9dc4c2'),(206,198,'2dc390f8-0ea9-f011-bbd0-6045bd9dc4c2'),(207,199,'3d48c137-0fa9-f011-bbd0-6045bd9dc4c2'),(208,200,'477bb27c-0fa9-f011-bbd0-6045bd9dc4c2'),(209,201,'b39234d9-0fa9-f011-bbd0-6045bd9dc4c2'),(210,202,'fe2f8448-10a9-f011-bbd0-6045bd9dc4c2'),(211,203,'9968b42f-aca9-f011-bbd0-7ced8d129a75'),(212,204,'04691496-aca9-f011-bbd0-7ced8d129a75'),(213,205,'40b202d1-c3a9-f011-bbd0-7ced8d129a75'),(214,206,'02ca7692-d9a9-f011-bbd0-7ced8d129a75'),(215,207,'9801458a-dca9-f011-bbd0-7ced8d129a75'),(216,208,'09bdcba5-dda9-f011-bbd0-7ced8d129a75'),(217,209,'44159b10-e1a9-f011-bbd0-7ced8d129a75'),(218,210,'5b1f810e-e2a9-f011-bbd0-7ced8d129a75'),(219,211,'f1202968-57aa-f011-bbd0-7ced8d129a75'),(220,212,'a1329d00-40ab-f011-bbd0-7ced8d5c9887'),(221,213,'ccb68e9d-51ab-f011-bbd0-7ced8d5c9887'),(222,214,'0bdfa749-a7b0-f011-bbd0-6045bd948480'),(223,189,'2443f8b4-68b5-f011-bbd1-7c1e522961bb'),(224,215,'2a448f18-69b5-f011-bbd1-7c1e522961bb'),(225,216,'298aea76-69b5-f011-bbd1-7c1e522961bb'),(227,217,'e3840a28-33b6-f011-bbd1-6045bd9b3a00'),(228,218,'34b6b627-8db9-f011-bbd1-6045bd8c9012'),(229,219,'b7f1c47b-2cba-f011-bbd1-7c1e522961bb'),(230,220,'1a13df22-eebb-f011-bbd1-000d3aa92148'),(231,221,'935b1e5a-efbb-f011-bbd1-000d3aa92148'),(232,222,'7fd38a60-f2bb-f011-bbd1-000d3aa92148'),(233,223,'b696d3c5-7ec4-f011-bbd1-7ced8d90d741'),(234,224,'657f02f5-39c6-f011-bbd1-7ced8d5c9887'),(235,225,'d0c6f221-3bc6-f011-bbd1-7ced8d5c9887'),(236,192,'e142d6e7-39c9-f011-8542-7ced8d110e78'),(238,227,'389efc24-f4d0-f011-8542-7ced8d110e78'),(239,228,'6d6fc075-9ed6-f011-8542-7ced8d9876e7'),(240,229,'9f59df5e-7eda-f011-8542-7ced8d9876e7'),(242,226,'3c36f5e5-83da-f011-8542-7ced8d9876e7'),(243,230,'717c732a-89da-f011-8542-7ced8d9876e7'),(244,231,'42c4faec-1adc-f011-8542-6045bd9c157b'),(245,232,'9864e486-e0dc-f011-8542-000d3a2ad62d'),(246,233,'3aa30133-4bdf-f011-8542-6045bd9c157b'),(247,234,'4f9e8391-44e6-f011-8542-6045bd9c157b'),(248,235,'db17eb9f-beef-f011-8405-6045bd87ea5b'),(249,236,'984d49bc-fdfc-f011-8405-6045bd8aa69c');

--
-- Table structure for table `pre3574_msd_order`
--

CREATE TABLE `pre3574_msd_order` (
  `id_msd_order` int NOT NULL AUTO_INCREMENT,
  `prs_id_order` int NOT NULL,
  `msd_id_order` varchar(100) NOT NULL,
  PRIMARY KEY (`id_msd_order`)
) ENGINE=InnoDB DEFAULT CHARSET=utf8mb3;

--
-- Dumping data for table `pre3574_msd_order`
--


--
-- Table structure for table `pre3574_msd_product`
--

CREATE TABLE `pre3574_msd_product` (
  `id_msd_product` int NOT NULL AUTO_INCREMENT,
  `prs_id_product` int NOT NULL,
  `msd_id_product` varchar(100) NOT NULL,
  PRIMARY KEY (`id_msd_product`)
) ENGINE=InnoDB AUTO_INCREMENT=3398 DEFAULT CHARSET=utf8mb3;

--
-- Dumping data for table `pre3574_msd_product`
--

INSERT INTO `pre3574_msd_product` VALUES (1,1,'695eb5ec-977d-f011-8eef-7c1e52836c33'),(2,2,'6a5eb5ec-977d-f011-8eef-7c1e52836c33'),(3,3,'6b5eb5ec-977d-f011-8eef-7c1e52836c33'),(4,4,'6c5eb5ec-977d-f011-8eef-7c1e52836c33'),(5,5,'6e5eb5ec-977d-f011-8eef-7c1e52836c33'),(6,6,'6f5eb5ec-977d-f011-8eef-7c1e52836c33'),(7,7,'705eb5ec-977d-f011-8eef-7c1e52836c33'),(8,8,'715eb5ec-977d-f011-8eef-7c1e52836c33'),(9,9,'725eb5ec-977d-f011-8eef-7c1e52836c33'),(10,10,'735eb5ec-977d-f011-8eef-7c1e52836c33'),(11,11,'745eb5ec-977d-f011-8eef-7c1e52836c33'),(12,12,'755eb5ec-977d-f011-8eef-7c1e52836c33'),(13,13,'765eb5ec-977d-f011-8eef-7c1e52836c33'),(14,14,'775eb5ec-977d-f011-8eef-7c1e52836c33'),(15,15,'785eb5ec-977d-f011-8eef-7c1e52836c33'),(16,16,'795eb5ec-977d-f011-8eef-7c1e52836c33'),(17,17,'7a5eb5ec-977d-f011-8eef-7c1e52836c33'),(18,18,'7b5eb5ec-977d-f011-8eef-7c1e52836c33'),(19,19,'7c5eb5ec-977d-f011-8eef-7c1e52836c33'),(20,20,'7e5eb5ec-977d-f011-8eef-7c1e52836c33'),(21,21,'7f5eb5ec-977d-f011-8eef-7c1e52836c33'),(22,22,'805eb5ec-977d-f011-8eef-7c1e52836c33'),(23,23,'825eb5ec-977d-f011-8eef-7c1e52836c33'),(24,24,'845eb5ec-977d-f011-8eef-7c1e52836c33'),(25,25,'865eb5ec-977d-f011-8eef-7c1e52836c33'),(26,26,'875eb5ec-977d-f011-8eef-7c1e52836c33'),(27,27,'885eb5ec-977d-f011-8eef-7c1e52836c33'),(28,28,'895eb5ec-977d-f011-8eef-7c1e52836c33'),(29,29,'8a5eb5ec-977d-f011-8eef-7c1e52836c33'),(30,30,'8b5eb5ec-977d-f011-8eef-7c1e52836c33'),(31,31,'8c5eb5ec-977d-f011-8eef-7c1e52836c33'),(32,32,'8d5eb5ec-977d-f011-8eef-7c1e52836c33'),(33,33,'8e5eb5ec-977d-f011-8eef-7c1e52836c33'),(34,34,'8f5eb5ec-977d-f011-8eef-7c1e52836c33'),(35,35,'d607b0f2-977d-f011-8eef-7c1e52836c33'),(36,36,'d807b0f2-977d-f011-8eef-7c1e52836c33'),(37,37,'d907b0f2-977d-f011-8eef-7c1e52836c33'),(38,38,'da07b0f2-977d-f011-8eef-7c1e52836c33'),(39,39,'db07b0f2-977d-f011-8eef-7c1e52836c33'),(40,40,'dc07b0f2-977d-f011-8eef-7c1e52836c33'),(41,41,'dd07b0f2-977d-f011-8eef-7c1e52836c33'),(42,42,'de07b0f2-977d-f011-8eef-7c1e52836c33'),(43,43,'df07b0f2-977d-f011-8eef-7c1e52836c33'),(44,44,'e007b0f2-977d-f011-8eef-7c1e52836c33'),(45,45,'e107b0f2-977d-f011-8eef-7c1e52836c33'),(46,46,'e207b0f2-977d-f011-8eef-7c1e52836c33'),(47,47,'e307b0f2-977d-f011-8eef-7c1e52836c33'),(48,48,'e407b0f2-977d-f011-8eef-7c1e52836c33'),(49,49,'e507b0f2-977d-f011-8eef-7c1e52836c33'),(50,50,'e607b0f2-977d-f011-8eef-7c1e52836c33'),(51,51,'e707b0f2-977d-f011-8eef-7c1e52836c33'),(52,52,'e907b0f2-977d-f011-8eef-7c1e52836c33'),(53,53,'ea07b0f2-977d-f011-8eef-7c1e52836c33'),(54,54,'eb07b0f2-977d-f011-8eef-7c1e52836c33'),(55,55,'ec07b0f2-977d-f011-8eef-7c1e52836c33'),(56,56,'ed07b0f2-977d-f011-8eef-7c1e52836c33'),(57,57,'ee07b0f2-977d-f011-8eef-7c1e52836c33'),(58,58,'f307b0f2-977d-f011-8eef-7c1e52836c33'),(59,59,'f407b0f2-977d-f011-8eef-7c1e52836c33'),(60,60,'f507b0f2-977d-f011-8eef-7c1e52836c33'),(61,61,'f607b0f2-977d-f011-8eef-7c1e52836c33'),(62,62,'f707b0f2-977d-f011-8eef-7c1e52836c33'),(63,63,'f807b0f2-977d-f011-8eef-7c1e52836c33'),(64,64,'f907b0f2-977d-f011-8eef-7c1e52836c33'),(65,65,'fa07b0f2-977d-f011-8eef-7c1e52836c33'),(66,66,'fb07b0f2-977d-f011-8eef-7c1e52836c33'),(67,67,'fc07b0f2-977d-f011-8eef-7c1e52836c33'),(68,68,'fe07b0f2-977d-f011-8eef-7c1e52836c33'),(69,69,'ff07b0f2-977d-f011-8eef-7c1e52836c33'),(70,70,'0008b0f2-977d-f011-8eef-7c1e52836c33'),(71,71,'0108b0f2-977d-f011-8eef-7c1e52836c33'),(72,72,'0208b0f2-977d-f011-8eef-7c1e52836c33'),(73,73,'0308b0f2-977d-f011-8eef-7c1e52836c33'),(74,74,'0408b0f2-977d-f011-8eef-7c1e52836c33'),(75,75,'0508b0f2-977d-f011-8eef-7c1e52836c33'),(76,76,'0608b0f2-977d-f011-8eef-7c1e52836c33'),(77,77,'0708b0f2-977d-f011-8eef-7c1e52836c33'),(78,78,'0808b0f2-977d-f011-8eef-7c1e52836c33'),(79,79,'0908b0f2-977d-f011-8eef-7c1e52836c33'),(80,80,'0a08b0f2-977d-f011-8eef-7c1e52836c33'),(81,81,'0c08b0f2-977d-f011-8eef-7c1e52836c33'),(82,82,'0d08b0f2-977d-f011-8eef-7c1e52836c33'),(83,83,'0e08b0f2-977d-f011-8eef-7c1e52836c33'),(84,84,'0f08b0f2-977d-f011-8eef-7c1e52836c33'),(85,85,'1008b0f2-977d-f011-8eef-7c1e52836c33'),(86,86,'1108b0f2-977d-f011-8eef-7c1e52836c33'),(87,87,'1208b0f2-977d-f011-8eef-7c1e52836c33'),(88,88,'1308b0f2-977d-f011-8eef-7c1e52836c33'),(89,89,'1408b0f2-977d-f011-8eef-7c1e52836c33'),(90,90,'1508b0f2-977d-f011-8eef-7c1e52836c33'),(91,91,'1608b0f2-977d-f011-8eef-7c1e52836c33'),(92,92,'1708b0f2-977d-f011-8eef-7c1e52836c33'),(93,93,'1908b0f2-977d-f011-8eef-7c1e52836c33'),(94,94,'1a08b0f2-977d-f011-8eef-7c1e52836c33'),(95,95,'1b08b0f2-977d-f011-8eef-7c1e52836c33'),(96,96,'1c08b0f2-977d-f011-8eef-7c1e52836c33'),(97,97,'1e08b0f2-977d-f011-8eef-7c1e52836c33'),(98,98,'1f08b0f2-977d-f011-8eef-7c1e52836c33'),(99,99,'2008b0f2-977d-f011-8eef-7c1e52836c33'),(100,100,'2208b0f2-977d-f011-8eef-7c1e52836c33'),(101,101,'2308b0f2-977d-f011-8eef-7c1e52836c33'),(102,102,'2408b0f2-977d-f011-8eef-7c1e52836c33'),(103,103,'2508b0f2-977d-f011-8eef-7c1e52836c33'),(104,104,'2608b0f2-977d-f011-8eef-7c1e52836c33'),(105,105,'2708b0f2-977d-f011-8eef-7c1e52836c33'),(106,106,'2808b0f2-977d-f011-8eef-7c1e52836c33'),(107,107,'2908b0f2-977d-f011-8eef-7c1e52836c33'),(108,108,'2a08b0f2-977d-f011-8eef-7c1e52836c33'),(109,109,'2b08b0f2-977d-f011-8eef-7c1e52836c33'),(110,110,'2d08b0f2-977d-f011-8eef-7c1e52836c33'),(111,111,'2e08b0f2-977d-f011-8eef-7c1e52836c33'),(112,112,'3108b0f2-977d-f011-8eef-7c1e52836c33'),(113,113,'3208b0f2-977d-f011-8eef-7c1e52836c33'),(114,114,'3408b0f2-977d-f011-8eef-7c1e52836c33'),(115,115,'3608b0f2-977d-f011-8eef-7c1e52836c33'),(116,116,'3708b0f2-977d-f011-8eef-7c1e52836c33'),(117,117,'3808b0f2-977d-f011-8eef-7c1e52836c33'),(118,118,'3908b0f2-977d-f011-8eef-7c1e52836c33'),(119,119,'3a08b0f2-977d-f011-8eef-7c1e52836c33'),(120,120,'3b08b0f2-977d-f011-8eef-7c1e52836c33'),(121,121,'3c08b0f2-977d-f011-8eef-7c1e52836c33'),(122,122,'3d08b0f2-977d-f011-8eef-7c1e52836c33'),(123,123,'3e08b0f2-977d-f011-8eef-7c1e52836c33'),(124,124,'4008b0f2-977d-f011-8eef-7c1e52836c33'),(125,125,'4108b0f2-977d-f011-8eef-7c1e52836c33'),(126,126,'4208b0f2-977d-f011-8eef-7c1e52836c33'),(127,127,'4308b0f2-977d-f011-8eef-7c1e52836c33'),(128,128,'4408b0f2-977d-f011-8eef-7c1e52836c33'),(129,129,'4508b0f2-977d-f011-8eef-7c1e52836c33'),(130,130,'4608b0f2-977d-f011-8eef-7c1e52836c33'),(131,131,'4708b0f2-977d-f011-8eef-7c1e52836c33'),(132,132,'4808b0f2-977d-f011-8eef-7c1e52836c33'),(133,133,'4a08b0f2-977d-f011-8eef-7c1e52836c33'),(134,134,'4b08b0f2-977d-f011-8eef-7c1e52836c33'),(135,135,'4c08b0f2-977d-f011-8eef-7c1e52836c33'),(136,136,'4e08b0f2-977d-f011-8eef-7c1e52836c33'),(137,137,'4f08b0f2-977d-f011-8eef-7c1e52836c33'),(138,138,'5108b0f2-977d-f011-8eef-7c1e52836c33'),(139,139,'5208b0f2-977d-f011-8eef-7c1e52836c33'),(140,140,'5508b0f2-977d-f011-8eef-7c1e52836c33'),(141,141,'5808b0f2-977d-f011-8eef-7c1e52836c33'),(142,142,'5c08b0f2-977d-f011-8eef-7c1e52836c33'),(143,143,'5f08b0f2-977d-f011-8eef-7c1e52836c33'),(144,144,'6308b0f2-977d-f011-8eef-7c1e52836c33'),(145,145,'6608b0f2-977d-f011-8eef-7c1e52836c33'),(146,146,'6908b0f2-977d-f011-8eef-7c1e52836c33'),(147,147,'6a08b0f2-977d-f011-8eef-7c1e52836c33'),(148,148,'6b08b0f2-977d-f011-8eef-7c1e52836c33'),(149,149,'6c08b0f2-977d-f011-8eef-7c1e52836c33'),(150,150,'6d08b0f2-977d-f011-8eef-7c1e52836c33'),(151,151,'6e08b0f2-977d-f011-8eef-7c1e52836c33'),(152,152,'6f08b0f2-977d-f011-8eef-7c1e52836c33'),(153,153,'7108b0f2-977d-f011-8eef-7c1e52836c33'),(154,154,'7508b0f2-977d-f011-8eef-7c1e52836c33'),(155,155,'7b08b0f2-977d-f011-8eef-7c1e52836c33'),(156,156,'7f08b0f2-977d-f011-8eef-7c1e52836c33'),(157,157,'8808b0f2-977d-f011-8eef-7c1e52836c33'),(158,158,'9308b0f2-977d-f011-8eef-7c1e52836c33'),(159,159,'9b08b0f2-977d-f011-8eef-7c1e52836c33'),(160,160,'a508b0f2-977d-f011-8eef-7c1e52836c33'),(161,161,'b108b0f2-977d-f011-8eef-7c1e52836c33'),(162,162,'b608b0f2-977d-f011-8eef-7c1e52836c33'),(163,163,'b808b0f2-977d-f011-8eef-7c1e52836c33'),(164,164,'ba08b0f2-977d-f011-8eef-7c1e52836c33'),(165,165,'bd08b0f2-977d-f011-8eef-7c1e52836c33'),(166,166,'be08b0f2-977d-f011-8eef-7c1e52836c33'),(167,167,'bf08b0f2-977d-f011-8eef-7c1e52836c33'),(168,168,'c008b0f2-977d-f011-8eef-7c1e52836c33'),(169,169,'c108b0f2-977d-f011-8eef-7c1e52836c33'),(170,170,'c208b0f2-977d-f011-8eef-7c1e52836c33'),(171,171,'c408b0f2-977d-f011-8eef-7c1e52836c33'),(172,172,'c508b0f2-977d-f011-8eef-7c1e52836c33'),(173,173,'c608b0f2-977d-f011-8eef-7c1e52836c33'),(174,174,'c708b0f2-977d-f011-8eef-7c1e52836c33'),(175,175,'c808b0f2-977d-f011-8eef-7c1e52836c33'),(176,176,'c908b0f2-977d-f011-8eef-7c1e52836c33'),(177,177,'ca08b0f2-977d-f011-8eef-7c1e52836c33'),(178,178,'cb08b0f2-977d-f011-8eef-7c1e52836c33'),(179,179,'cc08b0f2-977d-f011-8eef-7c1e52836c33'),(181,181,'ce08b0f2-977d-f011-8eef-7c1e52836c33'),(182,182,'cf08b0f2-977d-f011-8eef-7c1e52836c33'),(183,183,'d008b0f2-977d-f011-8eef-7c1e52836c33'),(184,184,'d108b0f2-977d-f011-8eef-7c1e52836c33'),(185,185,'d208b0f2-977d-f011-8eef-7c1e52836c33'),(186,186,'d408b0f2-977d-f011-8eef-7c1e52836c33'),(187,187,'d508b0f2-977d-f011-8eef-7c1e52836c33'),(188,188,'d608b0f2-977d-f011-8eef-7c1e52836c33'),(189,189,'d708b0f2-977d-f011-8eef-7c1e52836c33'),(190,190,'d808b0f2-977d-f011-8eef-7c1e52836c33'),(191,191,'da08b0f2-977d-f011-8eef-7c1e52836c33'),(192,192,'db08b0f2-977d-f011-8eef-7c1e52836c33'),(193,193,'dc08b0f2-977d-f011-8eef-7c1e52836c33'),(194,194,'dd08b0f2-977d-f011-8eef-7c1e52836c33'),(195,195,'de08b0f2-977d-f011-8eef-7c1e52836c33'),(196,196,'df08b0f2-977d-f011-8eef-7c1e52836c33'),(197,197,'e108b0f2-977d-f011-8eef-7c1e52836c33'),(198,198,'e208b0f2-977d-f011-8eef-7c1e52836c33'),(199,199,'e408b0f2-977d-f011-8eef-7c1e52836c33'),(200,200,'e508b0f2-977d-f011-8eef-7c1e52836c33'),(201,201,'e608b0f2-977d-f011-8eef-7c1e52836c33'),(202,202,'e708b0f2-977d-f011-8eef-7c1e52836c33'),(203,203,'e808b0f2-977d-f011-8eef-7c1e52836c33'),(204,204,'e908b0f2-977d-f011-8eef-7c1e52836c33'),(205,205,'ea08b0f2-977d-f011-8eef-7c1e52836c33'),(206,206,'eb08b0f2-977d-f011-8eef-7c1e52836c33'),(207,207,'ec08b0f2-977d-f011-8eef-7c1e52836c33'),(208,208,'ed08b0f2-977d-f011-8eef-7c1e52836c33'),(209,209,'ee08b0f2-977d-f011-8eef-7c1e52836c33'),(210,210,'ef08b0f2-977d-f011-8eef-7c1e52836c33'),(211,211,'f008b0f2-977d-f011-8eef-7c1e52836c33'),(212,212,'f208b0f2-977d-f011-8eef-7c1e52836c33'),(213,213,'f308b0f2-977d-f011-8eef-7c1e52836c33'),(214,214,'f408b0f2-977d-f011-8eef-7c1e52836c33'),(215,215,'f508b0f2-977d-f011-8eef-7c1e52836c33'),(216,216,'f708b0f2-977d-f011-8eef-7c1e52836c33'),(217,217,'f908b0f2-977d-f011-8eef-7c1e52836c33'),(218,218,'fb08b0f2-977d-f011-8eef-7c1e52836c33'),(219,219,'fd08b0f2-977d-f011-8eef-7c1e52836c33'),(220,220,'fe08b0f2-977d-f011-8eef-7c1e52836c33'),(221,221,'ff08b0f2-977d-f011-8eef-7c1e52836c33'),(222,222,'0009b0f2-977d-f011-8eef-7c1e52836c33'),(223,223,'0109b0f2-977d-f011-8eef-7c1e52836c33'),(224,224,'0309b0f2-977d-f011-8eef-7c1e52836c33'),(225,225,'0409b0f2-977d-f011-8eef-7c1e52836c33'),(226,226,'0709b0f2-977d-f011-8eef-7c1e52836c33'),(227,227,'0809b0f2-977d-f011-8eef-7c1e52836c33'),(228,228,'0c09b0f2-977d-f011-8eef-7c1e52836c33'),(229,229,'1109b0f2-977d-f011-8eef-7c1e52836c33'),(230,230,'1209b0f2-977d-f011-8eef-7c1e52836c33'),(231,231,'1409b0f2-977d-f011-8eef-7c1e52836c33'),(232,232,'1509b0f2-977d-f011-8eef-7c1e52836c33'),(233,233,'1809b0f2-977d-f011-8eef-7c1e52836c33'),(234,234,'1a09b0f2-977d-f011-8eef-7c1e52836c33'),(235,235,'1b09b0f2-977d-f011-8eef-7c1e52836c33'),(236,236,'1c09b0f2-977d-f011-8eef-7c1e52836c33'),(237,237,'1e09b0f2-977d-f011-8eef-7c1e52836c33'),(238,238,'2309b0f2-977d-f011-8eef-7c1e52836c33'),(239,239,'2609b0f2-977d-f011-8eef-7c1e52836c33'),(240,240,'2a09b0f2-977d-f011-8eef-7c1e52836c33'),(241,241,'2c09b0f2-977d-f011-8eef-7c1e52836c33'),(242,242,'2d09b0f2-977d-f011-8eef-7c1e52836c33'),(243,243,'2f09b0f2-977d-f011-8eef-7c1e52836c33'),(244,244,'3609b0f2-977d-f011-8eef-7c1e52836c33'),(245,245,'3a09b0f2-977d-f011-8eef-7c1e52836c33'),(246,246,'3c09b0f2-977d-f011-8eef-7c1e52836c33'),(247,247,'4309b0f2-977d-f011-8eef-7c1e52836c33'),(248,248,'4709b0f2-977d-f011-8eef-7c1e52836c33'),(249,249,'4a09b0f2-977d-f011-8eef-7c1e52836c33'),(250,250,'5109b0f2-977d-f011-8eef-7c1e52836c33'),(251,251,'5409b0f2-977d-f011-8eef-7c1e52836c33'),(252,252,'5709b0f2-977d-f011-8eef-7c1e52836c33'),(253,253,'6009b0f2-977d-f011-8eef-7c1e52836c33'),(254,254,'6409b0f2-977d-f011-8eef-7c1e52836c33'),(255,255,'6c09b0f2-977d-f011-8eef-7c1e52836c33'),(256,256,'7009b0f2-977d-f011-8eef-7c1e52836c33'),(257,257,'7609b0f2-977d-f011-8eef-7c1e52836c33'),(258,258,'7a09b0f2-977d-f011-8eef-7c1e52836c33'),(259,259,'7c09b0f2-977d-f011-8eef-7c1e52836c33'),(260,260,'8309b0f2-977d-f011-8eef-7c1e52836c33'),(261,261,'8909b0f2-977d-f011-8eef-7c1e52836c33'),(262,262,'8f09b0f2-977d-f011-8eef-7c1e52836c33'),(263,263,'9109b0f2-977d-f011-8eef-7c1e52836c33'),(264,264,'9409b0f2-977d-f011-8eef-7c1e52836c33'),(265,265,'9709b0f2-977d-f011-8eef-7c1e52836c33'),(266,266,'9e09b0f2-977d-f011-8eef-7c1e52836c33'),(267,267,'a109b0f2-977d-f011-8eef-7c1e52836c33'),(268,268,'a609b0f2-977d-f011-8eef-7c1e52836c33'),(269,269,'ad09b0f2-977d-f011-8eef-7c1e52836c33'),(270,270,'b209b0f2-977d-f011-8eef-7c1e52836c33'),(271,271,'b909b0f2-977d-f011-8eef-7c1e52836c33'),(272,272,'bf09b0f2-977d-f011-8eef-7c1e52836c33'),(273,273,'c109b0f2-977d-f011-8eef-7c1e52836c33'),(274,274,'c809b0f2-977d-f011-8eef-7c1e52836c33'),(275,275,'cd09b0f2-977d-f011-8eef-7c1e52836c33'),(276,276,'ce09b0f2-977d-f011-8eef-7c1e52836c33'),(277,277,'d309b0f2-977d-f011-8eef-7c1e52836c33'),(278,278,'d809b0f2-977d-f011-8eef-7c1e52836c33'),(279,279,'db09b0f2-977d-f011-8eef-7c1e52836c33'),(280,280,'dd09b0f2-977d-f011-8eef-7c1e52836c33'),(281,281,'de09b0f2-977d-f011-8eef-7c1e52836c33'),(282,282,'df09b0f2-977d-f011-8eef-7c1e52836c33'),(283,283,'e109b0f2-977d-f011-8eef-7c1e52836c33'),(284,284,'e209b0f2-977d-f011-8eef-7c1e52836c33'),(285,285,'e309b0f2-977d-f011-8eef-7c1e52836c33'),(286,286,'e409b0f2-977d-f011-8eef-7c1e52836c33'),(287,287,'eb09b0f2-977d-f011-8eef-7c1e52836c33'),(288,288,'ef09b0f2-977d-f011-8eef-7c1e52836c33'),(289,289,'f309b0f2-977d-f011-8eef-7c1e52836c33'),(290,290,'fa09b0f2-977d-f011-8eef-7c1e52836c33'),(291,291,'fd09b0f2-977d-f011-8eef-7c1e52836c33'),(292,292,'ff09b0f2-977d-f011-8eef-7c1e52836c33'),(293,293,'020ab0f2-977d-f011-8eef-7c1e52836c33'),(294,294,'090ab0f2-977d-f011-8eef-7c1e52836c33'),(295,295,'0d0ab0f2-977d-f011-8eef-7c1e52836c33'),(296,296,'0f0ab0f2-977d-f011-8eef-7c1e52836c33'),(297,297,'170ab0f2-977d-f011-8eef-7c1e52836c33'),(298,298,'1f0ab0f2-977d-f011-8eef-7c1e52836c33'),(299,299,'220ab0f2-977d-f011-8eef-7c1e52836c33'),(300,300,'260ab0f2-977d-f011-8eef-7c1e52836c33'),(301,301,'270ab0f2-977d-f011-8eef-7c1e52836c33'),(302,302,'280ab0f2-977d-f011-8eef-7c1e52836c33'),(303,303,'290ab0f2-977d-f011-8eef-7c1e52836c33'),(304,304,'2a0ab0f2-977d-f011-8eef-7c1e52836c33'),(305,305,'2b0ab0f2-977d-f011-8eef-7c1e52836c33'),(306,306,'2c0ab0f2-977d-f011-8eef-7c1e52836c33'),(307,307,'350ab0f2-977d-f011-8eef-7c1e52836c33'),(308,308,'360ab0f2-977d-f011-8eef-7c1e52836c33'),(309,309,'370ab0f2-977d-f011-8eef-7c1e52836c33'),(310,310,'380ab0f2-977d-f011-8eef-7c1e52836c33'),(311,311,'390ab0f2-977d-f011-8eef-7c1e52836c33'),(312,312,'3a0ab0f2-977d-f011-8eef-7c1e52836c33'),(313,313,'420ab0f2-977d-f011-8eef-7c1e52836c33'),(314,314,'470ab0f2-977d-f011-8eef-7c1e52836c33'),(315,315,'4d0ab0f2-977d-f011-8eef-7c1e52836c33'),(316,316,'530ab0f2-977d-f011-8eef-7c1e52836c33'),(317,317,'540ab0f2-977d-f011-8eef-7c1e52836c33'),(318,318,'5a0ab0f2-977d-f011-8eef-7c1e52836c33'),(319,319,'5b0ab0f2-977d-f011-8eef-7c1e52836c33'),(320,320,'610ab0f2-977d-f011-8eef-7c1e52836c33'),(321,321,'620ab0f2-977d-f011-8eef-7c1e52836c33'),(322,322,'4fd3aaf8-977d-f011-8eef-7c1e52836c33'),(323,323,'55d3aaf8-977d-f011-8eef-7c1e52836c33'),(324,324,'56d3aaf8-977d-f011-8eef-7c1e52836c33'),(325,325,'5cd3aaf8-977d-f011-8eef-7c1e52836c33'),(326,326,'62d3aaf8-977d-f011-8eef-7c1e52836c33'),(327,327,'68d3aaf8-977d-f011-8eef-7c1e52836c33'),(328,328,'6ed3aaf8-977d-f011-8eef-7c1e52836c33'),(329,329,'6fd3aaf8-977d-f011-8eef-7c1e52836c33'),(330,330,'75d3aaf8-977d-f011-8eef-7c1e52836c33'),(331,331,'76d3aaf8-977d-f011-8eef-7c1e52836c33'),(332,332,'7cd3aaf8-977d-f011-8eef-7c1e52836c33'),(333,333,'7dd3aaf8-977d-f011-8eef-7c1e52836c33'),(334,334,'7ed3aaf8-977d-f011-8eef-7c1e52836c33'),(335,335,'7fd3aaf8-977d-f011-8eef-7c1e52836c33'),(336,336,'81d3aaf8-977d-f011-8eef-7c1e52836c33'),(337,337,'82d3aaf8-977d-f011-8eef-7c1e52836c33'),(338,338,'85d3aaf8-977d-f011-8eef-7c1e52836c33'),(339,339,'87d3aaf8-977d-f011-8eef-7c1e52836c33'),(340,340,'88d3aaf8-977d-f011-8eef-7c1e52836c33'),(341,341,'89d3aaf8-977d-f011-8eef-7c1e52836c33'),(342,342,'8ad3aaf8-977d-f011-8eef-7c1e52836c33'),(343,343,'8cd3aaf8-977d-f011-8eef-7c1e52836c33'),(344,344,'8dd3aaf8-977d-f011-8eef-7c1e52836c33'),(345,345,'8fd3aaf8-977d-f011-8eef-7c1e52836c33'),(346,346,'92d3aaf8-977d-f011-8eef-7c1e52836c33'),(347,347,'93d3aaf8-977d-f011-8eef-7c1e52836c33'),(348,348,'94d3aaf8-977d-f011-8eef-7c1e52836c33'),(349,349,'95d3aaf8-977d-f011-8eef-7c1e52836c33'),(350,350,'96d3aaf8-977d-f011-8eef-7c1e52836c33'),(351,351,'97d3aaf8-977d-f011-8eef-7c1e52836c33'),(352,352,'98d3aaf8-977d-f011-8eef-7c1e52836c33'),(353,353,'99d3aaf8-977d-f011-8eef-7c1e52836c33'),(354,354,'9bd3aaf8-977d-f011-8eef-7c1e52836c33'),(355,355,'9cd3aaf8-977d-f011-8eef-7c1e52836c33'),(356,356,'9dd3aaf8-977d-f011-8eef-7c1e52836c33'),(357,357,'9ed3aaf8-977d-f011-8eef-7c1e52836c33'),(358,358,'9fd3aaf8-977d-f011-8eef-7c1e52836c33'),(359,359,'a0d3aaf8-977d-f011-8eef-7c1e52836c33'),(360,360,'a1d3aaf8-977d-f011-8eef-7c1e52836c33'),(361,361,'a2d3aaf8-977d-f011-8eef-7c1e52836c33'),(362,362,'a3d3aaf8-977d-f011-8eef-7c1e52836c33'),(363,363,'a4d3aaf8-977d-f011-8eef-7c1e52836c33'),(364,364,'a5d3aaf8-977d-f011-8eef-7c1e52836c33'),(365,365,'a6d3aaf8-977d-f011-8eef-7c1e52836c33'),(366,366,'a7d3aaf8-977d-f011-8eef-7c1e52836c33'),(367,367,'a8d3aaf8-977d-f011-8eef-7c1e52836c33'),(368,368,'aad3aaf8-977d-f011-8eef-7c1e52836c33'),(369,369,'abd3aaf8-977d-f011-8eef-7c1e52836c33'),(370,370,'acd3aaf8-977d-f011-8eef-7c1e52836c33'),(371,371,'add3aaf8-977d-f011-8eef-7c1e52836c33'),(372,372,'aed3aaf8-977d-f011-8eef-7c1e52836c33'),(373,373,'afd3aaf8-977d-f011-8eef-7c1e52836c33'),(374,374,'b0d3aaf8-977d-f011-8eef-7c1e52836c33'),(375,375,'b1d3aaf8-977d-f011-8eef-7c1e52836c33'),(376,376,'b2d3aaf8-977d-f011-8eef-7c1e52836c33'),(377,377,'b3d3aaf8-977d-f011-8eef-7c1e52836c33'),(378,378,'b4d3aaf8-977d-f011-8eef-7c1e52836c33'),(379,379,'b5d3aaf8-977d-f011-8eef-7c1e52836c33'),(380,380,'b6d3aaf8-977d-f011-8eef-7c1e52836c33'),(381,381,'b7d3aaf8-977d-f011-8eef-7c1e52836c33'),(382,382,'b8d3aaf8-977d-f011-8eef-7c1e52836c33'),(383,383,'bad3aaf8-977d-f011-8eef-7c1e52836c33'),(384,384,'bbd3aaf8-977d-f011-8eef-7c1e52836c33'),(385,385,'bcd3aaf8-977d-f011-8eef-7c1e52836c33'),(386,386,'bdd3aaf8-977d-f011-8eef-7c1e52836c33'),(387,387,'bed3aaf8-977d-f011-8eef-7c1e52836c33'),(388,388,'bfd3aaf8-977d-f011-8eef-7c1e52836c33'),(389,389,'c0d3aaf8-977d-f011-8eef-7c1e52836c33'),(390,390,'c1d3aaf8-977d-f011-8eef-7c1e52836c33'),(391,391,'c2d3aaf8-977d-f011-8eef-7c1e52836c33'),(392,392,'c3d3aaf8-977d-f011-8eef-7c1e52836c33'),(393,393,'c4d3aaf8-977d-f011-8eef-7c1e52836c33'),(394,394,'c5d3aaf8-977d-f011-8eef-7c1e52836c33'),(395,395,'c6d3aaf8-977d-f011-8eef-7c1e52836c33'),(396,396,'c7d3aaf8-977d-f011-8eef-7c1e52836c33'),(397,397,'c8d3aaf8-977d-f011-8eef-7c1e52836c33'),(398,398,'c9d3aaf8-977d-f011-8eef-7c1e52836c33'),(399,399,'cad3aaf8-977d-f011-8eef-7c1e52836c33'),(400,400,'cdd3aaf8-977d-f011-8eef-7c1e52836c33'),(401,401,'ced3aaf8-977d-f011-8eef-7c1e52836c33'),(402,402,'d0d3aaf8-977d-f011-8eef-7c1e52836c33'),(403,403,'d1d3aaf8-977d-f011-8eef-7c1e52836c33'),(404,404,'d2d3aaf8-977d-f011-8eef-7c1e52836c33'),(405,405,'d3d3aaf8-977d-f011-8eef-7c1e52836c33'),(406,406,'d7d3aaf8-977d-f011-8eef-7c1e52836c33'),(407,407,'ded3aaf8-977d-f011-8eef-7c1e52836c33'),(408,408,'f2d3aaf8-977d-f011-8eef-7c1e52836c33'),(409,409,'0cd4aaf8-977d-f011-8eef-7c1e52836c33'),(410,410,'0dd4aaf8-977d-f011-8eef-7c1e52836c33'),(411,411,'0fd4aaf8-977d-f011-8eef-7c1e52836c33'),(412,412,'10d4aaf8-977d-f011-8eef-7c1e52836c33'),(413,413,'11d4aaf8-977d-f011-8eef-7c1e52836c33'),(414,414,'12d4aaf8-977d-f011-8eef-7c1e52836c33'),(415,415,'13d4aaf8-977d-f011-8eef-7c1e52836c33'),(416,416,'14d4aaf8-977d-f011-8eef-7c1e52836c33'),(417,417,'15d4aaf8-977d-f011-8eef-7c1e52836c33'),(418,418,'16d4aaf8-977d-f011-8eef-7c1e52836c33'),(419,419,'17d4aaf8-977d-f011-8eef-7c1e52836c33'),(420,420,'18d4aaf8-977d-f011-8eef-7c1e52836c33'),(421,421,'1ad4aaf8-977d-f011-8eef-7c1e52836c33'),(422,422,'1bd4aaf8-977d-f011-8eef-7c1e52836c33'),(423,423,'1cd4aaf8-977d-f011-8eef-7c1e52836c33'),(424,424,'1dd4aaf8-977d-f011-8eef-7c1e52836c33'),(425,425,'1ed4aaf8-977d-f011-8eef-7c1e52836c33'),(426,426,'1fd4aaf8-977d-f011-8eef-7c1e52836c33'),(427,427,'20d4aaf8-977d-f011-8eef-7c1e52836c33'),(428,428,'21d4aaf8-977d-f011-8eef-7c1e52836c33'),(429,429,'22d4aaf8-977d-f011-8eef-7c1e52836c33'),(430,430,'23d4aaf8-977d-f011-8eef-7c1e52836c33'),(431,431,'24d4aaf8-977d-f011-8eef-7c1e52836c33'),(432,432,'25d4aaf8-977d-f011-8eef-7c1e52836c33'),(433,433,'26d4aaf8-977d-f011-8eef-7c1e52836c33'),(434,434,'27d4aaf8-977d-f011-8eef-7c1e52836c33'),(435,435,'28d4aaf8-977d-f011-8eef-7c1e52836c33'),(436,436,'29d4aaf8-977d-f011-8eef-7c1e52836c33'),(437,437,'2bd4aaf8-977d-f011-8eef-7c1e52836c33'),(438,438,'2cd4aaf8-977d-f011-8eef-7c1e52836c33'),(439,439,'2ed4aaf8-977d-f011-8eef-7c1e52836c33'),(440,440,'2fd4aaf8-977d-f011-8eef-7c1e52836c33'),(441,441,'31d4aaf8-977d-f011-8eef-7c1e52836c33'),(442,442,'33d4aaf8-977d-f011-8eef-7c1e52836c33'),(443,443,'35d4aaf8-977d-f011-8eef-7c1e52836c33'),(444,444,'37d4aaf8-977d-f011-8eef-7c1e52836c33'),(445,445,'39d4aaf8-977d-f011-8eef-7c1e52836c33'),(446,446,'3ad4aaf8-977d-f011-8eef-7c1e52836c33'),(447,447,'3bd4aaf8-977d-f011-8eef-7c1e52836c33'),(448,448,'3cd4aaf8-977d-f011-8eef-7c1e52836c33'),(449,449,'3dd4aaf8-977d-f011-8eef-7c1e52836c33'),(450,450,'3ed4aaf8-977d-f011-8eef-7c1e52836c33'),(451,451,'3fd4aaf8-977d-f011-8eef-7c1e52836c33'),(452,452,'40d4aaf8-977d-f011-8eef-7c1e52836c33'),(453,453,'42d4aaf8-977d-f011-8eef-7c1e52836c33'),(454,454,'43d4aaf8-977d-f011-8eef-7c1e52836c33'),(455,455,'44d4aaf8-977d-f011-8eef-7c1e52836c33'),(456,456,'45d4aaf8-977d-f011-8eef-7c1e52836c33'),(457,457,'46d4aaf8-977d-f011-8eef-7c1e52836c33'),(458,458,'47d4aaf8-977d-f011-8eef-7c1e52836c33'),(459,459,'48d4aaf8-977d-f011-8eef-7c1e52836c33'),(460,460,'49d4aaf8-977d-f011-8eef-7c1e52836c33'),(461,461,'4ad4aaf8-977d-f011-8eef-7c1e52836c33'),(462,462,'4bd4aaf8-977d-f011-8eef-7c1e52836c33'),(463,463,'4cd4aaf8-977d-f011-8eef-7c1e52836c33'),(464,464,'4dd4aaf8-977d-f011-8eef-7c1e52836c33'),(465,465,'4ed4aaf8-977d-f011-8eef-7c1e52836c33'),(466,466,'50d4aaf8-977d-f011-8eef-7c1e52836c33'),(467,467,'51d4aaf8-977d-f011-8eef-7c1e52836c33'),(468,468,'52d4aaf8-977d-f011-8eef-7c1e52836c33'),(469,469,'53d4aaf8-977d-f011-8eef-7c1e52836c33'),(470,470,'54d4aaf8-977d-f011-8eef-7c1e52836c33'),(471,471,'55d4aaf8-977d-f011-8eef-7c1e52836c33'),(472,472,'56d4aaf8-977d-f011-8eef-7c1e52836c33'),(473,473,'57d4aaf8-977d-f011-8eef-7c1e52836c33'),(474,474,'58d4aaf8-977d-f011-8eef-7c1e52836c33'),(475,475,'59d4aaf8-977d-f011-8eef-7c1e52836c33'),(476,476,'5ad4aaf8-977d-f011-8eef-7c1e52836c33'),(477,477,'5bd4aaf8-977d-f011-8eef-7c1e52836c33'),(478,478,'5dd4aaf8-977d-f011-8eef-7c1e52836c33'),(479,479,'5ed4aaf8-977d-f011-8eef-7c1e52836c33'),(480,480,'5fd4aaf8-977d-f011-8eef-7c1e52836c33'),(481,481,'60d4aaf8-977d-f011-8eef-7c1e52836c33'),(482,482,'61d4aaf8-977d-f011-8eef-7c1e52836c33'),(483,483,'62d4aaf8-977d-f011-8eef-7c1e52836c33'),(484,484,'63d4aaf8-977d-f011-8eef-7c1e52836c33'),(485,485,'64d4aaf8-977d-f011-8eef-7c1e52836c33'),(486,486,'65d4aaf8-977d-f011-8eef-7c1e52836c33'),(487,487,'66d4aaf8-977d-f011-8eef-7c1e52836c33'),(488,488,'67d4aaf8-977d-f011-8eef-7c1e52836c33'),(489,489,'68d4aaf8-977d-f011-8eef-7c1e52836c33'),(490,490,'69d4aaf8-977d-f011-8eef-7c1e52836c33'),(491,491,'6ad4aaf8-977d-f011-8eef-7c1e52836c33'),(492,492,'6bd4aaf8-977d-f011-8eef-7c1e52836c33'),(493,493,'6dd4aaf8-977d-f011-8eef-7c1e52836c33'),(494,494,'6ed4aaf8-977d-f011-8eef-7c1e52836c33'),(495,495,'6fd4aaf8-977d-f011-8eef-7c1e52836c33'),(496,496,'70d4aaf8-977d-f011-8eef-7c1e52836c33'),(497,497,'71d4aaf8-977d-f011-8eef-7c1e52836c33'),(498,498,'72d4aaf8-977d-f011-8eef-7c1e52836c33'),(499,499,'73d4aaf8-977d-f011-8eef-7c1e52836c33'),(500,500,'74d4aaf8-977d-f011-8eef-7c1e52836c33'),(501,501,'75d4aaf8-977d-f011-8eef-7c1e52836c33'),(502,502,'76d4aaf8-977d-f011-8eef-7c1e52836c33'),(503,503,'77d4aaf8-977d-f011-8eef-7c1e52836c33'),(504,504,'78d4aaf8-977d-f011-8eef-7c1e52836c33'),(505,505,'79d4aaf8-977d-f011-8eef-7c1e52836c33'),(506,506,'7ad4aaf8-977d-f011-8eef-7c1e52836c33'),(507,507,'7bd4aaf8-977d-f011-8eef-7c1e52836c33'),(508,508,'7cd4aaf8-977d-f011-8eef-7c1e52836c33'),(509,509,'7dd4aaf8-977d-f011-8eef-7c1e52836c33'),(510,510,'7ed4aaf8-977d-f011-8eef-7c1e52836c33'),(511,511,'7fd4aaf8-977d-f011-8eef-7c1e52836c33'),(512,512,'80d4aaf8-977d-f011-8eef-7c1e52836c33'),(513,513,'81d4aaf8-977d-f011-8eef-7c1e52836c33'),(514,514,'82d4aaf8-977d-f011-8eef-7c1e52836c33'),(515,515,'83d4aaf8-977d-f011-8eef-7c1e52836c33'),(516,516,'84d4aaf8-977d-f011-8eef-7c1e52836c33'),(517,517,'86d4aaf8-977d-f011-8eef-7c1e52836c33'),(518,518,'87d4aaf8-977d-f011-8eef-7c1e52836c33'),(519,519,'88d4aaf8-977d-f011-8eef-7c1e52836c33'),(520,520,'89d4aaf8-977d-f011-8eef-7c1e52836c33'),(521,521,'8ad4aaf8-977d-f011-8eef-7c1e52836c33'),(522,522,'8bd4aaf8-977d-f011-8eef-7c1e52836c33'),(523,523,'8cd4aaf8-977d-f011-8eef-7c1e52836c33'),(524,524,'8dd4aaf8-977d-f011-8eef-7c1e52836c33'),(525,525,'8ed4aaf8-977d-f011-8eef-7c1e52836c33'),(526,526,'8fd4aaf8-977d-f011-8eef-7c1e52836c33'),(527,527,'90d4aaf8-977d-f011-8eef-7c1e52836c33'),(528,528,'91d4aaf8-977d-f011-8eef-7c1e52836c33'),(529,529,'92d4aaf8-977d-f011-8eef-7c1e52836c33'),(530,530,'93d4aaf8-977d-f011-8eef-7c1e52836c33'),(531,531,'94d4aaf8-977d-f011-8eef-7c1e52836c33'),(532,532,'95d4aaf8-977d-f011-8eef-7c1e52836c33'),(533,533,'96d4aaf8-977d-f011-8eef-7c1e52836c33'),(534,534,'97d4aaf8-977d-f011-8eef-7c1e52836c33'),(535,535,'99d4aaf8-977d-f011-8eef-7c1e52836c33'),(536,536,'9bd4aaf8-977d-f011-8eef-7c1e52836c33'),(537,537,'9cd4aaf8-977d-f011-8eef-7c1e52836c33'),(538,538,'9dd4aaf8-977d-f011-8eef-7c1e52836c33'),(539,539,'9fd4aaf8-977d-f011-8eef-7c1e52836c33'),(540,540,'a1d4aaf8-977d-f011-8eef-7c1e52836c33'),(541,541,'a4d4aaf8-977d-f011-8eef-7c1e52836c33'),(542,542,'a6d4aaf8-977d-f011-8eef-7c1e52836c33'),(543,543,'a7d4aaf8-977d-f011-8eef-7c1e52836c33'),(544,544,'a8d4aaf8-977d-f011-8eef-7c1e52836c33'),(545,545,'a9d4aaf8-977d-f011-8eef-7c1e52836c33'),(546,546,'aad4aaf8-977d-f011-8eef-7c1e52836c33'),(547,547,'abd4aaf8-977d-f011-8eef-7c1e52836c33'),(548,548,'acd4aaf8-977d-f011-8eef-7c1e52836c33'),(549,549,'add4aaf8-977d-f011-8eef-7c1e52836c33'),(550,550,'aed4aaf8-977d-f011-8eef-7c1e52836c33'),(551,551,'afd4aaf8-977d-f011-8eef-7c1e52836c33'),(552,552,'b0d4aaf8-977d-f011-8eef-7c1e52836c33'),(553,553,'b1d4aaf8-977d-f011-8eef-7c1e52836c33'),(554,554,'b2d4aaf8-977d-f011-8eef-7c1e52836c33'),(555,555,'b3d4aaf8-977d-f011-8eef-7c1e52836c33'),(556,556,'b4d4aaf8-977d-f011-8eef-7c1e52836c33'),(557,557,'b6d4aaf8-977d-f011-8eef-7c1e52836c33'),(558,558,'b7d4aaf8-977d-f011-8eef-7c1e52836c33'),(559,559,'b8d4aaf8-977d-f011-8eef-7c1e52836c33'),(560,560,'b9d4aaf8-977d-f011-8eef-7c1e52836c33'),(561,561,'bad4aaf8-977d-f011-8eef-7c1e52836c33'),(562,562,'bbd4aaf8-977d-f011-8eef-7c1e52836c33'),(563,563,'bcd4aaf8-977d-f011-8eef-7c1e52836c33'),(564,564,'bdd4aaf8-977d-f011-8eef-7c1e52836c33'),(565,565,'bed4aaf8-977d-f011-8eef-7c1e52836c33'),(566,566,'bfd4aaf8-977d-f011-8eef-7c1e52836c33'),(567,567,'c0d4aaf8-977d-f011-8eef-7c1e52836c33'),(568,568,'c1d4aaf8-977d-f011-8eef-7c1e52836c33'),(569,569,'c2d4aaf8-977d-f011-8eef-7c1e52836c33'),(570,570,'c4d4aaf8-977d-f011-8eef-7c1e52836c33'),(571,571,'c5d4aaf8-977d-f011-8eef-7c1e52836c33'),(572,572,'c6d4aaf8-977d-f011-8eef-7c1e52836c33'),(573,573,'c7d4aaf8-977d-f011-8eef-7c1e52836c33'),(574,574,'c8d4aaf8-977d-f011-8eef-7c1e52836c33'),(575,575,'c9d4aaf8-977d-f011-8eef-7c1e52836c33'),(576,576,'cad4aaf8-977d-f011-8eef-7c1e52836c33'),(577,577,'cbd4aaf8-977d-f011-8eef-7c1e52836c33'),(578,578,'ccd4aaf8-977d-f011-8eef-7c1e52836c33'),(579,579,'cdd4aaf8-977d-f011-8eef-7c1e52836c33'),(580,580,'ced4aaf8-977d-f011-8eef-7c1e52836c33'),(581,581,'cfd4aaf8-977d-f011-8eef-7c1e52836c33'),(582,582,'d0d4aaf8-977d-f011-8eef-7c1e52836c33'),(583,583,'d1d4aaf8-977d-f011-8eef-7c1e52836c33'),(584,584,'d2d4aaf8-977d-f011-8eef-7c1e52836c33'),(585,585,'d3d4aaf8-977d-f011-8eef-7c1e52836c33'),(586,586,'d4d4aaf8-977d-f011-8eef-7c1e52836c33'),(587,587,'d6d4aaf8-977d-f011-8eef-7c1e52836c33'),(588,588,'d7d4aaf8-977d-f011-8eef-7c1e52836c33'),(589,589,'d8d4aaf8-977d-f011-8eef-7c1e52836c33'),(590,590,'d9d4aaf8-977d-f011-8eef-7c1e52836c33'),(591,591,'dad4aaf8-977d-f011-8eef-7c1e52836c33'),(592,592,'dbd4aaf8-977d-f011-8eef-7c1e52836c33'),(593,593,'dcd4aaf8-977d-f011-8eef-7c1e52836c33'),(594,594,'ddd4aaf8-977d-f011-8eef-7c1e52836c33'),(595,595,'ded4aaf8-977d-f011-8eef-7c1e52836c33'),(596,596,'dfd4aaf8-977d-f011-8eef-7c1e52836c33'),(597,597,'e0d4aaf8-977d-f011-8eef-7c1e52836c33'),(598,598,'e1d4aaf8-977d-f011-8eef-7c1e52836c33'),(599,599,'a01aa3fe-977d-f011-8eef-7c1e52836c33'),(600,600,'a11aa3fe-977d-f011-8eef-7c1e52836c33'),(601,601,'a21aa3fe-977d-f011-8eef-7c1e52836c33'),(602,602,'a31aa3fe-977d-f011-8eef-7c1e52836c33'),(603,603,'a41aa3fe-977d-f011-8eef-7c1e52836c33'),(604,604,'a51aa3fe-977d-f011-8eef-7c1e52836c33'),(605,605,'a61aa3fe-977d-f011-8eef-7c1e52836c33'),(606,606,'a71aa3fe-977d-f011-8eef-7c1e52836c33'),(607,607,'a81aa3fe-977d-f011-8eef-7c1e52836c33'),(608,608,'a91aa3fe-977d-f011-8eef-7c1e52836c33'),(609,609,'aa1aa3fe-977d-f011-8eef-7c1e52836c33'),(610,610,'ab1aa3fe-977d-f011-8eef-7c1e52836c33'),(611,611,'ac1aa3fe-977d-f011-8eef-7c1e52836c33'),(612,612,'ad1aa3fe-977d-f011-8eef-7c1e52836c33'),(613,613,'ae1aa3fe-977d-f011-8eef-7c1e52836c33'),(614,614,'af1aa3fe-977d-f011-8eef-7c1e52836c33'),(615,615,'b11aa3fe-977d-f011-8eef-7c1e52836c33'),(616,616,'b21aa3fe-977d-f011-8eef-7c1e52836c33'),(617,617,'b31aa3fe-977d-f011-8eef-7c1e52836c33'),(618,618,'b41aa3fe-977d-f011-8eef-7c1e52836c33'),(619,619,'b51aa3fe-977d-f011-8eef-7c1e52836c33'),(620,620,'b61aa3fe-977d-f011-8eef-7c1e52836c33'),(621,621,'b71aa3fe-977d-f011-8eef-7c1e52836c33'),(622,622,'b81aa3fe-977d-f011-8eef-7c1e52836c33'),(623,623,'b91aa3fe-977d-f011-8eef-7c1e52836c33'),(624,624,'ba1aa3fe-977d-f011-8eef-7c1e52836c33'),(625,625,'bb1aa3fe-977d-f011-8eef-7c1e52836c33'),(626,626,'bc1aa3fe-977d-f011-8eef-7c1e52836c33'),(627,627,'bd1aa3fe-977d-f011-8eef-7c1e52836c33'),(628,628,'bf1aa3fe-977d-f011-8eef-7c1e52836c33'),(629,629,'c01aa3fe-977d-f011-8eef-7c1e52836c33'),(630,630,'c11aa3fe-977d-f011-8eef-7c1e52836c33'),(631,631,'c21aa3fe-977d-f011-8eef-7c1e52836c33'),(632,632,'c31aa3fe-977d-f011-8eef-7c1e52836c33'),(633,633,'c41aa3fe-977d-f011-8eef-7c1e52836c33'),(634,634,'c51aa3fe-977d-f011-8eef-7c1e52836c33'),(635,635,'c61aa3fe-977d-f011-8eef-7c1e52836c33'),(636,636,'c71aa3fe-977d-f011-8eef-7c1e52836c33'),(637,637,'c81aa3fe-977d-f011-8eef-7c1e52836c33'),(638,638,'c91aa3fe-977d-f011-8eef-7c1e52836c33'),(639,639,'ca1aa3fe-977d-f011-8eef-7c1e52836c33'),(640,640,'cb1aa3fe-977d-f011-8eef-7c1e52836c33'),(641,641,'cc1aa3fe-977d-f011-8eef-7c1e52836c33'),(642,642,'cd1aa3fe-977d-f011-8eef-7c1e52836c33'),(643,643,'d31aa3fe-977d-f011-8eef-7c1e52836c33'),(644,644,'d41aa3fe-977d-f011-8eef-7c1e52836c33'),(645,645,'d71aa3fe-977d-f011-8eef-7c1e52836c33'),(646,646,'d91aa3fe-977d-f011-8eef-7c1e52836c33'),(647,647,'db1aa3fe-977d-f011-8eef-7c1e52836c33'),(648,648,'dc1aa3fe-977d-f011-8eef-7c1e52836c33'),(649,649,'dd1aa3fe-977d-f011-8eef-7c1e52836c33'),(650,650,'de1aa3fe-977d-f011-8eef-7c1e52836c33'),(651,651,'df1aa3fe-977d-f011-8eef-7c1e52836c33'),(652,652,'e01aa3fe-977d-f011-8eef-7c1e52836c33'),(653,653,'e11aa3fe-977d-f011-8eef-7c1e52836c33'),(654,654,'e21aa3fe-977d-f011-8eef-7c1e52836c33'),(655,655,'e31aa3fe-977d-f011-8eef-7c1e52836c33'),(656,656,'e41aa3fe-977d-f011-8eef-7c1e52836c33'),(657,657,'e51aa3fe-977d-f011-8eef-7c1e52836c33'),(658,658,'e61aa3fe-977d-f011-8eef-7c1e52836c33'),(659,659,'e71aa3fe-977d-f011-8eef-7c1e52836c33'),(660,660,'e91aa3fe-977d-f011-8eef-7c1e52836c33'),(661,661,'ea1aa3fe-977d-f011-8eef-7c1e52836c33'),(662,662,'eb1aa3fe-977d-f011-8eef-7c1e52836c33'),(663,663,'ec1aa3fe-977d-f011-8eef-7c1e52836c33'),(664,664,'ed1aa3fe-977d-f011-8eef-7c1e52836c33'),(665,665,'ef1aa3fe-977d-f011-8eef-7c1e52836c33'),(666,666,'f11aa3fe-977d-f011-8eef-7c1e52836c33'),(667,667,'f21aa3fe-977d-f011-8eef-7c1e52836c33'),(668,668,'f41aa3fe-977d-f011-8eef-7c1e52836c33'),(669,669,'f51aa3fe-977d-f011-8eef-7c1e52836c33'),(670,670,'f61aa3fe-977d-f011-8eef-7c1e52836c33'),(671,671,'f81aa3fe-977d-f011-8eef-7c1e52836c33'),(672,672,'001ba3fe-977d-f011-8eef-7c1e52836c33'),(673,673,'011ba3fe-977d-f011-8eef-7c1e52836c33'),(674,674,'031ba3fe-977d-f011-8eef-7c1e52836c33'),(675,675,'041ba3fe-977d-f011-8eef-7c1e52836c33'),(676,676,'071ba3fe-977d-f011-8eef-7c1e52836c33'),(677,677,'081ba3fe-977d-f011-8eef-7c1e52836c33'),(678,678,'0d1ba3fe-977d-f011-8eef-7c1e52836c33'),(679,679,'0e1ba3fe-977d-f011-8eef-7c1e52836c33'),(680,680,'0f1ba3fe-977d-f011-8eef-7c1e52836c33'),(681,681,'101ba3fe-977d-f011-8eef-7c1e52836c33'),(682,682,'111ba3fe-977d-f011-8eef-7c1e52836c33'),(683,683,'121ba3fe-977d-f011-8eef-7c1e52836c33'),(684,684,'131ba3fe-977d-f011-8eef-7c1e52836c33'),(685,685,'141ba3fe-977d-f011-8eef-7c1e52836c33'),(686,686,'151ba3fe-977d-f011-8eef-7c1e52836c33'),(687,687,'161ba3fe-977d-f011-8eef-7c1e52836c33'),(688,688,'171ba3fe-977d-f011-8eef-7c1e52836c33'),(689,689,'181ba3fe-977d-f011-8eef-7c1e52836c33'),(690,690,'191ba3fe-977d-f011-8eef-7c1e52836c33'),(691,691,'1a1ba3fe-977d-f011-8eef-7c1e52836c33'),(692,692,'1c1ba3fe-977d-f011-8eef-7c1e52836c33'),(693,693,'1e1ba3fe-977d-f011-8eef-7c1e52836c33'),(694,694,'211ba3fe-977d-f011-8eef-7c1e52836c33'),(695,695,'221ba3fe-977d-f011-8eef-7c1e52836c33'),(696,696,'251ba3fe-977d-f011-8eef-7c1e52836c33'),(697,697,'271ba3fe-977d-f011-8eef-7c1e52836c33'),(698,698,'281ba3fe-977d-f011-8eef-7c1e52836c33'),(699,699,'2b1ba3fe-977d-f011-8eef-7c1e52836c33'),(700,700,'2d1ba3fe-977d-f011-8eef-7c1e52836c33'),(701,701,'2f1ba3fe-977d-f011-8eef-7c1e52836c33'),(702,702,'311ba3fe-977d-f011-8eef-7c1e52836c33'),(703,703,'331ba3fe-977d-f011-8eef-7c1e52836c33'),(704,704,'341ba3fe-977d-f011-8eef-7c1e52836c33'),(705,705,'351ba3fe-977d-f011-8eef-7c1e52836c33'),(706,706,'361ba3fe-977d-f011-8eef-7c1e52836c33'),(707,707,'371ba3fe-977d-f011-8eef-7c1e52836c33'),(708,708,'381ba3fe-977d-f011-8eef-7c1e52836c33'),(709,709,'391ba3fe-977d-f011-8eef-7c1e52836c33'),(710,710,'3a1ba3fe-977d-f011-8eef-7c1e52836c33'),(711,711,'3b1ba3fe-977d-f011-8eef-7c1e52836c33'),(712,712,'3c1ba3fe-977d-f011-8eef-7c1e52836c33'),(713,713,'3e1ba3fe-977d-f011-8eef-7c1e52836c33'),(714,714,'3f1ba3fe-977d-f011-8eef-7c1e52836c33'),(715,715,'401ba3fe-977d-f011-8eef-7c1e52836c33'),(716,716,'411ba3fe-977d-f011-8eef-7c1e52836c33'),(717,717,'421ba3fe-977d-f011-8eef-7c1e52836c33'),(718,718,'431ba3fe-977d-f011-8eef-7c1e52836c33'),(719,719,'441ba3fe-977d-f011-8eef-7c1e52836c33'),(720,720,'451ba3fe-977d-f011-8eef-7c1e52836c33'),(721,721,'461ba3fe-977d-f011-8eef-7c1e52836c33'),(722,722,'471ba3fe-977d-f011-8eef-7c1e52836c33'),(723,723,'491ba3fe-977d-f011-8eef-7c1e52836c33'),(724,724,'4a1ba3fe-977d-f011-8eef-7c1e52836c33'),(725,725,'4c1ba3fe-977d-f011-8eef-7c1e52836c33'),(726,726,'4d1ba3fe-977d-f011-8eef-7c1e52836c33'),(727,727,'4f1ba3fe-977d-f011-8eef-7c1e52836c33'),(728,728,'501ba3fe-977d-f011-8eef-7c1e52836c33'),(729,729,'511ba3fe-977d-f011-8eef-7c1e52836c33'),(730,730,'531ba3fe-977d-f011-8eef-7c1e52836c33'),(731,731,'551ba3fe-977d-f011-8eef-7c1e52836c33'),(732,732,'561ba3fe-977d-f011-8eef-7c1e52836c33'),(733,733,'571ba3fe-977d-f011-8eef-7c1e52836c33'),(734,734,'581ba3fe-977d-f011-8eef-7c1e52836c33'),(735,735,'591ba3fe-977d-f011-8eef-7c1e52836c33'),(736,736,'5b1ba3fe-977d-f011-8eef-7c1e52836c33'),(737,737,'5c1ba3fe-977d-f011-8eef-7c1e52836c33'),(738,738,'5d1ba3fe-977d-f011-8eef-7c1e52836c33'),(739,739,'5e1ba3fe-977d-f011-8eef-7c1e52836c33'),(740,740,'5f1ba3fe-977d-f011-8eef-7c1e52836c33'),(741,741,'601ba3fe-977d-f011-8eef-7c1e52836c33'),(743,743,'641ba3fe-977d-f011-8eef-7c1e52836c33'),(744,744,'671ba3fe-977d-f011-8eef-7c1e52836c33'),(745,745,'6a1ba3fe-977d-f011-8eef-7c1e52836c33'),(746,746,'6c1ba3fe-977d-f011-8eef-7c1e52836c33'),(747,747,'6e1ba3fe-977d-f011-8eef-7c1e52836c33'),(748,748,'701ba3fe-977d-f011-8eef-7c1e52836c33'),(749,749,'711ba3fe-977d-f011-8eef-7c1e52836c33'),(750,750,'731ba3fe-977d-f011-8eef-7c1e52836c33'),(751,751,'751ba3fe-977d-f011-8eef-7c1e52836c33'),(752,752,'761ba3fe-977d-f011-8eef-7c1e52836c33'),(753,753,'781ba3fe-977d-f011-8eef-7c1e52836c33'),(754,754,'791ba3fe-977d-f011-8eef-7c1e52836c33'),(755,755,'7c1ba3fe-977d-f011-8eef-7c1e52836c33'),(756,756,'7d1ba3fe-977d-f011-8eef-7c1e52836c33'),(757,757,'7e1ba3fe-977d-f011-8eef-7c1e52836c33'),(758,758,'801ba3fe-977d-f011-8eef-7c1e52836c33'),(759,759,'811ba3fe-977d-f011-8eef-7c1e52836c33'),(760,760,'831ba3fe-977d-f011-8eef-7c1e52836c33'),(761,761,'851ba3fe-977d-f011-8eef-7c1e52836c33'),(762,762,'861ba3fe-977d-f011-8eef-7c1e52836c33'),(763,763,'881ba3fe-977d-f011-8eef-7c1e52836c33'),(764,764,'8a1ba3fe-977d-f011-8eef-7c1e52836c33'),(765,765,'8b1ba3fe-977d-f011-8eef-7c1e52836c33'),(766,766,'8c1ba3fe-977d-f011-8eef-7c1e52836c33'),(767,767,'8d1ba3fe-977d-f011-8eef-7c1e52836c33'),(768,768,'8e1ba3fe-977d-f011-8eef-7c1e52836c33'),(769,769,'8f1ba3fe-977d-f011-8eef-7c1e52836c33'),(770,770,'901ba3fe-977d-f011-8eef-7c1e52836c33'),(771,771,'911ba3fe-977d-f011-8eef-7c1e52836c33'),(772,772,'921ba3fe-977d-f011-8eef-7c1e52836c33'),(773,773,'931ba3fe-977d-f011-8eef-7c1e52836c33'),(774,774,'941ba3fe-977d-f011-8eef-7c1e52836c33'),(775,775,'951ba3fe-977d-f011-8eef-7c1e52836c33'),(776,180,'961ba3fe-977d-f011-8eef-7c1e52836c33'),(777,776,'981ba3fe-977d-f011-8eef-7c1e52836c33'),(778,777,'991ba3fe-977d-f011-8eef-7c1e52836c33'),(779,778,'9a1ba3fe-977d-f011-8eef-7c1e52836c33'),(780,779,'9b1ba3fe-977d-f011-8eef-7c1e52836c33'),(781,780,'9c1ba3fe-977d-f011-8eef-7c1e52836c33'),(782,781,'9d1ba3fe-977d-f011-8eef-7c1e52836c33'),(783,782,'9e1ba3fe-977d-f011-8eef-7c1e52836c33'),(784,783,'9f1ba3fe-977d-f011-8eef-7c1e52836c33'),(785,784,'a01ba3fe-977d-f011-8eef-7c1e52836c33'),(786,785,'a11ba3fe-977d-f011-8eef-7c1e52836c33'),(787,786,'a21ba3fe-977d-f011-8eef-7c1e52836c33'),(788,787,'a31ba3fe-977d-f011-8eef-7c1e52836c33'),(789,788,'a41ba3fe-977d-f011-8eef-7c1e52836c33'),(790,789,'a51ba3fe-977d-f011-8eef-7c1e52836c33'),(791,790,'a61ba3fe-977d-f011-8eef-7c1e52836c33'),(792,791,'a81ba3fe-977d-f011-8eef-7c1e52836c33'),(793,792,'a91ba3fe-977d-f011-8eef-7c1e52836c33'),(794,793,'aa1ba3fe-977d-f011-8eef-7c1e52836c33'),(795,794,'ab1ba3fe-977d-f011-8eef-7c1e52836c33'),(796,795,'ac1ba3fe-977d-f011-8eef-7c1e52836c33'),(797,796,'ae1ba3fe-977d-f011-8eef-7c1e52836c33'),(798,797,'af1ba3fe-977d-f011-8eef-7c1e52836c33'),(799,798,'b01ba3fe-977d-f011-8eef-7c1e52836c33'),(800,799,'b11ba3fe-977d-f011-8eef-7c1e52836c33'),(801,800,'b21ba3fe-977d-f011-8eef-7c1e52836c33'),(802,801,'b31ba3fe-977d-f011-8eef-7c1e52836c33'),(803,802,'b41ba3fe-977d-f011-8eef-7c1e52836c33'),(804,803,'b51ba3fe-977d-f011-8eef-7c1e52836c33'),(805,804,'b61ba3fe-977d-f011-8eef-7c1e52836c33'),(806,805,'b71ba3fe-977d-f011-8eef-7c1e52836c33'),(807,806,'b91ba3fe-977d-f011-8eef-7c1e52836c33'),(808,807,'ba1ba3fe-977d-f011-8eef-7c1e52836c33'),(809,808,'bb1ba3fe-977d-f011-8eef-7c1e52836c33'),(810,809,'bc1ba3fe-977d-f011-8eef-7c1e52836c33'),(811,810,'bd1ba3fe-977d-f011-8eef-7c1e52836c33'),(812,811,'be1ba3fe-977d-f011-8eef-7c1e52836c33'),(813,812,'bf1ba3fe-977d-f011-8eef-7c1e52836c33'),(814,813,'c01ba3fe-977d-f011-8eef-7c1e52836c33'),(815,814,'c11ba3fe-977d-f011-8eef-7c1e52836c33'),(816,815,'c21ba3fe-977d-f011-8eef-7c1e52836c33'),(817,816,'c31ba3fe-977d-f011-8eef-7c1e52836c33'),(818,817,'d31ba3fe-977d-f011-8eef-7c1e52836c33'),(819,818,'d71ba3fe-977d-f011-8eef-7c1e52836c33'),(820,819,'d91ba3fe-977d-f011-8eef-7c1e52836c33'),(821,820,'e61ba3fe-977d-f011-8eef-7c1e52836c33'),(822,821,'ee1ba3fe-977d-f011-8eef-7c1e52836c33'),(823,822,'011ca3fe-977d-f011-8eef-7c1e52836c33'),(824,823,'141ca3fe-977d-f011-8eef-7c1e52836c33'),(825,824,'2b1ca3fe-977d-f011-8eef-7c1e52836c33'),(826,825,'3a1ca3fe-977d-f011-8eef-7c1e52836c33'),(827,826,'631ca3fe-977d-f011-8eef-7c1e52836c33'),(828,827,'8d1ca3fe-977d-f011-8eef-7c1e52836c33'),(829,828,'8e1ca3fe-977d-f011-8eef-7c1e52836c33'),(830,829,'901ca3fe-977d-f011-8eef-7c1e52836c33'),(831,830,'a81ca3fe-977d-f011-8eef-7c1e52836c33'),(832,831,'c21ca3fe-977d-f011-8eef-7c1e52836c33'),(833,832,'c31ca3fe-977d-f011-8eef-7c1e52836c33'),(834,833,'c41ca3fe-977d-f011-8eef-7c1e52836c33'),(835,834,'c61ca3fe-977d-f011-8eef-7c1e52836c33'),(836,835,'c71ca3fe-977d-f011-8eef-7c1e52836c33'),(837,836,'c81ca3fe-977d-f011-8eef-7c1e52836c33'),(838,837,'c91ca3fe-977d-f011-8eef-7c1e52836c33'),(839,838,'ca1ca3fe-977d-f011-8eef-7c1e52836c33'),(840,839,'cb1ca3fe-977d-f011-8eef-7c1e52836c33'),(841,840,'cc1ca3fe-977d-f011-8eef-7c1e52836c33'),(842,841,'ce1ca3fe-977d-f011-8eef-7c1e52836c33'),(843,842,'cf1ca3fe-977d-f011-8eef-7c1e52836c33'),(844,843,'d01ca3fe-977d-f011-8eef-7c1e52836c33'),(845,844,'d11ca3fe-977d-f011-8eef-7c1e52836c33'),(846,845,'d21ca3fe-977d-f011-8eef-7c1e52836c33'),(847,846,'d31ca3fe-977d-f011-8eef-7c1e52836c33'),(848,847,'d41ca3fe-977d-f011-8eef-7c1e52836c33'),(849,848,'d51ca3fe-977d-f011-8eef-7c1e52836c33'),(850,849,'d61ca3fe-977d-f011-8eef-7c1e52836c33'),(851,850,'d71ca3fe-977d-f011-8eef-7c1e52836c33'),(852,851,'d81ca3fe-977d-f011-8eef-7c1e52836c33'),(853,852,'d91ca3fe-977d-f011-8eef-7c1e52836c33'),(854,853,'da1ca3fe-977d-f011-8eef-7c1e52836c33'),(855,854,'db1ca3fe-977d-f011-8eef-7c1e52836c33'),(856,855,'dd1ca3fe-977d-f011-8eef-7c1e52836c33'),(857,856,'de1ca3fe-977d-f011-8eef-7c1e52836c33'),(858,857,'df1ca3fe-977d-f011-8eef-7c1e52836c33'),(859,858,'e01ca3fe-977d-f011-8eef-7c1e52836c33'),(860,859,'e11ca3fe-977d-f011-8eef-7c1e52836c33'),(861,860,'e21ca3fe-977d-f011-8eef-7c1e52836c33'),(862,861,'e31ca3fe-977d-f011-8eef-7c1e52836c33'),(863,862,'e41ca3fe-977d-f011-8eef-7c1e52836c33'),(864,863,'e51ca3fe-977d-f011-8eef-7c1e52836c33'),(865,864,'e61ca3fe-977d-f011-8eef-7c1e52836c33'),(866,865,'e71ca3fe-977d-f011-8eef-7c1e52836c33'),(867,866,'e81ca3fe-977d-f011-8eef-7c1e52836c33'),(868,867,'e91ca3fe-977d-f011-8eef-7c1e52836c33'),(869,868,'ea1ca3fe-977d-f011-8eef-7c1e52836c33'),(870,869,'ec1ca3fe-977d-f011-8eef-7c1e52836c33'),(871,870,'ed1ca3fe-977d-f011-8eef-7c1e52836c33'),(872,871,'ee1ca3fe-977d-f011-8eef-7c1e52836c33'),(873,872,'ef1ca3fe-977d-f011-8eef-7c1e52836c33'),(874,873,'f01ca3fe-977d-f011-8eef-7c1e52836c33'),(875,874,'f11ca3fe-977d-f011-8eef-7c1e52836c33'),(876,875,'f21ca3fe-977d-f011-8eef-7c1e52836c33'),(877,876,'f31ca3fe-977d-f011-8eef-7c1e52836c33'),(878,877,'f41ca3fe-977d-f011-8eef-7c1e52836c33'),(879,878,'f51ca3fe-977d-f011-8eef-7c1e52836c33'),(880,879,'f61ca3fe-977d-f011-8eef-7c1e52836c33'),(881,880,'f71ca3fe-977d-f011-8eef-7c1e52836c33'),(882,881,'f81ca3fe-977d-f011-8eef-7c1e52836c33'),(883,882,'f91ca3fe-977d-f011-8eef-7c1e52836c33'),(884,883,'fa1ca3fe-977d-f011-8eef-7c1e52836c33'),(885,884,'fc1ca3fe-977d-f011-8eef-7c1e52836c33'),(886,885,'9726a004-987d-f011-8eef-7c1e52836c33'),(887,886,'9926a004-987d-f011-8eef-7c1e52836c33'),(888,887,'9a26a004-987d-f011-8eef-7c1e52836c33'),(889,888,'9b26a004-987d-f011-8eef-7c1e52836c33'),(890,889,'9c26a004-987d-f011-8eef-7c1e52836c33'),(891,890,'9d26a004-987d-f011-8eef-7c1e52836c33'),(892,891,'9e26a004-987d-f011-8eef-7c1e52836c33'),(893,892,'9f26a004-987d-f011-8eef-7c1e52836c33'),(894,893,'a026a004-987d-f011-8eef-7c1e52836c33'),(895,894,'a226a004-987d-f011-8eef-7c1e52836c33'),(896,895,'a426a004-987d-f011-8eef-7c1e52836c33'),(897,896,'a726a004-987d-f011-8eef-7c1e52836c33'),(898,897,'a926a004-987d-f011-8eef-7c1e52836c33'),(899,898,'ab26a004-987d-f011-8eef-7c1e52836c33'),(900,899,'ad26a004-987d-f011-8eef-7c1e52836c33'),(901,900,'b026a004-987d-f011-8eef-7c1e52836c33'),(902,901,'b226a004-987d-f011-8eef-7c1e52836c33'),(903,902,'b326a004-987d-f011-8eef-7c1e52836c33'),(904,903,'b426a004-987d-f011-8eef-7c1e52836c33'),(905,904,'b526a004-987d-f011-8eef-7c1e52836c33'),(906,905,'b626a004-987d-f011-8eef-7c1e52836c33'),(907,906,'b726a004-987d-f011-8eef-7c1e52836c33'),(908,907,'b826a004-987d-f011-8eef-7c1e52836c33'),(909,908,'b926a004-987d-f011-8eef-7c1e52836c33'),(911,910,'bc26a004-987d-f011-8eef-7c1e52836c33'),(912,911,'bd26a004-987d-f011-8eef-7c1e52836c33'),(913,912,'be26a004-987d-f011-8eef-7c1e52836c33'),(914,913,'bf26a004-987d-f011-8eef-7c1e52836c33'),(915,914,'c026a004-987d-f011-8eef-7c1e52836c33'),(916,915,'c126a004-987d-f011-8eef-7c1e52836c33'),(917,916,'c226a004-987d-f011-8eef-7c1e52836c33'),(918,917,'c326a004-987d-f011-8eef-7c1e52836c33'),(919,918,'c426a004-987d-f011-8eef-7c1e52836c33'),(920,919,'c526a004-987d-f011-8eef-7c1e52836c33'),(921,920,'c626a004-987d-f011-8eef-7c1e52836c33'),(922,921,'c726a004-987d-f011-8eef-7c1e52836c33'),(923,922,'c826a004-987d-f011-8eef-7c1e52836c33'),(924,923,'c926a004-987d-f011-8eef-7c1e52836c33'),(925,924,'ca26a004-987d-f011-8eef-7c1e52836c33'),(926,925,'cb26a004-987d-f011-8eef-7c1e52836c33'),(927,926,'cc26a004-987d-f011-8eef-7c1e52836c33'),(928,927,'cd26a004-987d-f011-8eef-7c1e52836c33'),(929,928,'ce26a004-987d-f011-8eef-7c1e52836c33'),(930,929,'cf26a004-987d-f011-8eef-7c1e52836c33'),(931,930,'d026a004-987d-f011-8eef-7c1e52836c33'),(932,931,'d126a004-987d-f011-8eef-7c1e52836c33'),(933,932,'d226a004-987d-f011-8eef-7c1e52836c33'),(934,933,'d326a004-987d-f011-8eef-7c1e52836c33'),(935,934,'d426a004-987d-f011-8eef-7c1e52836c33'),(936,935,'d526a004-987d-f011-8eef-7c1e52836c33'),(937,936,'d726a004-987d-f011-8eef-7c1e52836c33'),(938,937,'d826a004-987d-f011-8eef-7c1e52836c33'),(939,938,'d926a004-987d-f011-8eef-7c1e52836c33'),(940,939,'da26a004-987d-f011-8eef-7c1e52836c33'),(941,940,'db26a004-987d-f011-8eef-7c1e52836c33'),(942,941,'dc26a004-987d-f011-8eef-7c1e52836c33'),(943,942,'dd26a004-987d-f011-8eef-7c1e52836c33'),(944,943,'de26a004-987d-f011-8eef-7c1e52836c33'),(945,944,'df26a004-987d-f011-8eef-7c1e52836c33'),(946,945,'e026a004-987d-f011-8eef-7c1e52836c33'),(947,946,'e126a004-987d-f011-8eef-7c1e52836c33'),(948,947,'e226a004-987d-f011-8eef-7c1e52836c33'),(949,948,'e326a004-987d-f011-8eef-7c1e52836c33'),(950,949,'e426a004-987d-f011-8eef-7c1e52836c33'),(951,950,'e526a004-987d-f011-8eef-7c1e52836c33'),(952,951,'e626a004-987d-f011-8eef-7c1e52836c33'),(953,952,'e826a004-987d-f011-8eef-7c1e52836c33'),(954,953,'e926a004-987d-f011-8eef-7c1e52836c33'),(955,742,'ea26a004-987d-f011-8eef-7c1e52836c33'),(956,954,'eb26a004-987d-f011-8eef-7c1e52836c33'),(957,955,'ec26a004-987d-f011-8eef-7c1e52836c33'),(958,956,'ed26a004-987d-f011-8eef-7c1e52836c33'),(959,957,'ee26a004-987d-f011-8eef-7c1e52836c33'),(960,958,'ef26a004-987d-f011-8eef-7c1e52836c33'),(961,959,'f026a004-987d-f011-8eef-7c1e52836c33'),(962,960,'f126a004-987d-f011-8eef-7c1e52836c33'),(963,961,'f226a004-987d-f011-8eef-7c1e52836c33'),(964,962,'f326a004-987d-f011-8eef-7c1e52836c33'),(965,963,'f426a004-987d-f011-8eef-7c1e52836c33'),(966,964,'f526a004-987d-f011-8eef-7c1e52836c33'),(967,965,'f626a004-987d-f011-8eef-7c1e52836c33'),(968,966,'f926a004-987d-f011-8eef-7c1e52836c33'),(969,967,'fc26a004-987d-f011-8eef-7c1e52836c33'),(970,968,'fd26a004-987d-f011-8eef-7c1e52836c33'),(971,969,'fe26a004-987d-f011-8eef-7c1e52836c33'),(972,970,'ff26a004-987d-f011-8eef-7c1e52836c33'),(973,971,'0027a004-987d-f011-8eef-7c1e52836c33'),(974,972,'0227a004-987d-f011-8eef-7c1e52836c33'),(975,973,'0327a004-987d-f011-8eef-7c1e52836c33'),(976,974,'0427a004-987d-f011-8eef-7c1e52836c33'),(977,975,'0527a004-987d-f011-8eef-7c1e52836c33'),(978,976,'0627a004-987d-f011-8eef-7c1e52836c33'),(979,977,'0727a004-987d-f011-8eef-7c1e52836c33'),(980,978,'0827a004-987d-f011-8eef-7c1e52836c33'),(981,979,'0927a004-987d-f011-8eef-7c1e52836c33'),(982,980,'0a27a004-987d-f011-8eef-7c1e52836c33'),(983,981,'0b27a004-987d-f011-8eef-7c1e52836c33'),(984,982,'0c27a004-987d-f011-8eef-7c1e52836c33'),(985,983,'0d27a004-987d-f011-8eef-7c1e52836c33'),(986,984,'0e27a004-987d-f011-8eef-7c1e52836c33'),(987,985,'1027a004-987d-f011-8eef-7c1e52836c33'),(988,986,'1127a004-987d-f011-8eef-7c1e52836c33'),(989,987,'1227a004-987d-f011-8eef-7c1e52836c33'),(990,988,'1327a004-987d-f011-8eef-7c1e52836c33'),(991,989,'1427a004-987d-f011-8eef-7c1e52836c33'),(992,990,'1527a004-987d-f011-8eef-7c1e52836c33'),(993,991,'1627a004-987d-f011-8eef-7c1e52836c33'),(994,992,'1727a004-987d-f011-8eef-7c1e52836c33'),(995,993,'1827a004-987d-f011-8eef-7c1e52836c33'),(996,994,'1927a004-987d-f011-8eef-7c1e52836c33'),(997,995,'1a27a004-987d-f011-8eef-7c1e52836c33'),(998,996,'1b27a004-987d-f011-8eef-7c1e52836c33'),(999,997,'1c27a004-987d-f011-8eef-7c1e52836c33'),(1000,998,'1d27a004-987d-f011-8eef-7c1e52836c33'),(1001,999,'1e27a004-987d-f011-8eef-7c1e52836c33'),(1002,1000,'1f27a004-987d-f011-8eef-7c1e52836c33'),(1003,1001,'2027a004-987d-f011-8eef-7c1e52836c33'),(1004,1002,'2127a004-987d-f011-8eef-7c1e52836c33'),(1005,1003,'2327a004-987d-f011-8eef-7c1e52836c33'),(1006,1004,'2427a004-987d-f011-8eef-7c1e52836c33'),(1007,1005,'2527a004-987d-f011-8eef-7c1e52836c33'),(1008,1006,'2627a004-987d-f011-8eef-7c1e52836c33'),(1009,1007,'2727a004-987d-f011-8eef-7c1e52836c33'),(1010,1008,'2827a004-987d-f011-8eef-7c1e52836c33'),(1011,1009,'2927a004-987d-f011-8eef-7c1e52836c33'),(1012,1010,'2a27a004-987d-f011-8eef-7c1e52836c33'),(1013,1011,'2b27a004-987d-f011-8eef-7c1e52836c33'),(1014,1012,'2c27a004-987d-f011-8eef-7c1e52836c33'),(1015,1013,'2d27a004-987d-f011-8eef-7c1e52836c33'),(1016,1014,'2e27a004-987d-f011-8eef-7c1e52836c33'),(1017,1015,'3027a004-987d-f011-8eef-7c1e52836c33'),(1018,1016,'3127a004-987d-f011-8eef-7c1e52836c33'),(1019,1017,'3227a004-987d-f011-8eef-7c1e52836c33'),(1020,1018,'3327a004-987d-f011-8eef-7c1e52836c33'),(1021,1019,'3427a004-987d-f011-8eef-7c1e52836c33'),(1022,1020,'3527a004-987d-f011-8eef-7c1e52836c33'),(1023,1021,'3627a004-987d-f011-8eef-7c1e52836c33'),(1024,1022,'3727a004-987d-f011-8eef-7c1e52836c33'),(1025,1023,'3827a004-987d-f011-8eef-7c1e52836c33'),(1026,1024,'3a27a004-987d-f011-8eef-7c1e52836c33'),(1027,1025,'3b27a004-987d-f011-8eef-7c1e52836c33'),(1028,1026,'3c27a004-987d-f011-8eef-7c1e52836c33'),(1029,1027,'3d27a004-987d-f011-8eef-7c1e52836c33'),(1030,1028,'3e27a004-987d-f011-8eef-7c1e52836c33'),(1031,1029,'3f27a004-987d-f011-8eef-7c1e52836c33'),(1032,1030,'4027a004-987d-f011-8eef-7c1e52836c33'),(1033,1031,'4127a004-987d-f011-8eef-7c1e52836c33'),(1034,1032,'4227a004-987d-f011-8eef-7c1e52836c33'),(1035,1033,'4327a004-987d-f011-8eef-7c1e52836c33'),(1036,1034,'4527a004-987d-f011-8eef-7c1e52836c33'),(1037,1035,'4627a004-987d-f011-8eef-7c1e52836c33'),(1038,1036,'4727a004-987d-f011-8eef-7c1e52836c33'),(1039,1037,'4827a004-987d-f011-8eef-7c1e52836c33'),(1040,1038,'4927a004-987d-f011-8eef-7c1e52836c33'),(1041,1039,'4a27a004-987d-f011-8eef-7c1e52836c33'),(1042,1040,'4b27a004-987d-f011-8eef-7c1e52836c33'),(1043,1041,'4c27a004-987d-f011-8eef-7c1e52836c33'),(1044,1042,'4d27a004-987d-f011-8eef-7c1e52836c33'),(1045,1043,'4e27a004-987d-f011-8eef-7c1e52836c33'),(1046,1044,'4f27a004-987d-f011-8eef-7c1e52836c33'),(1047,1045,'5027a004-987d-f011-8eef-7c1e52836c33'),(1048,1046,'5127a004-987d-f011-8eef-7c1e52836c33'),(1049,1047,'5227a004-987d-f011-8eef-7c1e52836c33'),(1050,1048,'5327a004-987d-f011-8eef-7c1e52836c33'),(1051,1049,'5427a004-987d-f011-8eef-7c1e52836c33'),(1052,1050,'5527a004-987d-f011-8eef-7c1e52836c33'),(1053,1051,'5627a004-987d-f011-8eef-7c1e52836c33'),(1054,1052,'5727a004-987d-f011-8eef-7c1e52836c33'),(1055,1053,'5827a004-987d-f011-8eef-7c1e52836c33'),(1056,1054,'5a27a004-987d-f011-8eef-7c1e52836c33'),(1057,1055,'5b27a004-987d-f011-8eef-7c1e52836c33'),(1058,1056,'5c27a004-987d-f011-8eef-7c1e52836c33'),(1059,1057,'5d27a004-987d-f011-8eef-7c1e52836c33'),(1060,1058,'5e27a004-987d-f011-8eef-7c1e52836c33'),(1061,1059,'5f27a004-987d-f011-8eef-7c1e52836c33'),(1062,1060,'6027a004-987d-f011-8eef-7c1e52836c33'),(1063,1061,'6127a004-987d-f011-8eef-7c1e52836c33'),(1064,1062,'6227a004-987d-f011-8eef-7c1e52836c33'),(1065,1063,'6327a004-987d-f011-8eef-7c1e52836c33'),(1066,1064,'6427a004-987d-f011-8eef-7c1e52836c33'),(1067,1065,'6527a004-987d-f011-8eef-7c1e52836c33'),(1068,1066,'6627a004-987d-f011-8eef-7c1e52836c33'),(1069,1067,'6727a004-987d-f011-8eef-7c1e52836c33'),(1070,1068,'6827a004-987d-f011-8eef-7c1e52836c33'),(1071,1069,'6a27a004-987d-f011-8eef-7c1e52836c33'),(1072,1070,'6b27a004-987d-f011-8eef-7c1e52836c33'),(1073,1071,'6e27a004-987d-f011-8eef-7c1e52836c33'),(1074,1072,'7027a004-987d-f011-8eef-7c1e52836c33'),(1075,1073,'7127a004-987d-f011-8eef-7c1e52836c33'),(1076,1074,'7327a004-987d-f011-8eef-7c1e52836c33'),(1077,1075,'7527a004-987d-f011-8eef-7c1e52836c33'),(1078,1076,'7727a004-987d-f011-8eef-7c1e52836c33'),(1079,1077,'7827a004-987d-f011-8eef-7c1e52836c33'),(1080,1078,'7927a004-987d-f011-8eef-7c1e52836c33'),(1081,1079,'7a27a004-987d-f011-8eef-7c1e52836c33'),(1082,1080,'7b27a004-987d-f011-8eef-7c1e52836c33'),(1083,1081,'7c27a004-987d-f011-8eef-7c1e52836c33'),(1084,1082,'7d27a004-987d-f011-8eef-7c1e52836c33'),(1085,1083,'7e27a004-987d-f011-8eef-7c1e52836c33'),(1086,1084,'7f27a004-987d-f011-8eef-7c1e52836c33'),(1087,1085,'8027a004-987d-f011-8eef-7c1e52836c33'),(1088,1086,'8127a004-987d-f011-8eef-7c1e52836c33'),(1089,1087,'8227a004-987d-f011-8eef-7c1e52836c33'),(1090,1088,'8327a004-987d-f011-8eef-7c1e52836c33'),(1091,1089,'8427a004-987d-f011-8eef-7c1e52836c33'),(1092,1090,'8527a004-987d-f011-8eef-7c1e52836c33'),(1093,1091,'8627a004-987d-f011-8eef-7c1e52836c33'),(1094,1092,'8727a004-987d-f011-8eef-7c1e52836c33'),(1095,1093,'8927a004-987d-f011-8eef-7c1e52836c33'),(1096,1094,'8a27a004-987d-f011-8eef-7c1e52836c33'),(1097,1095,'8b27a004-987d-f011-8eef-7c1e52836c33'),(1098,1096,'8c27a004-987d-f011-8eef-7c1e52836c33'),(1099,1097,'8d27a004-987d-f011-8eef-7c1e52836c33'),(1100,1098,'8e27a004-987d-f011-8eef-7c1e52836c33'),(1101,1099,'8f27a004-987d-f011-8eef-7c1e52836c33'),(1102,1100,'9027a004-987d-f011-8eef-7c1e52836c33'),(1103,1101,'9127a004-987d-f011-8eef-7c1e52836c33'),(1104,1102,'9227a004-987d-f011-8eef-7c1e52836c33'),(1105,1103,'9327a004-987d-f011-8eef-7c1e52836c33'),(1106,1104,'9427a004-987d-f011-8eef-7c1e52836c33'),(1107,1105,'9527a004-987d-f011-8eef-7c1e52836c33'),(1108,1106,'9627a004-987d-f011-8eef-7c1e52836c33'),(1109,1107,'9727a004-987d-f011-8eef-7c1e52836c33'),(1110,1108,'9827a004-987d-f011-8eef-7c1e52836c33'),(1111,1109,'9927a004-987d-f011-8eef-7c1e52836c33'),(1112,1110,'9a27a004-987d-f011-8eef-7c1e52836c33'),(1113,1111,'9b27a004-987d-f011-8eef-7c1e52836c33'),(1114,1112,'9d27a004-987d-f011-8eef-7c1e52836c33'),(1115,1113,'9e27a004-987d-f011-8eef-7c1e52836c33'),(1116,1114,'9f27a004-987d-f011-8eef-7c1e52836c33'),(1117,1115,'a027a004-987d-f011-8eef-7c1e52836c33'),(1118,1116,'a127a004-987d-f011-8eef-7c1e52836c33'),(1119,1117,'a227a004-987d-f011-8eef-7c1e52836c33'),(1120,1118,'a327a004-987d-f011-8eef-7c1e52836c33'),(1121,1119,'a427a004-987d-f011-8eef-7c1e52836c33'),(1122,1120,'a527a004-987d-f011-8eef-7c1e52836c33'),(1123,1121,'a627a004-987d-f011-8eef-7c1e52836c33'),(1124,1122,'a727a004-987d-f011-8eef-7c1e52836c33'),(1125,1123,'a827a004-987d-f011-8eef-7c1e52836c33'),(1126,1124,'a927a004-987d-f011-8eef-7c1e52836c33'),(1127,1125,'aa27a004-987d-f011-8eef-7c1e52836c33'),(1128,1126,'ac27a004-987d-f011-8eef-7c1e52836c33'),(1129,1127,'ad27a004-987d-f011-8eef-7c1e52836c33'),(1130,1128,'ae27a004-987d-f011-8eef-7c1e52836c33'),(1131,1129,'af27a004-987d-f011-8eef-7c1e52836c33'),(1132,1130,'b027a004-987d-f011-8eef-7c1e52836c33'),(1133,1131,'b127a004-987d-f011-8eef-7c1e52836c33'),(1134,1132,'b227a004-987d-f011-8eef-7c1e52836c33'),(1135,1133,'b327a004-987d-f011-8eef-7c1e52836c33'),(1136,1134,'b427a004-987d-f011-8eef-7c1e52836c33'),(1137,1135,'b527a004-987d-f011-8eef-7c1e52836c33'),(1138,1136,'b627a004-987d-f011-8eef-7c1e52836c33'),(1139,1137,'b727a004-987d-f011-8eef-7c1e52836c33'),(1140,1138,'b827a004-987d-f011-8eef-7c1e52836c33'),(1141,1139,'ba27a004-987d-f011-8eef-7c1e52836c33'),(1142,1140,'bb27a004-987d-f011-8eef-7c1e52836c33'),(1143,1141,'bc27a004-987d-f011-8eef-7c1e52836c33'),(1144,1142,'bd27a004-987d-f011-8eef-7c1e52836c33'),(1145,1143,'be27a004-987d-f011-8eef-7c1e52836c33'),(1146,1144,'bf27a004-987d-f011-8eef-7c1e52836c33'),(1147,1145,'c027a004-987d-f011-8eef-7c1e52836c33'),(1148,1146,'c127a004-987d-f011-8eef-7c1e52836c33'),(1149,1147,'c227a004-987d-f011-8eef-7c1e52836c33'),(1150,1148,'c327a004-987d-f011-8eef-7c1e52836c33'),(1151,1149,'c427a004-987d-f011-8eef-7c1e52836c33'),(1152,1150,'c527a004-987d-f011-8eef-7c1e52836c33'),(1153,1151,'c627a004-987d-f011-8eef-7c1e52836c33'),(1154,1152,'c727a004-987d-f011-8eef-7c1e52836c33'),(1155,1153,'c827a004-987d-f011-8eef-7c1e52836c33'),(1156,1154,'c927a004-987d-f011-8eef-7c1e52836c33'),(1157,1155,'cb27a004-987d-f011-8eef-7c1e52836c33'),(1158,1156,'cc27a004-987d-f011-8eef-7c1e52836c33'),(1159,1157,'cd27a004-987d-f011-8eef-7c1e52836c33'),(1160,1158,'ce27a004-987d-f011-8eef-7c1e52836c33'),(1161,1159,'cf27a004-987d-f011-8eef-7c1e52836c33'),(1162,1160,'d027a004-987d-f011-8eef-7c1e52836c33'),(1163,1161,'d127a004-987d-f011-8eef-7c1e52836c33'),(1164,1162,'d227a004-987d-f011-8eef-7c1e52836c33'),(1165,1163,'d327a004-987d-f011-8eef-7c1e52836c33'),(1166,1164,'d427a004-987d-f011-8eef-7c1e52836c33'),(1167,1165,'d527a004-987d-f011-8eef-7c1e52836c33'),(1168,1166,'d627a004-987d-f011-8eef-7c1e52836c33'),(1169,1167,'d727a004-987d-f011-8eef-7c1e52836c33'),(1170,1168,'d827a004-987d-f011-8eef-7c1e52836c33'),(1171,1169,'d927a004-987d-f011-8eef-7c1e52836c33'),(1172,1170,'da27a004-987d-f011-8eef-7c1e52836c33'),(1173,1171,'db27a004-987d-f011-8eef-7c1e52836c33'),(1174,1172,'dc27a004-987d-f011-8eef-7c1e52836c33'),(1175,1173,'dd27a004-987d-f011-8eef-7c1e52836c33'),(1176,1174,'de27a004-987d-f011-8eef-7c1e52836c33'),(1177,1175,'df27a004-987d-f011-8eef-7c1e52836c33'),(1178,1176,'e127a004-987d-f011-8eef-7c1e52836c33'),(1179,1177,'e227a004-987d-f011-8eef-7c1e52836c33'),(1180,1178,'e727a004-987d-f011-8eef-7c1e52836c33'),(1181,1179,'ea27a004-987d-f011-8eef-7c1e52836c33'),(1182,1180,'eb27a004-987d-f011-8eef-7c1e52836c33'),(1183,1181,'0cf1ad0a-987d-f011-8eef-7c1e52836c33'),(1184,1182,'0df1ad0a-987d-f011-8eef-7c1e52836c33'),(1185,1183,'0ef1ad0a-987d-f011-8eef-7c1e52836c33'),(1186,1184,'1af1ad0a-987d-f011-8eef-7c1e52836c33'),(1187,1185,'1cf1ad0a-987d-f011-8eef-7c1e52836c33'),(1188,1186,'1df1ad0a-987d-f011-8eef-7c1e52836c33'),(1189,1187,'1ef1ad0a-987d-f011-8eef-7c1e52836c33'),(1190,1188,'1ff1ad0a-987d-f011-8eef-7c1e52836c33'),(1191,1189,'20f1ad0a-987d-f011-8eef-7c1e52836c33'),(1192,1190,'21f1ad0a-987d-f011-8eef-7c1e52836c33'),(1193,1191,'22f1ad0a-987d-f011-8eef-7c1e52836c33'),(1194,1192,'23f1ad0a-987d-f011-8eef-7c1e52836c33'),(1195,1193,'24f1ad0a-987d-f011-8eef-7c1e52836c33'),(1196,1194,'25f1ad0a-987d-f011-8eef-7c1e52836c33'),(1197,1195,'26f1ad0a-987d-f011-8eef-7c1e52836c33'),(1198,1196,'27f1ad0a-987d-f011-8eef-7c1e52836c33'),(1199,1197,'28f1ad0a-987d-f011-8eef-7c1e52836c33'),(1200,1198,'29f1ad0a-987d-f011-8eef-7c1e52836c33'),(1201,1199,'2af1ad0a-987d-f011-8eef-7c1e52836c33'),(1202,1200,'2bf1ad0a-987d-f011-8eef-7c1e52836c33'),(1203,1201,'2cf1ad0a-987d-f011-8eef-7c1e52836c33'),(1204,1202,'2df1ad0a-987d-f011-8eef-7c1e52836c33'),(1205,1203,'2ff1ad0a-987d-f011-8eef-7c1e52836c33'),(1206,1204,'30f1ad0a-987d-f011-8eef-7c1e52836c33'),(1207,1205,'31f1ad0a-987d-f011-8eef-7c1e52836c33'),(1208,1206,'32f1ad0a-987d-f011-8eef-7c1e52836c33'),(1209,1207,'33f1ad0a-987d-f011-8eef-7c1e52836c33'),(1210,1208,'34f1ad0a-987d-f011-8eef-7c1e52836c33'),(1211,1209,'35f1ad0a-987d-f011-8eef-7c1e52836c33'),(1212,1210,'36f1ad0a-987d-f011-8eef-7c1e52836c33'),(1213,1211,'38f1ad0a-987d-f011-8eef-7c1e52836c33'),(1214,1212,'39f1ad0a-987d-f011-8eef-7c1e52836c33'),(1215,1213,'3af1ad0a-987d-f011-8eef-7c1e52836c33'),(1216,1214,'3bf1ad0a-987d-f011-8eef-7c1e52836c33'),(1217,1215,'3cf1ad0a-987d-f011-8eef-7c1e52836c33'),(1218,1216,'3df1ad0a-987d-f011-8eef-7c1e52836c33'),(1219,1217,'3ef1ad0a-987d-f011-8eef-7c1e52836c33'),(1220,1218,'3ff1ad0a-987d-f011-8eef-7c1e52836c33'),(1221,1219,'40f1ad0a-987d-f011-8eef-7c1e52836c33'),(1222,1220,'41f1ad0a-987d-f011-8eef-7c1e52836c33'),(1223,1221,'43f1ad0a-987d-f011-8eef-7c1e52836c33'),(1224,1222,'44f1ad0a-987d-f011-8eef-7c1e52836c33'),(1225,1223,'45f1ad0a-987d-f011-8eef-7c1e52836c33'),(1226,1224,'46f1ad0a-987d-f011-8eef-7c1e52836c33'),(1227,1225,'47f1ad0a-987d-f011-8eef-7c1e52836c33'),(1228,1226,'48f1ad0a-987d-f011-8eef-7c1e52836c33'),(1229,1227,'49f1ad0a-987d-f011-8eef-7c1e52836c33'),(1230,1228,'4af1ad0a-987d-f011-8eef-7c1e52836c33'),(1231,1229,'4bf1ad0a-987d-f011-8eef-7c1e52836c33'),(1232,1230,'4cf1ad0a-987d-f011-8eef-7c1e52836c33'),(1233,1231,'4df1ad0a-987d-f011-8eef-7c1e52836c33'),(1234,1232,'4ef1ad0a-987d-f011-8eef-7c1e52836c33'),(1235,1233,'4ff1ad0a-987d-f011-8eef-7c1e52836c33'),(1236,1234,'50f1ad0a-987d-f011-8eef-7c1e52836c33'),(1237,1235,'51f1ad0a-987d-f011-8eef-7c1e52836c33'),(1238,1236,'53f1ad0a-987d-f011-8eef-7c1e52836c33'),(1239,1237,'54f1ad0a-987d-f011-8eef-7c1e52836c33'),(1240,1238,'55f1ad0a-987d-f011-8eef-7c1e52836c33'),(1241,1239,'56f1ad0a-987d-f011-8eef-7c1e52836c33'),(1242,1240,'57f1ad0a-987d-f011-8eef-7c1e52836c33'),(1243,1241,'58f1ad0a-987d-f011-8eef-7c1e52836c33'),(1244,1242,'59f1ad0a-987d-f011-8eef-7c1e52836c33'),(1245,1243,'5af1ad0a-987d-f011-8eef-7c1e52836c33'),(1246,1244,'5bf1ad0a-987d-f011-8eef-7c1e52836c33'),(1247,1245,'5cf1ad0a-987d-f011-8eef-7c1e52836c33'),(1248,1246,'5df1ad0a-987d-f011-8eef-7c1e52836c33'),(1249,1247,'5ef1ad0a-987d-f011-8eef-7c1e52836c33'),(1250,1248,'5ff1ad0a-987d-f011-8eef-7c1e52836c33'),(1251,1249,'60f1ad0a-987d-f011-8eef-7c1e52836c33'),(1252,1250,'62f1ad0a-987d-f011-8eef-7c1e52836c33'),(1253,1251,'63f1ad0a-987d-f011-8eef-7c1e52836c33'),(1254,1252,'64f1ad0a-987d-f011-8eef-7c1e52836c33'),(1255,1253,'65f1ad0a-987d-f011-8eef-7c1e52836c33'),(1256,1254,'67f1ad0a-987d-f011-8eef-7c1e52836c33'),(1257,1255,'68f1ad0a-987d-f011-8eef-7c1e52836c33'),(1258,1256,'7af1ad0a-987d-f011-8eef-7c1e52836c33'),(1259,1257,'88f1ad0a-987d-f011-8eef-7c1e52836c33'),(1260,1258,'94f1ad0a-987d-f011-8eef-7c1e52836c33'),(1261,1259,'98f1ad0a-987d-f011-8eef-7c1e52836c33'),(1262,1260,'99f1ad0a-987d-f011-8eef-7c1e52836c33'),(1263,1261,'9af1ad0a-987d-f011-8eef-7c1e52836c33'),(1264,1262,'9cf1ad0a-987d-f011-8eef-7c1e52836c33'),(1265,1263,'9df1ad0a-987d-f011-8eef-7c1e52836c33'),(1266,1264,'9ef1ad0a-987d-f011-8eef-7c1e52836c33'),(1267,1265,'9ff1ad0a-987d-f011-8eef-7c1e52836c33'),(1268,1266,'a0f1ad0a-987d-f011-8eef-7c1e52836c33'),(1269,1267,'a1f1ad0a-987d-f011-8eef-7c1e52836c33'),(1270,1268,'a2f1ad0a-987d-f011-8eef-7c1e52836c33'),(1271,1269,'a3f1ad0a-987d-f011-8eef-7c1e52836c33'),(1272,1270,'a4f1ad0a-987d-f011-8eef-7c1e52836c33'),(1273,1271,'a5f1ad0a-987d-f011-8eef-7c1e52836c33'),(1274,1272,'a6f1ad0a-987d-f011-8eef-7c1e52836c33'),(1275,1273,'a7f1ad0a-987d-f011-8eef-7c1e52836c33'),(1276,1274,'a8f1ad0a-987d-f011-8eef-7c1e52836c33'),(1277,1275,'a9f1ad0a-987d-f011-8eef-7c1e52836c33'),(1278,1276,'aaf1ad0a-987d-f011-8eef-7c1e52836c33'),(1279,1277,'acf1ad0a-987d-f011-8eef-7c1e52836c33'),(1280,1278,'adf1ad0a-987d-f011-8eef-7c1e52836c33'),(1281,1279,'b0f1ad0a-987d-f011-8eef-7c1e52836c33'),(1282,1280,'b6f1ad0a-987d-f011-8eef-7c1e52836c33'),(1283,1281,'baf1ad0a-987d-f011-8eef-7c1e52836c33'),(1284,1282,'c8f1ad0a-987d-f011-8eef-7c1e52836c33'),(1285,1283,'c9f1ad0a-987d-f011-8eef-7c1e52836c33'),(1286,1284,'caf1ad0a-987d-f011-8eef-7c1e52836c33'),(1287,1285,'cbf1ad0a-987d-f011-8eef-7c1e52836c33'),(1288,1286,'ccf1ad0a-987d-f011-8eef-7c1e52836c33'),(1289,1287,'cdf1ad0a-987d-f011-8eef-7c1e52836c33'),(1290,1288,'cef1ad0a-987d-f011-8eef-7c1e52836c33'),(1291,1289,'d0f1ad0a-987d-f011-8eef-7c1e52836c33'),(1292,1290,'d1f1ad0a-987d-f011-8eef-7c1e52836c33'),(1293,1291,'d2f1ad0a-987d-f011-8eef-7c1e52836c33'),(1294,1292,'d4f1ad0a-987d-f011-8eef-7c1e52836c33'),(1295,1293,'d5f1ad0a-987d-f011-8eef-7c1e52836c33'),(1296,1294,'d6f1ad0a-987d-f011-8eef-7c1e52836c33'),(1297,1295,'d7f1ad0a-987d-f011-8eef-7c1e52836c33'),(1298,1296,'d8f1ad0a-987d-f011-8eef-7c1e52836c33'),(1299,1297,'d9f1ad0a-987d-f011-8eef-7c1e52836c33'),(1300,1298,'daf1ad0a-987d-f011-8eef-7c1e52836c33'),(1301,1299,'dbf1ad0a-987d-f011-8eef-7c1e52836c33'),(1302,1300,'dcf1ad0a-987d-f011-8eef-7c1e52836c33'),(1303,1301,'ddf1ad0a-987d-f011-8eef-7c1e52836c33'),(1304,1302,'def1ad0a-987d-f011-8eef-7c1e52836c33'),(1305,1303,'dff1ad0a-987d-f011-8eef-7c1e52836c33'),(1306,1304,'e1f1ad0a-987d-f011-8eef-7c1e52836c33'),(1307,1305,'e2f1ad0a-987d-f011-8eef-7c1e52836c33'),(1308,1306,'e3f1ad0a-987d-f011-8eef-7c1e52836c33'),(1309,1307,'e4f1ad0a-987d-f011-8eef-7c1e52836c33'),(1310,1308,'e5f1ad0a-987d-f011-8eef-7c1e52836c33'),(1311,1309,'e6f1ad0a-987d-f011-8eef-7c1e52836c33'),(1312,1310,'e7f1ad0a-987d-f011-8eef-7c1e52836c33'),(1313,1311,'e8f1ad0a-987d-f011-8eef-7c1e52836c33'),(1314,1312,'e9f1ad0a-987d-f011-8eef-7c1e52836c33'),(1315,1313,'eaf1ad0a-987d-f011-8eef-7c1e52836c33'),(1316,1314,'ebf1ad0a-987d-f011-8eef-7c1e52836c33'),(1317,1315,'ecf1ad0a-987d-f011-8eef-7c1e52836c33'),(1318,1316,'edf1ad0a-987d-f011-8eef-7c1e52836c33'),(1319,1317,'eff1ad0a-987d-f011-8eef-7c1e52836c33'),(1320,1318,'f1f1ad0a-987d-f011-8eef-7c1e52836c33'),(1321,1319,'f2f1ad0a-987d-f011-8eef-7c1e52836c33'),(1322,1320,'f3f1ad0a-987d-f011-8eef-7c1e52836c33'),(1323,1321,'f4f1ad0a-987d-f011-8eef-7c1e52836c33'),(1324,1322,'f6f1ad0a-987d-f011-8eef-7c1e52836c33'),(1325,1323,'f7f1ad0a-987d-f011-8eef-7c1e52836c33'),(1326,1324,'f8f1ad0a-987d-f011-8eef-7c1e52836c33'),(1327,1325,'f9f1ad0a-987d-f011-8eef-7c1e52836c33'),(1328,1326,'faf1ad0a-987d-f011-8eef-7c1e52836c33'),(1329,1327,'fbf1ad0a-987d-f011-8eef-7c1e52836c33'),(1330,1328,'fcf1ad0a-987d-f011-8eef-7c1e52836c33'),(1331,1329,'fdf1ad0a-987d-f011-8eef-7c1e52836c33'),(1332,1330,'fef1ad0a-987d-f011-8eef-7c1e52836c33'),(1333,1331,'fff1ad0a-987d-f011-8eef-7c1e52836c33'),(1334,1332,'00f2ad0a-987d-f011-8eef-7c1e52836c33'),(1335,1333,'02f2ad0a-987d-f011-8eef-7c1e52836c33'),(1336,1334,'03f2ad0a-987d-f011-8eef-7c1e52836c33'),(1337,1335,'04f2ad0a-987d-f011-8eef-7c1e52836c33'),(1338,1336,'05f2ad0a-987d-f011-8eef-7c1e52836c33'),(1339,1337,'06f2ad0a-987d-f011-8eef-7c1e52836c33'),(1340,1338,'07f2ad0a-987d-f011-8eef-7c1e52836c33'),(1341,1339,'08f2ad0a-987d-f011-8eef-7c1e52836c33'),(1342,1340,'09f2ad0a-987d-f011-8eef-7c1e52836c33'),(1343,1341,'0af2ad0a-987d-f011-8eef-7c1e52836c33'),(1344,1342,'0bf2ad0a-987d-f011-8eef-7c1e52836c33'),(1345,1343,'0cf2ad0a-987d-f011-8eef-7c1e52836c33'),(1346,1344,'0df2ad0a-987d-f011-8eef-7c1e52836c33'),(1347,1345,'0ef2ad0a-987d-f011-8eef-7c1e52836c33'),(1348,1346,'0ff2ad0a-987d-f011-8eef-7c1e52836c33'),(1349,1347,'11f2ad0a-987d-f011-8eef-7c1e52836c33'),(1350,1348,'16f2ad0a-987d-f011-8eef-7c1e52836c33'),(1351,1349,'18f2ad0a-987d-f011-8eef-7c1e52836c33'),(1352,1350,'1af2ad0a-987d-f011-8eef-7c1e52836c33'),(1353,1351,'1cf2ad0a-987d-f011-8eef-7c1e52836c33'),(1354,1352,'1ef2ad0a-987d-f011-8eef-7c1e52836c33'),(1355,1353,'1ff2ad0a-987d-f011-8eef-7c1e52836c33'),(1356,1354,'21f2ad0a-987d-f011-8eef-7c1e52836c33'),(1357,1355,'22f2ad0a-987d-f011-8eef-7c1e52836c33'),(1358,1356,'23f2ad0a-987d-f011-8eef-7c1e52836c33'),(1359,1357,'24f2ad0a-987d-f011-8eef-7c1e52836c33'),(1360,1358,'25f2ad0a-987d-f011-8eef-7c1e52836c33'),(1361,1359,'26f2ad0a-987d-f011-8eef-7c1e52836c33'),(1362,1360,'27f2ad0a-987d-f011-8eef-7c1e52836c33'),(1363,1361,'28f2ad0a-987d-f011-8eef-7c1e52836c33'),(1364,1362,'29f2ad0a-987d-f011-8eef-7c1e52836c33'),(1365,1363,'2af2ad0a-987d-f011-8eef-7c1e52836c33'),(1366,1364,'2bf2ad0a-987d-f011-8eef-7c1e52836c33'),(1367,1365,'2cf2ad0a-987d-f011-8eef-7c1e52836c33'),(1368,1366,'2df2ad0a-987d-f011-8eef-7c1e52836c33'),(1369,1367,'2ef2ad0a-987d-f011-8eef-7c1e52836c33'),(1370,1368,'2ff2ad0a-987d-f011-8eef-7c1e52836c33'),(1371,1369,'30f2ad0a-987d-f011-8eef-7c1e52836c33'),(1372,1370,'32f2ad0a-987d-f011-8eef-7c1e52836c33'),(1373,1371,'33f2ad0a-987d-f011-8eef-7c1e52836c33'),(1374,1372,'34f2ad0a-987d-f011-8eef-7c1e52836c33'),(1375,1373,'36f2ad0a-987d-f011-8eef-7c1e52836c33'),(1376,1374,'37f2ad0a-987d-f011-8eef-7c1e52836c33'),(1377,1375,'38f2ad0a-987d-f011-8eef-7c1e52836c33'),(1378,1376,'39f2ad0a-987d-f011-8eef-7c1e52836c33'),(1379,1377,'3af2ad0a-987d-f011-8eef-7c1e52836c33'),(1380,1378,'3bf2ad0a-987d-f011-8eef-7c1e52836c33'),(1381,1379,'3cf2ad0a-987d-f011-8eef-7c1e52836c33'),(1382,1380,'3df2ad0a-987d-f011-8eef-7c1e52836c33'),(1383,1381,'3ff2ad0a-987d-f011-8eef-7c1e52836c33'),(1384,1382,'40f2ad0a-987d-f011-8eef-7c1e52836c33'),(1385,1383,'43f2ad0a-987d-f011-8eef-7c1e52836c33'),(1386,1384,'44f2ad0a-987d-f011-8eef-7c1e52836c33'),(1387,1385,'45f2ad0a-987d-f011-8eef-7c1e52836c33'),(1388,1386,'46f2ad0a-987d-f011-8eef-7c1e52836c33'),(1389,1387,'47f2ad0a-987d-f011-8eef-7c1e52836c33'),(1390,1388,'48f2ad0a-987d-f011-8eef-7c1e52836c33'),(1391,1389,'49f2ad0a-987d-f011-8eef-7c1e52836c33'),(1392,1390,'4af2ad0a-987d-f011-8eef-7c1e52836c33'),(1393,1391,'4bf2ad0a-987d-f011-8eef-7c1e52836c33'),(1394,1392,'4cf2ad0a-987d-f011-8eef-7c1e52836c33'),(1395,1393,'4df2ad0a-987d-f011-8eef-7c1e52836c33'),(1396,1394,'4ef2ad0a-987d-f011-8eef-7c1e52836c33'),(1397,1395,'4ff2ad0a-987d-f011-8eef-7c1e52836c33'),(1398,1396,'50f2ad0a-987d-f011-8eef-7c1e52836c33'),(1399,1397,'51f2ad0a-987d-f011-8eef-7c1e52836c33'),(1400,1398,'52f2ad0a-987d-f011-8eef-7c1e52836c33'),(1401,1399,'53f2ad0a-987d-f011-8eef-7c1e52836c33'),(1402,1400,'55f2ad0a-987d-f011-8eef-7c1e52836c33'),(1403,1401,'56f2ad0a-987d-f011-8eef-7c1e52836c33'),(1404,1402,'57f2ad0a-987d-f011-8eef-7c1e52836c33'),(1405,1403,'58f2ad0a-987d-f011-8eef-7c1e52836c33'),(1406,1404,'59f2ad0a-987d-f011-8eef-7c1e52836c33'),(1407,1405,'5af2ad0a-987d-f011-8eef-7c1e52836c33'),(1408,1406,'5bf2ad0a-987d-f011-8eef-7c1e52836c33'),(1409,1407,'5cf2ad0a-987d-f011-8eef-7c1e52836c33'),(1410,1408,'5df2ad0a-987d-f011-8eef-7c1e52836c33'),(1411,1409,'5ef2ad0a-987d-f011-8eef-7c1e52836c33'),(1412,1410,'5ff2ad0a-987d-f011-8eef-7c1e52836c33'),(1413,1411,'60f2ad0a-987d-f011-8eef-7c1e52836c33'),(1414,1412,'61f2ad0a-987d-f011-8eef-7c1e52836c33'),(1415,1413,'62f2ad0a-987d-f011-8eef-7c1e52836c33'),(1416,1414,'63f2ad0a-987d-f011-8eef-7c1e52836c33'),(1417,1415,'64f2ad0a-987d-f011-8eef-7c1e52836c33'),(1418,1416,'65f2ad0a-987d-f011-8eef-7c1e52836c33'),(1419,1417,'66f2ad0a-987d-f011-8eef-7c1e52836c33'),(1420,1418,'67f2ad0a-987d-f011-8eef-7c1e52836c33'),(1421,1419,'69f2ad0a-987d-f011-8eef-7c1e52836c33'),(1422,1420,'6af2ad0a-987d-f011-8eef-7c1e52836c33'),(1423,1421,'6bf2ad0a-987d-f011-8eef-7c1e52836c33'),(1424,1422,'6cf2ad0a-987d-f011-8eef-7c1e52836c33'),(1425,1423,'6df2ad0a-987d-f011-8eef-7c1e52836c33'),(1426,1424,'6ef2ad0a-987d-f011-8eef-7c1e52836c33'),(1427,1425,'6ff2ad0a-987d-f011-8eef-7c1e52836c33'),(1428,1426,'70f2ad0a-987d-f011-8eef-7c1e52836c33'),(1429,1427,'72f2ad0a-987d-f011-8eef-7c1e52836c33'),(1430,1428,'74f2ad0a-987d-f011-8eef-7c1e52836c33'),(1431,1429,'75f2ad0a-987d-f011-8eef-7c1e52836c33'),(1432,1430,'76f2ad0a-987d-f011-8eef-7c1e52836c33'),(1433,1431,'77f2ad0a-987d-f011-8eef-7c1e52836c33'),(1434,1432,'78f2ad0a-987d-f011-8eef-7c1e52836c33'),(1435,1433,'7af2ad0a-987d-f011-8eef-7c1e52836c33'),(1436,1434,'7bf2ad0a-987d-f011-8eef-7c1e52836c33'),(1437,1435,'7df2ad0a-987d-f011-8eef-7c1e52836c33'),(1438,1436,'7ef2ad0a-987d-f011-8eef-7c1e52836c33'),(1439,1437,'7ff2ad0a-987d-f011-8eef-7c1e52836c33'),(1440,1438,'80f2ad0a-987d-f011-8eef-7c1e52836c33'),(1441,1439,'81f2ad0a-987d-f011-8eef-7c1e52836c33'),(1442,1440,'83f2ad0a-987d-f011-8eef-7c1e52836c33'),(1443,1441,'84f2ad0a-987d-f011-8eef-7c1e52836c33'),(1444,1442,'85f2ad0a-987d-f011-8eef-7c1e52836c33'),(1445,1443,'86f2ad0a-987d-f011-8eef-7c1e52836c33'),(1446,1444,'88f2ad0a-987d-f011-8eef-7c1e52836c33'),(1447,1445,'89f2ad0a-987d-f011-8eef-7c1e52836c33'),(1448,1446,'8af2ad0a-987d-f011-8eef-7c1e52836c33'),(1449,1447,'8bf2ad0a-987d-f011-8eef-7c1e52836c33'),(1450,1448,'8cf2ad0a-987d-f011-8eef-7c1e52836c33'),(1451,1449,'8df2ad0a-987d-f011-8eef-7c1e52836c33'),(1452,1450,'8ef2ad0a-987d-f011-8eef-7c1e52836c33'),(1453,1451,'8ff2ad0a-987d-f011-8eef-7c1e52836c33'),(1454,1452,'90f2ad0a-987d-f011-8eef-7c1e52836c33'),(1455,1453,'91f2ad0a-987d-f011-8eef-7c1e52836c33'),(1456,1454,'92f2ad0a-987d-f011-8eef-7c1e52836c33'),(1457,1455,'93f2ad0a-987d-f011-8eef-7c1e52836c33'),(1458,1456,'95f2ad0a-987d-f011-8eef-7c1e52836c33'),(1459,1457,'96f2ad0a-987d-f011-8eef-7c1e52836c33'),(1460,1458,'97f2ad0a-987d-f011-8eef-7c1e52836c33'),(1461,1459,'98f2ad0a-987d-f011-8eef-7c1e52836c33'),(1462,1460,'99f2ad0a-987d-f011-8eef-7c1e52836c33'),(1463,1461,'9af2ad0a-987d-f011-8eef-7c1e52836c33'),(1464,1462,'9bf2ad0a-987d-f011-8eef-7c1e52836c33'),(1465,1463,'9cf2ad0a-987d-f011-8eef-7c1e52836c33'),(1466,1464,'9df2ad0a-987d-f011-8eef-7c1e52836c33'),(1467,1465,'9ef2ad0a-987d-f011-8eef-7c1e52836c33'),(1468,1466,'9ff2ad0a-987d-f011-8eef-7c1e52836c33'),(1469,1467,'a0f2ad0a-987d-f011-8eef-7c1e52836c33'),(1470,1468,'ef37a610-987d-f011-8eef-7c1e52836c33'),(1471,1469,'f037a610-987d-f011-8eef-7c1e52836c33'),(1472,1470,'f137a610-987d-f011-8eef-7c1e52836c33'),(1473,1471,'f237a610-987d-f011-8eef-7c1e52836c33'),(1474,1472,'f337a610-987d-f011-8eef-7c1e52836c33'),(1475,1473,'f437a610-987d-f011-8eef-7c1e52836c33'),(1476,1474,'f637a610-987d-f011-8eef-7c1e52836c33'),(1477,1475,'f737a610-987d-f011-8eef-7c1e52836c33'),(1478,1476,'f837a610-987d-f011-8eef-7c1e52836c33'),(1479,1477,'f937a610-987d-f011-8eef-7c1e52836c33'),(1480,1478,'fa37a610-987d-f011-8eef-7c1e52836c33'),(1481,1479,'fb37a610-987d-f011-8eef-7c1e52836c33'),(1482,1480,'fc37a610-987d-f011-8eef-7c1e52836c33'),(1483,1481,'fd37a610-987d-f011-8eef-7c1e52836c33'),(1484,1482,'fe37a610-987d-f011-8eef-7c1e52836c33'),(1485,1483,'ff37a610-987d-f011-8eef-7c1e52836c33'),(1486,1484,'0038a610-987d-f011-8eef-7c1e52836c33'),(1487,1485,'0138a610-987d-f011-8eef-7c1e52836c33'),(1488,1486,'0238a610-987d-f011-8eef-7c1e52836c33'),(1489,1487,'0338a610-987d-f011-8eef-7c1e52836c33'),(1490,1488,'0538a610-987d-f011-8eef-7c1e52836c33'),(1491,1489,'0638a610-987d-f011-8eef-7c1e52836c33'),(1492,1490,'0738a610-987d-f011-8eef-7c1e52836c33'),(1493,1491,'0838a610-987d-f011-8eef-7c1e52836c33'),(1494,1492,'0938a610-987d-f011-8eef-7c1e52836c33'),(1495,1493,'0a38a610-987d-f011-8eef-7c1e52836c33'),(1496,1494,'0b38a610-987d-f011-8eef-7c1e52836c33'),(1497,1495,'0c38a610-987d-f011-8eef-7c1e52836c33'),(1498,1496,'0d38a610-987d-f011-8eef-7c1e52836c33'),(1499,1497,'0e38a610-987d-f011-8eef-7c1e52836c33'),(1500,1498,'1038a610-987d-f011-8eef-7c1e52836c33'),(1501,1499,'1138a610-987d-f011-8eef-7c1e52836c33'),(1502,1500,'1238a610-987d-f011-8eef-7c1e52836c33'),(1503,1501,'1738a610-987d-f011-8eef-7c1e52836c33'),(1504,1502,'1a38a610-987d-f011-8eef-7c1e52836c33'),(1505,1503,'1b38a610-987d-f011-8eef-7c1e52836c33'),(1506,909,'1d38a610-987d-f011-8eef-7c1e52836c33'),(1507,1504,'1e38a610-987d-f011-8eef-7c1e52836c33'),(1508,1505,'1f38a610-987d-f011-8eef-7c1e52836c33'),(1509,1506,'2038a610-987d-f011-8eef-7c1e52836c33'),(1510,1507,'2138a610-987d-f011-8eef-7c1e52836c33'),(1511,1508,'2238a610-987d-f011-8eef-7c1e52836c33'),(1512,1509,'2338a610-987d-f011-8eef-7c1e52836c33'),(1513,1510,'2438a610-987d-f011-8eef-7c1e52836c33'),(1514,1511,'2638a610-987d-f011-8eef-7c1e52836c33'),(1515,1512,'2738a610-987d-f011-8eef-7c1e52836c33'),(1516,1513,'2838a610-987d-f011-8eef-7c1e52836c33'),(1517,1514,'2938a610-987d-f011-8eef-7c1e52836c33'),(1518,1515,'2a38a610-987d-f011-8eef-7c1e52836c33'),(1519,1516,'2b38a610-987d-f011-8eef-7c1e52836c33'),(1520,1517,'2c38a610-987d-f011-8eef-7c1e52836c33'),(1521,1518,'2d38a610-987d-f011-8eef-7c1e52836c33'),(1522,1519,'2e38a610-987d-f011-8eef-7c1e52836c33'),(1523,1520,'3138a610-987d-f011-8eef-7c1e52836c33'),(1524,1521,'3238a610-987d-f011-8eef-7c1e52836c33'),(1525,1522,'3338a610-987d-f011-8eef-7c1e52836c33'),(1526,1523,'3438a610-987d-f011-8eef-7c1e52836c33'),(1527,1524,'3538a610-987d-f011-8eef-7c1e52836c33'),(1528,1525,'3638a610-987d-f011-8eef-7c1e52836c33'),(1529,1526,'3738a610-987d-f011-8eef-7c1e52836c33'),(1530,1527,'3838a610-987d-f011-8eef-7c1e52836c33'),(1531,1528,'3938a610-987d-f011-8eef-7c1e52836c33'),(1532,1529,'3a38a610-987d-f011-8eef-7c1e52836c33'),(1533,1530,'3b38a610-987d-f011-8eef-7c1e52836c33'),(1534,1531,'3c38a610-987d-f011-8eef-7c1e52836c33'),(1535,1532,'3e38a610-987d-f011-8eef-7c1e52836c33'),(1536,1533,'3f38a610-987d-f011-8eef-7c1e52836c33'),(1537,1534,'4038a610-987d-f011-8eef-7c1e52836c33'),(1538,1535,'4138a610-987d-f011-8eef-7c1e52836c33'),(1539,1536,'4238a610-987d-f011-8eef-7c1e52836c33'),(1540,1537,'4338a610-987d-f011-8eef-7c1e52836c33'),(1541,1538,'4438a610-987d-f011-8eef-7c1e52836c33'),(1542,1539,'4538a610-987d-f011-8eef-7c1e52836c33'),(1543,1540,'4638a610-987d-f011-8eef-7c1e52836c33'),(1544,1541,'4738a610-987d-f011-8eef-7c1e52836c33'),(1545,1542,'4838a610-987d-f011-8eef-7c1e52836c33'),(1546,1543,'4938a610-987d-f011-8eef-7c1e52836c33'),(1547,1544,'4a38a610-987d-f011-8eef-7c1e52836c33'),(1548,1545,'4b38a610-987d-f011-8eef-7c1e52836c33'),(1549,1546,'4c38a610-987d-f011-8eef-7c1e52836c33'),(1550,1547,'4d38a610-987d-f011-8eef-7c1e52836c33'),(1551,1548,'4e38a610-987d-f011-8eef-7c1e52836c33'),(1552,1549,'4f38a610-987d-f011-8eef-7c1e52836c33'),(1553,1550,'5138a610-987d-f011-8eef-7c1e52836c33'),(1554,1551,'5238a610-987d-f011-8eef-7c1e52836c33'),(1555,1552,'5338a610-987d-f011-8eef-7c1e52836c33'),(1556,1553,'5438a610-987d-f011-8eef-7c1e52836c33'),(1557,1554,'5538a610-987d-f011-8eef-7c1e52836c33'),(1558,1555,'5638a610-987d-f011-8eef-7c1e52836c33'),(1559,1556,'5738a610-987d-f011-8eef-7c1e52836c33'),(1560,1557,'5938a610-987d-f011-8eef-7c1e52836c33'),(1561,1558,'5a38a610-987d-f011-8eef-7c1e52836c33'),(1562,1559,'5b38a610-987d-f011-8eef-7c1e52836c33'),(1563,1560,'5c38a610-987d-f011-8eef-7c1e52836c33'),(1564,1561,'5d38a610-987d-f011-8eef-7c1e52836c33'),(1565,1562,'5e38a610-987d-f011-8eef-7c1e52836c33'),(1566,1563,'5f38a610-987d-f011-8eef-7c1e52836c33'),(1567,1564,'6038a610-987d-f011-8eef-7c1e52836c33'),(1568,1565,'6138a610-987d-f011-8eef-7c1e52836c33'),(1569,1566,'6238a610-987d-f011-8eef-7c1e52836c33'),(1570,1567,'6338a610-987d-f011-8eef-7c1e52836c33'),(1571,1568,'6538a610-987d-f011-8eef-7c1e52836c33'),(1572,1569,'6838a610-987d-f011-8eef-7c1e52836c33'),(1573,1570,'6a38a610-987d-f011-8eef-7c1e52836c33'),(1574,1571,'6b38a610-987d-f011-8eef-7c1e52836c33'),(1575,1572,'6e38a610-987d-f011-8eef-7c1e52836c33'),(1576,1573,'7038a610-987d-f011-8eef-7c1e52836c33'),(1577,1574,'7138a610-987d-f011-8eef-7c1e52836c33'),(1578,1575,'7338a610-987d-f011-8eef-7c1e52836c33'),(1579,1576,'7538a610-987d-f011-8eef-7c1e52836c33'),(1580,1577,'7738a610-987d-f011-8eef-7c1e52836c33'),(1581,1578,'7938a610-987d-f011-8eef-7c1e52836c33'),(1582,1579,'7a38a610-987d-f011-8eef-7c1e52836c33'),(1583,1580,'7b38a610-987d-f011-8eef-7c1e52836c33'),(1584,1581,'7c38a610-987d-f011-8eef-7c1e52836c33'),(1585,1582,'7d38a610-987d-f011-8eef-7c1e52836c33'),(1586,1583,'7e38a610-987d-f011-8eef-7c1e52836c33'),(1587,1584,'7f38a610-987d-f011-8eef-7c1e52836c33'),(1588,1585,'8038a610-987d-f011-8eef-7c1e52836c33'),(1589,1586,'8138a610-987d-f011-8eef-7c1e52836c33'),(1590,1587,'8238a610-987d-f011-8eef-7c1e52836c33'),(1591,1588,'8338a610-987d-f011-8eef-7c1e52836c33'),(1592,1589,'8438a610-987d-f011-8eef-7c1e52836c33'),(1593,1590,'8538a610-987d-f011-8eef-7c1e52836c33'),(1594,1591,'8738a610-987d-f011-8eef-7c1e52836c33'),(1595,1592,'8838a610-987d-f011-8eef-7c1e52836c33'),(1596,1593,'8938a610-987d-f011-8eef-7c1e52836c33'),(1597,1594,'8a38a610-987d-f011-8eef-7c1e52836c33'),(1598,1595,'8b38a610-987d-f011-8eef-7c1e52836c33'),(1599,1596,'8c38a610-987d-f011-8eef-7c1e52836c33'),(1600,1597,'8d38a610-987d-f011-8eef-7c1e52836c33'),(1601,1598,'8e38a610-987d-f011-8eef-7c1e52836c33'),(1602,1599,'8f38a610-987d-f011-8eef-7c1e52836c33'),(1603,1600,'9038a610-987d-f011-8eef-7c1e52836c33'),(1604,1601,'9238a610-987d-f011-8eef-7c1e52836c33'),(1605,1602,'9338a610-987d-f011-8eef-7c1e52836c33'),(1606,1603,'9438a610-987d-f011-8eef-7c1e52836c33'),(1607,1604,'9538a610-987d-f011-8eef-7c1e52836c33'),(1608,1605,'9638a610-987d-f011-8eef-7c1e52836c33'),(1609,1606,'9738a610-987d-f011-8eef-7c1e52836c33'),(1610,1607,'9838a610-987d-f011-8eef-7c1e52836c33'),(1611,1608,'9938a610-987d-f011-8eef-7c1e52836c33'),(1612,1609,'9a38a610-987d-f011-8eef-7c1e52836c33'),(1613,1610,'9b38a610-987d-f011-8eef-7c1e52836c33'),(1614,1611,'9c38a610-987d-f011-8eef-7c1e52836c33'),(1615,1612,'9d38a610-987d-f011-8eef-7c1e52836c33'),(1616,1613,'9e38a610-987d-f011-8eef-7c1e52836c33'),(1617,1614,'9f38a610-987d-f011-8eef-7c1e52836c33'),(1618,1615,'a038a610-987d-f011-8eef-7c1e52836c33'),(1619,1616,'a138a610-987d-f011-8eef-7c1e52836c33'),(1620,1617,'a338a610-987d-f011-8eef-7c1e52836c33'),(1621,1618,'a438a610-987d-f011-8eef-7c1e52836c33'),(1622,1619,'a538a610-987d-f011-8eef-7c1e52836c33'),(1623,1620,'a638a610-987d-f011-8eef-7c1e52836c33'),(1624,1621,'a738a610-987d-f011-8eef-7c1e52836c33'),(1625,1622,'a838a610-987d-f011-8eef-7c1e52836c33'),(1626,1623,'ab38a610-987d-f011-8eef-7c1e52836c33'),(1627,1624,'ad38a610-987d-f011-8eef-7c1e52836c33'),(1628,1625,'ae38a610-987d-f011-8eef-7c1e52836c33'),(1629,1626,'af38a610-987d-f011-8eef-7c1e52836c33'),(1630,1627,'b038a610-987d-f011-8eef-7c1e52836c33'),(1631,1628,'b138a610-987d-f011-8eef-7c1e52836c33'),(1632,1629,'b238a610-987d-f011-8eef-7c1e52836c33'),(1633,1630,'b338a610-987d-f011-8eef-7c1e52836c33'),(1634,1631,'b438a610-987d-f011-8eef-7c1e52836c33'),(1635,1632,'b538a610-987d-f011-8eef-7c1e52836c33'),(1636,1633,'b638a610-987d-f011-8eef-7c1e52836c33'),(1637,1634,'b738a610-987d-f011-8eef-7c1e52836c33'),(1638,1635,'b838a610-987d-f011-8eef-7c1e52836c33'),(1639,1636,'b938a610-987d-f011-8eef-7c1e52836c33'),(1640,1637,'bf38a610-987d-f011-8eef-7c1e52836c33'),(1641,1638,'c238a610-987d-f011-8eef-7c1e52836c33'),(1642,1639,'c338a610-987d-f011-8eef-7c1e52836c33'),(1643,1640,'c438a610-987d-f011-8eef-7c1e52836c33'),(1644,1641,'c538a610-987d-f011-8eef-7c1e52836c33'),(1645,1642,'c638a610-987d-f011-8eef-7c1e52836c33'),(1646,1643,'c738a610-987d-f011-8eef-7c1e52836c33'),(1647,1644,'c838a610-987d-f011-8eef-7c1e52836c33'),(1648,1645,'c938a610-987d-f011-8eef-7c1e52836c33'),(1649,1646,'cb38a610-987d-f011-8eef-7c1e52836c33'),(1650,1647,'cc38a610-987d-f011-8eef-7c1e52836c33'),(1651,1648,'cd38a610-987d-f011-8eef-7c1e52836c33'),(1652,1649,'ce38a610-987d-f011-8eef-7c1e52836c33'),(1653,1650,'cf38a610-987d-f011-8eef-7c1e52836c33'),(1654,1651,'d038a610-987d-f011-8eef-7c1e52836c33'),(1655,1652,'d138a610-987d-f011-8eef-7c1e52836c33'),(1656,1653,'d238a610-987d-f011-8eef-7c1e52836c33'),(1657,1654,'d338a610-987d-f011-8eef-7c1e52836c33'),(1658,1655,'d438a610-987d-f011-8eef-7c1e52836c33'),(1659,1656,'d538a610-987d-f011-8eef-7c1e52836c33'),(1660,1657,'d638a610-987d-f011-8eef-7c1e52836c33'),(1661,1658,'d738a610-987d-f011-8eef-7c1e52836c33'),(1662,1659,'d838a610-987d-f011-8eef-7c1e52836c33'),(1663,1660,'d938a610-987d-f011-8eef-7c1e52836c33'),(1664,1661,'da38a610-987d-f011-8eef-7c1e52836c33'),(1665,1662,'dc38a610-987d-f011-8eef-7c1e52836c33'),(1666,1663,'dd38a610-987d-f011-8eef-7c1e52836c33'),(1667,1664,'de38a610-987d-f011-8eef-7c1e52836c33'),(1668,1665,'df38a610-987d-f011-8eef-7c1e52836c33'),(1669,1666,'e038a610-987d-f011-8eef-7c1e52836c33'),(1670,1667,'e138a610-987d-f011-8eef-7c1e52836c33'),(1671,1668,'e238a610-987d-f011-8eef-7c1e52836c33'),(1672,1669,'e338a610-987d-f011-8eef-7c1e52836c33'),(1673,1670,'e438a610-987d-f011-8eef-7c1e52836c33'),(1674,1671,'e638a610-987d-f011-8eef-7c1e52836c33'),(1675,1672,'e738a610-987d-f011-8eef-7c1e52836c33'),(1676,1673,'e838a610-987d-f011-8eef-7c1e52836c33'),(1677,1674,'e938a610-987d-f011-8eef-7c1e52836c33'),(1678,1675,'ea38a610-987d-f011-8eef-7c1e52836c33'),(1679,1676,'eb38a610-987d-f011-8eef-7c1e52836c33'),(1680,1677,'ec38a610-987d-f011-8eef-7c1e52836c33'),(1681,1678,'ed38a610-987d-f011-8eef-7c1e52836c33'),(1682,1679,'ee38a610-987d-f011-8eef-7c1e52836c33'),(1683,1680,'f038a610-987d-f011-8eef-7c1e52836c33'),(1684,1681,'f138a610-987d-f011-8eef-7c1e52836c33'),(1685,1682,'f238a610-987d-f011-8eef-7c1e52836c33'),(1686,1683,'f338a610-987d-f011-8eef-7c1e52836c33'),(1687,1684,'f438a610-987d-f011-8eef-7c1e52836c33'),(1688,1685,'f538a610-987d-f011-8eef-7c1e52836c33'),(1689,1686,'f638a610-987d-f011-8eef-7c1e52836c33'),(1690,1687,'f738a610-987d-f011-8eef-7c1e52836c33'),(1691,1688,'f838a610-987d-f011-8eef-7c1e52836c33'),(1692,1689,'f938a610-987d-f011-8eef-7c1e52836c33'),(1693,1690,'fa38a610-987d-f011-8eef-7c1e52836c33'),(1694,1691,'fb38a610-987d-f011-8eef-7c1e52836c33'),(1695,1692,'fc38a610-987d-f011-8eef-7c1e52836c33'),(1696,1693,'fe38a610-987d-f011-8eef-7c1e52836c33'),(1697,1694,'ff38a610-987d-f011-8eef-7c1e52836c33'),(1698,1695,'0039a610-987d-f011-8eef-7c1e52836c33'),(1699,1696,'0139a610-987d-f011-8eef-7c1e52836c33'),(1700,1697,'0239a610-987d-f011-8eef-7c1e52836c33'),(1701,1698,'0339a610-987d-f011-8eef-7c1e52836c33'),(1702,1699,'0539a610-987d-f011-8eef-7c1e52836c33'),(1703,1700,'0639a610-987d-f011-8eef-7c1e52836c33'),(1704,1701,'0839a610-987d-f011-8eef-7c1e52836c33'),(1705,1702,'0939a610-987d-f011-8eef-7c1e52836c33'),(1706,1703,'0a39a610-987d-f011-8eef-7c1e52836c33'),(1707,1704,'0b39a610-987d-f011-8eef-7c1e52836c33'),(1708,1705,'0c39a610-987d-f011-8eef-7c1e52836c33'),(1709,1706,'0d39a610-987d-f011-8eef-7c1e52836c33'),(1710,1707,'0f39a610-987d-f011-8eef-7c1e52836c33'),(1711,1708,'1039a610-987d-f011-8eef-7c1e52836c33'),(1712,1709,'1139a610-987d-f011-8eef-7c1e52836c33'),(1713,1710,'1239a610-987d-f011-8eef-7c1e52836c33'),(1714,1711,'1339a610-987d-f011-8eef-7c1e52836c33'),(1715,1712,'1439a610-987d-f011-8eef-7c1e52836c33'),(1716,1713,'1539a610-987d-f011-8eef-7c1e52836c33'),(1717,1714,'1639a610-987d-f011-8eef-7c1e52836c33'),(1718,1715,'1739a610-987d-f011-8eef-7c1e52836c33'),(1719,1716,'1839a610-987d-f011-8eef-7c1e52836c33'),(1720,1717,'1939a610-987d-f011-8eef-7c1e52836c33'),(1721,1718,'1a39a610-987d-f011-8eef-7c1e52836c33'),(1722,1719,'1b39a610-987d-f011-8eef-7c1e52836c33'),(1723,1720,'1c39a610-987d-f011-8eef-7c1e52836c33'),(1724,1721,'1d39a610-987d-f011-8eef-7c1e52836c33'),(1725,1722,'1e39a610-987d-f011-8eef-7c1e52836c33'),(1726,1723,'2039a610-987d-f011-8eef-7c1e52836c33'),(1727,1724,'2139a610-987d-f011-8eef-7c1e52836c33'),(1728,1725,'2239a610-987d-f011-8eef-7c1e52836c33'),(1729,1726,'2339a610-987d-f011-8eef-7c1e52836c33'),(1730,1727,'2439a610-987d-f011-8eef-7c1e52836c33'),(1731,1728,'2539a610-987d-f011-8eef-7c1e52836c33'),(1732,1729,'2639a610-987d-f011-8eef-7c1e52836c33'),(1733,1730,'2739a610-987d-f011-8eef-7c1e52836c33'),(1734,1731,'2839a610-987d-f011-8eef-7c1e52836c33'),(1735,1732,'2939a610-987d-f011-8eef-7c1e52836c33'),(1736,1733,'2a39a610-987d-f011-8eef-7c1e52836c33'),(1737,1734,'2b39a610-987d-f011-8eef-7c1e52836c33'),(1738,1735,'2c39a610-987d-f011-8eef-7c1e52836c33'),(1739,1736,'2d39a610-987d-f011-8eef-7c1e52836c33'),(1740,1737,'2e39a610-987d-f011-8eef-7c1e52836c33'),(1741,1738,'3039a610-987d-f011-8eef-7c1e52836c33'),(1742,1739,'3139a610-987d-f011-8eef-7c1e52836c33'),(1743,1740,'3239a610-987d-f011-8eef-7c1e52836c33'),(1744,1741,'fd7e9e16-987d-f011-8eef-7c1e52836c33'),(1745,1742,'fe7e9e16-987d-f011-8eef-7c1e52836c33'),(1746,1743,'ff7e9e16-987d-f011-8eef-7c1e52836c33'),(1747,1744,'007f9e16-987d-f011-8eef-7c1e52836c33'),(1748,1745,'017f9e16-987d-f011-8eef-7c1e52836c33'),(1749,1746,'027f9e16-987d-f011-8eef-7c1e52836c33'),(1750,1747,'037f9e16-987d-f011-8eef-7c1e52836c33'),(1751,1748,'047f9e16-987d-f011-8eef-7c1e52836c33'),(1752,1749,'057f9e16-987d-f011-8eef-7c1e52836c33'),(1753,1750,'067f9e16-987d-f011-8eef-7c1e52836c33'),(1754,1751,'087f9e16-987d-f011-8eef-7c1e52836c33'),(1755,1752,'097f9e16-987d-f011-8eef-7c1e52836c33'),(1756,1753,'0c7f9e16-987d-f011-8eef-7c1e52836c33'),(1757,1754,'0f7f9e16-987d-f011-8eef-7c1e52836c33'),(1758,1755,'117f9e16-987d-f011-8eef-7c1e52836c33'),(1759,1756,'147f9e16-987d-f011-8eef-7c1e52836c33'),(1760,1757,'167f9e16-987d-f011-8eef-7c1e52836c33'),(1761,1758,'187f9e16-987d-f011-8eef-7c1e52836c33'),(1762,1759,'1a7f9e16-987d-f011-8eef-7c1e52836c33'),(1763,1760,'1b7f9e16-987d-f011-8eef-7c1e52836c33'),(1764,1761,'1c7f9e16-987d-f011-8eef-7c1e52836c33'),(1765,1762,'1d7f9e16-987d-f011-8eef-7c1e52836c33'),(1766,1763,'207f9e16-987d-f011-8eef-7c1e52836c33'),(1767,1764,'287f9e16-987d-f011-8eef-7c1e52836c33'),(1768,1765,'2e7f9e16-987d-f011-8eef-7c1e52836c33'),(1769,1766,'307f9e16-987d-f011-8eef-7c1e52836c33'),(1770,1767,'317f9e16-987d-f011-8eef-7c1e52836c33'),(1771,1768,'337f9e16-987d-f011-8eef-7c1e52836c33'),(1772,1769,'387f9e16-987d-f011-8eef-7c1e52836c33'),(1773,1770,'397f9e16-987d-f011-8eef-7c1e52836c33'),(1774,1771,'3b7f9e16-987d-f011-8eef-7c1e52836c33'),(1775,1772,'547f9e16-987d-f011-8eef-7c1e52836c33'),(1776,1773,'647f9e16-987d-f011-8eef-7c1e52836c33'),(1777,1774,'657f9e16-987d-f011-8eef-7c1e52836c33'),(1778,1775,'667f9e16-987d-f011-8eef-7c1e52836c33'),(1779,1776,'687f9e16-987d-f011-8eef-7c1e52836c33'),(1780,1777,'697f9e16-987d-f011-8eef-7c1e52836c33'),(1781,1778,'6b7f9e16-987d-f011-8eef-7c1e52836c33'),(1782,1779,'6c7f9e16-987d-f011-8eef-7c1e52836c33'),(1783,1780,'6d7f9e16-987d-f011-8eef-7c1e52836c33'),(1784,1781,'6e7f9e16-987d-f011-8eef-7c1e52836c33'),(1785,1782,'6f7f9e16-987d-f011-8eef-7c1e52836c33'),(1786,1783,'707f9e16-987d-f011-8eef-7c1e52836c33'),(1787,1784,'717f9e16-987d-f011-8eef-7c1e52836c33'),(1788,1785,'727f9e16-987d-f011-8eef-7c1e52836c33'),(1789,1786,'737f9e16-987d-f011-8eef-7c1e52836c33'),(1790,1787,'757f9e16-987d-f011-8eef-7c1e52836c33'),(1791,1788,'767f9e16-987d-f011-8eef-7c1e52836c33'),(1792,1789,'777f9e16-987d-f011-8eef-7c1e52836c33'),(1793,1790,'787f9e16-987d-f011-8eef-7c1e52836c33'),(1794,1791,'797f9e16-987d-f011-8eef-7c1e52836c33'),(1795,1792,'7a7f9e16-987d-f011-8eef-7c1e52836c33'),(1796,1793,'7b7f9e16-987d-f011-8eef-7c1e52836c33'),(1797,1794,'7c7f9e16-987d-f011-8eef-7c1e52836c33'),(1798,1795,'7d7f9e16-987d-f011-8eef-7c1e52836c33'),(1799,1796,'7e7f9e16-987d-f011-8eef-7c1e52836c33'),(1800,1797,'7f7f9e16-987d-f011-8eef-7c1e52836c33'),(1801,1798,'807f9e16-987d-f011-8eef-7c1e52836c33'),(1802,1799,'817f9e16-987d-f011-8eef-7c1e52836c33'),(1803,1800,'827f9e16-987d-f011-8eef-7c1e52836c33'),(1804,1801,'837f9e16-987d-f011-8eef-7c1e52836c33'),(1805,1802,'857f9e16-987d-f011-8eef-7c1e52836c33'),(1806,1803,'877f9e16-987d-f011-8eef-7c1e52836c33'),(1807,1804,'887f9e16-987d-f011-8eef-7c1e52836c33'),(1808,1805,'897f9e16-987d-f011-8eef-7c1e52836c33'),(1809,1806,'8b7f9e16-987d-f011-8eef-7c1e52836c33'),(1810,1807,'8e7f9e16-987d-f011-8eef-7c1e52836c33'),(1811,1808,'8f7f9e16-987d-f011-8eef-7c1e52836c33'),(1812,1809,'907f9e16-987d-f011-8eef-7c1e52836c33'),(1813,1810,'917f9e16-987d-f011-8eef-7c1e52836c33'),(1814,1811,'927f9e16-987d-f011-8eef-7c1e52836c33'),(1815,1812,'937f9e16-987d-f011-8eef-7c1e52836c33'),(1816,1813,'947f9e16-987d-f011-8eef-7c1e52836c33'),(1817,1814,'957f9e16-987d-f011-8eef-7c1e52836c33'),(1818,1815,'977f9e16-987d-f011-8eef-7c1e52836c33'),(1819,1816,'987f9e16-987d-f011-8eef-7c1e52836c33'),(1820,1817,'997f9e16-987d-f011-8eef-7c1e52836c33'),(1821,1818,'9a7f9e16-987d-f011-8eef-7c1e52836c33'),(1822,1819,'9b7f9e16-987d-f011-8eef-7c1e52836c33'),(1823,1820,'9c7f9e16-987d-f011-8eef-7c1e52836c33'),(1824,1821,'9d7f9e16-987d-f011-8eef-7c1e52836c33'),(1825,1822,'9e7f9e16-987d-f011-8eef-7c1e52836c33'),(1826,1823,'9f7f9e16-987d-f011-8eef-7c1e52836c33'),(1827,1824,'a07f9e16-987d-f011-8eef-7c1e52836c33'),(1828,1825,'a17f9e16-987d-f011-8eef-7c1e52836c33'),(1829,1826,'a37f9e16-987d-f011-8eef-7c1e52836c33'),(1830,1827,'a77f9e16-987d-f011-8eef-7c1e52836c33'),(1831,1828,'a97f9e16-987d-f011-8eef-7c1e52836c33'),(1832,1829,'aa7f9e16-987d-f011-8eef-7c1e52836c33'),(1833,1830,'ac7f9e16-987d-f011-8eef-7c1e52836c33'),(1834,1831,'ad7f9e16-987d-f011-8eef-7c1e52836c33'),(1835,1832,'b17f9e16-987d-f011-8eef-7c1e52836c33'),(1837,1833,'b37f9e16-987d-f011-8eef-7c1e52836c33'),(1838,1834,'b47f9e16-987d-f011-8eef-7c1e52836c33'),(1839,1835,'b57f9e16-987d-f011-8eef-7c1e52836c33'),(1841,1836,'b87f9e16-987d-f011-8eef-7c1e52836c33'),(1842,1837,'b97f9e16-987d-f011-8eef-7c1e52836c33'),(1843,1838,'bd7f9e16-987d-f011-8eef-7c1e52836c33'),(1844,1839,'be7f9e16-987d-f011-8eef-7c1e52836c33'),(1845,1840,'bf7f9e16-987d-f011-8eef-7c1e52836c33'),(1846,1841,'c27f9e16-987d-f011-8eef-7c1e52836c33'),(1847,1842,'c67f9e16-987d-f011-8eef-7c1e52836c33'),(1848,1843,'ca7f9e16-987d-f011-8eef-7c1e52836c33'),(1849,1844,'cd7f9e16-987d-f011-8eef-7c1e52836c33'),(1850,1845,'ce7f9e16-987d-f011-8eef-7c1e52836c33'),(1851,1846,'d17f9e16-987d-f011-8eef-7c1e52836c33'),(1852,1847,'d27f9e16-987d-f011-8eef-7c1e52836c33'),(1853,1848,'d77f9e16-987d-f011-8eef-7c1e52836c33'),(1854,1849,'d97f9e16-987d-f011-8eef-7c1e52836c33'),(1855,1850,'da7f9e16-987d-f011-8eef-7c1e52836c33'),(1856,1851,'db7f9e16-987d-f011-8eef-7c1e52836c33'),(1857,1852,'dd7f9e16-987d-f011-8eef-7c1e52836c33'),(1858,1853,'df7f9e16-987d-f011-8eef-7c1e52836c33'),(1859,1854,'e27f9e16-987d-f011-8eef-7c1e52836c33'),(1860,1855,'e47f9e16-987d-f011-8eef-7c1e52836c33'),(1861,1856,'e57f9e16-987d-f011-8eef-7c1e52836c33'),(1862,1857,'ec7f9e16-987d-f011-8eef-7c1e52836c33'),(1863,1858,'f27f9e16-987d-f011-8eef-7c1e52836c33'),(1864,1859,'f77f9e16-987d-f011-8eef-7c1e52836c33'),(1865,1860,'f87f9e16-987d-f011-8eef-7c1e52836c33'),(1866,1861,'f97f9e16-987d-f011-8eef-7c1e52836c33'),(1867,1862,'fa7f9e16-987d-f011-8eef-7c1e52836c33'),(1868,1863,'fb7f9e16-987d-f011-8eef-7c1e52836c33'),(1869,1864,'fc7f9e16-987d-f011-8eef-7c1e52836c33'),(1870,1865,'fe7f9e16-987d-f011-8eef-7c1e52836c33'),(1871,1866,'ff7f9e16-987d-f011-8eef-7c1e52836c33'),(1872,1867,'02809e16-987d-f011-8eef-7c1e52836c33'),(1873,1868,'05809e16-987d-f011-8eef-7c1e52836c33'),(1874,1869,'06809e16-987d-f011-8eef-7c1e52836c33'),(1875,1870,'0d809e16-987d-f011-8eef-7c1e52836c33'),(1876,1871,'10809e16-987d-f011-8eef-7c1e52836c33'),(1877,1872,'11809e16-987d-f011-8eef-7c1e52836c33'),(1878,1873,'12809e16-987d-f011-8eef-7c1e52836c33'),(1879,1874,'13809e16-987d-f011-8eef-7c1e52836c33'),(1880,1875,'14809e16-987d-f011-8eef-7c1e52836c33'),(1881,1876,'18809e16-987d-f011-8eef-7c1e52836c33'),(1882,1877,'1b809e16-987d-f011-8eef-7c1e52836c33'),(1883,1878,'1c809e16-987d-f011-8eef-7c1e52836c33'),(1884,1879,'1f809e16-987d-f011-8eef-7c1e52836c33'),(1885,1880,'20809e16-987d-f011-8eef-7c1e52836c33'),(1886,1881,'23809e16-987d-f011-8eef-7c1e52836c33'),(1887,1882,'24809e16-987d-f011-8eef-7c1e52836c33'),(1888,1883,'25809e16-987d-f011-8eef-7c1e52836c33'),(1889,1884,'26809e16-987d-f011-8eef-7c1e52836c33'),(1890,1885,'27809e16-987d-f011-8eef-7c1e52836c33'),(1891,1886,'28809e16-987d-f011-8eef-7c1e52836c33'),(1892,1887,'29809e16-987d-f011-8eef-7c1e52836c33'),(1893,1888,'2a809e16-987d-f011-8eef-7c1e52836c33'),(1894,1889,'2b809e16-987d-f011-8eef-7c1e52836c33'),(1895,1890,'2c809e16-987d-f011-8eef-7c1e52836c33'),(1896,1891,'2f809e16-987d-f011-8eef-7c1e52836c33'),(1897,1892,'30809e16-987d-f011-8eef-7c1e52836c33'),(1898,1893,'31809e16-987d-f011-8eef-7c1e52836c33'),(1899,1894,'32809e16-987d-f011-8eef-7c1e52836c33'),(1900,1895,'33809e16-987d-f011-8eef-7c1e52836c33'),(1901,1896,'34809e16-987d-f011-8eef-7c1e52836c33'),(1902,1897,'35809e16-987d-f011-8eef-7c1e52836c33'),(1903,1898,'36809e16-987d-f011-8eef-7c1e52836c33'),(1904,1899,'37809e16-987d-f011-8eef-7c1e52836c33'),(1905,1900,'38809e16-987d-f011-8eef-7c1e52836c33'),(1906,1901,'39809e16-987d-f011-8eef-7c1e52836c33'),(1907,1902,'3a809e16-987d-f011-8eef-7c1e52836c33'),(1908,1903,'3b809e16-987d-f011-8eef-7c1e52836c33'),(1909,1904,'3c809e16-987d-f011-8eef-7c1e52836c33'),(1910,1905,'3d809e16-987d-f011-8eef-7c1e52836c33'),(1911,1906,'3e809e16-987d-f011-8eef-7c1e52836c33'),(1912,1907,'3f809e16-987d-f011-8eef-7c1e52836c33'),(1913,1908,'40809e16-987d-f011-8eef-7c1e52836c33'),(1914,1909,'42809e16-987d-f011-8eef-7c1e52836c33'),(1915,1910,'43809e16-987d-f011-8eef-7c1e52836c33'),(1916,1911,'44809e16-987d-f011-8eef-7c1e52836c33'),(1917,1912,'45809e16-987d-f011-8eef-7c1e52836c33'),(1918,1913,'46809e16-987d-f011-8eef-7c1e52836c33'),(1919,1914,'47809e16-987d-f011-8eef-7c1e52836c33'),(1920,1915,'48809e16-987d-f011-8eef-7c1e52836c33'),(1921,1916,'49809e16-987d-f011-8eef-7c1e52836c33'),(1922,1917,'4a809e16-987d-f011-8eef-7c1e52836c33'),(1923,1918,'4c809e16-987d-f011-8eef-7c1e52836c33'),(1924,1919,'4d809e16-987d-f011-8eef-7c1e52836c33'),(1925,1920,'50809e16-987d-f011-8eef-7c1e52836c33'),(1926,1921,'53809e16-987d-f011-8eef-7c1e52836c33'),(1927,1922,'54809e16-987d-f011-8eef-7c1e52836c33'),(1928,1923,'56809e16-987d-f011-8eef-7c1e52836c33'),(1929,1924,'57809e16-987d-f011-8eef-7c1e52836c33'),(1930,1925,'5b809e16-987d-f011-8eef-7c1e52836c33'),(1931,1926,'5c809e16-987d-f011-8eef-7c1e52836c33'),(1932,1927,'5d809e16-987d-f011-8eef-7c1e52836c33'),(1933,1928,'5e809e16-987d-f011-8eef-7c1e52836c33'),(1934,1929,'5f809e16-987d-f011-8eef-7c1e52836c33'),(1935,1930,'60809e16-987d-f011-8eef-7c1e52836c33'),(1936,1931,'61809e16-987d-f011-8eef-7c1e52836c33'),(1937,1932,'62809e16-987d-f011-8eef-7c1e52836c33'),(1938,1933,'63809e16-987d-f011-8eef-7c1e52836c33'),(1939,1934,'64809e16-987d-f011-8eef-7c1e52836c33'),(1940,1935,'65809e16-987d-f011-8eef-7c1e52836c33'),(1941,1936,'66809e16-987d-f011-8eef-7c1e52836c33'),(1942,1937,'67809e16-987d-f011-8eef-7c1e52836c33'),(1943,1938,'69809e16-987d-f011-8eef-7c1e52836c33'),(1944,1939,'6a809e16-987d-f011-8eef-7c1e52836c33'),(1945,1940,'6b809e16-987d-f011-8eef-7c1e52836c33'),(1946,1941,'6c809e16-987d-f011-8eef-7c1e52836c33'),(1947,1942,'6d809e16-987d-f011-8eef-7c1e52836c33'),(1948,1943,'6f809e16-987d-f011-8eef-7c1e52836c33'),(1949,1944,'70809e16-987d-f011-8eef-7c1e52836c33'),(1950,1945,'72809e16-987d-f011-8eef-7c1e52836c33'),(1951,1946,'73809e16-987d-f011-8eef-7c1e52836c33'),(1952,1947,'74809e16-987d-f011-8eef-7c1e52836c33'),(1953,1948,'75809e16-987d-f011-8eef-7c1e52836c33'),(1954,1949,'76809e16-987d-f011-8eef-7c1e52836c33'),(1955,1950,'78809e16-987d-f011-8eef-7c1e52836c33'),(1956,1951,'7b809e16-987d-f011-8eef-7c1e52836c33'),(1957,1952,'7e809e16-987d-f011-8eef-7c1e52836c33'),(1958,1953,'7f809e16-987d-f011-8eef-7c1e52836c33'),(1959,1954,'80809e16-987d-f011-8eef-7c1e52836c33'),(1960,1955,'81809e16-987d-f011-8eef-7c1e52836c33'),(1961,1956,'82809e16-987d-f011-8eef-7c1e52836c33'),(1962,1957,'83809e16-987d-f011-8eef-7c1e52836c33'),(1963,1958,'84809e16-987d-f011-8eef-7c1e52836c33'),(1964,1959,'85809e16-987d-f011-8eef-7c1e52836c33'),(1965,1960,'86809e16-987d-f011-8eef-7c1e52836c33'),(1966,1961,'87809e16-987d-f011-8eef-7c1e52836c33'),(1967,1962,'88809e16-987d-f011-8eef-7c1e52836c33'),(1968,1963,'89809e16-987d-f011-8eef-7c1e52836c33'),(1969,1964,'8c809e16-987d-f011-8eef-7c1e52836c33'),(1970,1965,'8e809e16-987d-f011-8eef-7c1e52836c33'),(1971,1966,'8f809e16-987d-f011-8eef-7c1e52836c33'),(1972,1967,'90809e16-987d-f011-8eef-7c1e52836c33'),(1973,1968,'92809e16-987d-f011-8eef-7c1e52836c33'),(1974,1969,'93809e16-987d-f011-8eef-7c1e52836c33'),(1975,1970,'94809e16-987d-f011-8eef-7c1e52836c33'),(1976,1971,'95809e16-987d-f011-8eef-7c1e52836c33'),(1977,1972,'96809e16-987d-f011-8eef-7c1e52836c33'),(1978,1973,'97809e16-987d-f011-8eef-7c1e52836c33'),(1979,1974,'9a809e16-987d-f011-8eef-7c1e52836c33'),(1980,1975,'a9809e16-987d-f011-8eef-7c1e52836c33'),(1981,1976,'aa809e16-987d-f011-8eef-7c1e52836c33'),(1982,1977,'b0809e16-987d-f011-8eef-7c1e52836c33'),(1983,1978,'b5809e16-987d-f011-8eef-7c1e52836c33'),(1984,1979,'bb809e16-987d-f011-8eef-7c1e52836c33'),(1985,1980,'c2809e16-987d-f011-8eef-7c1e52836c33'),(1986,1981,'c6809e16-987d-f011-8eef-7c1e52836c33'),(1987,1982,'c8809e16-987d-f011-8eef-7c1e52836c33'),(1988,1983,'ca809e16-987d-f011-8eef-7c1e52836c33'),(1989,1984,'cc809e16-987d-f011-8eef-7c1e52836c33'),(1990,1985,'cf809e16-987d-f011-8eef-7c1e52836c33'),(1991,1986,'d0809e16-987d-f011-8eef-7c1e52836c33'),(1992,1987,'d1809e16-987d-f011-8eef-7c1e52836c33'),(1993,1988,'d2809e16-987d-f011-8eef-7c1e52836c33'),(1994,1989,'d4809e16-987d-f011-8eef-7c1e52836c33'),(1995,1990,'d5809e16-987d-f011-8eef-7c1e52836c33'),(1996,1991,'d6809e16-987d-f011-8eef-7c1e52836c33'),(1997,1992,'d7809e16-987d-f011-8eef-7c1e52836c33'),(1998,1993,'d8809e16-987d-f011-8eef-7c1e52836c33'),(1999,1994,'d9809e16-987d-f011-8eef-7c1e52836c33'),(2000,1995,'da809e16-987d-f011-8eef-7c1e52836c33'),(2001,1996,'dc809e16-987d-f011-8eef-7c1e52836c33'),(2002,1997,'dd809e16-987d-f011-8eef-7c1e52836c33'),(2003,1998,'de809e16-987d-f011-8eef-7c1e52836c33'),(2004,1999,'df809e16-987d-f011-8eef-7c1e52836c33'),(2005,2000,'e1809e16-987d-f011-8eef-7c1e52836c33'),(2006,2001,'e2809e16-987d-f011-8eef-7c1e52836c33'),(2007,2002,'e4809e16-987d-f011-8eef-7c1e52836c33'),(2008,2003,'e3c5961c-987d-f011-8eef-7c1e52836c33'),(2009,2004,'e4c5961c-987d-f011-8eef-7c1e52836c33'),(2010,2005,'e6c5961c-987d-f011-8eef-7c1e52836c33'),(2011,2006,'e7c5961c-987d-f011-8eef-7c1e52836c33'),(2012,2007,'e8c5961c-987d-f011-8eef-7c1e52836c33'),(2013,2008,'eac5961c-987d-f011-8eef-7c1e52836c33'),(2014,2009,'ecc5961c-987d-f011-8eef-7c1e52836c33'),(2015,2010,'edc5961c-987d-f011-8eef-7c1e52836c33'),(2016,2011,'f0c5961c-987d-f011-8eef-7c1e52836c33'),(2017,2012,'f1c5961c-987d-f011-8eef-7c1e52836c33'),(2018,2013,'f2c5961c-987d-f011-8eef-7c1e52836c33'),(2019,2014,'f3c5961c-987d-f011-8eef-7c1e52836c33'),(2020,2015,'f6c5961c-987d-f011-8eef-7c1e52836c33'),(2021,2016,'f7c5961c-987d-f011-8eef-7c1e52836c33'),(2022,2017,'f8c5961c-987d-f011-8eef-7c1e52836c33'),(2023,2018,'f9c5961c-987d-f011-8eef-7c1e52836c33'),(2024,2019,'fbc5961c-987d-f011-8eef-7c1e52836c33'),(2025,2020,'fcc5961c-987d-f011-8eef-7c1e52836c33'),(2026,2021,'fec5961c-987d-f011-8eef-7c1e52836c33'),(2027,2022,'ffc5961c-987d-f011-8eef-7c1e52836c33'),(2028,2023,'00c6961c-987d-f011-8eef-7c1e52836c33'),(2029,2024,'01c6961c-987d-f011-8eef-7c1e52836c33'),(2030,2025,'02c6961c-987d-f011-8eef-7c1e52836c33'),(2031,2026,'04c6961c-987d-f011-8eef-7c1e52836c33'),(2032,2027,'06c6961c-987d-f011-8eef-7c1e52836c33'),(2033,2028,'07c6961c-987d-f011-8eef-7c1e52836c33'),(2034,2029,'08c6961c-987d-f011-8eef-7c1e52836c33'),(2035,2030,'09c6961c-987d-f011-8eef-7c1e52836c33'),(2036,2031,'0ac6961c-987d-f011-8eef-7c1e52836c33'),(2037,2032,'0cc6961c-987d-f011-8eef-7c1e52836c33'),(2038,2033,'0dc6961c-987d-f011-8eef-7c1e52836c33'),(2039,2034,'0ec6961c-987d-f011-8eef-7c1e52836c33'),(2040,2035,'0fc6961c-987d-f011-8eef-7c1e52836c33'),(2041,2036,'10c6961c-987d-f011-8eef-7c1e52836c33'),(2042,2037,'11c6961c-987d-f011-8eef-7c1e52836c33'),(2043,2038,'12c6961c-987d-f011-8eef-7c1e52836c33'),(2044,2039,'13c6961c-987d-f011-8eef-7c1e52836c33'),(2045,2040,'14c6961c-987d-f011-8eef-7c1e52836c33'),(2046,2041,'15c6961c-987d-f011-8eef-7c1e52836c33'),(2047,2042,'16c6961c-987d-f011-8eef-7c1e52836c33'),(2048,2043,'17c6961c-987d-f011-8eef-7c1e52836c33'),(2049,2044,'18c6961c-987d-f011-8eef-7c1e52836c33'),(2050,2045,'19c6961c-987d-f011-8eef-7c1e52836c33'),(2051,2046,'1ac6961c-987d-f011-8eef-7c1e52836c33'),(2052,2047,'1bc6961c-987d-f011-8eef-7c1e52836c33'),(2053,2048,'1cc6961c-987d-f011-8eef-7c1e52836c33'),(2054,2049,'1dc6961c-987d-f011-8eef-7c1e52836c33'),(2055,2050,'1ec6961c-987d-f011-8eef-7c1e52836c33'),(2056,2051,'1fc6961c-987d-f011-8eef-7c1e52836c33'),(2057,2052,'20c6961c-987d-f011-8eef-7c1e52836c33'),(2058,2053,'22c6961c-987d-f011-8eef-7c1e52836c33'),(2059,2054,'23c6961c-987d-f011-8eef-7c1e52836c33'),(2060,2055,'24c6961c-987d-f011-8eef-7c1e52836c33'),(2061,2056,'26c6961c-987d-f011-8eef-7c1e52836c33'),(2062,2057,'27c6961c-987d-f011-8eef-7c1e52836c33'),(2063,2058,'2ac6961c-987d-f011-8eef-7c1e52836c33'),(2064,2059,'2dc6961c-987d-f011-8eef-7c1e52836c33'),(2065,2060,'2fc6961c-987d-f011-8eef-7c1e52836c33'),(2066,2061,'32c6961c-987d-f011-8eef-7c1e52836c33'),(2067,2062,'33c6961c-987d-f011-8eef-7c1e52836c33'),(2068,2063,'34c6961c-987d-f011-8eef-7c1e52836c33'),(2069,2064,'35c6961c-987d-f011-8eef-7c1e52836c33'),(2070,2065,'36c6961c-987d-f011-8eef-7c1e52836c33'),(2071,2066,'37c6961c-987d-f011-8eef-7c1e52836c33'),(2072,2067,'38c6961c-987d-f011-8eef-7c1e52836c33'),(2073,2068,'39c6961c-987d-f011-8eef-7c1e52836c33'),(2074,2069,'3bc6961c-987d-f011-8eef-7c1e52836c33'),(2075,2070,'3cc6961c-987d-f011-8eef-7c1e52836c33'),(2076,2071,'3dc6961c-987d-f011-8eef-7c1e52836c33'),(2077,2072,'3ec6961c-987d-f011-8eef-7c1e52836c33'),(2078,2073,'3fc6961c-987d-f011-8eef-7c1e52836c33'),(2079,2074,'40c6961c-987d-f011-8eef-7c1e52836c33'),(2080,2075,'41c6961c-987d-f011-8eef-7c1e52836c33'),(2081,2076,'42c6961c-987d-f011-8eef-7c1e52836c33'),(2082,2077,'43c6961c-987d-f011-8eef-7c1e52836c33'),(2083,2078,'44c6961c-987d-f011-8eef-7c1e52836c33'),(2084,2079,'45c6961c-987d-f011-8eef-7c1e52836c33'),(2085,2080,'46c6961c-987d-f011-8eef-7c1e52836c33'),(2086,2081,'47c6961c-987d-f011-8eef-7c1e52836c33'),(2087,2082,'48c6961c-987d-f011-8eef-7c1e52836c33'),(2088,2083,'49c6961c-987d-f011-8eef-7c1e52836c33'),(2089,2084,'4bc6961c-987d-f011-8eef-7c1e52836c33'),(2090,2085,'4cc6961c-987d-f011-8eef-7c1e52836c33'),(2091,2086,'4dc6961c-987d-f011-8eef-7c1e52836c33'),(2092,2087,'4ec6961c-987d-f011-8eef-7c1e52836c33'),(2093,2088,'4fc6961c-987d-f011-8eef-7c1e52836c33'),(2094,2089,'50c6961c-987d-f011-8eef-7c1e52836c33'),(2095,2090,'51c6961c-987d-f011-8eef-7c1e52836c33'),(2096,2091,'53c6961c-987d-f011-8eef-7c1e52836c33'),(2097,2092,'56c6961c-987d-f011-8eef-7c1e52836c33'),(2098,2093,'59c6961c-987d-f011-8eef-7c1e52836c33'),(2099,2094,'5dc6961c-987d-f011-8eef-7c1e52836c33'),(2100,2095,'5fc6961c-987d-f011-8eef-7c1e52836c33'),(2101,2096,'62c6961c-987d-f011-8eef-7c1e52836c33'),(2102,2097,'63c6961c-987d-f011-8eef-7c1e52836c33'),(2103,2098,'64c6961c-987d-f011-8eef-7c1e52836c33'),(2104,2099,'65c6961c-987d-f011-8eef-7c1e52836c33'),(2105,2100,'66c6961c-987d-f011-8eef-7c1e52836c33'),(2106,2101,'67c6961c-987d-f011-8eef-7c1e52836c33'),(2107,2102,'68c6961c-987d-f011-8eef-7c1e52836c33'),(2108,2103,'69c6961c-987d-f011-8eef-7c1e52836c33'),(2109,2104,'6cc6961c-987d-f011-8eef-7c1e52836c33'),(2110,2105,'6dc6961c-987d-f011-8eef-7c1e52836c33'),(2111,2106,'6ec6961c-987d-f011-8eef-7c1e52836c33'),(2112,2107,'6fc6961c-987d-f011-8eef-7c1e52836c33'),(2113,2108,'70c6961c-987d-f011-8eef-7c1e52836c33'),(2114,2109,'71c6961c-987d-f011-8eef-7c1e52836c33'),(2115,2110,'72c6961c-987d-f011-8eef-7c1e52836c33'),(2116,2111,'73c6961c-987d-f011-8eef-7c1e52836c33'),(2117,2112,'74c6961c-987d-f011-8eef-7c1e52836c33'),(2118,2113,'75c6961c-987d-f011-8eef-7c1e52836c33'),(2119,2114,'76c6961c-987d-f011-8eef-7c1e52836c33'),(2120,2115,'77c6961c-987d-f011-8eef-7c1e52836c33'),(2121,2116,'79c6961c-987d-f011-8eef-7c1e52836c33'),(2122,2117,'7ac6961c-987d-f011-8eef-7c1e52836c33'),(2123,2118,'7bc6961c-987d-f011-8eef-7c1e52836c33'),(2124,2119,'7cc6961c-987d-f011-8eef-7c1e52836c33'),(2125,2120,'7dc6961c-987d-f011-8eef-7c1e52836c33'),(2126,2121,'7ec6961c-987d-f011-8eef-7c1e52836c33'),(2127,2122,'7fc6961c-987d-f011-8eef-7c1e52836c33'),(2128,2123,'80c6961c-987d-f011-8eef-7c1e52836c33'),(2129,2124,'81c6961c-987d-f011-8eef-7c1e52836c33'),(2130,2125,'82c6961c-987d-f011-8eef-7c1e52836c33'),(2131,2126,'83c6961c-987d-f011-8eef-7c1e52836c33'),(2132,2127,'84c6961c-987d-f011-8eef-7c1e52836c33'),(2133,2128,'85c6961c-987d-f011-8eef-7c1e52836c33'),(2134,2129,'86c6961c-987d-f011-8eef-7c1e52836c33'),(2135,2130,'88c6961c-987d-f011-8eef-7c1e52836c33'),(2136,2131,'89c6961c-987d-f011-8eef-7c1e52836c33'),(2137,2132,'8ac6961c-987d-f011-8eef-7c1e52836c33'),(2138,2133,'8bc6961c-987d-f011-8eef-7c1e52836c33'),(2139,2134,'8cc6961c-987d-f011-8eef-7c1e52836c33'),(2140,2135,'8dc6961c-987d-f011-8eef-7c1e52836c33'),(2141,2136,'8ec6961c-987d-f011-8eef-7c1e52836c33'),(2142,2137,'8fc6961c-987d-f011-8eef-7c1e52836c33'),(2143,2138,'90c6961c-987d-f011-8eef-7c1e52836c33'),(2144,2139,'91c6961c-987d-f011-8eef-7c1e52836c33'),(2145,2140,'92c6961c-987d-f011-8eef-7c1e52836c33'),(2146,2141,'93c6961c-987d-f011-8eef-7c1e52836c33'),(2147,2142,'94c6961c-987d-f011-8eef-7c1e52836c33'),(2148,2143,'95c6961c-987d-f011-8eef-7c1e52836c33'),(2149,2144,'96c6961c-987d-f011-8eef-7c1e52836c33'),(2150,2145,'98c6961c-987d-f011-8eef-7c1e52836c33'),(2151,2146,'99c6961c-987d-f011-8eef-7c1e52836c33'),(2152,2147,'9ac6961c-987d-f011-8eef-7c1e52836c33'),(2153,2148,'9bc6961c-987d-f011-8eef-7c1e52836c33'),(2154,2149,'9cc6961c-987d-f011-8eef-7c1e52836c33'),(2155,2150,'9dc6961c-987d-f011-8eef-7c1e52836c33'),(2156,2151,'9ec6961c-987d-f011-8eef-7c1e52836c33'),(2157,2152,'9fc6961c-987d-f011-8eef-7c1e52836c33'),(2158,2153,'a0c6961c-987d-f011-8eef-7c1e52836c33'),(2159,2154,'a1c6961c-987d-f011-8eef-7c1e52836c33'),(2160,2155,'a2c6961c-987d-f011-8eef-7c1e52836c33'),(2161,2156,'a3c6961c-987d-f011-8eef-7c1e52836c33'),(2162,2157,'a4c6961c-987d-f011-8eef-7c1e52836c33'),(2163,2158,'a5c6961c-987d-f011-8eef-7c1e52836c33'),(2164,2159,'a6c6961c-987d-f011-8eef-7c1e52836c33'),(2165,2160,'a7c6961c-987d-f011-8eef-7c1e52836c33'),(2166,2161,'a8c6961c-987d-f011-8eef-7c1e52836c33'),(2167,2162,'a9c6961c-987d-f011-8eef-7c1e52836c33'),(2168,2163,'aac6961c-987d-f011-8eef-7c1e52836c33'),(2169,2164,'acc6961c-987d-f011-8eef-7c1e52836c33'),(2170,2165,'adc6961c-987d-f011-8eef-7c1e52836c33'),(2171,2166,'aec6961c-987d-f011-8eef-7c1e52836c33'),(2172,2167,'afc6961c-987d-f011-8eef-7c1e52836c33'),(2173,2168,'b0c6961c-987d-f011-8eef-7c1e52836c33'),(2174,2169,'b1c6961c-987d-f011-8eef-7c1e52836c33'),(2175,2170,'b3c6961c-987d-f011-8eef-7c1e52836c33'),(2176,2171,'b4c6961c-987d-f011-8eef-7c1e52836c33'),(2177,2172,'b6c6961c-987d-f011-8eef-7c1e52836c33'),(2178,2173,'b8c6961c-987d-f011-8eef-7c1e52836c33'),(2179,2174,'b9c6961c-987d-f011-8eef-7c1e52836c33'),(2180,2175,'bcc6961c-987d-f011-8eef-7c1e52836c33'),(2181,2176,'bdc6961c-987d-f011-8eef-7c1e52836c33'),(2182,2177,'bec6961c-987d-f011-8eef-7c1e52836c33'),(2183,2178,'bfc6961c-987d-f011-8eef-7c1e52836c33'),(2184,2179,'c0c6961c-987d-f011-8eef-7c1e52836c33'),(2185,2180,'c1c6961c-987d-f011-8eef-7c1e52836c33'),(2186,2181,'c3c6961c-987d-f011-8eef-7c1e52836c33'),(2187,2182,'c6c6961c-987d-f011-8eef-7c1e52836c33'),(2188,2183,'c8c6961c-987d-f011-8eef-7c1e52836c33'),(2189,2184,'c9c6961c-987d-f011-8eef-7c1e52836c33'),(2190,2185,'cac6961c-987d-f011-8eef-7c1e52836c33'),(2191,2186,'cbc6961c-987d-f011-8eef-7c1e52836c33'),(2192,2187,'cdc6961c-987d-f011-8eef-7c1e52836c33'),(2193,2188,'cec6961c-987d-f011-8eef-7c1e52836c33'),(2194,2189,'cfc6961c-987d-f011-8eef-7c1e52836c33'),(2195,2190,'d1c6961c-987d-f011-8eef-7c1e52836c33'),(2196,2191,'d3c6961c-987d-f011-8eef-7c1e52836c33'),(2197,2192,'d4c6961c-987d-f011-8eef-7c1e52836c33'),(2198,2193,'d5c6961c-987d-f011-8eef-7c1e52836c33'),(2199,2194,'d6c6961c-987d-f011-8eef-7c1e52836c33'),(2200,2195,'dac6961c-987d-f011-8eef-7c1e52836c33'),(2201,2196,'dcc6961c-987d-f011-8eef-7c1e52836c33'),(2202,2197,'ddc6961c-987d-f011-8eef-7c1e52836c33'),(2203,2198,'dec6961c-987d-f011-8eef-7c1e52836c33'),(2204,2199,'dfc6961c-987d-f011-8eef-7c1e52836c33'),(2205,2200,'e1c6961c-987d-f011-8eef-7c1e52836c33'),(2206,2201,'e2c6961c-987d-f011-8eef-7c1e52836c33'),(2207,2202,'e3c6961c-987d-f011-8eef-7c1e52836c33'),(2208,2203,'e4c6961c-987d-f011-8eef-7c1e52836c33'),(2209,2204,'e5c6961c-987d-f011-8eef-7c1e52836c33'),(2210,2205,'e6c6961c-987d-f011-8eef-7c1e52836c33'),(2211,2206,'e7c6961c-987d-f011-8eef-7c1e52836c33'),(2212,2207,'e8c6961c-987d-f011-8eef-7c1e52836c33'),(2213,2208,'e9c6961c-987d-f011-8eef-7c1e52836c33'),(2214,2209,'eac6961c-987d-f011-8eef-7c1e52836c33'),(2215,2210,'ebc6961c-987d-f011-8eef-7c1e52836c33'),(2216,2211,'ecc6961c-987d-f011-8eef-7c1e52836c33'),(2217,2212,'edc6961c-987d-f011-8eef-7c1e52836c33'),(2218,2213,'eec6961c-987d-f011-8eef-7c1e52836c33'),(2219,2214,'f0c6961c-987d-f011-8eef-7c1e52836c33'),(2220,2215,'f1c6961c-987d-f011-8eef-7c1e52836c33'),(2221,2216,'f4c6961c-987d-f011-8eef-7c1e52836c33'),(2222,2217,'f5c6961c-987d-f011-8eef-7c1e52836c33'),(2223,2218,'f6c6961c-987d-f011-8eef-7c1e52836c33'),(2224,2219,'f8c6961c-987d-f011-8eef-7c1e52836c33'),(2225,2220,'f9c6961c-987d-f011-8eef-7c1e52836c33'),(2226,2221,'fac6961c-987d-f011-8eef-7c1e52836c33'),(2227,2222,'fbc6961c-987d-f011-8eef-7c1e52836c33'),(2228,2223,'fdc6961c-987d-f011-8eef-7c1e52836c33'),(2229,2224,'fec6961c-987d-f011-8eef-7c1e52836c33'),(2230,2225,'ffc6961c-987d-f011-8eef-7c1e52836c33'),(2231,2226,'00c7961c-987d-f011-8eef-7c1e52836c33'),(2232,2227,'01c7961c-987d-f011-8eef-7c1e52836c33'),(2233,2228,'02c7961c-987d-f011-8eef-7c1e52836c33'),(2234,2229,'04c7961c-987d-f011-8eef-7c1e52836c33'),(2235,2230,'05c7961c-987d-f011-8eef-7c1e52836c33'),(2236,2231,'06c7961c-987d-f011-8eef-7c1e52836c33'),(2237,2232,'07c7961c-987d-f011-8eef-7c1e52836c33'),(2238,2233,'08c7961c-987d-f011-8eef-7c1e52836c33'),(2239,2234,'09c7961c-987d-f011-8eef-7c1e52836c33'),(2240,2235,'0ac7961c-987d-f011-8eef-7c1e52836c33'),(2241,2236,'0bc7961c-987d-f011-8eef-7c1e52836c33'),(2242,2237,'0cc7961c-987d-f011-8eef-7c1e52836c33'),(2243,2238,'0dc7961c-987d-f011-8eef-7c1e52836c33'),(2244,2239,'0fc7961c-987d-f011-8eef-7c1e52836c33'),(2245,2240,'10c7961c-987d-f011-8eef-7c1e52836c33'),(2246,2241,'11c7961c-987d-f011-8eef-7c1e52836c33'),(2247,2242,'12c7961c-987d-f011-8eef-7c1e52836c33'),(2248,2243,'13c7961c-987d-f011-8eef-7c1e52836c33'),(2249,2244,'15c7961c-987d-f011-8eef-7c1e52836c33'),(2250,2245,'18c7961c-987d-f011-8eef-7c1e52836c33'),(2251,2246,'1ec7961c-987d-f011-8eef-7c1e52836c33'),(2252,2247,'1fc7961c-987d-f011-8eef-7c1e52836c33'),(2253,2248,'21c7961c-987d-f011-8eef-7c1e52836c33'),(2254,2249,'22c7961c-987d-f011-8eef-7c1e52836c33'),(2255,2250,'24c7961c-987d-f011-8eef-7c1e52836c33'),(2256,2251,'26c7961c-987d-f011-8eef-7c1e52836c33'),(2257,2252,'27c7961c-987d-f011-8eef-7c1e52836c33'),(2258,2253,'29c7961c-987d-f011-8eef-7c1e52836c33'),(2259,2254,'2ac7961c-987d-f011-8eef-7c1e52836c33'),(2260,2255,'2dc7961c-987d-f011-8eef-7c1e52836c33'),(2261,2256,'30c7961c-987d-f011-8eef-7c1e52836c33'),(2262,2257,'34c7961c-987d-f011-8eef-7c1e52836c33'),(2263,2258,'35c7961c-987d-f011-8eef-7c1e52836c33'),(2264,2259,'36c7961c-987d-f011-8eef-7c1e52836c33'),(2265,2260,'37c7961c-987d-f011-8eef-7c1e52836c33'),(2266,2261,'38c7961c-987d-f011-8eef-7c1e52836c33'),(2267,2262,'39c7961c-987d-f011-8eef-7c1e52836c33'),(2268,2263,'3ac7961c-987d-f011-8eef-7c1e52836c33'),(2269,2264,'3bc7961c-987d-f011-8eef-7c1e52836c33'),(2270,2265,'3cc7961c-987d-f011-8eef-7c1e52836c33'),(2271,2266,'3ec7961c-987d-f011-8eef-7c1e52836c33'),(2272,2267,'42c7961c-987d-f011-8eef-7c1e52836c33'),(2273,2268,'45c7961c-987d-f011-8eef-7c1e52836c33'),(2274,2269,'47c7961c-987d-f011-8eef-7c1e52836c33'),(2275,2270,'48c7961c-987d-f011-8eef-7c1e52836c33'),(2276,2271,'4ac7961c-987d-f011-8eef-7c1e52836c33'),(2277,2272,'4bc7961c-987d-f011-8eef-7c1e52836c33'),(2278,2273,'4cc7961c-987d-f011-8eef-7c1e52836c33'),(2279,2274,'4dc7961c-987d-f011-8eef-7c1e52836c33'),(2280,2275,'4fc7961c-987d-f011-8eef-7c1e52836c33'),(2281,2276,'52c7961c-987d-f011-8eef-7c1e52836c33'),(2282,2277,'58c7961c-987d-f011-8eef-7c1e52836c33'),(2283,2278,'59c7961c-987d-f011-8eef-7c1e52836c33'),(2284,2279,'5ac7961c-987d-f011-8eef-7c1e52836c33'),(2285,2280,'030d8f22-987d-f011-8eef-7c1e52836c33'),(2286,2281,'050d8f22-987d-f011-8eef-7c1e52836c33'),(2287,2282,'070d8f22-987d-f011-8eef-7c1e52836c33'),(2288,2283,'080d8f22-987d-f011-8eef-7c1e52836c33'),(2289,2284,'090d8f22-987d-f011-8eef-7c1e52836c33'),(2290,2285,'0a0d8f22-987d-f011-8eef-7c1e52836c33'),(2291,2286,'0c0d8f22-987d-f011-8eef-7c1e52836c33'),(2292,2287,'0d0d8f22-987d-f011-8eef-7c1e52836c33'),(2293,2288,'100d8f22-987d-f011-8eef-7c1e52836c33'),(2294,2289,'160d8f22-987d-f011-8eef-7c1e52836c33'),(2295,2290,'170d8f22-987d-f011-8eef-7c1e52836c33'),(2296,2291,'180d8f22-987d-f011-8eef-7c1e52836c33'),(2297,2292,'190d8f22-987d-f011-8eef-7c1e52836c33'),(2298,2293,'1a0d8f22-987d-f011-8eef-7c1e52836c33'),(2299,2294,'1b0d8f22-987d-f011-8eef-7c1e52836c33'),(2300,2295,'1c0d8f22-987d-f011-8eef-7c1e52836c33'),(2301,2296,'1d0d8f22-987d-f011-8eef-7c1e52836c33'),(2302,2297,'1e0d8f22-987d-f011-8eef-7c1e52836c33'),(2303,2298,'1f0d8f22-987d-f011-8eef-7c1e52836c33'),(2304,2299,'220d8f22-987d-f011-8eef-7c1e52836c33'),(2306,2301,'240d8f22-987d-f011-8eef-7c1e52836c33'),(2307,2302,'250d8f22-987d-f011-8eef-7c1e52836c33'),(2308,2303,'280d8f22-987d-f011-8eef-7c1e52836c33'),(2309,2300,'2d0d8f22-987d-f011-8eef-7c1e52836c33'),(2310,2304,'310d8f22-987d-f011-8eef-7c1e52836c33'),(2311,2305,'330d8f22-987d-f011-8eef-7c1e52836c33'),(2312,2306,'350d8f22-987d-f011-8eef-7c1e52836c33'),(2313,2307,'360d8f22-987d-f011-8eef-7c1e52836c33'),(2314,2308,'390d8f22-987d-f011-8eef-7c1e52836c33'),(2315,2309,'3a0d8f22-987d-f011-8eef-7c1e52836c33'),(2316,2310,'430d8f22-987d-f011-8eef-7c1e52836c33'),(2317,2311,'440d8f22-987d-f011-8eef-7c1e52836c33'),(2318,2312,'470d8f22-987d-f011-8eef-7c1e52836c33'),(2319,2313,'480d8f22-987d-f011-8eef-7c1e52836c33'),(2320,2314,'490d8f22-987d-f011-8eef-7c1e52836c33'),(2321,2315,'4b0d8f22-987d-f011-8eef-7c1e52836c33'),(2322,2316,'4d0d8f22-987d-f011-8eef-7c1e52836c33'),(2323,2317,'4f0d8f22-987d-f011-8eef-7c1e52836c33'),(2324,2318,'510d8f22-987d-f011-8eef-7c1e52836c33'),(2325,2319,'570d8f22-987d-f011-8eef-7c1e52836c33'),(2326,2320,'580d8f22-987d-f011-8eef-7c1e52836c33'),(2327,2321,'590d8f22-987d-f011-8eef-7c1e52836c33'),(2328,2322,'5a0d8f22-987d-f011-8eef-7c1e52836c33'),(2329,2323,'5d0d8f22-987d-f011-8eef-7c1e52836c33'),(2330,2324,'5e0d8f22-987d-f011-8eef-7c1e52836c33'),(2331,2325,'600d8f22-987d-f011-8eef-7c1e52836c33'),(2332,2326,'630d8f22-987d-f011-8eef-7c1e52836c33'),(2333,2327,'680d8f22-987d-f011-8eef-7c1e52836c33'),(2334,2328,'6c0d8f22-987d-f011-8eef-7c1e52836c33'),(2335,2329,'6d0d8f22-987d-f011-8eef-7c1e52836c33'),(2336,2330,'710d8f22-987d-f011-8eef-7c1e52836c33'),(2337,2331,'720d8f22-987d-f011-8eef-7c1e52836c33'),(2338,2332,'730d8f22-987d-f011-8eef-7c1e52836c33'),(2339,2333,'750d8f22-987d-f011-8eef-7c1e52836c33'),(2340,2334,'7a0d8f22-987d-f011-8eef-7c1e52836c33'),(2341,2335,'7e0d8f22-987d-f011-8eef-7c1e52836c33'),(2342,2336,'810d8f22-987d-f011-8eef-7c1e52836c33'),(2343,2337,'820d8f22-987d-f011-8eef-7c1e52836c33'),(2344,2338,'830d8f22-987d-f011-8eef-7c1e52836c33'),(2345,2339,'860d8f22-987d-f011-8eef-7c1e52836c33'),(2346,2340,'870d8f22-987d-f011-8eef-7c1e52836c33'),(2347,2341,'880d8f22-987d-f011-8eef-7c1e52836c33'),(2348,2342,'8a0d8f22-987d-f011-8eef-7c1e52836c33'),(2349,2343,'8d0d8f22-987d-f011-8eef-7c1e52836c33'),(2350,2344,'930d8f22-987d-f011-8eef-7c1e52836c33'),(2351,2345,'940d8f22-987d-f011-8eef-7c1e52836c33'),(2352,2346,'950d8f22-987d-f011-8eef-7c1e52836c33'),(2353,2347,'960d8f22-987d-f011-8eef-7c1e52836c33'),(2354,2348,'970d8f22-987d-f011-8eef-7c1e52836c33'),(2355,2349,'990d8f22-987d-f011-8eef-7c1e52836c33'),(2356,2350,'9b0d8f22-987d-f011-8eef-7c1e52836c33'),(2357,2351,'9c0d8f22-987d-f011-8eef-7c1e52836c33'),(2358,2352,'9d0d8f22-987d-f011-8eef-7c1e52836c33'),(2359,2353,'9e0d8f22-987d-f011-8eef-7c1e52836c33'),(2360,2354,'9f0d8f22-987d-f011-8eef-7c1e52836c33'),(2361,2355,'a10d8f22-987d-f011-8eef-7c1e52836c33'),(2362,2356,'a20d8f22-987d-f011-8eef-7c1e52836c33'),(2363,2357,'a30d8f22-987d-f011-8eef-7c1e52836c33'),(2364,2358,'a40d8f22-987d-f011-8eef-7c1e52836c33'),(2365,2359,'a50d8f22-987d-f011-8eef-7c1e52836c33'),(2366,2360,'a60d8f22-987d-f011-8eef-7c1e52836c33'),(2367,2361,'a80d8f22-987d-f011-8eef-7c1e52836c33'),(2368,2362,'ad0d8f22-987d-f011-8eef-7c1e52836c33'),(2369,2363,'b10d8f22-987d-f011-8eef-7c1e52836c33'),(2370,2364,'b20d8f22-987d-f011-8eef-7c1e52836c33'),(2371,2365,'b30d8f22-987d-f011-8eef-7c1e52836c33'),(2372,2366,'b50d8f22-987d-f011-8eef-7c1e52836c33'),(2373,2367,'b70d8f22-987d-f011-8eef-7c1e52836c33'),(2374,2368,'b80d8f22-987d-f011-8eef-7c1e52836c33'),(2375,2369,'b90d8f22-987d-f011-8eef-7c1e52836c33'),(2376,2370,'ba0d8f22-987d-f011-8eef-7c1e52836c33'),(2377,2371,'bb0d8f22-987d-f011-8eef-7c1e52836c33'),(2378,2372,'bc0d8f22-987d-f011-8eef-7c1e52836c33'),(2379,2373,'bd0d8f22-987d-f011-8eef-7c1e52836c33'),(2380,2374,'bf0d8f22-987d-f011-8eef-7c1e52836c33'),(2381,2375,'c00d8f22-987d-f011-8eef-7c1e52836c33'),(2382,2376,'c10d8f22-987d-f011-8eef-7c1e52836c33'),(2383,2377,'c20d8f22-987d-f011-8eef-7c1e52836c33'),(2384,2378,'c30d8f22-987d-f011-8eef-7c1e52836c33'),(2385,2379,'c40d8f22-987d-f011-8eef-7c1e52836c33'),(2386,2380,'c50d8f22-987d-f011-8eef-7c1e52836c33'),(2387,2381,'c60d8f22-987d-f011-8eef-7c1e52836c33'),(2388,2382,'c70d8f22-987d-f011-8eef-7c1e52836c33'),(2389,2383,'c80d8f22-987d-f011-8eef-7c1e52836c33'),(2390,2384,'ca0d8f22-987d-f011-8eef-7c1e52836c33'),(2391,2385,'cb0d8f22-987d-f011-8eef-7c1e52836c33'),(2392,2386,'cc0d8f22-987d-f011-8eef-7c1e52836c33'),(2393,2387,'cd0d8f22-987d-f011-8eef-7c1e52836c33'),(2394,2388,'ce0d8f22-987d-f011-8eef-7c1e52836c33'),(2395,2389,'d00d8f22-987d-f011-8eef-7c1e52836c33'),(2396,2390,'d10d8f22-987d-f011-8eef-7c1e52836c33'),(2397,2391,'d20d8f22-987d-f011-8eef-7c1e52836c33'),(2398,2392,'d30d8f22-987d-f011-8eef-7c1e52836c33'),(2399,2393,'d40d8f22-987d-f011-8eef-7c1e52836c33'),(2400,2394,'d50d8f22-987d-f011-8eef-7c1e52836c33'),(2401,2395,'d60d8f22-987d-f011-8eef-7c1e52836c33'),(2402,2396,'d70d8f22-987d-f011-8eef-7c1e52836c33'),(2403,2397,'d80d8f22-987d-f011-8eef-7c1e52836c33'),(2404,2398,'d90d8f22-987d-f011-8eef-7c1e52836c33'),(2405,2399,'da0d8f22-987d-f011-8eef-7c1e52836c33'),(2406,2400,'db0d8f22-987d-f011-8eef-7c1e52836c33'),(2407,2401,'dc0d8f22-987d-f011-8eef-7c1e52836c33'),(2408,2402,'dd0d8f22-987d-f011-8eef-7c1e52836c33'),(2409,2403,'de0d8f22-987d-f011-8eef-7c1e52836c33'),(2410,2404,'df0d8f22-987d-f011-8eef-7c1e52836c33'),(2411,2405,'e00d8f22-987d-f011-8eef-7c1e52836c33'),(2412,2406,'e10d8f22-987d-f011-8eef-7c1e52836c33'),(2413,2407,'e20d8f22-987d-f011-8eef-7c1e52836c33'),(2414,2408,'e40d8f22-987d-f011-8eef-7c1e52836c33'),(2415,2409,'e50d8f22-987d-f011-8eef-7c1e52836c33'),(2416,2410,'e60d8f22-987d-f011-8eef-7c1e52836c33'),(2417,2411,'e70d8f22-987d-f011-8eef-7c1e52836c33'),(2418,2412,'e80d8f22-987d-f011-8eef-7c1e52836c33'),(2419,2413,'e90d8f22-987d-f011-8eef-7c1e52836c33'),(2420,2414,'ea0d8f22-987d-f011-8eef-7c1e52836c33'),(2421,2415,'eb0d8f22-987d-f011-8eef-7c1e52836c33'),(2422,2416,'ec0d8f22-987d-f011-8eef-7c1e52836c33'),(2423,2417,'ed0d8f22-987d-f011-8eef-7c1e52836c33'),(2424,2418,'ee0d8f22-987d-f011-8eef-7c1e52836c33'),(2425,2419,'ef0d8f22-987d-f011-8eef-7c1e52836c33'),(2426,2420,'f00d8f22-987d-f011-8eef-7c1e52836c33'),(2427,2421,'f10d8f22-987d-f011-8eef-7c1e52836c33'),(2428,2422,'f20d8f22-987d-f011-8eef-7c1e52836c33'),(2429,2423,'f40d8f22-987d-f011-8eef-7c1e52836c33'),(2430,2424,'f50d8f22-987d-f011-8eef-7c1e52836c33'),(2431,2425,'f60d8f22-987d-f011-8eef-7c1e52836c33'),(2432,2426,'f70d8f22-987d-f011-8eef-7c1e52836c33'),(2433,2427,'f80d8f22-987d-f011-8eef-7c1e52836c33'),(2434,2428,'f90d8f22-987d-f011-8eef-7c1e52836c33'),(2435,2429,'fa0d8f22-987d-f011-8eef-7c1e52836c33'),(2436,2430,'fb0d8f22-987d-f011-8eef-7c1e52836c33'),(2437,2431,'fc0d8f22-987d-f011-8eef-7c1e52836c33'),(2438,2432,'fd0d8f22-987d-f011-8eef-7c1e52836c33'),(2439,2433,'fe0d8f22-987d-f011-8eef-7c1e52836c33'),(2440,2434,'ff0d8f22-987d-f011-8eef-7c1e52836c33'),(2441,2435,'000e8f22-987d-f011-8eef-7c1e52836c33'),(2442,2436,'020e8f22-987d-f011-8eef-7c1e52836c33'),(2443,2437,'030e8f22-987d-f011-8eef-7c1e52836c33'),(2444,2438,'040e8f22-987d-f011-8eef-7c1e52836c33'),(2445,2439,'050e8f22-987d-f011-8eef-7c1e52836c33'),(2446,2440,'060e8f22-987d-f011-8eef-7c1e52836c33'),(2447,2441,'070e8f22-987d-f011-8eef-7c1e52836c33'),(2448,2442,'080e8f22-987d-f011-8eef-7c1e52836c33'),(2449,2443,'090e8f22-987d-f011-8eef-7c1e52836c33'),(2450,2444,'0a0e8f22-987d-f011-8eef-7c1e52836c33'),(2451,2445,'0b0e8f22-987d-f011-8eef-7c1e52836c33'),(2452,2446,'0c0e8f22-987d-f011-8eef-7c1e52836c33'),(2453,2447,'0d0e8f22-987d-f011-8eef-7c1e52836c33'),(2454,2448,'0e0e8f22-987d-f011-8eef-7c1e52836c33'),(2455,2449,'0f0e8f22-987d-f011-8eef-7c1e52836c33'),(2456,2450,'100e8f22-987d-f011-8eef-7c1e52836c33'),(2457,2451,'120e8f22-987d-f011-8eef-7c1e52836c33'),(2458,2452,'130e8f22-987d-f011-8eef-7c1e52836c33'),(2459,2453,'140e8f22-987d-f011-8eef-7c1e52836c33'),(2460,2454,'150e8f22-987d-f011-8eef-7c1e52836c33'),(2461,2455,'160e8f22-987d-f011-8eef-7c1e52836c33'),(2462,2456,'170e8f22-987d-f011-8eef-7c1e52836c33'),(2463,2457,'190e8f22-987d-f011-8eef-7c1e52836c33'),(2464,2458,'1a0e8f22-987d-f011-8eef-7c1e52836c33'),(2465,2459,'1b0e8f22-987d-f011-8eef-7c1e52836c33'),(2466,2460,'1c0e8f22-987d-f011-8eef-7c1e52836c33'),(2467,2461,'1d0e8f22-987d-f011-8eef-7c1e52836c33'),(2468,2462,'1e0e8f22-987d-f011-8eef-7c1e52836c33'),(2469,2463,'1f0e8f22-987d-f011-8eef-7c1e52836c33'),(2470,2464,'200e8f22-987d-f011-8eef-7c1e52836c33'),(2471,2465,'210e8f22-987d-f011-8eef-7c1e52836c33'),(2472,2466,'220e8f22-987d-f011-8eef-7c1e52836c33'),(2473,2467,'240e8f22-987d-f011-8eef-7c1e52836c33'),(2474,2468,'250e8f22-987d-f011-8eef-7c1e52836c33'),(2475,2469,'260e8f22-987d-f011-8eef-7c1e52836c33'),(2476,2470,'270e8f22-987d-f011-8eef-7c1e52836c33'),(2477,2471,'280e8f22-987d-f011-8eef-7c1e52836c33'),(2478,2472,'290e8f22-987d-f011-8eef-7c1e52836c33'),(2479,2473,'2a0e8f22-987d-f011-8eef-7c1e52836c33'),(2480,2474,'2b0e8f22-987d-f011-8eef-7c1e52836c33'),(2481,2475,'2c0e8f22-987d-f011-8eef-7c1e52836c33'),(2482,2476,'2d0e8f22-987d-f011-8eef-7c1e52836c33'),(2483,2477,'2e0e8f22-987d-f011-8eef-7c1e52836c33'),(2484,2478,'2f0e8f22-987d-f011-8eef-7c1e52836c33'),(2485,2479,'300e8f22-987d-f011-8eef-7c1e52836c33'),(2486,2480,'320e8f22-987d-f011-8eef-7c1e52836c33'),(2487,2481,'330e8f22-987d-f011-8eef-7c1e52836c33'),(2488,2482,'340e8f22-987d-f011-8eef-7c1e52836c33'),(2489,2483,'350e8f22-987d-f011-8eef-7c1e52836c33'),(2490,2484,'360e8f22-987d-f011-8eef-7c1e52836c33'),(2491,2485,'370e8f22-987d-f011-8eef-7c1e52836c33'),(2492,2486,'380e8f22-987d-f011-8eef-7c1e52836c33'),(2493,2487,'390e8f22-987d-f011-8eef-7c1e52836c33'),(2494,2488,'3a0e8f22-987d-f011-8eef-7c1e52836c33'),(2495,2489,'3b0e8f22-987d-f011-8eef-7c1e52836c33'),(2496,2490,'3c0e8f22-987d-f011-8eef-7c1e52836c33'),(2497,2491,'3d0e8f22-987d-f011-8eef-7c1e52836c33'),(2498,2492,'3e0e8f22-987d-f011-8eef-7c1e52836c33'),(2499,2493,'3f0e8f22-987d-f011-8eef-7c1e52836c33'),(2500,2494,'410e8f22-987d-f011-8eef-7c1e52836c33'),(2501,2495,'420e8f22-987d-f011-8eef-7c1e52836c33'),(2502,2496,'430e8f22-987d-f011-8eef-7c1e52836c33'),(2503,2497,'440e8f22-987d-f011-8eef-7c1e52836c33'),(2504,2498,'450e8f22-987d-f011-8eef-7c1e52836c33'),(2505,2499,'460e8f22-987d-f011-8eef-7c1e52836c33'),(2506,2500,'470e8f22-987d-f011-8eef-7c1e52836c33'),(2507,2501,'480e8f22-987d-f011-8eef-7c1e52836c33'),(2508,2502,'490e8f22-987d-f011-8eef-7c1e52836c33'),(2509,2503,'4a0e8f22-987d-f011-8eef-7c1e52836c33'),(2510,2504,'4b0e8f22-987d-f011-8eef-7c1e52836c33'),(2511,2505,'4c0e8f22-987d-f011-8eef-7c1e52836c33'),(2512,2506,'4f0e8f22-987d-f011-8eef-7c1e52836c33'),(2513,2507,'500e8f22-987d-f011-8eef-7c1e52836c33'),(2514,2508,'510e8f22-987d-f011-8eef-7c1e52836c33'),(2515,2509,'520e8f22-987d-f011-8eef-7c1e52836c33'),(2516,2510,'530e8f22-987d-f011-8eef-7c1e52836c33'),(2517,2511,'540e8f22-987d-f011-8eef-7c1e52836c33'),(2518,2512,'550e8f22-987d-f011-8eef-7c1e52836c33'),(2519,2513,'560e8f22-987d-f011-8eef-7c1e52836c33'),(2520,2514,'570e8f22-987d-f011-8eef-7c1e52836c33'),(2521,2515,'580e8f22-987d-f011-8eef-7c1e52836c33'),(2522,2516,'590e8f22-987d-f011-8eef-7c1e52836c33'),(2523,2517,'5a0e8f22-987d-f011-8eef-7c1e52836c33'),(2524,2518,'5c0e8f22-987d-f011-8eef-7c1e52836c33'),(2525,2519,'5d0e8f22-987d-f011-8eef-7c1e52836c33'),(2526,2520,'5e0e8f22-987d-f011-8eef-7c1e52836c33'),(2527,2521,'5f0e8f22-987d-f011-8eef-7c1e52836c33'),(2528,2522,'600e8f22-987d-f011-8eef-7c1e52836c33'),(2529,2523,'610e8f22-987d-f011-8eef-7c1e52836c33'),(2530,2524,'620e8f22-987d-f011-8eef-7c1e52836c33'),(2531,2525,'630e8f22-987d-f011-8eef-7c1e52836c33'),(2532,2526,'640e8f22-987d-f011-8eef-7c1e52836c33'),(2533,2527,'650e8f22-987d-f011-8eef-7c1e52836c33'),(2534,2528,'660e8f22-987d-f011-8eef-7c1e52836c33'),(2535,2529,'670e8f22-987d-f011-8eef-7c1e52836c33'),(2536,2530,'680e8f22-987d-f011-8eef-7c1e52836c33'),(2537,2531,'690e8f22-987d-f011-8eef-7c1e52836c33'),(2538,2532,'6a0e8f22-987d-f011-8eef-7c1e52836c33'),(2539,2533,'6c0e8f22-987d-f011-8eef-7c1e52836c33'),(2540,2534,'6e0e8f22-987d-f011-8eef-7c1e52836c33'),(2541,2535,'710e8f22-987d-f011-8eef-7c1e52836c33'),(2542,2536,'730e8f22-987d-f011-8eef-7c1e52836c33'),(2543,2537,'760e8f22-987d-f011-8eef-7c1e52836c33'),(2544,2538,'770e8f22-987d-f011-8eef-7c1e52836c33'),(2545,2539,'780e8f22-987d-f011-8eef-7c1e52836c33'),(2546,2540,'790e8f22-987d-f011-8eef-7c1e52836c33'),(2547,2541,'7a0e8f22-987d-f011-8eef-7c1e52836c33'),(2548,2542,'7b0e8f22-987d-f011-8eef-7c1e52836c33'),(2549,2543,'7c0e8f22-987d-f011-8eef-7c1e52836c33'),(2550,2544,'7d0e8f22-987d-f011-8eef-7c1e52836c33'),(2551,2545,'7f0e8f22-987d-f011-8eef-7c1e52836c33'),(2552,2546,'800e8f22-987d-f011-8eef-7c1e52836c33'),(2553,2547,'810e8f22-987d-f011-8eef-7c1e52836c33'),(2554,2548,'820e8f22-987d-f011-8eef-7c1e52836c33'),(2555,2549,'830e8f22-987d-f011-8eef-7c1e52836c33'),(2556,2550,'840e8f22-987d-f011-8eef-7c1e52836c33'),(2557,2551,'850e8f22-987d-f011-8eef-7c1e52836c33'),(2558,2552,'860e8f22-987d-f011-8eef-7c1e52836c33'),(2559,2553,'870e8f22-987d-f011-8eef-7c1e52836c33'),(2560,2554,'880e8f22-987d-f011-8eef-7c1e52836c33'),(2561,2555,'890e8f22-987d-f011-8eef-7c1e52836c33'),(2562,2556,'8b0e8f22-987d-f011-8eef-7c1e52836c33'),(2563,2557,'8c0e8f22-987d-f011-8eef-7c1e52836c33'),(2564,2558,'e5a19528-987d-f011-8eef-7c1e52836c33'),(2565,2559,'e6a19528-987d-f011-8eef-7c1e52836c33'),(2566,2560,'e7a19528-987d-f011-8eef-7c1e52836c33'),(2567,2561,'e8a19528-987d-f011-8eef-7c1e52836c33'),(2568,2562,'e9a19528-987d-f011-8eef-7c1e52836c33'),(2569,2563,'eaa19528-987d-f011-8eef-7c1e52836c33'),(2570,2564,'eca19528-987d-f011-8eef-7c1e52836c33'),(2571,2565,'eda19528-987d-f011-8eef-7c1e52836c33'),(2572,2566,'eea19528-987d-f011-8eef-7c1e52836c33'),(2573,2567,'efa19528-987d-f011-8eef-7c1e52836c33'),(2574,2568,'f0a19528-987d-f011-8eef-7c1e52836c33'),(2575,2569,'f1a19528-987d-f011-8eef-7c1e52836c33'),(2576,2570,'f2a19528-987d-f011-8eef-7c1e52836c33'),(2577,2571,'f3a19528-987d-f011-8eef-7c1e52836c33'),(2578,2572,'f4a19528-987d-f011-8eef-7c1e52836c33'),(2579,2573,'f5a19528-987d-f011-8eef-7c1e52836c33'),(2580,2574,'f6a19528-987d-f011-8eef-7c1e52836c33'),(2581,2575,'f7a19528-987d-f011-8eef-7c1e52836c33'),(2582,2576,'f8a19528-987d-f011-8eef-7c1e52836c33'),(2583,2577,'f9a19528-987d-f011-8eef-7c1e52836c33'),(2584,2578,'fba19528-987d-f011-8eef-7c1e52836c33'),(2585,2579,'fca19528-987d-f011-8eef-7c1e52836c33'),(2586,2580,'fda19528-987d-f011-8eef-7c1e52836c33'),(2587,2581,'fea19528-987d-f011-8eef-7c1e52836c33'),(2588,2582,'ffa19528-987d-f011-8eef-7c1e52836c33'),(2589,2583,'00a29528-987d-f011-8eef-7c1e52836c33'),(2590,2584,'01a29528-987d-f011-8eef-7c1e52836c33'),(2591,2585,'03a29528-987d-f011-8eef-7c1e52836c33'),(2592,2586,'04a29528-987d-f011-8eef-7c1e52836c33'),(2593,2587,'05a29528-987d-f011-8eef-7c1e52836c33'),(2594,2588,'06a29528-987d-f011-8eef-7c1e52836c33'),(2595,2589,'07a29528-987d-f011-8eef-7c1e52836c33'),(2596,2590,'08a29528-987d-f011-8eef-7c1e52836c33'),(2597,2591,'0aa29528-987d-f011-8eef-7c1e52836c33'),(2598,2592,'0ba29528-987d-f011-8eef-7c1e52836c33'),(2599,2593,'0ca29528-987d-f011-8eef-7c1e52836c33'),(2600,2594,'0ea29528-987d-f011-8eef-7c1e52836c33'),(2601,2595,'0fa29528-987d-f011-8eef-7c1e52836c33'),(2602,2596,'10a29528-987d-f011-8eef-7c1e52836c33'),(2603,2597,'14a29528-987d-f011-8eef-7c1e52836c33'),(2604,2598,'17a29528-987d-f011-8eef-7c1e52836c33'),(2605,2599,'18a29528-987d-f011-8eef-7c1e52836c33'),(2606,2600,'1aa29528-987d-f011-8eef-7c1e52836c33'),(2607,2601,'1ca29528-987d-f011-8eef-7c1e52836c33'),(2608,2602,'1da29528-987d-f011-8eef-7c1e52836c33'),(2609,2603,'1fa29528-987d-f011-8eef-7c1e52836c33'),(2610,2604,'20a29528-987d-f011-8eef-7c1e52836c33'),(2611,2605,'22a29528-987d-f011-8eef-7c1e52836c33'),(2612,2606,'23a29528-987d-f011-8eef-7c1e52836c33'),(2613,2607,'24a29528-987d-f011-8eef-7c1e52836c33'),(2614,2608,'25a29528-987d-f011-8eef-7c1e52836c33'),(2615,2609,'26a29528-987d-f011-8eef-7c1e52836c33'),(2616,2610,'27a29528-987d-f011-8eef-7c1e52836c33'),(2617,2611,'28a29528-987d-f011-8eef-7c1e52836c33'),(2618,2612,'29a29528-987d-f011-8eef-7c1e52836c33'),(2619,2613,'2aa29528-987d-f011-8eef-7c1e52836c33'),(2620,2614,'2ba29528-987d-f011-8eef-7c1e52836c33'),(2621,2615,'2ca29528-987d-f011-8eef-7c1e52836c33'),(2622,2616,'2da29528-987d-f011-8eef-7c1e52836c33'),(2623,2617,'2fa29528-987d-f011-8eef-7c1e52836c33'),(2624,2618,'30a29528-987d-f011-8eef-7c1e52836c33'),(2625,2619,'31a29528-987d-f011-8eef-7c1e52836c33'),(2626,2620,'32a29528-987d-f011-8eef-7c1e52836c33'),(2627,2621,'33a29528-987d-f011-8eef-7c1e52836c33'),(2628,2622,'34a29528-987d-f011-8eef-7c1e52836c33'),(2629,2623,'35a29528-987d-f011-8eef-7c1e52836c33'),(2630,2624,'36a29528-987d-f011-8eef-7c1e52836c33'),(2631,2625,'37a29528-987d-f011-8eef-7c1e52836c33'),(2632,2626,'38a29528-987d-f011-8eef-7c1e52836c33'),(2633,2627,'39a29528-987d-f011-8eef-7c1e52836c33'),(2634,2628,'3aa29528-987d-f011-8eef-7c1e52836c33'),(2635,2629,'3ba29528-987d-f011-8eef-7c1e52836c33'),(2636,2630,'3ca29528-987d-f011-8eef-7c1e52836c33'),(2637,2631,'3da29528-987d-f011-8eef-7c1e52836c33'),(2638,2632,'3ea29528-987d-f011-8eef-7c1e52836c33'),(2639,2633,'3fa29528-987d-f011-8eef-7c1e52836c33'),(2640,2634,'40a29528-987d-f011-8eef-7c1e52836c33'),(2641,2635,'41a29528-987d-f011-8eef-7c1e52836c33'),(2642,2636,'42a29528-987d-f011-8eef-7c1e52836c33'),(2643,2637,'43a29528-987d-f011-8eef-7c1e52836c33'),(2644,2638,'44a29528-987d-f011-8eef-7c1e52836c33'),(2645,2639,'45a29528-987d-f011-8eef-7c1e52836c33'),(2646,2640,'47a29528-987d-f011-8eef-7c1e52836c33'),(2647,2641,'48a29528-987d-f011-8eef-7c1e52836c33'),(2648,2642,'49a29528-987d-f011-8eef-7c1e52836c33'),(2649,2643,'4aa29528-987d-f011-8eef-7c1e52836c33'),(2650,2644,'4ba29528-987d-f011-8eef-7c1e52836c33'),(2651,2645,'4ca29528-987d-f011-8eef-7c1e52836c33'),(2652,2646,'4da29528-987d-f011-8eef-7c1e52836c33'),(2653,2647,'4ea29528-987d-f011-8eef-7c1e52836c33'),(2654,2648,'4fa29528-987d-f011-8eef-7c1e52836c33'),(2655,2649,'50a29528-987d-f011-8eef-7c1e52836c33'),(2656,2650,'51a29528-987d-f011-8eef-7c1e52836c33'),(2657,2651,'52a29528-987d-f011-8eef-7c1e52836c33'),(2658,2652,'53a29528-987d-f011-8eef-7c1e52836c33'),(2659,2653,'54a29528-987d-f011-8eef-7c1e52836c33'),(2660,2654,'55a29528-987d-f011-8eef-7c1e52836c33'),(2661,2655,'56a29528-987d-f011-8eef-7c1e52836c33'),(2662,2656,'57a29528-987d-f011-8eef-7c1e52836c33'),(2663,2657,'58a29528-987d-f011-8eef-7c1e52836c33'),(2664,2658,'59a29528-987d-f011-8eef-7c1e52836c33'),(2665,2659,'5aa29528-987d-f011-8eef-7c1e52836c33'),(2666,2660,'5ca29528-987d-f011-8eef-7c1e52836c33'),(2667,2661,'5da29528-987d-f011-8eef-7c1e52836c33'),(2668,2662,'5ea29528-987d-f011-8eef-7c1e52836c33'),(2669,2663,'5fa29528-987d-f011-8eef-7c1e52836c33'),(2670,2664,'60a29528-987d-f011-8eef-7c1e52836c33'),(2671,2665,'61a29528-987d-f011-8eef-7c1e52836c33'),(2672,2666,'62a29528-987d-f011-8eef-7c1e52836c33'),(2673,2667,'63a29528-987d-f011-8eef-7c1e52836c33'),(2674,2668,'64a29528-987d-f011-8eef-7c1e52836c33'),(2675,2669,'65a29528-987d-f011-8eef-7c1e52836c33'),(2676,2670,'66a29528-987d-f011-8eef-7c1e52836c33'),(2677,2671,'67a29528-987d-f011-8eef-7c1e52836c33'),(2678,2672,'68a29528-987d-f011-8eef-7c1e52836c33'),(2679,2673,'69a29528-987d-f011-8eef-7c1e52836c33'),(2680,2674,'6aa29528-987d-f011-8eef-7c1e52836c33'),(2681,2675,'6ca29528-987d-f011-8eef-7c1e52836c33'),(2682,2676,'6da29528-987d-f011-8eef-7c1e52836c33'),(2683,2677,'6fa29528-987d-f011-8eef-7c1e52836c33'),(2684,2678,'71a29528-987d-f011-8eef-7c1e52836c33'),(2685,2679,'72a29528-987d-f011-8eef-7c1e52836c33'),(2686,2680,'74a29528-987d-f011-8eef-7c1e52836c33'),(2687,2681,'77a29528-987d-f011-8eef-7c1e52836c33'),(2688,2682,'78a29528-987d-f011-8eef-7c1e52836c33'),(2689,2683,'79a29528-987d-f011-8eef-7c1e52836c33'),(2690,2684,'7ba29528-987d-f011-8eef-7c1e52836c33'),(2691,2685,'7ca29528-987d-f011-8eef-7c1e52836c33'),(2692,2686,'7da29528-987d-f011-8eef-7c1e52836c33'),(2693,2687,'7ea29528-987d-f011-8eef-7c1e52836c33'),(2694,2688,'7fa29528-987d-f011-8eef-7c1e52836c33'),(2695,2689,'80a29528-987d-f011-8eef-7c1e52836c33'),(2696,2690,'81a29528-987d-f011-8eef-7c1e52836c33'),(2697,2691,'82a29528-987d-f011-8eef-7c1e52836c33'),(2698,2692,'83a29528-987d-f011-8eef-7c1e52836c33'),(2699,2693,'84a29528-987d-f011-8eef-7c1e52836c33'),(2700,2694,'85a29528-987d-f011-8eef-7c1e52836c33'),(2701,2695,'86a29528-987d-f011-8eef-7c1e52836c33'),(2702,2696,'87a29528-987d-f011-8eef-7c1e52836c33'),(2703,2697,'88a29528-987d-f011-8eef-7c1e52836c33'),(2704,2698,'89a29528-987d-f011-8eef-7c1e52836c33'),(2705,2699,'8aa29528-987d-f011-8eef-7c1e52836c33'),(2706,2700,'8ca29528-987d-f011-8eef-7c1e52836c33'),(2707,2701,'8da29528-987d-f011-8eef-7c1e52836c33'),(2708,2702,'8fa29528-987d-f011-8eef-7c1e52836c33'),(2709,2703,'90a29528-987d-f011-8eef-7c1e52836c33'),(2710,2704,'91a29528-987d-f011-8eef-7c1e52836c33'),(2711,2705,'92a29528-987d-f011-8eef-7c1e52836c33'),(2712,2706,'93a29528-987d-f011-8eef-7c1e52836c33'),(2713,2707,'94a29528-987d-f011-8eef-7c1e52836c33'),(2714,2708,'95a29528-987d-f011-8eef-7c1e52836c33'),(2715,2709,'96a29528-987d-f011-8eef-7c1e52836c33'),(2716,2710,'97a29528-987d-f011-8eef-7c1e52836c33'),(2717,2711,'98a29528-987d-f011-8eef-7c1e52836c33'),(2718,2712,'99a29528-987d-f011-8eef-7c1e52836c33'),(2719,2713,'9aa29528-987d-f011-8eef-7c1e52836c33'),(2720,2714,'9ca29528-987d-f011-8eef-7c1e52836c33'),(2721,2715,'9da29528-987d-f011-8eef-7c1e52836c33'),(2722,2716,'9ea29528-987d-f011-8eef-7c1e52836c33'),(2723,2717,'9fa29528-987d-f011-8eef-7c1e52836c33'),(2724,2718,'a0a29528-987d-f011-8eef-7c1e52836c33'),(2725,2719,'a1a29528-987d-f011-8eef-7c1e52836c33'),(2726,2720,'a2a29528-987d-f011-8eef-7c1e52836c33'),(2727,2721,'a3a29528-987d-f011-8eef-7c1e52836c33'),(2728,2722,'a4a29528-987d-f011-8eef-7c1e52836c33'),(2729,2723,'a5a29528-987d-f011-8eef-7c1e52836c33'),(2730,2724,'a6a29528-987d-f011-8eef-7c1e52836c33'),(2731,2725,'a7a29528-987d-f011-8eef-7c1e52836c33'),(2732,2726,'a8a29528-987d-f011-8eef-7c1e52836c33'),(2733,2727,'aaa29528-987d-f011-8eef-7c1e52836c33'),(2734,2728,'aba29528-987d-f011-8eef-7c1e52836c33'),(2735,2729,'aca29528-987d-f011-8eef-7c1e52836c33'),(2736,2730,'ada29528-987d-f011-8eef-7c1e52836c33'),(2737,2731,'aea29528-987d-f011-8eef-7c1e52836c33'),(2738,2732,'afa29528-987d-f011-8eef-7c1e52836c33'),(2739,2733,'b0a29528-987d-f011-8eef-7c1e52836c33'),(2740,2734,'b1a29528-987d-f011-8eef-7c1e52836c33'),(2741,2735,'b2a29528-987d-f011-8eef-7c1e52836c33'),(2742,2736,'b4a29528-987d-f011-8eef-7c1e52836c33'),(2743,2737,'b5a29528-987d-f011-8eef-7c1e52836c33'),(2744,2738,'b6a29528-987d-f011-8eef-7c1e52836c33'),(2745,2739,'b7a29528-987d-f011-8eef-7c1e52836c33'),(2746,2740,'b8a29528-987d-f011-8eef-7c1e52836c33'),(2747,2741,'b9a29528-987d-f011-8eef-7c1e52836c33'),(2748,2742,'baa29528-987d-f011-8eef-7c1e52836c33'),(2749,2743,'bba29528-987d-f011-8eef-7c1e52836c33'),(2750,2744,'bca29528-987d-f011-8eef-7c1e52836c33'),(2751,2745,'bda29528-987d-f011-8eef-7c1e52836c33'),(2752,2746,'bea29528-987d-f011-8eef-7c1e52836c33'),(2753,2747,'bfa29528-987d-f011-8eef-7c1e52836c33'),(2754,2748,'c0a29528-987d-f011-8eef-7c1e52836c33'),(2755,2749,'c2a29528-987d-f011-8eef-7c1e52836c33'),(2756,2750,'c3a29528-987d-f011-8eef-7c1e52836c33'),(2757,2751,'c6a29528-987d-f011-8eef-7c1e52836c33'),(2758,2752,'c9a29528-987d-f011-8eef-7c1e52836c33'),(2759,2753,'cba29528-987d-f011-8eef-7c1e52836c33'),(2760,2754,'cca29528-987d-f011-8eef-7c1e52836c33'),(2761,2755,'cea29528-987d-f011-8eef-7c1e52836c33'),(2762,2756,'cfa29528-987d-f011-8eef-7c1e52836c33'),(2763,2757,'d0a29528-987d-f011-8eef-7c1e52836c33'),(2764,2758,'d1a29528-987d-f011-8eef-7c1e52836c33'),(2765,2759,'d2a29528-987d-f011-8eef-7c1e52836c33'),(2766,2760,'d3a29528-987d-f011-8eef-7c1e52836c33'),(2767,2761,'d4a29528-987d-f011-8eef-7c1e52836c33'),(2768,2762,'d5a29528-987d-f011-8eef-7c1e52836c33'),(2769,2763,'d7a29528-987d-f011-8eef-7c1e52836c33'),(2770,2764,'d8a29528-987d-f011-8eef-7c1e52836c33'),(2771,2765,'daa29528-987d-f011-8eef-7c1e52836c33'),(2772,2766,'dda29528-987d-f011-8eef-7c1e52836c33'),(2773,2767,'dfa29528-987d-f011-8eef-7c1e52836c33'),(2774,2768,'e1a29528-987d-f011-8eef-7c1e52836c33'),(2775,2769,'e2a29528-987d-f011-8eef-7c1e52836c33'),(2776,2770,'e3a29528-987d-f011-8eef-7c1e52836c33'),(2777,2771,'e4a29528-987d-f011-8eef-7c1e52836c33'),(2778,2772,'e5a29528-987d-f011-8eef-7c1e52836c33'),(2779,2773,'e6a29528-987d-f011-8eef-7c1e52836c33'),(2780,2774,'e7a29528-987d-f011-8eef-7c1e52836c33'),(2781,2775,'e8a29528-987d-f011-8eef-7c1e52836c33'),(2782,2776,'e9a29528-987d-f011-8eef-7c1e52836c33'),(2783,2777,'eaa29528-987d-f011-8eef-7c1e52836c33'),(2784,2778,'eba29528-987d-f011-8eef-7c1e52836c33'),(2785,2779,'eca29528-987d-f011-8eef-7c1e52836c33'),(2786,2780,'eda29528-987d-f011-8eef-7c1e52836c33'),(2787,2781,'eea29528-987d-f011-8eef-7c1e52836c33'),(2788,2782,'efa29528-987d-f011-8eef-7c1e52836c33'),(2789,2783,'f0a29528-987d-f011-8eef-7c1e52836c33'),(2790,2784,'f2a29528-987d-f011-8eef-7c1e52836c33'),(2791,2785,'f3a29528-987d-f011-8eef-7c1e52836c33'),(2792,2786,'f8a29528-987d-f011-8eef-7c1e52836c33'),(2793,2787,'f9a29528-987d-f011-8eef-7c1e52836c33'),(2794,2788,'faa29528-987d-f011-8eef-7c1e52836c33'),(2795,2789,'fba29528-987d-f011-8eef-7c1e52836c33'),(2796,2790,'fca29528-987d-f011-8eef-7c1e52836c33'),(2797,2791,'fda29528-987d-f011-8eef-7c1e52836c33'),(2798,2792,'fea29528-987d-f011-8eef-7c1e52836c33'),(2799,2793,'ffa29528-987d-f011-8eef-7c1e52836c33'),(2800,2794,'00a39528-987d-f011-8eef-7c1e52836c33'),(2801,2795,'01a39528-987d-f011-8eef-7c1e52836c33'),(2802,2796,'03a39528-987d-f011-8eef-7c1e52836c33'),(2803,2797,'04a39528-987d-f011-8eef-7c1e52836c33'),(2804,2798,'05a39528-987d-f011-8eef-7c1e52836c33'),(2805,2799,'06a39528-987d-f011-8eef-7c1e52836c33'),(2806,2800,'07a39528-987d-f011-8eef-7c1e52836c33'),(2807,2801,'08a39528-987d-f011-8eef-7c1e52836c33'),(2808,2802,'09a39528-987d-f011-8eef-7c1e52836c33'),(2809,2803,'0aa39528-987d-f011-8eef-7c1e52836c33'),(2810,2804,'0ba39528-987d-f011-8eef-7c1e52836c33'),(2811,2805,'0ca39528-987d-f011-8eef-7c1e52836c33'),(2812,2806,'0da39528-987d-f011-8eef-7c1e52836c33'),(2813,2807,'0fa39528-987d-f011-8eef-7c1e52836c33'),(2814,2808,'10a39528-987d-f011-8eef-7c1e52836c33'),(2815,2809,'11a39528-987d-f011-8eef-7c1e52836c33'),(2816,2810,'12a39528-987d-f011-8eef-7c1e52836c33'),(2817,2811,'13a39528-987d-f011-8eef-7c1e52836c33'),(2818,2812,'14a39528-987d-f011-8eef-7c1e52836c33'),(2819,2813,'15a39528-987d-f011-8eef-7c1e52836c33'),(2820,2814,'16a39528-987d-f011-8eef-7c1e52836c33'),(2821,2815,'17a39528-987d-f011-8eef-7c1e52836c33'),(2822,2816,'18a39528-987d-f011-8eef-7c1e52836c33'),(2823,2817,'19a39528-987d-f011-8eef-7c1e52836c33'),(2824,2818,'1aa39528-987d-f011-8eef-7c1e52836c33'),(2825,2819,'1ca39528-987d-f011-8eef-7c1e52836c33'),(2826,2820,'1da39528-987d-f011-8eef-7c1e52836c33'),(2827,2821,'1ea39528-987d-f011-8eef-7c1e52836c33'),(2828,2822,'1fa39528-987d-f011-8eef-7c1e52836c33'),(2829,2823,'20a39528-987d-f011-8eef-7c1e52836c33'),(2830,2824,'21a39528-987d-f011-8eef-7c1e52836c33'),(2831,2825,'88e88d2e-987d-f011-8eef-7c1e52836c33'),(2832,2826,'89e88d2e-987d-f011-8eef-7c1e52836c33'),(2833,2827,'8ae88d2e-987d-f011-8eef-7c1e52836c33'),(2834,2828,'8be88d2e-987d-f011-8eef-7c1e52836c33'),(2835,2829,'8ce88d2e-987d-f011-8eef-7c1e52836c33'),(2836,2830,'8ee88d2e-987d-f011-8eef-7c1e52836c33'),(2837,2831,'8fe88d2e-987d-f011-8eef-7c1e52836c33'),(2838,2832,'90e88d2e-987d-f011-8eef-7c1e52836c33'),(2839,2833,'93e88d2e-987d-f011-8eef-7c1e52836c33'),(2840,2834,'94e88d2e-987d-f011-8eef-7c1e52836c33'),(2841,2835,'95e88d2e-987d-f011-8eef-7c1e52836c33'),(2842,2836,'96e88d2e-987d-f011-8eef-7c1e52836c33'),(2843,2837,'97e88d2e-987d-f011-8eef-7c1e52836c33'),(2844,2838,'98e88d2e-987d-f011-8eef-7c1e52836c33'),(2845,2839,'99e88d2e-987d-f011-8eef-7c1e52836c33'),(2846,2840,'9ae88d2e-987d-f011-8eef-7c1e52836c33'),(2847,2841,'9be88d2e-987d-f011-8eef-7c1e52836c33'),(2848,2842,'9ce88d2e-987d-f011-8eef-7c1e52836c33'),(2849,2843,'9de88d2e-987d-f011-8eef-7c1e52836c33'),(2850,2844,'9ee88d2e-987d-f011-8eef-7c1e52836c33'),(2851,2845,'9fe88d2e-987d-f011-8eef-7c1e52836c33'),(2852,2846,'a1e88d2e-987d-f011-8eef-7c1e52836c33'),(2853,2847,'a2e88d2e-987d-f011-8eef-7c1e52836c33'),(2854,2848,'a3e88d2e-987d-f011-8eef-7c1e52836c33'),(2855,2849,'a4e88d2e-987d-f011-8eef-7c1e52836c33'),(2856,2850,'a5e88d2e-987d-f011-8eef-7c1e52836c33'),(2857,2851,'a6e88d2e-987d-f011-8eef-7c1e52836c33'),(2858,2852,'a7e88d2e-987d-f011-8eef-7c1e52836c33'),(2859,2853,'a8e88d2e-987d-f011-8eef-7c1e52836c33'),(2860,2854,'a9e88d2e-987d-f011-8eef-7c1e52836c33'),(2861,2855,'aae88d2e-987d-f011-8eef-7c1e52836c33'),(2862,2856,'ace88d2e-987d-f011-8eef-7c1e52836c33'),(2863,2857,'ade88d2e-987d-f011-8eef-7c1e52836c33'),(2864,2858,'aee88d2e-987d-f011-8eef-7c1e52836c33'),(2865,2859,'afe88d2e-987d-f011-8eef-7c1e52836c33'),(2866,2860,'b3e88d2e-987d-f011-8eef-7c1e52836c33'),(2867,2861,'b6e88d2e-987d-f011-8eef-7c1e52836c33'),(2868,2862,'bae88d2e-987d-f011-8eef-7c1e52836c33'),(2869,2863,'bbe88d2e-987d-f011-8eef-7c1e52836c33'),(2870,2864,'bce88d2e-987d-f011-8eef-7c1e52836c33'),(2871,2865,'bee88d2e-987d-f011-8eef-7c1e52836c33'),(2872,2866,'c0e88d2e-987d-f011-8eef-7c1e52836c33'),(2873,2867,'c1e88d2e-987d-f011-8eef-7c1e52836c33'),(2874,2868,'c2e88d2e-987d-f011-8eef-7c1e52836c33'),(2875,2869,'c3e88d2e-987d-f011-8eef-7c1e52836c33'),(2876,2870,'c4e88d2e-987d-f011-8eef-7c1e52836c33'),(2877,2871,'c5e88d2e-987d-f011-8eef-7c1e52836c33'),(2878,2872,'c6e88d2e-987d-f011-8eef-7c1e52836c33'),(2879,2873,'c7e88d2e-987d-f011-8eef-7c1e52836c33'),(2880,2874,'c8e88d2e-987d-f011-8eef-7c1e52836c33'),(2881,2875,'c9e88d2e-987d-f011-8eef-7c1e52836c33'),(2882,2876,'cae88d2e-987d-f011-8eef-7c1e52836c33'),(2883,2877,'cce88d2e-987d-f011-8eef-7c1e52836c33'),(2884,2878,'cde88d2e-987d-f011-8eef-7c1e52836c33'),(2885,2879,'cee88d2e-987d-f011-8eef-7c1e52836c33'),(2886,2880,'cfe88d2e-987d-f011-8eef-7c1e52836c33'),(2887,2881,'d0e88d2e-987d-f011-8eef-7c1e52836c33'),(2888,2882,'d1e88d2e-987d-f011-8eef-7c1e52836c33'),(2889,2883,'d2e88d2e-987d-f011-8eef-7c1e52836c33'),(2890,2884,'d3e88d2e-987d-f011-8eef-7c1e52836c33'),(2891,2885,'d4e88d2e-987d-f011-8eef-7c1e52836c33'),(2892,2886,'d5e88d2e-987d-f011-8eef-7c1e52836c33'),(2893,2887,'d6e88d2e-987d-f011-8eef-7c1e52836c33'),(2894,2888,'d7e88d2e-987d-f011-8eef-7c1e52836c33'),(2895,2889,'d8e88d2e-987d-f011-8eef-7c1e52836c33'),(2896,2890,'dae88d2e-987d-f011-8eef-7c1e52836c33'),(2897,2891,'dbe88d2e-987d-f011-8eef-7c1e52836c33'),(2898,2892,'dce88d2e-987d-f011-8eef-7c1e52836c33'),(2899,2893,'dde88d2e-987d-f011-8eef-7c1e52836c33'),(2900,2894,'dee88d2e-987d-f011-8eef-7c1e52836c33'),(2901,2895,'dfe88d2e-987d-f011-8eef-7c1e52836c33'),(2902,2896,'e0e88d2e-987d-f011-8eef-7c1e52836c33'),(2903,2897,'e1e88d2e-987d-f011-8eef-7c1e52836c33'),(2904,2898,'e2e88d2e-987d-f011-8eef-7c1e52836c33'),(2905,2899,'e3e88d2e-987d-f011-8eef-7c1e52836c33'),(2906,2900,'e4e88d2e-987d-f011-8eef-7c1e52836c33'),(2907,2901,'e9e88d2e-987d-f011-8eef-7c1e52836c33'),(2908,2902,'0ae98d2e-987d-f011-8eef-7c1e52836c33'),(2909,2903,'14e98d2e-987d-f011-8eef-7c1e52836c33'),(2910,2904,'18e98d2e-987d-f011-8eef-7c1e52836c33'),(2911,2905,'1be98d2e-987d-f011-8eef-7c1e52836c33'),(2912,2906,'1ce98d2e-987d-f011-8eef-7c1e52836c33'),(2913,2907,'1de98d2e-987d-f011-8eef-7c1e52836c33'),(2914,2908,'1ee98d2e-987d-f011-8eef-7c1e52836c33'),(2915,2909,'1fe98d2e-987d-f011-8eef-7c1e52836c33'),(2916,2910,'20e98d2e-987d-f011-8eef-7c1e52836c33'),(2917,2911,'22e98d2e-987d-f011-8eef-7c1e52836c33'),(2918,2912,'23e98d2e-987d-f011-8eef-7c1e52836c33'),(2919,2913,'24e98d2e-987d-f011-8eef-7c1e52836c33'),(2920,2914,'25e98d2e-987d-f011-8eef-7c1e52836c33'),(2921,2915,'26e98d2e-987d-f011-8eef-7c1e52836c33'),(2922,2916,'27e98d2e-987d-f011-8eef-7c1e52836c33'),(2923,2917,'28e98d2e-987d-f011-8eef-7c1e52836c33'),(2924,2918,'29e98d2e-987d-f011-8eef-7c1e52836c33'),(2925,2919,'2ae98d2e-987d-f011-8eef-7c1e52836c33'),(2926,2920,'2be98d2e-987d-f011-8eef-7c1e52836c33'),(2927,2921,'2ce98d2e-987d-f011-8eef-7c1e52836c33'),(2928,2922,'2de98d2e-987d-f011-8eef-7c1e52836c33'),(2929,2923,'2ee98d2e-987d-f011-8eef-7c1e52836c33'),(2930,2924,'2fe98d2e-987d-f011-8eef-7c1e52836c33'),(2931,2925,'30e98d2e-987d-f011-8eef-7c1e52836c33'),(2932,2926,'32e98d2e-987d-f011-8eef-7c1e52836c33'),(2933,2927,'33e98d2e-987d-f011-8eef-7c1e52836c33'),(2934,2928,'34e98d2e-987d-f011-8eef-7c1e52836c33'),(2935,2929,'35e98d2e-987d-f011-8eef-7c1e52836c33'),(2936,2930,'36e98d2e-987d-f011-8eef-7c1e52836c33'),(2937,2931,'37e98d2e-987d-f011-8eef-7c1e52836c33'),(2938,2932,'38e98d2e-987d-f011-8eef-7c1e52836c33'),(2939,2933,'39e98d2e-987d-f011-8eef-7c1e52836c33'),(2940,2934,'3ae98d2e-987d-f011-8eef-7c1e52836c33'),(2941,2935,'3be98d2e-987d-f011-8eef-7c1e52836c33'),(2942,2936,'3ce98d2e-987d-f011-8eef-7c1e52836c33'),(2943,2937,'3de98d2e-987d-f011-8eef-7c1e52836c33'),(2944,2938,'3ee98d2e-987d-f011-8eef-7c1e52836c33'),(2945,2939,'3fe98d2e-987d-f011-8eef-7c1e52836c33'),(2946,2940,'40e98d2e-987d-f011-8eef-7c1e52836c33'),(2947,2941,'42e98d2e-987d-f011-8eef-7c1e52836c33'),(2948,2942,'43e98d2e-987d-f011-8eef-7c1e52836c33'),(2949,2943,'44e98d2e-987d-f011-8eef-7c1e52836c33'),(2950,2944,'45e98d2e-987d-f011-8eef-7c1e52836c33'),(2951,2945,'46e98d2e-987d-f011-8eef-7c1e52836c33'),(2952,2946,'47e98d2e-987d-f011-8eef-7c1e52836c33'),(2953,2947,'48e98d2e-987d-f011-8eef-7c1e52836c33'),(2954,2948,'49e98d2e-987d-f011-8eef-7c1e52836c33'),(2955,2949,'4ae98d2e-987d-f011-8eef-7c1e52836c33'),(2956,2950,'4be98d2e-987d-f011-8eef-7c1e52836c33'),(2957,2951,'4ce98d2e-987d-f011-8eef-7c1e52836c33'),(2958,2952,'4de98d2e-987d-f011-8eef-7c1e52836c33'),(2959,2953,'4ee98d2e-987d-f011-8eef-7c1e52836c33'),(2960,2954,'4fe98d2e-987d-f011-8eef-7c1e52836c33'),(2961,2955,'50e98d2e-987d-f011-8eef-7c1e52836c33'),(2962,2956,'52e98d2e-987d-f011-8eef-7c1e52836c33'),(2963,2957,'53e98d2e-987d-f011-8eef-7c1e52836c33'),(2964,2958,'54e98d2e-987d-f011-8eef-7c1e52836c33'),(2965,2959,'55e98d2e-987d-f011-8eef-7c1e52836c33'),(2966,2960,'56e98d2e-987d-f011-8eef-7c1e52836c33'),(2967,2961,'57e98d2e-987d-f011-8eef-7c1e52836c33'),(2968,2962,'58e98d2e-987d-f011-8eef-7c1e52836c33'),(2969,2963,'59e98d2e-987d-f011-8eef-7c1e52836c33'),(2970,2964,'5ae98d2e-987d-f011-8eef-7c1e52836c33'),(2971,2965,'5be98d2e-987d-f011-8eef-7c1e52836c33'),(2972,2966,'5ce98d2e-987d-f011-8eef-7c1e52836c33'),(2973,2967,'5de98d2e-987d-f011-8eef-7c1e52836c33'),(2974,2968,'5ee98d2e-987d-f011-8eef-7c1e52836c33'),(2975,2969,'5fe98d2e-987d-f011-8eef-7c1e52836c33'),(2976,2970,'60e98d2e-987d-f011-8eef-7c1e52836c33'),(2977,2971,'61e98d2e-987d-f011-8eef-7c1e52836c33'),(2978,2972,'63e98d2e-987d-f011-8eef-7c1e52836c33'),(2979,2973,'65e98d2e-987d-f011-8eef-7c1e52836c33'),(2980,2974,'66e98d2e-987d-f011-8eef-7c1e52836c33'),(2981,2975,'67e98d2e-987d-f011-8eef-7c1e52836c33'),(2982,2976,'68e98d2e-987d-f011-8eef-7c1e52836c33'),(2983,2977,'6ae98d2e-987d-f011-8eef-7c1e52836c33'),(2984,2978,'6be98d2e-987d-f011-8eef-7c1e52836c33'),(2985,2979,'6ce98d2e-987d-f011-8eef-7c1e52836c33'),(2986,2980,'6de98d2e-987d-f011-8eef-7c1e52836c33'),(2987,2981,'6ee98d2e-987d-f011-8eef-7c1e52836c33'),(2988,2982,'6fe98d2e-987d-f011-8eef-7c1e52836c33'),(2989,2983,'70e98d2e-987d-f011-8eef-7c1e52836c33'),(2990,2984,'71e98d2e-987d-f011-8eef-7c1e52836c33'),(2991,2985,'72e98d2e-987d-f011-8eef-7c1e52836c33'),(2992,2986,'73e98d2e-987d-f011-8eef-7c1e52836c33'),(2993,2987,'74e98d2e-987d-f011-8eef-7c1e52836c33'),(2994,2988,'75e98d2e-987d-f011-8eef-7c1e52836c33'),(2995,2989,'76e98d2e-987d-f011-8eef-7c1e52836c33'),(2996,2990,'78e98d2e-987d-f011-8eef-7c1e52836c33'),(2997,2991,'79e98d2e-987d-f011-8eef-7c1e52836c33'),(2998,2992,'7ae98d2e-987d-f011-8eef-7c1e52836c33'),(2999,2993,'7be98d2e-987d-f011-8eef-7c1e52836c33'),(3000,2994,'7ce98d2e-987d-f011-8eef-7c1e52836c33'),(3001,2995,'7de98d2e-987d-f011-8eef-7c1e52836c33'),(3002,2996,'7ee98d2e-987d-f011-8eef-7c1e52836c33'),(3003,2997,'7fe98d2e-987d-f011-8eef-7c1e52836c33'),(3004,2998,'80e98d2e-987d-f011-8eef-7c1e52836c33'),(3005,2999,'81e98d2e-987d-f011-8eef-7c1e52836c33'),(3006,3000,'82e98d2e-987d-f011-8eef-7c1e52836c33'),(3007,3001,'83e98d2e-987d-f011-8eef-7c1e52836c33'),(3008,3002,'84e98d2e-987d-f011-8eef-7c1e52836c33'),(3009,3003,'86e98d2e-987d-f011-8eef-7c1e52836c33'),(3010,3004,'87e98d2e-987d-f011-8eef-7c1e52836c33'),(3011,3005,'89e98d2e-987d-f011-8eef-7c1e52836c33'),(3012,3006,'8ae98d2e-987d-f011-8eef-7c1e52836c33'),(3013,3007,'8be98d2e-987d-f011-8eef-7c1e52836c33'),(3014,3008,'8ce98d2e-987d-f011-8eef-7c1e52836c33'),(3015,3009,'8de98d2e-987d-f011-8eef-7c1e52836c33'),(3016,3010,'8ee98d2e-987d-f011-8eef-7c1e52836c33'),(3017,3011,'8fe98d2e-987d-f011-8eef-7c1e52836c33'),(3018,3012,'90e98d2e-987d-f011-8eef-7c1e52836c33'),(3019,3013,'91e98d2e-987d-f011-8eef-7c1e52836c33'),(3020,3014,'92e98d2e-987d-f011-8eef-7c1e52836c33'),(3021,3015,'93e98d2e-987d-f011-8eef-7c1e52836c33'),(3022,3016,'94e98d2e-987d-f011-8eef-7c1e52836c33'),(3023,3017,'95e98d2e-987d-f011-8eef-7c1e52836c33'),(3024,3018,'97e98d2e-987d-f011-8eef-7c1e52836c33'),(3025,3019,'98e98d2e-987d-f011-8eef-7c1e52836c33'),(3026,3020,'99e98d2e-987d-f011-8eef-7c1e52836c33'),(3027,3021,'9ae98d2e-987d-f011-8eef-7c1e52836c33'),(3028,3022,'9be98d2e-987d-f011-8eef-7c1e52836c33'),(3029,3023,'9ce98d2e-987d-f011-8eef-7c1e52836c33'),(3032,3024,'9fe98d2e-987d-f011-8eef-7c1e52836c33'),(3033,3025,'a0e98d2e-987d-f011-8eef-7c1e52836c33'),(3034,3026,'a2e98d2e-987d-f011-8eef-7c1e52836c33'),(3035,3027,'a3e98d2e-987d-f011-8eef-7c1e52836c33'),(3036,3028,'a4e98d2e-987d-f011-8eef-7c1e52836c33'),(3037,3029,'a5e98d2e-987d-f011-8eef-7c1e52836c33'),(3038,3030,'a6e98d2e-987d-f011-8eef-7c1e52836c33'),(3039,3031,'a7e98d2e-987d-f011-8eef-7c1e52836c33'),(3040,3032,'a8e98d2e-987d-f011-8eef-7c1e52836c33'),(3041,3033,'a9e98d2e-987d-f011-8eef-7c1e52836c33'),(3042,3034,'aae98d2e-987d-f011-8eef-7c1e52836c33'),(3043,3035,'abe98d2e-987d-f011-8eef-7c1e52836c33'),(3044,3036,'ace98d2e-987d-f011-8eef-7c1e52836c33'),(3045,3037,'ade98d2e-987d-f011-8eef-7c1e52836c33'),(3046,3038,'aee98d2e-987d-f011-8eef-7c1e52836c33'),(3047,3039,'afe98d2e-987d-f011-8eef-7c1e52836c33'),(3048,3040,'b0e98d2e-987d-f011-8eef-7c1e52836c33'),(3049,3041,'b2e98d2e-987d-f011-8eef-7c1e52836c33'),(3050,3042,'b3e98d2e-987d-f011-8eef-7c1e52836c33'),(3051,3043,'b4e98d2e-987d-f011-8eef-7c1e52836c33'),(3052,3044,'b5e98d2e-987d-f011-8eef-7c1e52836c33'),(3053,3045,'b6e98d2e-987d-f011-8eef-7c1e52836c33'),(3054,3046,'b7e98d2e-987d-f011-8eef-7c1e52836c33'),(3055,3047,'b8e98d2e-987d-f011-8eef-7c1e52836c33'),(3056,3048,'bae98d2e-987d-f011-8eef-7c1e52836c33'),(3057,3049,'bee98d2e-987d-f011-8eef-7c1e52836c33'),(3058,3050,'bfe98d2e-987d-f011-8eef-7c1e52836c33'),(3059,3051,'c0e98d2e-987d-f011-8eef-7c1e52836c33'),(3060,3052,'c1e98d2e-987d-f011-8eef-7c1e52836c33'),(3061,3053,'c2e98d2e-987d-f011-8eef-7c1e52836c33'),(3062,3054,'c4e98d2e-987d-f011-8eef-7c1e52836c33'),(3063,3055,'c5e98d2e-987d-f011-8eef-7c1e52836c33'),(3064,3056,'c6e98d2e-987d-f011-8eef-7c1e52836c33'),(3065,3057,'c7e98d2e-987d-f011-8eef-7c1e52836c33'),(3066,3058,'c9e98d2e-987d-f011-8eef-7c1e52836c33'),(3067,3059,'cae98d2e-987d-f011-8eef-7c1e52836c33'),(3068,3060,'cbe98d2e-987d-f011-8eef-7c1e52836c33'),(3069,3061,'cde98d2e-987d-f011-8eef-7c1e52836c33'),(3070,3062,'cfe98d2e-987d-f011-8eef-7c1e52836c33'),(3071,3063,'d0e98d2e-987d-f011-8eef-7c1e52836c33'),(3072,3064,'d2e98d2e-987d-f011-8eef-7c1e52836c33'),(3073,3065,'d3e98d2e-987d-f011-8eef-7c1e52836c33'),(3074,3066,'d5e98d2e-987d-f011-8eef-7c1e52836c33'),(3075,3067,'d6e98d2e-987d-f011-8eef-7c1e52836c33'),(3076,3068,'d7e98d2e-987d-f011-8eef-7c1e52836c33'),(3077,3069,'d9e98d2e-987d-f011-8eef-7c1e52836c33'),(3078,3070,'dae98d2e-987d-f011-8eef-7c1e52836c33'),(3079,3071,'dbe98d2e-987d-f011-8eef-7c1e52836c33'),(3080,3072,'342f8634-987d-f011-8eef-7c1e52836c33'),(3081,3073,'362f8634-987d-f011-8eef-7c1e52836c33'),(3082,3074,'372f8634-987d-f011-8eef-7c1e52836c33'),(3083,3075,'382f8634-987d-f011-8eef-7c1e52836c33'),(3084,3076,'392f8634-987d-f011-8eef-7c1e52836c33'),(3085,3077,'3a2f8634-987d-f011-8eef-7c1e52836c33'),(3086,3078,'3b2f8634-987d-f011-8eef-7c1e52836c33'),(3087,3079,'3c2f8634-987d-f011-8eef-7c1e52836c33'),(3088,3080,'3d2f8634-987d-f011-8eef-7c1e52836c33'),(3089,3081,'3e2f8634-987d-f011-8eef-7c1e52836c33'),(3090,3082,'3f2f8634-987d-f011-8eef-7c1e52836c33'),(3091,3083,'422f8634-987d-f011-8eef-7c1e52836c33'),(3092,3084,'432f8634-987d-f011-8eef-7c1e52836c33'),(3093,3085,'442f8634-987d-f011-8eef-7c1e52836c33'),(3094,3086,'452f8634-987d-f011-8eef-7c1e52836c33'),(3095,3087,'462f8634-987d-f011-8eef-7c1e52836c33'),(3096,3088,'472f8634-987d-f011-8eef-7c1e52836c33'),(3097,3089,'482f8634-987d-f011-8eef-7c1e52836c33'),(3098,3090,'492f8634-987d-f011-8eef-7c1e52836c33'),(3099,3091,'4a2f8634-987d-f011-8eef-7c1e52836c33'),(3100,3092,'4c2f8634-987d-f011-8eef-7c1e52836c33'),(3101,3093,'4d2f8634-987d-f011-8eef-7c1e52836c33'),(3102,3094,'4e2f8634-987d-f011-8eef-7c1e52836c33'),(3103,3095,'4f2f8634-987d-f011-8eef-7c1e52836c33'),(3104,3096,'502f8634-987d-f011-8eef-7c1e52836c33'),(3105,3097,'512f8634-987d-f011-8eef-7c1e52836c33'),(3106,3098,'522f8634-987d-f011-8eef-7c1e52836c33'),(3107,3099,'532f8634-987d-f011-8eef-7c1e52836c33'),(3108,3100,'542f8634-987d-f011-8eef-7c1e52836c33'),(3109,3101,'562f8634-987d-f011-8eef-7c1e52836c33'),(3110,3102,'572f8634-987d-f011-8eef-7c1e52836c33'),(3111,3103,'582f8634-987d-f011-8eef-7c1e52836c33'),(3112,3104,'592f8634-987d-f011-8eef-7c1e52836c33'),(3113,3105,'5a2f8634-987d-f011-8eef-7c1e52836c33'),(3114,3106,'5b2f8634-987d-f011-8eef-7c1e52836c33'),(3115,3107,'5d2f8634-987d-f011-8eef-7c1e52836c33'),(3116,3108,'5e2f8634-987d-f011-8eef-7c1e52836c33'),(3117,3109,'5f2f8634-987d-f011-8eef-7c1e52836c33'),(3118,3110,'602f8634-987d-f011-8eef-7c1e52836c33'),(3119,3111,'612f8634-987d-f011-8eef-7c1e52836c33'),(3120,3112,'622f8634-987d-f011-8eef-7c1e52836c33'),(3121,3113,'632f8634-987d-f011-8eef-7c1e52836c33'),(3122,3114,'642f8634-987d-f011-8eef-7c1e52836c33'),(3123,3115,'652f8634-987d-f011-8eef-7c1e52836c33'),(3124,3116,'662f8634-987d-f011-8eef-7c1e52836c33'),(3125,3117,'682f8634-987d-f011-8eef-7c1e52836c33'),(3126,3118,'692f8634-987d-f011-8eef-7c1e52836c33'),(3127,3119,'6a2f8634-987d-f011-8eef-7c1e52836c33'),(3128,3120,'6b2f8634-987d-f011-8eef-7c1e52836c33'),(3129,3121,'6c2f8634-987d-f011-8eef-7c1e52836c33'),(3130,3122,'6d2f8634-987d-f011-8eef-7c1e52836c33'),(3131,3123,'6e2f8634-987d-f011-8eef-7c1e52836c33'),(3132,3124,'6f2f8634-987d-f011-8eef-7c1e52836c33'),(3133,3125,'702f8634-987d-f011-8eef-7c1e52836c33'),(3134,3126,'712f8634-987d-f011-8eef-7c1e52836c33'),(3135,3127,'722f8634-987d-f011-8eef-7c1e52836c33'),(3136,3128,'732f8634-987d-f011-8eef-7c1e52836c33'),(3137,3129,'742f8634-987d-f011-8eef-7c1e52836c33'),(3138,3130,'752f8634-987d-f011-8eef-7c1e52836c33'),(3139,3131,'762f8634-987d-f011-8eef-7c1e52836c33'),(3140,3132,'772f8634-987d-f011-8eef-7c1e52836c33'),(3141,3133,'782f8634-987d-f011-8eef-7c1e52836c33'),(3142,3134,'7a2f8634-987d-f011-8eef-7c1e52836c33'),(3143,3135,'7b2f8634-987d-f011-8eef-7c1e52836c33'),(3144,3136,'7c2f8634-987d-f011-8eef-7c1e52836c33'),(3145,3137,'7d2f8634-987d-f011-8eef-7c1e52836c33'),(3146,3138,'7e2f8634-987d-f011-8eef-7c1e52836c33'),(3147,3139,'7f2f8634-987d-f011-8eef-7c1e52836c33'),(3148,3140,'802f8634-987d-f011-8eef-7c1e52836c33'),(3149,3141,'812f8634-987d-f011-8eef-7c1e52836c33'),(3150,3142,'822f8634-987d-f011-8eef-7c1e52836c33'),(3151,3143,'832f8634-987d-f011-8eef-7c1e52836c33'),(3152,3144,'842f8634-987d-f011-8eef-7c1e52836c33'),(3153,3145,'852f8634-987d-f011-8eef-7c1e52836c33'),(3154,3146,'862f8634-987d-f011-8eef-7c1e52836c33'),(3155,3147,'872f8634-987d-f011-8eef-7c1e52836c33'),(3156,3148,'882f8634-987d-f011-8eef-7c1e52836c33'),(3157,3149,'892f8634-987d-f011-8eef-7c1e52836c33'),(3158,3150,'8b2f8634-987d-f011-8eef-7c1e52836c33'),(3159,3151,'8c2f8634-987d-f011-8eef-7c1e52836c33'),(3160,3152,'8d2f8634-987d-f011-8eef-7c1e52836c33'),(3161,3153,'8f2f8634-987d-f011-8eef-7c1e52836c33'),(3162,3154,'912f8634-987d-f011-8eef-7c1e52836c33'),(3163,3155,'922f8634-987d-f011-8eef-7c1e52836c33'),(3164,3156,'942f8634-987d-f011-8eef-7c1e52836c33'),(3165,3157,'952f8634-987d-f011-8eef-7c1e52836c33'),(3166,3158,'972f8634-987d-f011-8eef-7c1e52836c33'),(3167,3159,'982f8634-987d-f011-8eef-7c1e52836c33'),(3168,3160,'9a2f8634-987d-f011-8eef-7c1e52836c33'),(3169,3161,'9b2f8634-987d-f011-8eef-7c1e52836c33'),(3170,3162,'9c2f8634-987d-f011-8eef-7c1e52836c33'),(3171,3163,'9d2f8634-987d-f011-8eef-7c1e52836c33'),(3172,3164,'9e2f8634-987d-f011-8eef-7c1e52836c33'),(3173,3165,'a02f8634-987d-f011-8eef-7c1e52836c33'),(3174,3166,'a12f8634-987d-f011-8eef-7c1e52836c33'),(3175,3167,'a22f8634-987d-f011-8eef-7c1e52836c33'),(3176,3168,'a32f8634-987d-f011-8eef-7c1e52836c33'),(3177,3169,'a42f8634-987d-f011-8eef-7c1e52836c33'),(3178,3170,'a52f8634-987d-f011-8eef-7c1e52836c33'),(3179,3171,'a62f8634-987d-f011-8eef-7c1e52836c33'),(3180,3172,'a72f8634-987d-f011-8eef-7c1e52836c33'),(3181,3173,'a82f8634-987d-f011-8eef-7c1e52836c33'),(3182,3174,'a92f8634-987d-f011-8eef-7c1e52836c33'),(3183,3175,'ab2f8634-987d-f011-8eef-7c1e52836c33'),(3184,3176,'ac2f8634-987d-f011-8eef-7c1e52836c33'),(3185,3177,'ad2f8634-987d-f011-8eef-7c1e52836c33'),(3186,3178,'af2f8634-987d-f011-8eef-7c1e52836c33'),(3187,3179,'b12f8634-987d-f011-8eef-7c1e52836c33'),(3188,3180,'b22f8634-987d-f011-8eef-7c1e52836c33'),(3189,3181,'b32f8634-987d-f011-8eef-7c1e52836c33'),(3190,3182,'b42f8634-987d-f011-8eef-7c1e52836c33'),(3191,3183,'b52f8634-987d-f011-8eef-7c1e52836c33'),(3192,3184,'b62f8634-987d-f011-8eef-7c1e52836c33'),(3193,3185,'b72f8634-987d-f011-8eef-7c1e52836c33'),(3194,3186,'b82f8634-987d-f011-8eef-7c1e52836c33'),(3195,3187,'b92f8634-987d-f011-8eef-7c1e52836c33'),(3196,3188,'ba2f8634-987d-f011-8eef-7c1e52836c33'),(3197,3189,'bb2f8634-987d-f011-8eef-7c1e52836c33'),(3198,3190,'bc2f8634-987d-f011-8eef-7c1e52836c33'),(3199,3191,'bd2f8634-987d-f011-8eef-7c1e52836c33'),(3200,3192,'be2f8634-987d-f011-8eef-7c1e52836c33'),(3201,3193,'bf2f8634-987d-f011-8eef-7c1e52836c33'),(3202,3194,'c12f8634-987d-f011-8eef-7c1e52836c33'),(3203,3195,'c22f8634-987d-f011-8eef-7c1e52836c33'),(3204,3196,'c32f8634-987d-f011-8eef-7c1e52836c33'),(3205,3197,'c42f8634-987d-f011-8eef-7c1e52836c33'),(3206,3198,'c52f8634-987d-f011-8eef-7c1e52836c33'),(3207,3199,'50fa2e8c-179a-f011-b419-6045bda17b8f'),(3208,3200,'7afa2e8c-179a-f011-b419-6045bda17b8f'),(3209,3201,'7dfa2e8c-179a-f011-b419-6045bda17b8f'),(3210,3202,'80fa2e8c-179a-f011-b419-6045bda17b8f'),(3211,3203,'83fa2e8c-179a-f011-b419-6045bda17b8f'),(3212,3204,'86fa2e8c-179a-f011-b419-6045bda17b8f'),(3213,3205,'89fa2e8c-179a-f011-b419-6045bda17b8f'),(3214,3206,'8efa2e8c-179a-f011-b419-6045bda17b8f'),(3215,3207,'91fa2e8c-179a-f011-b419-6045bda17b8f'),(3216,3208,'94fa2e8c-179a-f011-b419-6045bda17b8f'),(3217,3209,'97fa2e8c-179a-f011-b419-6045bda17b8f'),(3218,3210,'99fa2e8c-179a-f011-b419-6045bda17b8f'),(3219,3211,'9cfa2e8c-179a-f011-b419-6045bda17b8f'),(3220,3212,'9ffa2e8c-179a-f011-b419-6045bda17b8f'),(3221,3213,'a2fa2e8c-179a-f011-b419-6045bda17b8f'),(3222,3214,'a4fa2e8c-179a-f011-b419-6045bda17b8f'),(3223,3215,'a7fa2e8c-179a-f011-b419-6045bda17b8f'),(3224,3216,'aafa2e8c-179a-f011-b419-6045bda17b8f'),(3225,3217,'aefa2e8c-179a-f011-b419-6045bda17b8f'),(3226,3218,'b1fa2e8c-179a-f011-b419-6045bda17b8f'),(3227,3219,'b4fa2e8c-179a-f011-b419-6045bda17b8f'),(3228,3220,'b7fa2e8c-179a-f011-b419-6045bda17b8f'),(3229,3221,'bafa2e8c-179a-f011-b419-6045bda17b8f'),(3230,3222,'bcfa2e8c-179a-f011-b419-6045bda17b8f'),(3231,3223,'befa2e8c-179a-f011-b419-6045bda17b8f'),(3232,3224,'c1fa2e8c-179a-f011-b419-6045bda17b8f'),(3233,3225,'c5fa2e8c-179a-f011-b419-6045bda17b8f'),(3234,3226,'c7fa2e8c-179a-f011-b419-6045bda17b8f'),(3235,3227,'c9fa2e8c-179a-f011-b419-6045bda17b8f'),(3236,3228,'cbfa2e8c-179a-f011-b419-6045bda17b8f'),(3237,3229,'cefa2e8c-179a-f011-b419-6045bda17b8f'),(3238,3230,'d1fa2e8c-179a-f011-b419-6045bda17b8f'),(3239,3231,'d3fa2e8c-179a-f011-b419-6045bda17b8f'),(3240,3232,'d5fa2e8c-179a-f011-b419-6045bda17b8f'),(3241,3233,'d8fa2e8c-179a-f011-b419-6045bda17b8f'),(3242,3234,'dbfa2e8c-179a-f011-b419-6045bda17b8f'),(3243,3235,'defa2e8c-179a-f011-b419-6045bda17b8f'),(3244,3236,'e0fa2e8c-179a-f011-b419-6045bda17b8f'),(3245,3237,'e2fa2e8c-179a-f011-b419-6045bda17b8f'),(3246,3238,'e5fa2e8c-179a-f011-b419-6045bda17b8f'),(3247,3239,'e8fa2e8c-179a-f011-b419-6045bda17b8f'),(3248,3240,'eafa2e8c-179a-f011-b419-6045bda17b8f'),(3249,3241,'ecfa2e8c-179a-f011-b419-6045bda17b8f'),(3250,3242,'effa2e8c-179a-f011-b419-6045bda17b8f'),(3251,3243,'f1fa2e8c-179a-f011-b419-6045bda17b8f'),(3252,3244,'f4fa2e8c-179a-f011-b419-6045bda17b8f'),(3253,3245,'f6fa2e8c-179a-f011-b419-6045bda17b8f'),(3254,3246,'fbfa2e8c-179a-f011-b419-6045bda17b8f'),(3255,3247,'fdfa2e8c-179a-f011-b419-6045bda17b8f'),(3256,3248,'fffa2e8c-179a-f011-b419-6045bda17b8f'),(3257,3249,'02fb2e8c-179a-f011-b419-6045bda17b8f'),(3258,3250,'04fb2e8c-179a-f011-b419-6045bda17b8f'),(3259,3251,'07fb2e8c-179a-f011-b419-6045bda17b8f'),(3260,3252,'0afb2e8c-179a-f011-b419-6045bda17b8f'),(3261,3253,'0cfb2e8c-179a-f011-b419-6045bda17b8f'),(3262,3254,'0ffb2e8c-179a-f011-b419-6045bda17b8f'),(3263,3255,'12fb2e8c-179a-f011-b419-6045bda17b8f'),(3264,3256,'14fb2e8c-179a-f011-b419-6045bda17b8f'),(3265,3257,'16fb2e8c-179a-f011-b419-6045bda17b8f'),(3266,3258,'18fb2e8c-179a-f011-b419-6045bda17b8f'),(3267,3259,'1bfb2e8c-179a-f011-b419-6045bda17b8f'),(3268,3260,'1efb2e8c-179a-f011-b419-6045bda17b8f'),(3269,3261,'21fb2e8c-179a-f011-b419-6045bda17b8f'),(3270,3262,'23fb2e8c-179a-f011-b419-6045bda17b8f'),(3271,3263,'26fb2e8c-179a-f011-b419-6045bda17b8f'),(3272,3264,'28fb2e8c-179a-f011-b419-6045bda17b8f'),(3273,3265,'18d8e9cf-77ae-f011-bbd0-7ced8d129a75'),(3274,3266,'1bd8e9cf-77ae-f011-bbd0-7ced8d129a75'),(3275,3267,'1dd8e9cf-77ae-f011-bbd0-7ced8d129a75'),(3276,3268,'1fd8e9cf-77ae-f011-bbd0-7ced8d129a75'),(3277,3269,'21d8e9cf-77ae-f011-bbd0-7ced8d129a75'),(3278,3270,'4f27e2d5-77ae-f011-bbd0-7ced8d129a75'),(3279,3271,'5627e2d5-77ae-f011-bbd0-7ced8d129a75'),(3280,3272,'5a27e2d5-77ae-f011-bbd0-7ced8d129a75'),(3281,3273,'5d27e2d5-77ae-f011-bbd0-7ced8d129a75'),(3282,3274,'5f27e2d5-77ae-f011-bbd0-7ced8d129a75'),(3283,3275,'6127e2d5-77ae-f011-bbd0-7ced8d129a75'),(3284,3276,'6327e2d5-77ae-f011-bbd0-7ced8d129a75'),(3285,3277,'6527e2d5-77ae-f011-bbd0-7ced8d129a75'),(3286,3278,'6727e2d5-77ae-f011-bbd0-7ced8d129a75'),(3287,3279,'6927e2d5-77ae-f011-bbd0-7ced8d129a75'),(3288,3280,'6b27e2d5-77ae-f011-bbd0-7ced8d129a75'),(3289,3281,'6d27e2d5-77ae-f011-bbd0-7ced8d129a75'),(3290,3282,'6f27e2d5-77ae-f011-bbd0-7ced8d129a75'),(3291,3283,'7127e2d5-77ae-f011-bbd0-7ced8d129a75'),(3292,3284,'7327e2d5-77ae-f011-bbd0-7ced8d129a75'),(3293,3285,'7527e2d5-77ae-f011-bbd0-7ced8d129a75'),(3294,3286,'7727e2d5-77ae-f011-bbd0-7ced8d129a75'),(3295,3287,'7a27e2d5-77ae-f011-bbd0-7ced8d129a75'),(3296,3288,'7c27e2d5-77ae-f011-bbd0-7ced8d129a75'),(3297,3289,'7e27e2d5-77ae-f011-bbd0-7ced8d129a75'),(3298,3290,'8027e2d5-77ae-f011-bbd0-7ced8d129a75'),(3299,3291,'8227e2d5-77ae-f011-bbd0-7ced8d129a75'),(3300,3292,'8427e2d5-77ae-f011-bbd0-7ced8d129a75'),(3301,3293,'a9ef4980-79ae-f011-bbd0-7ced8d129a75'),(3302,3294,'0a35fb99-8bae-f011-bbd0-7ced8d5c9887'),(3303,3295,'f5329d40-23af-f011-bbd0-7ced8d5c9887'),(3304,3296,'96204243-13b0-f011-bbd0-7c1e522961bb'),(3305,3297,'2d250c67-13b0-f011-bbd0-7c1e524d73ea'),(3306,3298,'de30aeb7-1fb0-f011-bbd0-7c1e524d73ea'),(3307,3299,'e0e45cc1-21b0-f011-bbd0-7c1e524d73ea'),(3308,3300,'164b0816-a6b0-f011-bbd0-6045bd948480'),(3309,3301,'5fa00e9b-a7b0-f011-bbd0-6045bd948480'),(3310,3302,'58bd7a3a-a8b0-f011-bbd0-6045bd948480'),(3311,3303,'5468601e-d5b0-f011-bbd0-7ced8d8c91e0'),(3312,3304,'c32bb5c2-d5b0-f011-bbd0-6045bd948480'),(3313,3305,'c678d759-d6b0-f011-bbd0-7ced8d8c91e0'),(3314,3306,'cfdb34b1-d6b0-f011-bbd0-7ced8d8c91e0'),(3315,3307,'f1ad3c9c-12b3-f011-bbd1-6045bd8766fe'),(3316,3308,'e5859fdb-16b3-f011-bbd1-7c1e524d73ea'),(3317,3309,'fa481b75-e2b3-f011-bbd1-6045bd8766fe'),(3318,3310,'c33c7689-e8b3-f011-bbd1-6045bd8766fe'),(3319,3311,'63b2b1d7-e8b3-f011-bbd1-6045bd8766fe'),(3320,3312,'26987314-e9b3-f011-bbd1-6045bd8766fe'),(3321,3313,'03f0444e-ecb3-f011-bbd1-6045bd8766fe'),(3322,3314,'8b322b0f-cab4-f011-bbd1-000d3aaa5e50'),(3323,3315,'bbffaf02-61b9-f011-bbd1-7c1e522961bb'),(3324,3316,'fb18451e-67b9-f011-bbd1-7c1e524d73ea'),(3325,3317,'773b196a-52ba-f011-bbd1-7c1e524d73ea'),(3326,3318,'78d2f59b-e7ba-f011-bbd1-7c1e522961bb'),(3327,3319,'11857d91-00bb-f011-bbd1-7c1e522961bb'),(3328,3320,'d2bb6be9-00bb-f011-bbd1-7c1e524d73ea'),(3329,3321,'fe2a6ab4-ecbb-f011-bbd1-000d3aa92148'),(3330,3322,'5464fcea-ecbb-f011-bbd1-000d3aa92148'),(3331,3323,'68085e70-37be-f011-bbd2-6045bd8c9012'),(3332,3324,'ba3fb901-cebe-f011-bbd1-7ced8d8fb1b9'),(3333,3325,'c8c7f989-eabe-f011-bbd1-6045bd911c5e'),(3334,3326,'83362cd7-d6bf-f011-bbd1-7ced8d5c9887'),(3335,3327,'636d4202-d7bf-f011-bbd1-7ced8d5c9887'),(3336,3328,'ff7d94b7-96c4-f011-bbd1-7ced8d110e78'),(3337,3329,'a3fb19e6-37c5-f011-bbd1-7ced8d90d741'),(3338,3330,'365c7f63-e7c5-f011-bbd1-7ced8d110e78'),(3339,3331,'c44d8497-dbca-f011-8542-7ced8d90d741'),(3341,3332,'46854fc5-81cb-f011-8542-7c1e524d73ea'),(3342,3333,'cacd8b84-94ce-f011-8542-7c1e524d73ea'),(3343,3334,'26844dcc-bdce-f011-8542-7ced8d110e78'),(3344,3335,'3ff614dc-68cf-f011-8542-7ced8d110e78'),(3345,3336,'f860f958-69cf-f011-8542-7c1e524d73ea'),(3346,3337,'94bf7ef8-94cf-f011-8543-7ced8d5c9887'),(3347,3338,'4392db4d-95cf-f011-8543-7ced8d5c9887'),(3348,3339,'a0d56087-95cf-f011-8543-7ced8d5c9887'),(3349,3340,'b63fe5bf-95cf-f011-8543-7ced8d5c9887'),(3350,3341,'278a9be4-95cf-f011-8542-7ced8d110e78'),(3351,3342,'95b3491c-96cf-f011-8542-7ced8d90d741'),(3352,3343,'71391c55-96cf-f011-8543-7ced8d5c9887'),(3353,3344,'9987717c-e8d1-f011-8542-7ced8d90d741'),(3354,3345,'d8146e51-ffd3-f011-8542-7c1e524d73ea'),(3355,3346,'a6d3a37b-01d4-f011-8542-7ced8d90d741'),(3356,3347,'71ac1da3-99d6-f011-8542-7ced8d9876e7'),(3357,3348,'0860630f-9bd6-f011-8542-7c1e5272b88e'),(3358,3349,'1749726b-9bd6-f011-8542-000d3a25ef45'),(3359,3350,'c58a366b-44d7-f011-8542-000d3a4918e4'),(3360,3351,'5a7fcec8-4bd7-f011-8542-000d3a4918e4'),(3361,3352,'eb8391fe-5bd7-f011-8542-000d3a4918e4'),(3362,3353,'cbcb58d6-68d7-f011-8542-000d3a4918e4'),(3363,3354,'f1192d75-6fda-f011-8542-7ced8d9876e7'),(3364,3355,'3adb3a81-43db-f011-8542-6045bd9c157b'),(3365,3356,'385c3b6f-aedc-f011-8542-000d3a2ad62d'),(3366,3357,'70602aec-08e0-f011-8542-7c1e52121a85'),(3367,3358,'bc482c91-8be4-f011-8542-6045bd9c157b'),(3368,3359,'de5c3b02-03eb-f011-8405-6045bd8ec5ef'),(3369,3360,'445e0d29-d1eb-f011-8405-6045bd9f9649'),(3370,3361,'c6f1d0ec-69ec-f011-8405-6045bd9f9649'),(3371,3362,'9ba3005d-c5ef-f011-8405-000d3aad3db5'),(3372,3363,'da830976-c6ef-f011-8405-000d3aad3db5'),(3373,3364,'ac2dffc9-c6ef-f011-8405-6045bd87ea5b'),(3374,3365,'02d00ff0-51f1-f011-8405-6045bd87ea5b'),(3375,3366,'113fbb7c-f1f1-f011-8405-000d3aad3db5'),(3376,3367,'03249eae-00f2-f011-8405-000d3aad3db5'),(3377,3368,'ca79ca64-4ef5-f011-8405-000d3aad3db5'),(3378,3369,'26a8b3dd-4ef5-f011-8405-000d3aad3db5'),(3379,3370,'258993fd-4ef5-f011-8405-000d3aad3db5'),(3380,3371,'278993fd-4ef5-f011-8405-000d3aad3db5'),(3381,3372,'0d1c0715-4ff5-f011-8405-002248858a9f'),(3382,3373,'23da3b3a-cef5-f011-8405-002248858a9f'),(3383,3374,'545ce397-12f6-f011-8405-002248858a9f'),(3384,3375,'0e23aa5b-5ff8-f011-8405-6045bd87ea5b'),(3385,3376,'1e256548-97fb-f011-8405-6045bd8aa69c'),(3386,3377,'831542cc-1dfd-f011-8405-002248858a9f'),(3387,3378,'6fe69875-23fd-f011-8405-7ced8d0b2904'),(3388,3379,'c7054ab7-23fd-f011-8405-7ced8d0b2904'),(3389,3380,'83330009-1900-f111-8405-7ced8d0b2904'),(3390,3381,'af3058c1-1900-f111-8405-7ced8d0b2904'),(3391,3382,'d6c3c15b-1a00-f111-8405-000d3aad3db5'),(3392,3383,'46b10213-0e01-f111-8405-7ced8d0b2904'),(3393,3384,'ba23063d-af01-f111-8405-7ced8d0b2904'),(3394,3385,'2d2b6932-b801-f111-8405-000d3aad3db5'),(3395,3386,'c7ae9edd-3903-f111-8405-6045bd87ea5b'),(3396,3387,'0a97fb78-4903-f111-8405-7ced8d0b2904'),(3397,3388,'0dd83de1-6d03-f111-8405-6045bd87ea5b');

--
