(2791,1,NULL,0,0,0,0.000000,1,NULL,0,0.000000,0.000000,NULL,0.000000,0.000000,0.000000,0,0,0,0,'default',0,1,NULL,1,'new',1,1,'both',NULL,0,'2026-03-19 15:29:39','2026-03-19 15:29:39',3),(2792,1,NULL,0,0,0,0.000000,1,NULL,0,0.000000,0.000000,NULL,0.000000,0.000000,0.000000,0,0,0,0,'default',0,1,NULL,1,'new',1,1,'both',NULL,0,'2026-03-19 15:29:39','2026-03-19 15:29:39',3),(2793,1,NULL,0,0,0,0.000000,1,NULL,0,0.000000,0.000000,NULL,0.000000,0.000000,0.000000,0,0,0,0,'default',0,1,NULL,1,'new',1,1,'both',NULL,0,'2026-03-19 15:29:39','2026-03-19 15:29:39',3),(2794,1,NULL,0,0,0,0.000000,1,NULL,0,0.000000,0.000000,NULL,0.000000,0.000000,0.000000,0,0,0,0,'default',0,1,NULL,1,'new',1,1,'both',NULL,0,'2026-03-19 15:29:39','2026-03-19 15:29:39',3),(2795,1,NULL,0,0,0,0.000000,1,NULL,0,0.000000,0.000000,NULL,0.000000,0.000000,0.000000,0,0,0,0,'default',0,1,NULL,1,'new',1,1,'both',NULL,0,'2026-03-19 15:29:39','2026-03-19 15:29:39',3),(2796,1,NULL,0,0,0,0.000000,1,NULL,0,0.000000,0.000000,NULL,0.000000,0.000000,0.000000,0,0,0,0,'default',0,1,NULL,1,'new',1,1,'both',NULL,0,'2026-03-19 15:29:39','2026-03-19 15:29:39',3),(2797,1,NULL,0,0,0,0.000000,1,NULL,0,0.000000,0.000000,NULL,0.000000,0.000000,0.000000,0,0,0,0,'default',0,1,NULL,1,'new',1,1,'both',NULL,0,'2026-03-19 15:29:39','2026-03-19 15:29:39',3),(2798,1,NULL,0,0,0,0.000000,1,NULL,0,0.000000,0.000000,NULL,0.000000,0.000000,0.000000,0,0,0,0,'default',0,1,NULL,1,'new',1,1,'both',NULL,0,'2026-03-19 15:29:39','2026-03-19 15:29:39',3),(2799,1,NULL,0,0,0,0.000000,1,NULL,0,0.000000,0.000000,NULL,0.000000,0.000000,0.000000,0,0,0,0,'default',0,1,NULL,1,'new',1,1,'both',NULL,0,'2026-03-19 15:29:39','2026-03-19 15:29:39',3),(2800,1,NULL,0,0,0,0.000000,1,NULL,0,0.000000,0.000000,NULL,0.000000,0.000000,0.000000,0,0,0,0,'default',0,1,NULL,1,'new',1,1,'both',NULL,0,'2026-03-19 15:29:39','2026-03-19 15:29:39',3),(2801,1,NULL,0,0,0,0.000000,1,NULL,0,0.000000,0.000000,NULL,0.000000,0.000000,0.000000,0,0,0,0,'default',0,1,NULL,1,'new',1,1,'both',NULL,0,'2026-03-19 15:29:39','2026-03-19 15:29:39',3),(2802,1,NULL,0,0,0,0.000000,1,NULL,0,0.000000,0.000000,NULL,0.000000,0.000000,0.000000,0,0,0,0,'default',0,1,NULL,1,'new',1,1,'both',NULL,0,'2026-03-19 15:29:39','2026-03-19 15:29:39',3),(2803,1,NULL,0,0,0,0.000000,1,NULL,0,0.000000,0.000000,NULL,0.000000,0.000000,0.000000,0,0,0,0,'default',0,1,NULL,1,'new',1,1,'both',NULL,0,'2026-03-19 15:29:39','2026-03-19 15:29:39',3),(2804,1,NULL,0,0,0,0.000000,1,NULL,0,0.000000,0.000000,NULL,0.000000,0.000000,0.000000,0,0,0,0,'default',0,1,NULL,1,'new',1,1,'both',NULL,0,'2026-03-19 15:29:39','2026-03-19 15:29:39',3),(2805,1,NULL,0,0,0,0.000000,1,NULL,0,0.000000,0.000000,NULL,0.000000,0.000000,0.000000,0,0,0,0,'default',0,1,NULL,1,'new',1,1,'both',NULL,0,'2026-03-19 15:29:39','2026-03-19 15:29:39',3),(2806,1,NULL,0,0,0,0.000000,1,NULL,0,0.000000,0.000000,NULL,0.000000,0.000000,0.000000,0,0,0,0,'default',0,1,NULL,1,'new',1,1,'both',NULL,0,'2026-03-19 15:29:39','2026-03-19 15:29:39',3),(2807,1,NULL,0,0,0,0.000000,1,NULL,0,0.000000,0.000000,NULL,0.000000,0.000000,0.000000,0,0,0,0,'default',0,1,NULL,1,'new',1,1,'both',NULL,0,'2026-03-19 15:29:39','2026-03-19 15:29:39',3),(2808,1,NULL,0,0,0,0.000000,1,NULL,0,0.000000,0.000000,NULL,0.000000,0.000000,0.000000,0,0,0,0,'default',0,1,NULL,1,'new',1,1,'both',NULL,0,'2026-03-19 15:29:39','2026-03-19 15:29:39',3),(2809,1,NULL,0,0,0,0.000000,1,NULL,0,0.000000,0.000000,NULL,0.000000,0.000000,0.000000,0,0,0,0,'default',0,1,NULL,1,'new',1,1,'both',NULL,0,'2026-03-19 15:29:39','2026-03-19 15:29:39',3),(2810,1,NULL,0,0,0,0.000000,1,NULL,0,0.000000,0.000000,NULL,0.000000,0.000000,0.000000,0,0,0,0,'default',0,1,NULL,1,'new',1,1,'both',NULL,0,'2026-03-19 15:29:39','2026-03-19 15:29:39',3),(2811,1,NULL,0,0,0,0.000000,1,NULL,0,0.000000,0.000000,NULL,0.000000,0.000000,0.000000,0,0,0,0,'default',0,1,NULL,1,'new',1,1,'both',NULL,0,'2026-03-19 15:29:39','2026-03-19 15:29:39',3),(2812,1,NULL,0,0,0,0.000000,1,NULL,0,0.000000,0.000000,NULL,0.000000,0.000000,0.000000,0,0,0,0,'default',0,1,NULL,1,'new',1,1,'both',NULL,0,'2026-03-19 15:29:39','2026-03-19 15:29:39',3),(2813,1,NULL,0,0,0,0.000000,1,NULL,0,0.000000,0.000000,NULL,0.000000,0.000000,0.000000,0,0,0,0,'default',0,1,NULL,1,'new',1,1,'both',NULL,0,'2026-03-19 15:29:39','2026-03-19 15:29:39',3),(2814,1,NULL,0,0,0,0.000000,1,NULL,0,0.000000,0.000000,NULL,0.000000,0.000000,0.000000,0,0,0,0,'default',0,1,NULL,1,'new',1,1,'both',NULL,0,'2026-03-19 15:29:39','2026-03-19 15:29:39',3),(2815,1,NULL,0,0,0,0.000000,1,NULL,0,0.000000,0.000000,NULL,0.000000,0.000000,0.000000,0,0,0,0,'default',0,1,NULL,1,'new',1,1,'both',NULL,0,'2026-03-19 15:29:39','2026-03-19 15:29:39',3),(2816,1,NULL,0,0,0,0.000000,1,NULL,0,0.000000,0.000000,NULL,0.000000,0.000000,0.000000,0,0,0,0,'default',0,1,NULL,1,'new',1,1,'both',NULL,0,'2026-03-19 15:29:39','2026-03-19 15:29:39',3),(2817,1,NULL,0,0,0,0.000000,1,NULL,0,0.000000,0.000000,NULL,0.000000,0.000000,0.000000,0,0,0,0,'default',0,1,NULL,1,'new',1,1,'both',NULL,0,'2026-03-19 15:29:39','2026-03-19 15:29:39',3),(2818,1,NULL,0,0,0,0.000000,1,NULL,0,0.000000,0.000000,NULL,0.000000,0.000000,0.000000,0,0,0,0,'default',0,1,NULL,1,'new',1,1,'both',NULL,0,'2026-03-19 15:29:39','2026-03-19 15:29:39',3),(2819,1,NULL,0,0,0,0.000000,1,NULL,0,0.000000,0.000000,NULL,0.000000,0.000000,0.000000,0,0,0,0,'default',0,1,NULL,1,'new',1,1,'both',NULL,0,'2026-03-19 15:29:39','2026-03-19 15:29:39',3),(2820,1,NULL,0,0,0,0.000000,1,NULL,0,0.000000,0.000000,NULL,0.000000,0.000000,0.000000,0,0,0,0,'default',0,1,NULL,1,'new',1,1,'both',NULL,0,'2026-03-19 15:29:39','2026-03-19 15:29:39',3),(2821,1,NULL,0,0,0,0.000000,1,NULL,0,0.000000,0.000000,NULL,0.000000,0.000000,0.000000,0,0,0,0,'default',0,1,NULL,1,'new',1,1,'both',NULL,0,'2026-03-19 15:29:39','2026-03-19 15:29:39',3),(2822,1,NULL,0,0,0,0.000000,1,NULL,0,0.000000,0.000000,NULL,0.000000,0.000000,0.000000,0,0,0,0,'default',0,1,NULL,1,'new',1,1,'both',NULL,0,'2026-03-19 15:29:39','2026-03-19 15:29:39',3),(2823,1,NULL,0,0,0,0.000000,1,NULL,0,0.000000,0.000000,NULL,0.000000,0.000000,0.000000,0,0,0,0,'default',0,1,NULL,1,'new',1,1,'both',NULL,0,'2026-03-19 15:29:39','2026-03-19 15:29:39',3),(2824,1,NULL,0,0,0,0.000000,1,NULL,0,0.000000,0.000000,NULL,0.000000,0.000000,0.000000,0,0,0,0,'default',0,1,NULL,1,'new',1,1,'both',NULL,0,'2026-03-19 15:29:39','2026-03-19 15:29:39',3),(2825,1,NULL,0,0,0,0.000000,1,NULL,0,0.000000,0.000000,NULL,0.000000,0.000000,0.000000,0,0,0,0,'default',0,1,NULL,1,'new',1,1,'both',NULL,0,'2026-03-19 15:29:39','2026-03-19 15:29:39',3),(2826,1,NULL,0,0,0,0.000000,1,NULL,0,0.000000,0.000000,NULL,0.000000,0.000000,0.000000,0,0,0,0,'default',0,1,NULL,1,'new',1,1,'both',NULL,0,'2026-03-19 15:29:39','2026-03-19 15:29:39',3),(2827,1,NULL,0,0,0,0.000000,1,NULL,0,0.000000,0.000000,NULL,0.000000,0.000000,0.000000,0,0,0,0,'default',0,1,NULL,1,'new',1,1,'both',NULL,0,'2026-03-19 15:29:39','2026-03-19 15:29:39',3),(2828,1,NULL,0,0,0,0.000000,1,NULL,0,0.000000,0.000000,NULL,0.000000,0.000000,0.000000,0,0,0,0,'default',0,1,NULL,1,'new',1,1,'both',NULL,0,'2026-03-19 15:29:39','2026-03-19 15:29:39',3),(2829,1,NULL,0,0,0,0.000000,1,NULL,0,0.000000,0.000000,NULL,0.000000,0.000000,0.000000,0,0,0,0,'default',0,1,NULL,1,'new',1,1,'both',NULL,0,'2026-03-19 15:29:39','2026-03-19 15:29:39',3),(2830,1,NULL,0,0,0,0.000000,1,NULL,0,0.000000,0.000000,NULL,0.000000,0.000000,0.000000,0,0,0,0,'default',0,1,NULL,1,'new',1,1,'both',NULL,0,'2026-03-19 15:29:39','2026-03-19 15:29:39',3),(2831,1,NULL,0,0,0,0.000000,1,NULL,0,0.000000,0.000000,NULL,0.000000,0.000000,0.000000,0,0,0,0,'default',0,1,NULL,1,'new',1,1,'both',NULL,0,'2026-03-19 15:29:39','2026-03-19 15:29:39',3),(2832,1,NULL,0,0,0,0.000000,1,NULL,0,0.000000,0.000000,NULL,0.000000,0.000000,0.000000,0,0,0,0,'default',0,1,NULL,1,'new',1,1,'both',NULL,0,'2026-03-19 15:29:39','2026-03-19 15:29:39',3),(2833,1,NULL,0,0,0,0.000000,1,NULL,0,0.000000,0.000000,NULL,0.000000,0.000000,0.000000,0,0,0,0,'default',0,1,NULL,1,'new',1,1,'both',NULL,0,'2026-03-19 15:29:39','2026-03-19 15:29:39',3),(2834,1,NULL,0,0,0,0.000000,1,NULL,0,0.000000,0.000000,NULL,0.000000,0.000000,0.000000,0,0,0,0,'default',0,1,NULL,1,'new',1,1,'both',NULL,0,'2026-03-19 15:29:39','2026-03-19 15:29:39',3),(2835,1,NULL,0,0,0,0.000000,1,NULL,0,0.000000,0.000000,NULL,0.000000,0.000000,0.000000,0,0,0,0,'default',0,1,NULL,1,'new',1,1,'both',NULL,0,'2026-03-19 15:29:39','2026-03-19 15:29:39',3),(2836,1,NULL,0,0,0,0.000000,1,NULL,0,0.000000,0.000000,NULL,0.000000,0.000000,0.000000,0,0,0,0,'default',0,1,NULL,1,'new',1,1,'both',NULL,0,'2026-03-19 15:29:39','2026-03-19 15:29:39',3),(2837,1,NULL,0,0,0,0.000000,1,NULL,0,0.000000,0.000000,NULL,0.000000,0.000000,0.000000,0,0,0,0,'default',0,1,NULL,1,'new',1,1,'both',NULL,0,'2026-03-19 15:29:40','2026-03-19 15:29:40',3),(2838,1,NULL,0,0,0,0.000000,1,NULL,0,0.000000,0.000000,NULL,0.000000,0.000000,0.000000,0,0,0,0,'default',0,1,NULL,1,'new',1,1,'both',NULL,0,'2026-03-19 15:29:40','2026-03-19 15:29:40',3),(2839,1,NULL,0,0,0,0.000000,1,NULL,0,0.000000,0.000000,NULL,0.000000,0.000000,0.000000,0,0,0,0,'default',0,1,NULL,1,'new',1,1,'both',NULL,0,'2026-03-19 15:29:40','2026-03-19 15:29:40',3),(2840,1,NULL,0,0,0,0.000000,1,NULL,0,0.000000,0.000000,NULL,0.000000,0.000000,0.000000,0,0,0,0,'default',0,1,NULL,1,'new',1,1,'both',NULL,0,'2026-03-19 15:29:40','2026-03-19 15:29:40',3),(2841,1,NULL,0,0,0,0.000000,1,NULL,0,0.000000,0.000000,NULL,0.000000,0.000000,0.000000,0,0,0,0,'default',0,1,NULL,1,'new',1,1,'both',NULL,0,'2026-03-19 15:29:40','2026-03-19 15:29:40',3),(2842,1,NULL,0,0,0,0.000000,1,NULL,0,0.000000,0.000000,NULL,0.000000,0.000000,0.000000,0,0,0,0,'default',0,1,NULL,1,'new',1,1,'both',NULL,0,'2026-03-19 15:29:40','2026-03-19 15:29:40',3),(2843,1,NULL,0,0,0,0.000000,1,NULL,0,0.000000,0.000000,NULL,0.000000,0.000000,0.000000,0,0,0,0,'default',0,1,NULL,1,'new',1,1,'both',NULL,0,'2026-03-19 15:29:40','2026-03-19 15:29:40',3),(2844,1,NULL,0,0,0,0.000000,1,NULL,0,0.000000,0.000000,NULL,0.000000,0.000000,0.000000,0,0,0,0,'default',0,1,NULL,1,'new',1,1,'both',NULL,0,'2026-03-19 15:29:40','2026-03-19 15:29:40',3),(2845,1,NULL,0,0,0,0.000000,1,NULL,0,0.000000,0.000000,NULL,0.000000,0.000000,0.000000,0,0,0,0,'default',0,1,NULL,1,'new',1,1,'both',NULL,0,'2026-03-19 15:29:40','2026-03-19 15:29:40',3),(2846,1,NULL,0,0,0,0.000000,1,NULL,0,0.000000,0.000000,NULL,0.000000,0.000000,0.000000,0,0,0,0,'default',0,1,NULL,1,'new',1,1,'both',NULL,0,'2026-03-19 15:29:40','2026-03-19 15:29:40',3),(2847,1,NULL,0,0,0,0.000000,1,NULL,0,0.000000,0.000000,NULL,0.000000,0.000000,0.000000,0,0,0,0,'default',0,1,NULL,1,'new',1,1,'both',NULL,0,'2026-03-19 15:29:40','2026-03-19 15:29:40',3),(2848,1,NULL,0,0,0,0.000000,1,NULL,0,0.000000,0.000000,NULL,0.000000,0.000000,0.000000,0,0,0,0,'default',0,1,NULL,1,'new',1,1,'both',NULL,0,'2026-03-19 15:29:40','2026-03-19 15:29:40',3),(2849,1,NULL,0,0,0,0.000000,1,NULL,0,0.000000,0.000000,NULL,0.000000,0.000000,0.000000,0,0,0,0,'default',0,1,NULL,1,'new',1,1,'both',NULL,0,'2026-03-19 15:29:40','2026-03-19 15:29:40',3),(2850,1,NULL,0,0,0,0.000000,1,NULL,0,0.000000,0.000000,NULL,0.000000,0.000000,0.000000,0,0,0,0,'default',0,1,NULL,1,'new',1,1,'both',NULL,0,'2026-03-19 15:29:40','2026-03-19 15:29:40',3),(2851,1,NULL,0,0,0,0.000000,1,NULL,0,0.000000,0.000000,NULL,0.000000,0.000000,0.000000,0,0,0,0,'default',0,1,NULL,1,'new',1,1,'both',NULL,0,'2026-03-19 15:29:40','2026-03-19 15:29:40',3),(2852,1,NULL,0,0,0,0.000000,1,NULL,0,0.000000,0.000000,NULL,0.000000,0.000000,0.000000,0,0,0,0,'default',0,1,NULL,1,'new',1,1,'both',NULL,0,'2026-03-19 15:29:40','2026-03-19 15:29:40',3),(2853,1,NULL,0,0,0,0.000000,1,NULL,0,0.000000,0.000000,NULL,0.000000,0.000000,0.000000,0,0,0,0,'default',0,1,NULL,1,'new',1,1,'both',NULL,0,'2026-03-19 15:29:40','2026-03-19 15:29:40',3),(2854,1,NULL,0,0,0,0.000000,1,NULL,0,0.000000,0.000000,NULL,0.000000,0.000000,0.000000,0,0,0,0,'default',0,1,NULL,1,'new',1,1,'both',NULL,0,'2026-03-19 15:29:40','2026-03-19 15:29:40',3),(2855,1,NULL,0,0,0,0.000000,1,NULL,0,0.000000,0.000000,NULL,0.000000,0.000000,0.000000,0,0,0,0,'default',0,1,NULL,1,'new',1,1,'both',NULL,0,'2026-03-19 15:29:40','2026-03-19 15:29:40',3),(2856,1,NULL,0,0,0,0.000000,1,NULL,0,0.000000,0.000000,NULL,0.000000,0.000000,0.000000,0,0,0,0,'default',0,1,NULL,1,'new',1,1,'both',NULL,0,'2026-03-19 15:29:40','2026-03-19 15:29:40',3),(2857,1,NULL,0,0,0,0.000000,1,NULL,0,0.000000,0.000000,NULL,0.000000,0.000000,0.000000,0,0,0,0,'default',0,1,NULL,1,'new',1,1,'both',NULL,0,'2026-03-19 15:29:40','2026-03-19 15:29:40',3),(2858,1,NULL,0,0,0,0.000000,1,NULL,0,0.000000,0.000000,NULL,0.000000,0.000000,0.000000,0,0,0,0,'default',0,1,NULL,1,'new',1,1,'both',NULL,0,'2026-03-19 15:29:40','2026-03-19 15:29:40',3),(2859,1,NULL,0,0,0,0.000000,1,NULL,0,0.000000,0.000000,NULL,0.000000,0.000000,0.000000,0,0,0,0,'default',0,1,NULL,1,'new',1,1,'both',NULL,0,'2026-03-19 15:29:40','2026-03-19 15:29:40',3),(2860,1,NULL,0,0,0,0.000000,1,NULL,0,0.000000,0.000000,NULL,0.000000,0.000000,0.000000,0,0,0,0,'default',0,1,NULL,1,'new',1,1,'both',NULL,0,'2026-03-19 15:29:40','2026-03-19 15:29:40',3),(2861,1,NULL,0,0,0,0.000000,1,NULL,0,0.000000,0.000000,NULL,0.000000,0.000000,0.000000,0,0,0,0,'default',0,1,NULL,1,'new',1,1,'both',NULL,0,'2026-03-19 15:29:40','2026-03-19 15:29:40',3),(2862,1,NULL,0,0,0,0.000000,1,NULL,0,0.000000,0.000000,NULL,0.000000,0.000000,0.000000,0,0,0,0,'default',0,1,NULL,1,'new',1,1,'both',NULL,0,'2026-03-19 15:29:40','2026-03-19 15:29:40',3),(2863,1,NULL,0,0,0,0.000000,1,NULL,0,0.000000,0.000000,NULL,0.000000,0.000000,0.000000,0,0,0,0,'default',0,1,NULL,1,'new',1,1,'both',NULL,0,'2026-03-19 15:29:40','2026-03-19 15:29:40',3),(2864,1,NULL,0,0,0,0.000000,1,NULL,0,0.000000,0.000000,NULL,0.000000,0.000000,0.000000,0,0,0,0,'default',0,1,NULL,1,'new',1,1,'both',NULL,0,'2026-03-19 15:29:40','2026-03-19 15:29:40',3),(2865,1,NULL,0,0,0,0.000000,1,NULL,0,0.000000,0.000000,NULL,0.000000,0.000000,0.000000,0,0,0,0,'default',0,1,NULL,1,'new',1,1,'both',NULL,0,'2026-03-19 15:29:40','2026-03-19 15:29:40',3),(2866,1,NULL,0,0,0,0.000000,1,NULL,0,0.000000,0.000000,NULL,0.000000,0.000000,0.000000,0,0,0,0,'default',0,1,NULL,1,'new',1,1,'both',NULL,0,'2026-03-19 15:29:40','2026-03-19 15:29:40',3),(2867,1,NULL,0,0,0,0.000000,1,NULL,0,0.000000,0.000000,NULL,0.000000,0.000000,0.000000,0,0,0,0,'default',0,1,NULL,1,'new',1,1,'both',NULL,0,'2026-03-19 15:29:40','2026-03-19 15:29:40',3),(2868,1,NULL,0,0,0,0.000000,1,NULL,0,0.000000,0.000000,NULL,0.000000,0.000000,0.000000,0,0,0,0,'default',0,1,NULL,1,'new',1,1,'both',NULL,0,'2026-03-19 15:29:40','2026-03-19 15:29:40',3),(2869,1,NULL,0,0,0,0.000000,1,NULL,0,0.000000,0.000000,NULL,0.000000,0.000000,0.000000,0,0,0,0,'default',0,1,NULL,1,'new',1,1,'both',NULL,0,'2026-03-19 15:29:40','2026-03-19 15:29:40',3),(2870,1,NULL,0,0,0,0.000000,1,NULL,0,0.000000,0.000000,NULL,0.000000,0.000000,0.000000,0,0,0,0,'default',0,1,NULL,1,'new',1,1,'both',NULL,0,'2026-03-19 15:29:40','2026-03-19 15:29:40',3),(2871,1,NULL,0,0,0,0.000000,1,NULL,0,0.000000,0.000000,NULL,0.000000,0.000000,0.000000,0,0,0,0,'default',0,1,NULL,1,'new',1,1,'both',NULL,0,'2026-03-19 15:29:40','2026-03-19 15:29:40',3),(2872,1,NULL,0,0,0,0.000000,1,NULL,0,0.000000,0.000000,NULL,0.000000,0.000000,0.000000,0,0,0,0,'default',0,1,NULL,1,'new',1,1,'both',NULL,0,'2026-03-19 15:29:40','2026-03-19 15:29:40',3),(2873,1,NULL,0,0,0,0.000000,1,NULL,0,0.000000,0.000000,NULL,0.000000,0.000000,0.000000,0,0,0,0,'default',0,1,NULL,1,'new',1,1,'both',NULL,0,'2026-03-19 15:29:40','2026-03-19 15:29:40',3),(2874,1,NULL,0,0,0,0.000000,1,NULL,0,0.000000,0.000000,NULL,0.000000,0.000000,0.000000,0,0,0,0,'default',0,1,NULL,1,'new',1,1,'both',NULL,0,'2026-03-19 15:29:40','2026-03-19 15:29:40',3),(2875,1,NULL,0,0,0,0.000000,1,NULL,0,0.000000,0.000000,NULL,0.000000,0.000000,0.000000,0,0,0,0,'default',0,1,NULL,1,'new',1,1,'both',NULL,0,'2026-03-19 15:29:40','2026-03-19 15:29:40',3),(2876,1,NULL,0,0,0,0.000000,1,NULL,0,0.000000,0.000000,NULL,0.000000,0.000000,0.000000,0,0,0,0,'default',0,1,NULL,1,'new',1,1,'both',NULL,0,'2026-03-19 15:29:40','2026-03-19 15:29:40',3),(2877,1,NULL,0,0,0,0.000000,1,NULL,0,0.000000,0.000000,NULL,0.000000,0.000000,0.000000,0,0,0,0,'default',0,1,NULL,1,'new',1,1,'both',NULL,0,'2026-03-19 15:29:40','2026-03-19 15:29:40',3),(2878,1,NULL,0,0,0,0.000000,1,NULL,0,0.000000,0.000000,NULL,0.000000,0.000000,0.000000,0,0,0,0,'default',0,1,NULL,1,'new',1,1,'both',NULL,0,'2026-03-19 15:29:40','2026-03-19 15:29:40',3),(2879,1,NULL,0,0,0,0.000000,1,NULL,0,0.000000,0.000000,NULL,0.000000,0.000000,0.000000,0,0,0,0,'default',0,1,NULL,1,'new',1,1,'both',NULL,0,'2026-03-19 15:29:40','2026-03-19 15:29:40',3),(2880,1,NULL,0,0,0,0.000000,1,NULL,0,0.000000,0.000000,NULL,0.000000,0.000000,0.000000,0,0,0,0,'default',0,1,NULL,1,'new',1,1,'both',NULL,0,'2026-03-19 15:29:40','2026-03-19 15:29:40',3),(2881,1,NULL,0,0,0,0.000000,1,NULL,0,0.000000,0.000000,NULL,0.000000,0.000000,0.000000,0,0,0,0,'default',0,1,NULL,1,'new',1,1,'both',NULL,0,'2026-03-19 15:29:40','2026-03-19 15:29:40',3),(2882,1,NULL,0,0,0,0.000000,1,NULL,0,0.000000,0.000000,NULL,0.000000,0.000000,0.000000,0,0,0,0,'default',0,1,NULL,1,'new',1,1,'both',NULL,0,'2026-03-19 15:29:40','2026-03-19 15:29:40',3),(2883,1,NULL,0,0,0,0.000000,1,NULL,0,0.000000,0.000000,NULL,0.000000,0.000000,0.000000,0,0,0,0,'default',0,1,NULL,1,'new',1,1,'both',NULL,0,'2026-03-19 15:29:40','2026-03-19 15:29:40',3),(2884,1,NULL,0,0,0,0.000000,1,NULL,0,0.000000,0.000000,NULL,0.000000,0.000000,0.000000,0,0,0,0,'default',0,1,NULL,1,'new',1,1,'both',NULL,0,'2026-03-19 15:29:40','2026-03-19 15:29:40',3),(2885,1,NULL,0,0,0,0.000000,1,NULL,0,0.000000,0.000000,NULL,0.000000,0.000000,0.000000,0,0,0,0,'default',0,1,NULL,1,'new',1,1,'both',NULL,0,'2026-03-19 15:29:40','2026-03-19 15:29:40',3),(2886,1,NULL,0,0,0,0.000000,1,NULL,0,0.000000,0.000000,NULL,0.000000,0.000000,0.000000,0,0,0,0,'default',0,1,NULL,1,'new',1,1,'both',NULL,0,'2026-03-19 15:29:40','2026-03-19 15:29:40',3),(2887,1,NULL,0,0,0,0.000000,1,NULL,0,0.000000,0.000000,NULL,0.000000,0.000000,0.000000,0,0,0,0,'default',0,1,NULL,1,'new',1,1,'both',NULL,0,'2026-03-19 15:29:40','2026-03-19 15:29:40',3),(2888,1,NULL,0,0,0,0.000000,1,NULL,0,0.000000,0.000000,NULL,0.000000,0.000000,0.000000,0,0,0,0,'default',0,1,NULL,1,'new',1,1,'both',NULL,0,'2026-03-19 15:29:40','2026-03-19 15:29:40',3),(2889,1,NULL,0,0,0,0.000000,1,NULL,0,0.000000,0.000000,NULL,0.000000,0.000000,0.000000,0,0,0,0,'default',0,1,NULL,1,'new',1,1,'both',NULL,0,'2026-03-19 15:29:40','2026-03-19 15:29:40',3),(2890,1,NULL,0,0,0,0.000000,1,NULL,0,0.000000,0.000000,NULL,0.000000,0.000000,0.000000,0,0,0,0,'default',0,1,NULL,1,'new',1,1,'both',NULL,0,'2026-03-19 15:29:40','2026-03-19 15:29:40',3),(2891,1,NULL,0,0,0,0.000000,1,NULL,0,0.000000,0.000000,NULL,0.000000,0.000000,0.000000,0,0,0,0,'default',0,1,NULL,1,'new',1,1,'both',NULL,0,'2026-03-19 15:29:40','2026-03-19 15:29:40',3),(2892,1,NULL,0,0,0,0.000000,1,NULL,0,0.000000,0.000000,NULL,0.000000,0.000000,0.000000,0,0,0,0,'default',0,1,NULL,1,'new',1,1,'both',NULL,0,'2026-03-19 15:29:40','2026-03-19 15:29:40',3),(2893,1,NULL,0,0,0,0.000000,1,NULL,0,0.000000,0.000000,NULL,0.000000,0.000000,0.000000,0,0,0,0,'default',0,1,NULL,1,'new',1,1,'both',NULL,0,'2026-03-19 15:29:40','2026-03-19 15:29:40',3),(2894,1,NULL,0,0,0,0.000000,1,NULL,0,0.000000,0.000000,NULL,0.000000,0.000000,0.000000,0,0,0,0,'default',0,1,NULL,1,'new',1,1,'both',NULL,0,'2026-03-19 15:29:40','2026-03-19 15:29:40',3),(2895,1,NULL,0,0,0,0.000000,1,NULL,0,0.000000,0.000000,NULL,0.000000,0.000000,0.000000,0,0,0,0,'default',0,1,NULL,1,'new',1,1,'both',NULL,0,'2026-03-19 15:29:41','2026-03-19 15:29:41',3),(2896,1,NULL,0,0,0,0.000000,1,NULL,0,0.000000,0.000000,NULL,0.000000,0.000000,0.000000,0,0,0,0,'default',0,1,NULL,1,'new',1,1,'both',NULL,0,'2026-03-19 15:29:41','2026-03-19 15:29:41',3),(2897,1,NULL,0,0,0,0.000000,1,NULL,0,0.000000,0.000000,NULL,0.000000,0.000000,0.000000,0,0,0,0,'default',0,1,NULL,1,'new',1,1,'both',NULL,0,'2026-03-19 15:29:41','2026-03-19 15:29:41',3),(2898,1,NULL,0,0,0,0.000000,1,NULL,0,0.000000,0.000000,NULL,0.000000,0.000000,0.000000,0,0,0,0,'default',0,1,NULL,1,'new',1,1,'both',NULL,0,'2026-03-19 15:29:41','2026-03-19 15:29:41',3),(2899,1,NULL,0,0,0,0.000000,1,NULL,0,218.000000,0.000000,NULL,0.000000,0.000000,0.000000,0,0,0,0,'default',0,1,NULL,1,'new',1,1,'both',NULL,0,'2026-03-19 15:29:41','2026-03-19 15:29:41',3),(2900,1,NULL,0,0,0,0.000000,1,NULL,0,0.000000,0.000000,NULL,0.000000,0.000000,0.000000,0,0,0,0,'default',0,1,NULL,1,'new',1,1,'both',NULL,0,'2026-03-19 15:29:41','2026-03-19 15:29:41',3),(2901,1,NULL,0,0,0,0.000000,1,NULL,0,18.625000,0.000000,NULL,0.000000,0.000000,0.000000,0,0,0,0,'default',0,1,NULL,1,'new',1,1,'both',NULL,0,'2026-03-19 15:29:41','2026-03-19 15:29:41',3),(2902,1,NULL,0,0,0,0.000000,1,NULL,0,26.611800,0.000000,NULL,0.000000,0.000000,0.000000,0,0,0,0,'default',0,1,NULL,1,'new',1,1,'both',NULL,0,'2026-03-19 15:29:41','2026-03-19 15:29:41',3),(2903,1,NULL,0,0,0,0.000000,1,NULL,0,17.094670,0.000000,NULL,0.000000,0.000000,0.000000,0,0,0,0,'default',0,1,NULL,1,'new',1,1,'both',NULL,0,'2026-03-19 15:29:41','2026-03-19 15:29:41',3),(2904,1,NULL,0,0,0,0.000000,1,NULL,0,17.909090,0.000000,NULL,0.000000,0.000000,0.000000,0,0,0,0,'default',0,1,NULL,1,'new',1,1,'both',NULL,0,'2026-03-19 15:29:41','2026-03-19 15:29:41',3),(2905,1,NULL,0,0,0,0.000000,1,NULL,0,27.515300,0.000000,NULL,0.000000,0.000000,0.000000,0,0,0,0,'default',0,1,NULL,1,'new',1,1,'both',NULL,0,'2026-03-19 15:29:41','2026-03-19 15:29:41',3),(2906,1,NULL,0,0,0,0.000000,1,NULL,0,17.897730,0.000000,NULL,0.000000,0.000000,0.000000,0,0,0,0,'default',0,1,NULL,1,'new',1,1,'both',NULL,0,'2026-03-19 15:29:41','2026-03-19 15:29:41',3),(2907,1,NULL,0,0,0,0.000000,1,NULL,0,18.144400,0.000000,NULL,0.000000,0.000000,0.000000,0,0,0,0,'default',0,1,NULL,1,'new',1,1,'both',NULL,0,'2026-03-19 15:29:41','2026-03-19 15:29:41',3),(2908,1,NULL,0,0,0,0.000000,1,NULL,0,17.902820,0.000000,NULL,0.000000,0.000000,0.000000,0,0,0,0,'default',0,1,NULL,1,'new',1,1,'both',NULL,0,'2026-03-19 15:29:41','2026-03-19 15:29:41',3),(2909,1,NULL,0,0,0,0.000000,1,NULL,0,19.060330,0.000000,NULL,0.000000,0.000000,0.000000,0,0,0,0,'default',0,1,NULL,1,'new',1,1,'both',NULL,0,'2026-03-19 15:29:41','2026-03-19 15:29:41',3),(2910,1,NULL,0,0,0,0.000000,1,NULL,0,19.515820,0.000000,NULL,0.000000,0.000000,0.000000,0,0,0,0,'default',0,1,NULL,1,'new',1,1,'both',NULL,0,'2026-03-19 15:29:41','2026-03-19 15:29:41',3),(2911,1,NULL,0,0,0,0.000000,1,NULL,0,0.000000,0.000000,NULL,0.000000,0.000000,0.000000,0,0,0,0,'default',0,1,NULL,1,'new',1,1,'both',NULL,0,'2026-03-19 15:29:41','2026-03-19 15:29:41',3),(2912,1,NULL,0,0,0,0.000000,1,NULL,0,0.000000,0.000000,NULL,0.000000,0.000000,0.000000,0,0,0,0,'default',0,1,NULL,1,'new',1,1,'both',NULL,0,'2026-03-19 15:29:41','2026-03-19 15:29:41',3),(2913,1,NULL,0,0,0,0.000000,1,NULL,0,0.000000,0.000000,NULL,0.000000,0.000000,0.000000,0,0,0,0,'default',0,1,NULL,1,'new',1,1,'both',NULL,0,'2026-03-19 15:29:41','2026-03-19 15:29:41',3),(2914,1,NULL,0,0,0,0.000000,1,NULL,0,0.000000,0.000000,NULL,0.000000,0.000000,0.000000,0,0,0,0,'default',0,1,NULL,1,'new',1,1,'both',NULL,0,'2026-03-19 15:29:41','2026-03-19 15:29:41',3),(2915,1,NULL,0,0,0,0.000000,1,NULL,0,0.000000,0.000000,NULL,0.000000,0.000000,0.000000,0,0,0,0,'default',0,1,NULL,1,'new',1,1,'both',NULL,0,'2026-03-19 15:29:41','2026-03-19 15:29:41',3),(2916,1,NULL,0,0,0,0.000000,1,NULL,0,0.000000,0.000000,NULL,0.000000,0.000000,0.000000,0,0,0,0,'default',0,1,NULL,1,'new',1,1,'both',NULL,0,'2026-03-19 15:29:41','2026-03-19 15:29:41',3),(2917,1,NULL,0,0,0,0.000000,1,NULL,0,0.000000,0.000000,NULL,0.000000,0.000000,0.000000,0,0,0,0,'default',0,1,NULL,1,'new',1,1,'both',NULL,0,'2026-03-19 15:29:41','2026-03-19 15:29:41',3),(2918,1,NULL,0,0,0,0.000000,1,NULL,0,0.000000,0.000000,NULL,0.000000,0.000000,0.000000,0,0,0,0,'default',0,1,NULL,1,'new',1,1,'both',NULL,0,'2026-03-19 15:29:41','2026-03-19 15:29:41',3),(2919,1,NULL,0,0,0,0.000000,1,NULL,0,0.000000,0.000000,NULL,0.000000,0.000000,0.000000,0,0,0,0,'default',0,1,NULL,1,'new',1,1,'both',NULL,0,'2026-03-19 15:29:41','2026-03-19 15:29:41',3),(2920,1,NULL,0,0,0,0.000000,1,NULL,0,0.000000,0.000000,NULL,0.000000,0.000000,0.000000,0,0,0,0,'default',0,1,NULL,1,'new',1,1,'both',NULL,0,'2026-03-19 15:29:41','2026-03-19 15:29:41',3),(2921,1,NULL,0,0,0,0.000000,1,NULL,0,0.000000,0.000000,NULL,0.000000,0.000000,0.000000,0,0,0,0,'default',0,1,NULL,1,'new',1,1,'both',NULL,0,'2026-03-19 15:29:41','2026-03-19 15:29:41',3),(2922,1,NULL,0,0,0,0.000000,1,NULL,0,0.000000,0.000000,NULL,0.000000,0.000000,0.000000,0,0,0,0,'default',0,1,NULL,1,'new',1,1,'both',NULL,0,'2026-03-19 15:29:41','2026-03-19 15:29:41',3),(2923,1,NULL,0,0,0,0.000000,1,NULL,0,0.000000,0.000000,NULL,0.000000,0.000000,0.000000,0,0,0,0,'default',0,1,NULL,1,'new',1,1,'both',NULL,0,'2026-03-19 15:29:41','2026-03-19 15:29:41',3),(2924,1,NULL,0,0,0,0.000000,1,NULL,0,0.000000,0.000000,NULL,0.000000,0.000000,0.000000,0,0,0,0,'default',0,1,NULL,1,'new',1,1,'both',NULL,0,'2026-03-19 15:29:41','2026-03-19 15:29:41',3),(2925,1,NULL,0,0,0,0.000000,1,NULL,0,0.000000,0.000000,NULL,0.000000,0.000000,0.000000,0,0,0,0,'default',0,1,NULL,1,'new',1,1,'both',NULL,0,'2026-03-19 15:29:41','2026-03-19 15:29:41',3),(2926,1,NULL,0,0,0,0.000000,1,NULL,0,0.000000,0.000000,NULL,0.000000,0.000000,0.000000,0,0,0,0,'default',0,1,NULL,1,'new',1,1,'both',NULL,0,'2026-03-19 15:29:41','2026-03-19 15:29:41',3),(2927,1,NULL,0,0,0,0.000000,1,NULL,0,0.000000,0.000000,NULL,0.000000,0.000000,0.000000,0,0,0,0,'default',0,1,NULL,1,'new',1,1,'both',NULL,0,'2026-03-19 15:29:41','2026-03-19 15:29:41',3),(2928,1,NULL,0,0,0,0.000000,1,NULL,0,0.000000,0.000000,NULL,0.000000,0.000000,0.000000,0,0,0,0,'default',0,1,NULL,1,'new',1,1,'both',NULL,0,'2026-03-19 15:29:41','2026-03-19 15:29:41',3),(2929,1,NULL,0,0,0,0.000000,1,NULL,0,0.000000,0.000000,NULL,0.000000,0.000000,0.000000,0,0,0,0,'default',0,1,NULL,1,'new',1,1,'both',NULL,0,'2026-03-19 15:29:41','2026-03-19 15:29:41',3),(2930,1,NULL,0,0,0,0.000000,1,NULL,0,0.000000,0.000000,NULL,0.000000,0.000000,0.000000,0,0,0,0,'default',0,1,NULL,1,'new',1,1,'both',NULL,0,'2026-03-19 15:29:41','2026-03-19 15:29:41',3),(2931,1,NULL,0,0,0,0.000000,1,NULL,0,0.000000,0.000000,NULL,0.000000,0.000000,0.000000,0,0,0,0,'default',0,1,NULL,1,'new',1,1,'both',NULL,0,'2026-03-19 15:29:41','2026-03-19 15:29:41',3),(2932,1,NULL,0,0,0,0.000000,1,NULL,0,0.000000,0.000000,NULL,0.000000,0.000000,0.000000,0,0,0,0,'default',0,1,NULL,1,'new',1,1,'both',NULL,0,'2026-03-19 15:29:41','2026-03-19 15:29:41',3),(2933,1,NULL,0,0,0,0.000000,1,NULL,0,0.000000,0.000000,NULL,0.000000,0.000000,0.000000,0,0,0,0,'default',0,1,NULL,1,'new',1,1,'both',NULL,0,'2026-03-19 15:29:41','2026-03-19 15:29:41',3),(2934,1,NULL,0,0,0,0.000000,1,NULL,0,0.000000,0.000000,NULL,0.000000,0.000000,0.000000,0,0,0,0,'default',0,1,NULL,1,'new',1,1,'both',NULL,0,'2026-03-19 15:29:41','2026-03-19 15:29:41',3),(2935,1,NULL,0,0,0,0.000000,1,NULL,0,0.000000,0.000000,NULL,0.000000,0.000000,0.000000,0,0,0,0,'default',0,1,NULL,1,'new',1,1,'both',NULL,0,'2026-03-19 15:29:41','2026-03-19 15:29:41',3),(2936,1,NULL,0,0,0,0.000000,1,NULL,0,0.000000,0.000000,NULL,0.000000,0.000000,0.000000,0,0,0,0,'default',0,1,NULL,1,'new',1,1,'both',NULL,0,'2026-03-19 15:29:41','2026-03-19 15:29:41',3),(2937,1,NULL,0,0,0,0.000000,1,NULL,0,0.000000,0.000000,NULL,0.000000,0.000000,0.000000,0,0,0,0,'default',0,1,NULL,1,'new',1,1,'both',NULL,0,'2026-03-19 15:29:41','2026-03-19 15:29:41',3),(2938,1,NULL,0,0,0,0.000000,1,NULL,0,0.000000,0.000000,NULL,0.000000,0.000000,0.000000,0,0,0,0,'default',0,1,NULL,1,'new',1,1,'both',NULL,0,'2026-03-19 15:29:41','2026-03-19 15:29:41',3),(2939,1,NULL,0,0,0,0.000000,1,NULL,0,0.000000,0.000000,NULL,0.000000,0.000000,0.000000,0,0,0,0,'default',0,1,NULL,1,'new',1,1,'both',NULL,0,'2026-03-19 15:29:41','2026-03-19 15:29:41',3),(2940,1,NULL,0,0,0,0.000000,1,NULL,0,0.000000,0.000000,NULL,0.000000,0.000000,0.000000,0,0,0,0,'default',0,1,NULL,1,'new',1,1,'both',NULL,0,'2026-03-19 15:29:41','2026-03-19 15:29:41',3),(2941,1,NULL,0,0,0,0.000000,1,NULL,0,0.000000,0.000000,NULL,0.000000,0.000000,0.000000,0,0,0,0,'default',0,1,NULL,1,'new',1,1,'both',NULL,0,'2026-03-19 15:29:41','2026-03-19 15:29:41',3),(2942,1,NULL,0,0,0,0.000000,1,NULL,0,0.000000,0.000000,NULL,0.000000,0.000000,0.000000,0,0,0,0,'default',0,1,NULL,1,'new',1,1,'both',NULL,0,'2026-03-19 15:29:41','2026-03-19 15:29:41',3),(2943,1,NULL,0,0,0,0.000000,1,NULL,0,0.000000,0.000000,NULL,0.000000,0.000000,0.000000,0,0,0,0,'default',0,1,NULL,1,'new',1,1,'both',NULL,0,'2026-03-19 15:29:41','2026-03-19 15:29:41',3),(2944,1,NULL,0,0,0,0.000000,1,NULL,0,0.000000,0.000000,NULL,0.000000,0.000000,0.000000,0,0,0,0,'default',0,1,NULL,1,'new',1,1,'both',NULL,0,'2026-03-19 15:29:41','2026-03-19 15:29:41',3),(2945,1,NULL,0,0,0,0.000000,1,NULL,0,0.000000,0.000000,NULL,0.000000,0.000000,0.000000,0,0,0,0,'default',0,1,NULL,1,'new',1,1,'both',NULL,0,'2026-03-19 15:29:41','2026-03-19 15:29:41',3),(2946,1,NULL,0,0,0,0.000000,1,NULL,0,0.000000,0.000000,NULL,0.000000,0.000000,0.000000,0,0,0,0,'default',0,1,NULL,1,'new',1,1,'both',NULL,0,'2026-03-19 15:29:41','2026-03-19 15:29:41',3),(2947,1,NULL,0,0,0,0.000000,1,NULL,0,0.000000,0.000000,NULL,0.000000,0.000000,0.000000,0,0,0,0,'default',0,1,NULL,1,'new',1,1,'both',NULL,0,'2026-03-19 15:29:41','2026-03-19 15:29:41',3),(2948,1,NULL,0,0,0,0.000000,1,NULL,0,0.000000,0.000000,NULL,0.000000,0.000000,0.000000,0,0,0,0,'default',0,1,NULL,1,'new',1,1,'both',NULL,0,'2026-03-19 15:29:41','2026-03-19 15:29:41',3),(2949,1,NULL,0,0,0,0.000000,1,NULL,0,0.000000,0.000000,NULL,0.000000,0.000000,0.000000,0,0,0,0,'default',0,1,NULL,1,'new',1,1,'both',NULL,0,'2026-03-19 15:29:41','2026-03-19 15:29:41',3),(2950,1,NULL,0,0,0,0.000000,1,NULL,0,0.000000,0.000000,NULL,0.000000,0.000000,0.000000,0,0,0,0,'default',0,1,NULL,1,'new',1,1,'both',NULL,0,'2026-03-19 15:29:41','2026-03-19 15:29:41',3),(2951,1,NULL,0,0,0,0.000000,1,NULL,0,0.000000,0.000000,NULL,0.000000,0.000000,0.000000,0,0,0,0,'default',0,1,NULL,1,'new',1,1,'both',NULL,0,'2026-03-19 15:29:41','2026-03-19 15:29:41',3),(2952,1,NULL,0,0,0,0.000000,1,NULL,0,0.000000,0.000000,NULL,0.000000,0.000000,0.000000,0,0,0,0,'default',0,1,NULL,1,'new',1,1,'both',NULL,0,'2026-03-19 15:29:41','2026-03-19 15:29:41',3),(2953,1,NULL,0,0,0,0.000000,1,NULL,0,0.000000,0.000000,NULL,0.000000,0.000000,0.000000,0,0,0,0,'default',0,1,NULL,1,'new',1,1,'both',NULL,0,'2026-03-19 15:29:41','2026-03-19 15:29:41',3),(2954,1,NULL,0,0,0,0.000000,1,NULL,0,0.000000,0.000000,NULL,0.000000,0.000000,0.000000,0,0,0,0,'default',0,1,NULL,1,'new',1,1,'both',NULL,0,'2026-03-19 15:29:42','2026-03-19 15:29:42',3),(2955,1,NULL,0,0,0,0.000000,1,NULL,0,0.000000,0.000000,NULL,0.000000,0.000000,0.000000,0,0,0,0,'default',0,1,NULL,1,'new',1,1,'both',NULL,0,'2026-03-19 15:29:42','2026-03-19 15:29:42',3),(2956,1,NULL,0,0,0,0.000000,1,NULL,0,0.000000,0.000000,NULL,0.000000,0.000000,0.000000,0,0,0,0,'default',0,1,NULL,1,'new',1,1,'both',NULL,0,'2026-03-19 15:29:42','2026-03-19 15:29:42',3),(2957,1,NULL,0,0,0,0.000000,1,NULL,0,0.000000,0.000000,NULL,0.000000,0.000000,0.000000,0,0,0,0,'default',0,1,NULL,1,'new',1,1,'both',NULL,0,'2026-03-19 15:29:42','2026-03-19 15:29:42',3),(2958,1,NULL,0,0,0,0.000000,1,NULL,0,0.000000,0.000000,NULL,0.000000,0.000000,0.000000,0,0,0,0,'default',0,1,NULL,1,'new',1,1,'both',NULL,0,'2026-03-19 15:29:42','2026-03-19 15:29:42',3),(2959,1,NULL,0,0,0,0.000000,1,NULL,0,0.000000,0.000000,NULL,0.000000,0.000000,0.000000,0,0,0,0,'default',0,1,NULL,1,'new',1,1,'both',NULL,0,'2026-03-19 15:29:42','2026-03-19 15:29:42',3),(2960,1,NULL,0,0,0,0.000000,1,NULL,0,0.000000,0.000000,NULL,0.000000,0.000000,0.000000,0,0,0,0,'default',0,1,NULL,1,'new',1,1,'both',NULL,0,'2026-03-19 15:29:42','2026-03-19 15:29:42',3),(2961,1,NULL,0,0,0,0.000000,1,NULL,0,0.000000,0.000000,NULL,0.000000,0.000000,0.000000,0,0,0,0,'default',0,1,NULL,1,'new',1,1,'both',NULL,0,'2026-03-19 15:29:42','2026-03-19 15:29:42',3),(2962,1,NULL,0,0,0,0.000000,1,NULL,0,0.000000,0.000000,NULL,0.000000,0.000000,0.000000,0,0,0,0,'default',0,1,NULL,1,'new',1,1,'both',NULL,0,'2026-03-19 15:29:42','2026-03-19 15:29:42',3),(2963,1,NULL,0,0,0,0.000000,1,NULL,0,0.000000,0.000000,NULL,0.000000,0.000000,0.000000,0,0,0,0,'default',0,1,NULL,1,'new',1,1,'both',NULL,0,'2026-03-19 15:29:42','2026-03-19 15:29:42',3),(2964,1,NULL,0,0,0,0.000000,1,NULL,0,0.000000,0.000000,NULL,0.000000,0.000000,0.000000,0,0,0,0,'default',0,1,NULL,1,'new',1,1,'both',NULL,0,'2026-03-19 15:29:42','2026-03-19 15:29:42',3),(2965,1,NULL,0,0,0,0.000000,1,NULL,0,0.000000,0.000000,NULL,0.000000,0.000000,0.000000,0,0,0,0,'default',0,1,NULL,1,'new',1,1,'both',NULL,0,'2026-03-19 15:29:42','2026-03-19 15:29:42',3),(2966,1,NULL,0,0,0,0.000000,1,NULL,0,0.000000,0.000000,NULL,0.000000,0.000000,0.000000,0,0,0,0,'default',0,1,NULL,1,'new',1,1,'both',NULL,0,'2026-03-19 15:29:42','2026-03-19 15:29:42',3),(2967,1,NULL,0,0,0,0.000000,1,NULL,0,0.000000,0.000000,NULL,0.000000,0.000000,0.000000,0,0,0,0,'default',0,1,NULL,1,'new',1,1,'both',NULL,0,'2026-03-19 15:29:42','2026-03-19 15:29:42',3),(2968,1,NULL,0,0,0,0.000000,1,NULL,0,0.000000,0.000000,NULL,0.000000,0.000000,0.000000,0,0,0,0,'default',0,1,NULL,1,'new',1,1,'both',NULL,0,'2026-03-19 15:29:42','2026-03-19 15:29:42',3),(2969,1,NULL,0,0,0,0.000000,1,NULL,0,0.000000,0.000000,NULL,0.000000,0.000000,0.000000,0,0,0,0,'default',0,1,NULL,1,'new',1,1,'both',NULL,0,'2026-03-19 15:29:42','2026-03-19 15:29:42',3),(2970,1,NULL,0,0,0,0.000000,1,NULL,0,0.000000,0.000000,NULL,0.000000,0.000000,0.000000,0,0,0,0,'default',0,1,NULL,1,'new',1,1,'both',NULL,0,'2026-03-19 15:29:42','2026-03-19 15:29:42',3),(2971,1,NULL,0,0,0,0.000000,1,NULL,0,0.000000,0.000000,NULL,0.000000,0.000000,0.000000,0,0,0,0,'default',0,1,NULL,1,'new',1,1,'both',NULL,0,'2026-03-19 15:29:42','2026-03-19 15:29:42',3),(2972,1,NULL,0,0,0,0.000000,1,NULL,0,0.000000,0.000000,NULL,0.000000,0.000000,0.000000,0,0,0,0,'default',0,1,NULL,1,'new',1,1,'both',NULL,0,'2026-03-19 15:29:42','2026-03-19 15:29:42',3),(2973,1,NULL,0,0,0,0.000000,1,NULL,0,0.000000,0.000000,NULL,0.000000,0.000000,0.000000,0,0,0,0,'default',0,1,NULL,1,'new',1,1,'both',NULL,0,'2026-03-19 15:29:42','2026-03-19 15:29:42',3),(2974,1,NULL,0,0,0,0.000000,1,NULL,0,0.000000,0.000000,NULL,0.000000,0.000000,0.000000,0,0,0,0,'default',0,1,NULL,1,'new',1,1,'both',NULL,0,'2026-03-19 15:29:42','2026-03-19 15:29:42',3),(2975,1,NULL,0,0,0,0.000000,1,NULL,0,0.000000,0.000000,NULL,0.000000,0.000000,0.000000,0,0,0,0,'default',0,1,NULL,1,'new',1,1,'both',NULL,0,'2026-03-19 15:29:42','2026-03-19 15:29:42',3),(2976,1,NULL,0,0,0,0.000000,1,NULL,0,0.000000,0.000000,NULL,0.000000,0.000000,0.000000,0,0,0,0,'default',0,1,NULL,1,'new',1,1,'both',NULL,0,'2026-03-19 15:29:42','2026-03-19 15:29:42',3),(2977,1,NULL,0,0,0,0.000000,1,NULL,0,0.000000,0.000000,NULL,0.000000,0.000000,0.000000,0,0,0,0,'default',0,1,NULL,1,'new',1,1,'both',NULL,0,'2026-03-19 15:29:42','2026-03-19 15:29:42',3),(2978,1,NULL,0,0,0,0.000000,1,NULL,0,0.000000,0.000000,NULL,0.000000,0.000000,0.000000,0,0,0,0,'default',0,1,NULL,1,'new',1,1,'both',NULL,0,'2026-03-19 15:29:42','2026-03-19 15:29:42',3),(2979,1,NULL,0,0,0,0.000000,1,NULL,0,0.000000,0.000000,NULL,0.000000,0.000000,0.000000,0,0,0,0,'default',0,1,NULL,1,'new',1,1,'both',NULL,0,'2026-03-19 15:29:42','2026-03-19 15:29:42',3),(2980,1,NULL,0,0,0,0.000000,1,NULL,0,0.000000,0.000000,NULL,0.000000,0.000000,0.000000,0,0,0,0,'default',0,1,NULL,1,'new',1,1,'both',NULL,0,'2026-03-19 15:29:42','2026-03-19 15:29:42',3),(2981,1,NULL,0,0,0,0.000000,1,NULL,0,0.000000,0.000000,NULL,0.000000,0.000000,0.000000,0,0,0,0,'default',0,1,NULL,1,'new',1,1,'both',NULL,0,'2026-03-19 15:29:42','2026-03-19 15:29:42',3),(2982,1,NULL,0,0,0,0.000000,1,NULL,0,0.000000,0.000000,NULL,0.000000,0.000000,0.000000,0,0,0,0,'default',0,1,NULL,1,'new',1,1,'both',NULL,0,'2026-03-19 15:29:42','2026-03-19 15:29:42',3),(2983,1,NULL,0,0,0,0.000000,1,NULL,0,0.000000,0.000000,NULL,0.000000,0.000000,0.000000,0,0,0,0,'default',0,1,NULL,1,'new',1,1,'both',NULL,0,'2026-03-19 15:29:42','2026-03-19 15:29:42',3),(2984,1,NULL,0,0,0,0.000000,1,NULL,0,0.000000,0.000000,NULL,0.000000,0.000000,0.000000,0,0,0,0,'default',0,1,NULL,1,'new',1,1,'both',NULL,0,'2026-03-19 15:29:42','2026-03-19 15:29:42',3),(2985,1,NULL,0,0,0,0.000000,1,NULL,0,0.000000,0.000000,NULL,0.000000,0.000000,0.000000,0,0,0,0,'default',0,1,NULL,1,'new',1,1,'both',NULL,0,'2026-03-19 15:29:42','2026-03-19 15:29:42',3),(2986,1,NULL,0,0,0,0.000000,1,NULL,0,0.000000,0.000000,NULL,0.000000,0.000000,0.000000,0,0,0,0,'default',0,1,NULL,1,'new',1,1,'both',NULL,0,'2026-03-19 15:29:42','2026-03-19 15:29:42',3),(2987,1,NULL,0,0,0,0.000000,1,NULL,0,0.000000,0.000000,NULL,0.000000,0.000000,0.000000,0,0,0,0,'default',0,1,NULL,1,'new',1,1,'both',NULL,0,'2026-03-19 15:29:42','2026-03-19 15:29:42',3),(2988,1,NULL,0,0,0,0.000000,1,NULL,0,0.000000,0.000000,NULL,0.000000,0.000000,0.000000,0,0,0,0,'default',0,1,NULL,1,'new',1,1,'both',NULL,0,'2026-03-19 15:29:42','2026-03-19 15:29:42',3),(2989,1,NULL,0,0,0,0.000000,1,NULL,0,0.000000,0.000000,NULL,0.000000,0.000000,0.000000,0,0,0,0,'default',0,1,NULL,1,'new',1,1,'both',NULL,0,'2026-03-19 15:29:42','2026-03-19 15:29:42',3),(2990,1,NULL,0,0,0,0.000000,1,NULL,0,0.000000,0.000000,NULL,0.000000,0.000000,0.000000,0,0,0,0,'default',0,1,NULL,1,'new',1,1,'both',NULL,0,'2026-03-19 15:29:42','2026-03-19 15:29:42',3),(2991,1,NULL,0,0,0,0.000000,1,NULL,0,0.000000,0.000000,NULL,0.000000,0.000000,0.000000,0,0,0,0,'default',0,1,NULL,1,'new',1,1,'both',NULL,0,'2026-03-19 15:29:42','2026-03-19 15:29:42',3),(2992,1,NULL,0,0,0,0.000000,1,NULL,0,0.000000,0.000000,NULL,0.000000,0.000000,0.000000,0,0,0,0,'default',0,1,NULL,1,'new',1,1,'both',NULL,0,'2026-03-19 15:29:42','2026-03-19 15:29:42',3),(2993,1,NULL,0,0,0,0.000000,1,NULL,0,0.000000,0.000000,NULL,0.000000,0.000000,0.000000,0,0,0,0,'default',0,1,NULL,1,'new',1,1,'both',NULL,0,'2026-03-19 15:29:42','2026-03-19 15:29:42',3),(2994,1,NULL,0,0,0,0.000000,1,NULL,0,0.000000,0.000000,NULL,0.000000,0.000000,0.000000,0,0,0,0,'default',0,1,NULL,1,'new',1,1,'both',NULL,0,'2026-03-19 15:29:42','2026-03-19 15:29:42',3),(2995,1,NULL,0,0,0,0.000000,1,NULL,0,0.000000,0.000000,NULL,0.000000,0.000000,0.000000,0,0,0,0,'default',0,1,NULL,1,'new',1,1,'both',NULL,0,'2026-03-19 15:29:42','2026-03-19 15:29:42',3),(2996,1,NULL,0,0,0,0.000000,1,NULL,0,0.000000,0.000000,NULL,0.000000,0.000000,0.000000,0,0,0,0,'default',0,1,NULL,1,'new',1,1,'both',NULL,0,'2026-03-19 15:29:42','2026-03-19 15:29:42',3),(2997,1,NULL,0,0,0,0.000000,1,NULL,0,0.000000,0.000000,NULL,0.000000,0.000000,0.000000,0,0,0,0,'default',0,1,NULL,1,'new',1,1,'both',NULL,0,'2026-03-19 15:29:42','2026-03-19 15:29:42',3),(2998,1,NULL,0,0,0,0.000000,1,NULL,0,0.000000,0.000000,NULL,0.000000,0.000000,0.000000,0,0,0,0,'default',0,1,NULL,1,'new',1,1,'both',NULL,0,'2026-03-19 15:29:42','2026-03-19 15:29:42',3),(2999,1,NULL,0,0,0,0.000000,1,NULL,0,0.000000,0.000000,NULL,0.000000,0.000000,0.000000,0,0,0,0,'default',0,1,NULL,1,'new',1,1,'both',NULL,0,'2026-03-19 15:29:42','2026-03-19 15:29:42',3),(3000,1,NULL,0,0,0,0.000000,1,NULL,0,0.000000,0.000000,NULL,0.000000,0.000000,0.000000,0,0,0,0,'default',0,1,NULL,1,'new',1,1,'both',NULL,0,'2026-03-19 15:29:42','2026-03-19 15:29:42',3),(3001,1,NULL,0,0,0,0.000000,1,NULL,0,0.000000,0.000000,NULL,0.000000,0.000000,0.000000,0,0,0,0,'default',0,1,NULL,1,'new',1,1,'both',NULL,0,'2026-03-19 15:29:42','2026-03-19 15:29:42',3),(3002,1,NULL,0,0,0,0.000000,1,NULL,0,0.000000,0.000000,NULL,0.000000,0.000000,0.000000,0,0,0,0,'default',0,1,NULL,1,'new',1,1,'both',NULL,0,'2026-03-19 15:29:42','2026-03-19 15:29:42',3),(3003,1,NULL,0,0,0,0.000000,1,NULL,0,0.000000,0.000000,NULL,0.000000,0.000000,0.000000,0,0,0,0,'default',0,1,NULL,1,'new',1,1,'both',NULL,0,'2026-03-19 15:29:42','2026-03-19 15:29:42',3),(3004,1,NULL,0,0,0,0.000000,1,NULL,0,0.000000,0.000000,NULL,0.000000,0.000000,0.000000,0,0,0,0,'default',0,1,NULL,1,'new',1,1,'both',NULL,0,'2026-03-19 15:29:42','2026-03-19 15:29:42',3),(3005,1,NULL,0,0,0,0.000000,1,NULL,0,0.000000,0.000000,NULL,0.000000,0.000000,0.000000,0,0,0,0,'default',0,1,NULL,1,'new',1,1,'both',NULL,0,'2026-03-19 15:29:42','2026-03-19 15:29:42',3),(3006,1,NULL,0,0,0,0.000000,1,NULL,0,0.000000,0.000000,NULL,0.000000,0.000000,0.000000,0,0,0,0,'default',0,1,NULL,1,'new',1,1,'both',NULL,0,'2026-03-19 15:29:42','2026-03-19 15:29:42',3),(3007,1,NULL,0,0,0,0.000000,1,NULL,0,0.000000,0.000000,NULL,0.000000,0.000000,0.000000,0,0,0,0,'default',0,1,NULL,1,'new',1,1,'both',NULL,0,'2026-03-19 15:29:43','2026-03-19 15:29:43',3),(3008,1,NULL,0,0,0,0.000000,1,NULL,0,0.000000,0.000000,NULL,0.000000,0.000000,0.000000,0,0,0,0,'default',0,1,NULL,1,'new',1,1,'both',NULL,0,'2026-03-19 15:29:43','2026-03-19 15:29:43',3),(3009,1,NULL,0,0,0,0.000000,1,NULL,0,0.000000,0.000000,NULL,0.000000,0.000000,0.000000,0,0,0,0,'default',0,1,NULL,1,'new',1,1,'both',NULL,0,'2026-03-19 15:29:43','2026-03-19 15:29:43',3),(3010,1,NULL,0,0,0,0.000000,1,NULL,0,0.000000,0.000000,NULL,0.000000,0.000000,0.000000,0,0,0,0,'default',0,1,NULL,1,'new',1,1,'both',NULL,0,'2026-03-19 15:29:43','2026-03-19 15:29:43',3),(3011,1,NULL,0,0,0,0.000000,1,NULL,0,0.000000,0.000000,NULL,0.000000,0.000000,0.000000,0,0,0,0,'default',0,1,NULL,1,'new',1,1,'both',NULL,0,'2026-03-19 15:29:43','2026-03-19 15:29:43',3),(3012,1,NULL,0,0,0,0.000000,1,NULL,0,0.000000,0.000000,NULL,0.000000,0.000000,0.000000,0,0,0,0,'default',0,1,NULL,1,'new',1,1,'both',NULL,0,'2026-03-19 15:29:43','2026-03-19 15:29:43',3),(3013,1,NULL,0,0,0,0.000000,1,NULL,0,0.000000,0.000000,NULL,0.000000,0.000000,0.000000,0,0,0,0,'default',0,1,NULL,1,'new',1,1,'both',NULL,0,'2026-03-19 15:29:43','2026-03-19 15:29:43',3),(3014,1,NULL,0,0,0,0.000000,1,NULL,0,0.000000,0.000000,NULL,0.000000,0.000000,0.000000,0,0,0,0,'default',0,1,NULL,1,'new',1,1,'both',NULL,0,'2026-03-19 15:29:43','2026-03-19 15:29:43',3),(3015,1,NULL,0,0,0,0.000000,1,NULL,0,0.000000,0.000000,NULL,0.000000,0.000000,0.000000,0,0,0,0,'default',0,1,NULL,1,'new',1,1,'both',NULL,0,'2026-03-19 15:29:43','2026-03-19 15:29:43',3),(3016,1,NULL,0,0,0,0.000000,1,NULL,0,0.000000,0.000000,NULL,0.000000,0.000000,0.000000,0,0,0,0,'default',0,1,NULL,1,'new',1,1,'both',NULL,0,'2026-03-19 15:29:43','2026-03-19 15:29:43',3),(3017,1,NULL,0,0,0,0.000000,1,NULL,0,0.000000,0.000000,NULL,0.000000,0.000000,0.000000,0,0,0,0,'default',0,1,NULL,1,'new',1,1,'both',NULL,0,'2026-03-19 15:29:43','2026-03-19 15:29:43',3),(3018,1,NULL,0,0,0,0.000000,1,NULL,0,0.000000,0.000000,NULL,0.000000,0.000000,0.000000,0,0,0,0,'default',0,1,NULL,1,'new',1,1,'both',NULL,0,'2026-03-19 15:29:43','2026-03-19 15:29:43',3),(3019,1,NULL,0,0,0,0.000000,1,NULL,0,0.000000,0.000000,NULL,0.000000,0.000000,0.000000,0,0,0,0,'default',0,1,NULL,1,'new',1,1,'both',NULL,0,'2026-03-19 15:29:43','2026-03-19 15:29:43',3),(3020,1,NULL,0,0,0,0.000000,1,NULL,0,0.000000,0.000000,NULL,0.000000,0.000000,0.000000,0,0,0,0,'default',0,1,NULL,1,'new',1,1,'both',NULL,0,'2026-03-19 15:29:43','2026-03-19 15:29:43',3),(3021,1,NULL,0,0,0,0.000000,1,NULL,0,59.568180,0.000000,NULL,0.000000,0.000000,0.000000,0,0,0,0,'default',0,1,NULL,1,'new',1,1,'both',NULL,0,'2026-03-19 15:29:43','2026-03-19 15:29:43',3),(3022,1,NULL,0,0,0,0.000000,1,NULL,0,0.000000,0.000000,NULL,0.000000,0.000000,0.000000,0,0,0,0,'default',0,1,NULL,1,'new',1,1,'both',NULL,0,'2026-03-19 15:29:43','2026-03-19 15:29:43',3),(3023,1,NULL,0,0,0,0.000000,1,NULL,0,0.000000,0.000000,NULL,0.000000,0.000000,0.000000,0,0,0,0,'default',0,1,NULL,1,'new',1,1,'both',NULL,0,'2026-03-19 15:29:43','2026-03-19 15:29:43',3),(3024,1,NULL,0,0,0,0.000000,1,NULL,0,0.000000,0.000000,NULL,0.000000,0.000000,0.000000,0,0,0,0,'default',0,1,NULL,1,'new',1,1,'both',NULL,0,'2026-03-19 15:29:43','2026-03-19 15:29:43',3),(3025,1,NULL,0,0,0,0.000000,1,NULL,0,0.000000,0.000000,NULL,0.000000,0.000000,0.000000,0,0,0,0,'default',0,1,NULL,1,'new',1,1,'both',NULL,0,'2026-03-19 15:29:43','2026-03-19 15:29:43',3),(3026,1,NULL,0,0,0,0.000000,1,NULL,0,0.000000,0.000000,NULL,0.000000,0.000000,0.000000,0,0,0,0,'default',0,1,NULL,1,'new',1,1,'both',NULL,0,'2026-03-19 15:29:43','2026-03-19 15:29:43',3),(3027,1,NULL,0,0,0,0.000000,1,NULL,0,0.000000,0.000000,NULL,0.000000,0.000000,0.000000,0,0,0,0,'default',0,1,NULL,1,'new',1,1,'both',NULL,0,'2026-03-19 15:29:43','2026-03-19 15:29:43',3),(3028,1,NULL,0,0,0,0.000000,1,NULL,0,0.000000,0.000000,NULL,0.000000,0.000000,0.000000,0,0,0,0,'default',0,1,NULL,1,'new',1,1,'both',NULL,0,'2026-03-19 15:29:43','2026-03-19 15:29:43',3),(3029,1,NULL,0,0,0,0.000000,1,NULL,0,0.000000,0.000000,NULL,0.000000,0.000000,0.000000,0,0,0,0,'default',0,1,NULL,1,'new',1,1,'both',NULL,0,'2026-03-19 15:29:43','2026-03-19 15:29:43',3),(3030,1,NULL,0,0,0,0.000000,1,NULL,0,0.000000,0.000000,NULL,0.000000,0.000000,0.000000,0,0,0,0,'default',0,1,NULL,1,'new',1,1,'both',NULL,0,'2026-03-19 15:29:43','2026-03-19 15:29:43',3),(3031,1,NULL,0,0,0,0.000000,1,NULL,0,0.000000,0.000000,NULL,0.000000,0.000000,0.000000,0,0,0,0,'default',0,1,NULL,1,'new',1,1,'both',NULL,0,'2026-03-19 15:29:43','2026-03-19 15:29:43',3),(3032,1,NULL,0,0,0,0.000000,1,NULL,0,0.000000,0.000000,NULL,0.000000,0.000000,0.000000,0,0,0,0,'default',0,1,NULL,1,'new',1,1,'both',NULL,0,'2026-03-19 15:29:43','2026-03-19 15:29:43',3),(3033,1,NULL,0,0,0,0.000000,1,NULL,0,0.000000,0.000000,NULL,0.000000,0.000000,0.000000,0,0,0,0,'default',0,1,NULL,1,'new',1,1,'both',NULL,0,'2026-03-19 15:29:43','2026-03-19 15:29:43',3),(3034,1,NULL,0,0,0,0.000000,1,NULL,0,0.000000,0.000000,NULL,0.000000,0.000000,0.000000,0,0,0,0,'default',0,1,NULL,1,'new',1,1,'both',NULL,0,'2026-03-19 15:29:43','2026-03-19 15:29:43',3),(3035,1,NULL,0,0,0,0.000000,1,NULL,0,0.000000,0.000000,NULL,0.000000,0.000000,0.000000,0,0,0,0,'default',0,1,NULL,1,'new',1,1,'both',NULL,0,'2026-03-19 15:29:43','2026-03-19 15:29:43',3),(3036,1,NULL,0,0,0,0.000000,1,NULL,0,0.000000,0.000000,NULL,0.000000,0.000000,0.000000,0,0,0,0,'default',0,1,NULL,1,'new',1,1,'both',NULL,0,'2026-03-19 15:29:43','2026-03-19 15:29:43',3),(3037,1,NULL,0,0,0,0.000000,1,NULL,0,0.000000,0.000000,NULL,0.000000,0.000000,0.000000,0,0,0,0,'default',0,1,NULL,1,'new',1,1,'both',NULL,0,'2026-03-19 15:29:43','2026-03-19 15:29:43',3),(3038,1,NULL,0,0,0,0.000000,1,NULL,0,0.000000,0.000000,NULL,0.000000,0.000000,0.000000,0,0,0,0,'default',0,1,NULL,1,'new',1,1,'both',NULL,0,'2026-03-19 15:29:43','2026-03-19 15:29:43',3),(3039,1,NULL,0,0,0,0.000000,1,NULL,0,0.000000,0.000000,NULL,0.000000,0.000000,0.000000,0,0,0,0,'default',0,1,NULL,1,'new',1,1,'both',NULL,0,'2026-03-19 15:29:43','2026-03-19 15:29:43',3),(3040,1,NULL,0,0,0,0.000000,1,NULL,0,0.000000,0.000000,NULL,0.000000,0.000000,0.000000,0,0,0,0,'default',0,1,NULL,1,'new',1,1,'both',NULL,0,'2026-03-19 15:29:43','2026-03-19 15:29:43',3),(3041,1,NULL,0,0,0,0.000000,1,NULL,0,0.000000,0.000000,NULL,0.000000,0.000000,0.000000,0,0,0,0,'default',0,1,NULL,1,'new',1,1,'both',NULL,0,'2026-03-19 15:29:43','2026-03-19 15:29:43',3),(3042,1,NULL,0,0,0,0.000000,1,NULL,0,0.000000,0.000000,NULL,0.000000,0.000000,0.000000,0,0,0,0,'default',0,1,NULL,1,'new',1,1,'both',NULL,0,'2026-03-19 15:29:43','2026-03-19 15:29:43',3),(3043,1,NULL,0,0,0,0.000000,1,NULL,0,0.000000,0.000000,NULL,0.000000,0.000000,0.000000,0,0,0,0,'default',0,1,NULL,1,'new',1,1,'both',NULL,0,'2026-03-19 15:29:43','2026-03-19 15:29:43',3),(3044,1,NULL,0,0,0,0.000000,1,NULL,0,0.000000,0.000000,NULL,0.000000,0.000000,0.000000,0,0,0,0,'default',0,1,NULL,1,'new',1,1,'both',NULL,0,'2026-03-19 15:29:43','2026-03-19 15:29:43',3),(3045,1,NULL,0,0,0,0.000000,1,NULL,0,0.000000,0.000000,NULL,0.000000,0.000000,0.000000,0,0,0,0,'default',0,1,NULL,1,'new',1,1,'both',NULL,0,'2026-03-19 15:29:43','2026-03-19 15:29:43',3),(3046,1,NULL,0,0,0,0.000000,1,NULL,0,0.000000,0.000000,NULL,0.000000,0.000000,0.000000,0,0,0,0,'default',0,1,NULL,1,'new',1,1,'both',NULL,0,'2026-03-19 15:29:43','2026-03-19 15:29:43',3),(3047,1,NULL,0,0,0,0.000000,1,NULL,0,0.000000,0.000000,NULL,0.000000,0.000000,0.000000,0,0,0,0,'default',0,1,NULL,1,'new',1,1,'both',NULL,0,'2026-03-19 15:29:43','2026-03-19 15:29:43',3),(3048,1,NULL,0,0,0,0.000000,1,NULL,0,0.000000,0.000000,NULL,0.000000,0.000000,0.000000,0,0,0,0,'default',0,1,NULL,1,'new',1,1,'both',NULL,0,'2026-03-19 15:29:43','2026-03-19 15:29:43',3),(3049,1,NULL,0,0,0,0.000000,1,NULL,0,0.000000,0.000000,NULL,0.000000,0.000000,0.000000,0,0,0,0,'default',0,1,NULL,1,'new',1,1,'both',NULL,0,'2026-03-19 15:29:43','2026-03-19 15:29:43',3),(3050,1,NULL,0,0,0,0.000000,1,NULL,0,0.000000,0.000000,NULL,0.000000,0.000000,0.000000,0,0,0,0,'default',0,1,NULL,1,'new',1,1,'both',NULL,0,'2026-03-19 15:29:43','2026-03-19 15:29:43',3),(3051,1,NULL,0,0,0,0.000000,1,NULL,0,0.000000,0.000000,NULL,0.000000,0.000000,0.000000,0,0,0,0,'default',0,1,NULL,1,'new',1,1,'both',NULL,0,'2026-03-19 15:29:43','2026-03-19 15:29:43',3),(3052,1,NULL,0,0,0,0.000000,1,NULL,0,0.000000,0.000000,NULL,0.000000,0.000000,0.000000,0,0,0,0,'default',0,1,NULL,1,'new',1,1,'both',NULL,0,'2026-03-19 15:29:43','2026-03-19 15:29:43',3),(3053,1,NULL,0,0,0,0.000000,1,NULL,0,0.000000,0.000000,NULL,0.000000,0.000000,0.000000,0,0,0,0,'default',0,1,NULL,1,'new',1,1,'both',NULL,0,'2026-03-19 15:29:43','2026-03-19 15:29:43',3),(3054,1,NULL,0,0,0,0.000000,1,NULL,0,0.000000,0.000000,NULL,0.000000,0.000000,0.000000,0,0,0,0,'default',0,1,NULL,1,'new',1,1,'both',NULL,0,'2026-03-19 15:29:43','2026-03-19 15:29:43',3),(3055,1,NULL,0,0,0,0.000000,1,NULL,0,0.000000,0.000000,NULL,0.000000,0.000000,0.000000,0,0,0,0,'default',0,1,NULL,1,'new',1,1,'both',NULL,0,'2026-03-19 15:29:43','2026-03-19 15:29:43',3),(3056,1,NULL,0,0,0,0.000000,1,NULL,0,0.000000,0.000000,NULL,0.000000,0.000000,0.000000,0,0,0,0,'default',0,1,NULL,1,'new',1,1,'both',NULL,0,'2026-03-19 15:29:43','2026-03-19 15:29:43',3),(3057,1,NULL,0,0,0,0.000000,1,NULL,0,0.000000,0.000000,NULL,0.000000,0.000000,0.000000,0,0,0,0,'default',0,1,NULL,1,'new',1,1,'both',NULL,0,'2026-03-19 15:29:43','2026-03-19 15:29:43',3),(3058,1,NULL,0,0,0,0.000000,1,NULL,0,0.000000,0.000000,NULL,0.000000,0.000000,0.000000,0,0,0,0,'default',0,1,NULL,1,'new',1,1,'both',NULL,0,'2026-03-19 15:29:43','2026-03-19 15:29:43',3),(3059,1,NULL,0,0,0,0.000000,1,NULL,0,0.000000,0.000000,NULL,0.000000,0.000000,0.000000,0,0,0,0,'default',0,1,NULL,1,'new',1,1,'both',NULL,0,'2026-03-19 15:29:43','2026-03-19 15:29:43',3),(3060,1,NULL,0,0,0,0.000000,1,NULL,0,0.000000,0.000000,NULL,0.000000,0.000000,0.000000,0,0,0,0,'default',0,1,NULL,1,'new',1,1,'both',NULL,0,'2026-03-19 15:29:43','2026-03-19 15:29:43',3),(3061,1,NULL,0,0,0,0.000000,1,NULL,0,0.000000,0.000000,NULL,0.000000,0.000000,0.000000,0,0,0,0,'default',0,1,NULL,1,'new',1,1,'both',NULL,0,'2026-03-19 15:29:43','2026-03-19 15:29:43',3),(3062,1,NULL,0,0,0,0.000000,1,NULL,0,0.000000,0.000000,NULL,0.000000,0.000000,0.000000,0,0,0,0,'default',0,1,NULL,1,'new',1,1,'both',NULL,0,'2026-03-19 15:29:43','2026-03-19 15:29:43',3),(3063,1,NULL,0,0,0,0.000000,1,NULL,0,0.000000,0.000000,NULL,0.000000,0.000000,0.000000,0,0,0,0,'default',0,1,NULL,1,'new',1,1,'both',NULL,0,'2026-03-19 15:29:43','2026-03-19 15:29:43',3),(3064,1,NULL,0,0,0,0.000000,1,NULL,0,0.000000,0.000000,NULL,0.000000,0.000000,0.000000,0,0,0,0,'default',0,1,NULL,1,'new',1,1,'both',NULL,0,'2026-03-19 15:29:43','2026-03-19 15:29:43',3),(3065,1,NULL,0,0,0,0.000000,1,NULL,0,0.000000,0.000000,NULL,0.000000,0.000000,0.000000,0,0,0,0,'default',0,1,NULL,1,'new',1,1,'both',NULL,0,'2026-03-19 15:29:44','2026-03-19 15:29:44',3),(3066,1,NULL,0,0,0,0.000000,1,NULL,0,0.000000,0.000000,NULL,0.000000,0.000000,0.000000,0,0,0,0,'default',0,1,NULL,1,'new',1,1,'both',NULL,0,'2026-03-19 15:29:44','2026-03-19 15:29:44',3),(3067,1,NULL,0,0,0,0.000000,1,NULL,0,0.000000,0.000000,NULL,0.000000,0.000000,0.000000,0,0,0,0,'default',0,1,NULL,1,'new',1,1,'both',NULL,0,'2026-03-19 15:29:44','2026-03-19 15:29:44',3),(3068,1,NULL,0,0,0,0.000000,1,NULL,0,0.000000,0.000000,NULL,0.000000,0.000000,0.000000,0,0,0,0,'default',0,1,NULL,1,'new',1,1,'both',NULL,0,'2026-03-19 15:29:44','2026-03-19 15:29:44',3),(3069,1,NULL,0,0,0,0.000000,1,NULL,0,0.000000,0.000000,NULL,0.000000,0.000000,0.000000,0,0,0,0,'default',0,1,NULL,1,'new',1,1,'both',NULL,0,'2026-03-19 15:29:44','2026-03-19 15:29:44',3),(3070,1,NULL,0,0,0,0.000000,1,NULL,0,0.000000,0.000000,NULL,0.000000,0.000000,0.000000,0,0,0,0,'default',0,1,NULL,1,'new',1,1,'both',NULL,0,'2026-03-19 15:29:44','2026-03-19 15:29:44',3),(3071,1,NULL,0,0,0,0.000000,1,NULL,0,0.000000,0.000000,NULL,0.000000,0.000000,0.000000,0,0,0,0,'default',0,1,NULL,1,'new',1,1,'both',NULL,0,'2026-03-19 15:29:44','2026-03-19 15:29:44',3),(3072,1,NULL,0,0,0,0.000000,1,NULL,0,0.000000,0.000000,NULL,0.000000,0.000000,0.000000,0,0,0,0,'default',0,1,NULL,1,'new',1,1,'both',NULL,0,'2026-03-19 15:29:44','2026-03-19 15:29:44',3),(3073,1,NULL,0,0,0,0.000000,1,NULL,0,0.000000,0.000000,NULL,0.000000,0.000000,0.000000,0,0,0,0,'default',0,1,NULL,1,'new',1,1,'both',NULL,0,'2026-03-19 15:29:44','2026-03-19 15:29:44',3),(3074,1,NULL,0,0,0,0.000000,1,NULL,0,0.000000,0.000000,NULL,0.000000,0.000000,0.000000,0,0,0,0,'default',0,1,NULL,1,'new',1,1,'both',NULL,0,'2026-03-19 15:29:44','2026-03-19 15:29:44',3),(3075,1,NULL,0,0,0,0.000000,1,NULL,0,0.000000,0.000000,NULL,0.000000,0.000000,0.000000,0,0,0,0,'default',0,1,NULL,1,'new',1,1,'both',NULL,0,'2026-03-19 15:29:44','2026-03-19 15:29:44',3),(3076,1,NULL,0,0,0,0.000000,1,NULL,0,0.000000,0.000000,NULL,0.000000,0.000000,0.000000,0,0,0,0,'default',0,1,NULL,1,'new',1,1,'both',NULL,0,'2026-03-19 15:29:44','2026-03-19 15:29:44',3),(3077,1,NULL,0,0,0,0.000000,1,NULL,0,0.000000,0.000000,NULL,0.000000,0.000000,0.000000,0,0,0,0,'default',0,1,NULL,1,'new',1,1,'both',NULL,0,'2026-03-19 15:29:44','2026-03-19 15:29:44',3),(3078,1,NULL,0,0,0,0.000000,1,NULL,0,0.000000,0.000000,NULL,0.000000,0.000000,0.000000,0,0,0,0,'default',0,1,NULL,1,'new',1,1,'both',NULL,0,'2026-03-19 15:29:44','2026-03-19 15:29:44',3),(3079,1,NULL,0,0,0,0.000000,1,NULL,0,0.000000,0.000000,NULL,0.000000,0.000000,0.000000,0,0,0,0,'default',0,1,NULL,1,'new',1,1,'both',NULL,0,'2026-03-19 15:29:44','2026-03-19 15:29:44',3),(3080,1,NULL,0,0,0,0.000000,1,NULL,0,0.000000,0.000000,NULL,0.000000,0.000000,0.000000,0,0,0,0,'default',0,1,NULL,1,'new',1,1,'both',NULL,0,'2026-03-19 15:29:44','2026-03-19 15:29:44',3),(3081,1,NULL,0,0,0,0.000000,1,NULL,0,0.000000,0.000000,NULL,0.000000,0.000000,0.000000,0,0,0,0,'default',0,1,NULL,1,'new',1,1,'both',NULL,0,'2026-03-19 15:29:44','2026-03-19 15:29:44',3),(3082,1,NULL,0,0,0,0.000000,1,NULL,0,0.000000,0.000000,NULL,0.000000,0.000000,0.000000,0,0,0,0,'default',0,1,NULL,1,'new',1,1,'both',NULL,0,'2026-03-19 15:29:44','2026-03-19 15:29:44',3),(3083,1,NULL,0,0,0,0.000000,1,NULL,0,0.000000,0.000000,NULL,0.000000,0.000000,0.000000,0,0,0,0,'default',0,1,NULL,1,'new',1,1,'both',NULL,0,'2026-03-19 15:29:44','2026-03-19 15:29:44',3),(3084,1,NULL,0,0,0,0.000000,1,NULL,0,0.000000,0.000000,NULL,0.000000,0.000000,0.000000,0,0,0,0,'default',0,1,NULL,1,'new',1,1,'both',NULL,0,'2026-03-19 15:29:44','2026-03-19 15:29:44',3),(3085,1,NULL,0,0,0,0.000000,1,NULL,0,0.000000,0.000000,NULL,0.000000,0.000000,0.000000,0,0,0,0,'default',0,1,NULL,1,'new',1,1,'both',NULL,0,'2026-03-19 15:29:44','2026-03-19 15:29:44',3),(3086,1,NULL,0,0,0,0.000000,1,NULL,0,0.000000,0.000000,NULL,0.000000,0.000000,0.000000,0,0,0,0,'default',0,1,NULL,1,'new',1,1,'both',NULL,0,'2026-03-19 15:29:44','2026-03-19 15:29:44',3),(3087,1,NULL,0,0,0,0.000000,1,NULL,0,0.000000,0.000000,NULL,0.000000,0.000000,0.000000,0,0,0,0,'default',0,1,NULL,1,'new',1,1,'both',NULL,0,'2026-03-19 15:29:44','2026-03-19 15:29:44',3),(3088,1,NULL,0,0,0,0.000000,1,NULL,0,0.000000,0.000000,NULL,0.000000,0.000000,0.000000,0,0,0,0,'default',0,1,NULL,1,'new',1,1,'both',NULL,0,'2026-03-19 15:29:44','2026-03-19 15:29:44',3),(3089,1,NULL,0,0,0,0.000000,1,NULL,0,0.000000,0.000000,NULL,0.000000,0.000000,0.000000,0,0,0,0,'default',0,1,NULL,1,'new',1,1,'both',NULL,0,'2026-03-19 15:29:44','2026-03-19 15:29:44',3),(3090,1,NULL,0,0,0,0.000000,1,NULL,0,0.000000,0.000000,NULL,0.000000,0.000000,0.000000,0,0,0,0,'default',0,1,NULL,1,'new',1,1,'both',NULL,0,'2026-03-19 15:29:44','2026-03-19 15:29:44',3),(3091,1,NULL,0,0,0,0.000000,1,NULL,0,0.000000,0.000000,NULL,0.000000,0.000000,0.000000,0,0,0,0,'default',0,1,NULL,1,'new',1,1,'both',NULL,0,'2026-03-19 15:29:44','2026-03-19 15:29:44',3),(3092,1,NULL,0,0,0,0.000000,1,NULL,0,0.000000,0.000000,NULL,0.000000,0.000000,0.000000,0,0,0,0,'default',0,1,NULL,1,'new',1,1,'both',NULL,0,'2026-03-19 15:29:44','2026-03-19 15:29:44',3),(3093,1,NULL,0,0,0,0.000000,1,NULL,0,0.000000,0.000000,NULL,0.000000,0.000000,0.000000,0,0,0,0,'default',0,1,NULL,1,'new',1,1,'both',NULL,0,'2026-03-19 15:29:44','2026-03-19 15:29:44',3),(3094,1,NULL,0,0,0,0.000000,1,NULL,0,0.000000,0.000000,NULL,0.000000,0.000000,0.000000,0,0,0,0,'default',0,1,NULL,1,'new',1,1,'both',NULL,0,'2026-03-19 15:29:44','2026-03-19 15:29:44',3),(3095,1,NULL,0,0,0,0.000000,1,NULL,0,0.000000,0.000000,NULL,0.000000,0.000000,0.000000,0,0,0,0,'default',0,1,NULL,1,'new',1,1,'both',NULL,0,'2026-03-19 15:29:44','2026-03-19 15:29:44',3),(3096,1,NULL,0,0,0,0.000000,1,NULL,0,0.000000,0.000000,NULL,0.000000,0.000000,0.000000,0,0,0,0,'default',0,1,NULL,1,'new',1,1,'both',NULL,0,'2026-03-19 15:29:44','2026-03-19 15:29:44',3),(3097,1,NULL,0,0,0,0.000000,1,NULL,0,0.000000,0.000000,NULL,0.000000,0.000000,0.000000,0,0,0,0,'default',0,1,NULL,1,'new',1,1,'both',NULL,0,'2026-03-19 15:29:44','2026-03-19 15:29:44',3),(3098,1,NULL,0,0,0,0.000000,1,NULL,0,0.000000,0.000000,NULL,0.000000,0.000000,0.000000,0,0,0,0,'default',0,1,NULL,1,'new',1,1,'both',NULL,0,'2026-03-19 15:29:44','2026-03-19 15:29:44',3),(3099,1,NULL,0,0,0,0.000000,1,NULL,0,0.000000,0.000000,NULL,0.000000,0.000000,0.000000,0,0,0,0,'default',0,1,NULL,1,'new',1,1,'both',NULL,0,'2026-03-19 15:29:44','2026-03-19 15:29:44',3),(3100,1,NULL,0,0,0,0.000000,1,NULL,0,0.000000,0.000000,NULL,0.000000,0.000000,0.000000,0,0,0,0,'default',0,1,NULL,1,'new',1,1,'both',NULL,0,'2026-03-19 15:29:44','2026-03-19 15:29:44',3),(3101,1,NULL,0,0,0,0.000000,1,NULL,0,0.000000,0.000000,NULL,0.000000,0.000000,0.000000,0,0,0,0,'default',0,1,NULL,1,'new',1,1,'both',NULL,0,'2026-03-19 15:29:44','2026-03-19 15:29:44',3),(3102,1,NULL,0,0,0,0.000000,1,NULL,0,0.000000,0.000000,NULL,0.000000,0.000000,0.000000,0,0,0,0,'default',0,1,NULL,1,'new',1,1,'both',NULL,0,'2026-03-19 15:29:44','2026-03-19 15:29:44',3),(3103,1,NULL,0,0,0,0.000000,1,NULL,0,0.000000,0.000000,NULL,0.000000,0.000000,0.000000,0,0,0,0,'default',0,1,NULL,1,'new',1,1,'both',NULL,0,'2026-03-19 15:29:44','2026-03-19 15:29:44',3),(3104,1,NULL,0,0,0,0.000000,1,NULL,0,0.000000,0.000000,NULL,0.000000,0.000000,0.000000,0,0,0,0,'default',0,1,NULL,1,'new',1,1,'both',NULL,0,'2026-03-19 15:29:44','2026-03-19 15:29:44',3),(3105,1,NULL,0,0,0,0.000000,1,NULL,0,0.000000,0.000000,NULL,0.000000,0.000000,0.000000,0,0,0,0,'default',0,1,NULL,1,'new',1,1,'both',NULL,0,'2026-03-19 15:29:44','2026-03-19 15:29:44',3),(3106,1,NULL,0,0,0,0.000000,1,NULL,0,0.000000,0.000000,NULL,0.000000,0.000000,0.000000,0,0,0,0,'default',0,1,NULL,1,'new',1,1,'both',NULL,0,'2026-03-19 15:29:44','2026-03-19 15:29:44',3),(3107,1,NULL,0,0,0,0.000000,1,NULL,0,0.000000,0.000000,NULL,0.000000,0.000000,0.000000,0,0,0,0,'default',0,1,NULL,1,'new',1,1,'both',NULL,0,'2026-03-19 15:29:44','2026-03-19 15:29:44',3),(3108,1,NULL,0,0,0,0.000000,1,NULL,0,0.000000,0.000000,NULL,0.000000,0.000000,0.000000,0,0,0,0,'default',0,1,NULL,1,'new',1,1,'both',NULL,0,'2026-03-19 15:29:44','2026-03-19 15:29:44',3),(3109,1,NULL,0,0,0,0.000000,1,NULL,0,0.000000,0.000000,NULL,0.000000,0.000000,0.000000,0,0,0,0,'default',0,1,NULL,1,'new',1,1,'both',NULL,0,'2026-03-19 15:29:44','2026-03-19 15:29:44',3),(3110,1,NULL,0,0,0,0.000000,1,NULL,0,0.000000,0.000000,NULL,0.000000,0.000000,0.000000,0,0,0,0,'default',0,1,NULL,1,'new',1,1,'both',NULL,0,'2026-03-19 15:29:44','2026-03-19 15:29:44',3),(3111,1,NULL,0,0,0,0.000000,1,NULL,0,0.000000,0.000000,NULL,0.000000,0.000000,0.000000,0,0,0,0,'default',0,1,NULL,1,'new',1,1,'both',NULL,0,'2026-03-19 15:29:44','2026-03-19 15:29:44',3),(3112,1,NULL,0,0,0,0.000000,1,NULL,0,0.000000,0.000000,NULL,0.000000,0.000000,0.000000,0,0,0,0,'default',0,1,NULL,1,'new',1,1,'both',NULL,0,'2026-03-19 15:29:44','2026-03-19 15:29:44',3),(3113,1,NULL,0,0,0,0.000000,1,NULL,0,0.000000,0.000000,NULL,0.000000,0.000000,0.000000,0,0,0,0,'default',0,1,NULL,1,'new',1,1,'both',NULL,0,'2026-03-19 15:29:44','2026-03-19 15:29:44',3),(3114,1,NULL,0,0,0,0.000000,1,NULL,0,0.000000,0.000000,NULL,0.000000,0.000000,0.000000,0,0,0,0,'default',0,1,NULL,1,'new',1,1,'both',NULL,0,'2026-03-19 15:29:44','2026-03-19 15:29:44',3),(3115,1,NULL,0,0,0,0.000000,1,NULL,0,0.000000,0.000000,NULL,0.000000,0.000000,0.000000,0,0,0,0,'default',0,1,NULL,1,'new',1,1,'both',NULL,0,'2026-03-19 15:29:44','2026-03-19 15:29:44',3),(3116,1,NULL,0,0,0,0.000000,1,NULL,0,0.000000,0.000000,NULL,0.000000,0.000000,0.000000,0,0,0,0,'default',0,1,NULL,1,'new',1,1,'both',NULL,0,'2026-03-19 15:29:44','2026-03-19 15:29:44',3),(3117,1,NULL,0,0,0,0.000000,1,NULL,0,0.000000,0.000000,NULL,0.000000,0.000000,0.000000,0,0,0,0,'default',0,1,NULL,1,'new',1,1,'both',NULL,0,'2026-03-19 15:29:44','2026-03-19 15:29:44',3),(3118,1,NULL,0,0,0,0.000000,1,NULL,0,0.000000,0.000000,NULL,0.000000,0.000000,0.000000,0,0,0,0,'default',0,1,NULL,1,'new',1,1,'both',NULL,0,'2026-03-19 15:29:44','2026-03-19 15:29:44',3),(3119,1,NULL,0,0,0,0.000000,1,NULL,0,0.000000,0.000000,NULL,0.000000,0.000000,0.000000,0,0,0,0,'default',0,1,NULL,1,'new',1,1,'both',NULL,0,'2026-03-19 15:29:44','2026-03-19 15:29:44',3),(3120,1,NULL,0,0,0,0.000000,1,NULL,0,0.000000,0.000000,NULL,0.000000,0.000000,0.000000,0,0,0,0,'default',0,1,NULL,1,'new',1,1,'both',NULL,0,'2026-03-19 15:29:44','2026-03-19 15:29:44',3),(3121,1,NULL,0,0,0,0.000000,1,NULL,0,4.977270,0.000000,NULL,0.000000,0.000000,0.000000,0,0,0,0,'default',0,1,NULL,1,'new',1,1,'both',NULL,0,'2026-03-19 15:29:44','2026-03-19 15:29:44',3),(3122,1,NULL,0,0,0,0.000000,1,NULL,0,0.000000,0.000000,NULL,0.000000,0.000000,0.000000,0,0,0,0,'default',0,1,NULL,1,'new',1,1,'both',NULL,0,'2026-03-19 15:29:44','2026-03-19 15:29:44',3),(3123,1,NULL,0,0,0,0.000000,1,NULL,0,0.000000,0.000000,NULL,0.000000,0.000000,0.000000,0,0,0,0,'default',0,1,NULL,1,'new',1,1,'both',NULL,0,'2026-03-19 15:29:44','2026-03-19 15:29:44',3),(3124,1,NULL,0,0,0,0.000000,1,NULL,0,0.000000,0.000000,NULL,0.000000,0.000000,0.000000,0,0,0,0,'default',0,1,NULL,1,'new',1,1,'both',NULL,0,'2026-03-19 15:29:44','2026-03-19 15:29:44',3),(3125,1,NULL,0,0,0,0.000000,1,NULL,0,0.000000,0.000000,NULL,0.000000,0.000000,0.000000,0,0,0,0,'default',0,1,NULL,1,'new',1,1,'both',NULL,0,'2026-03-19 15:29:44','2026-03-19 15:29:44',3),(3126,1,NULL,0,0,0,0.000000,1,NULL,0,0.000000,0.000000,NULL,0.000000,0.000000,0.000000,0,0,0,0,'default',0,1,NULL,1,'new',1,1,'both',NULL,0,'2026-03-19 15:29:44','2026-03-19 15:29:44',3),(3127,1,NULL,0,0,0,0.000000,1,NULL,0,0.000000,0.000000,NULL,0.000000,0.000000,0.000000,0,0,0,0,'default',0,1,NULL,1,'new',1,1,'both',NULL,0,'2026-03-19 15:29:44','2026-03-19 15:29:44',3),(3128,1,NULL,0,0,0,0.000000,1,NULL,0,0.000000,0.000000,NULL,0.000000,0.000000,0.000000,0,0,0,0,'default',0,1,NULL,1,'new',1,1,'both',NULL,0,'2026-03-19 15:29:44','2026-03-19 15:29:44',3),(3129,1,NULL,0,0,0,0.000000,1,NULL,0,0.000000,0.000000,NULL,0.000000,0.000000,0.000000,0,0,0,0,'default',0,1,NULL,1,'new',1,1,'both',NULL,0,'2026-03-19 15:29:44','2026-03-19 15:29:44',3),(3130,1,NULL,0,0,0,0.000000,1,NULL,0,0.000000,0.000000,NULL,0.000000,0.000000,0.000000,0,0,0,0,'default',0,1,NULL,1,'new',1,1,'both',NULL,0,'2026-03-19 15:29:44','2026-03-19 15:29:44',3),(3131,1,NULL,0,0,0,0.000000,1,NULL,0,0.000000,0.000000,NULL,0.000000,0.000000,0.000000,0,0,0,0,'default',0,1,NULL,1,'new',1,1,'both',NULL,0,'2026-03-19 15:29:44','2026-03-19 15:29:44',3),(3132,1,NULL,0,0,0,0.000000,1,NULL,0,0.000000,0.000000,NULL,0.000000,0.000000,0.000000,0,0,0,0,'default',0,1,NULL,1,'new',1,1,'both',NULL,0,'2026-03-19 15:29:44','2026-03-19 15:29:44',3),(3133,1,NULL,0,0,0,0.000000,1,NULL,0,0.000000,0.000000,NULL,0.000000,0.000000,0.000000,0,0,0,0,'default',0,1,NULL,1,'new',1,1,'both',NULL,0,'2026-03-19 15:29:45','2026-03-19 15:29:45',3),(3134,1,NULL,0,0,0,0.000000,1,NULL,0,0.000000,0.000000,NULL,0.000000,0.000000,0.000000,0,0,0,0,'default',0,1,NULL,1,'new',1,1,'both',NULL,0,'2026-03-19 15:29:45','2026-03-19 15:29:45',3),(3135,1,NULL,0,0,0,0.000000,1,NULL,0,19.625330,0.000000,NULL,0.000000,0.000000,0.000000,0,0,0,0,'default',0,1,NULL,1,'new',1,1,'both',NULL,0,'2026-03-19 15:29:45','2026-03-19 15:29:45',3),(3136,1,NULL,0,0,0,0.000000,1,NULL,0,19.363720,0.000000,NULL,0.000000,0.000000,0.000000,0,0,0,0,'default',0,1,NULL,1,'new',1,1,'both',NULL,0,'2026-03-19 15:29:45','2026-03-19 15:29:45',3),(3137,1,NULL,0,0,0,0.000000,1,NULL,0,19.342390,0.000000,NULL,0.000000,0.000000,0.000000,0,0,0,0,'default',0,1,NULL,1,'new',1,1,'both',NULL,0,'2026-03-19 15:29:45','2026-03-19 15:29:45',3),(3138,1,NULL,0,0,0,0.000000,1,NULL,0,18.201690,0.000000,NULL,0.000000,0.000000,0.000000,0,0,0,0,'default',0,1,NULL,1,'new',1,1,'both',NULL,0,'2026-03-19 15:29:45','2026-03-19 15:29:45',3),(3139,1,NULL,0,0,0,0.000000,1,NULL,0,18.867550,0.000000,NULL,0.000000,0.000000,0.000000,0,0,0,0,'default',0,1,NULL,1,'new',1,1,'both',NULL,0,'2026-03-19 15:29:45','2026-03-19 15:29:45',3),(3140,1,NULL,0,0,0,0.000000,1,NULL,0,20.454550,0.000000,NULL,0.000000,0.000000,0.000000,0,0,0,0,'default',0,1,NULL,1,'new',1,1,'both',NULL,0,'2026-03-19 15:29:45','2026-03-19 15:29:45',3),(3141,1,NULL,0,0,0,0.000000,1,NULL,0,33.743040,0.000000,NULL,0.000000,0.000000,0.000000,0,0,0,0,'default',0,1,NULL,1,'new',1,1,'both',NULL,0,'2026-03-19 15:29:45','2026-03-19 15:29:45',3),(3142,1,NULL,0,0,0,0.000000,1,NULL,0,0.000000,0.000000,NULL,0.000000,0.000000,0.000000,0,0,0,0,'default',0,1,NULL,1,'new',1,1,'both',NULL,0,'2026-03-19 15:29:45','2026-03-19 15:29:45',3),(3143,1,NULL,0,0,0,0.000000,1,NULL,0,0.000000,0.000000,NULL,0.000000,0.000000,0.000000,0,0,0,0,'default',0,1,NULL,1,'new',1,1,'both',NULL,0,'2026-03-19 15:29:45','2026-03-19 15:29:45',3),(3144,1,NULL,0,0,0,0.000000,1,NULL,0,0.000000,0.000000,NULL,0.000000,0.000000,0.000000,0,0,0,0,'default',0,1,NULL,1,'new',1,1,'both',NULL,0,'2026-03-19 15:29:45','2026-03-19 15:29:45',3),(3145,1,NULL,0,0,0,0.000000,1,NULL,0,6.500000,0.000000,NULL,0.000000,0.000000,0.000000,0,0,0,0,'default',0,1,NULL,1,'new',1,1,'both',NULL,0,'2026-03-19 15:29:45','2026-03-19 15:29:45',3),(3146,1,NULL,0,0,0,0.000000,1,NULL,0,0.000000,0.000000,NULL,0.000000,0.000000,0.000000,0,0,0,0,'default',0,1,NULL,1,'new',1,1,'both',NULL,0,'2026-03-19 15:29:45','2026-03-19 15:29:45',3),(3147,1,NULL,0,0,0,0.000000,1,NULL,0,0.000000,0.000000,NULL,0.000000,0.000000,0.000000,0,0,0,0,'default',0,1,NULL,1,'new',1,1,'both',NULL,0,'2026-03-19 15:29:45','2026-03-19 15:29:45',3),(3148,1,NULL,0,0,0,0.000000,1,NULL,0,0.000000,0.000000,NULL,0.000000,0.000000,0.000000,0,0,0,0,'default',0,1,NULL,1,'new',1,1,'both',NULL,0,'2026-03-19 15:29:45','2026-03-19 15:29:45',3),(3149,1,NULL,0,0,0,0.000000,1,NULL,0,0.000000,0.000000,NULL,0.000000,0.000000,0.000000,0,0,0,0,'default',0,1,NULL,1,'new',1,1,'both',NULL,0,'2026-03-19 15:29:45','2026-03-19 15:29:45',3),(3150,1,NULL,0,0,0,0.000000,1,NULL,0,31.114420,0.000000,NULL,0.000000,0.000000,0.000000,0,0,0,0,'default',0,1,NULL,1,'new',1,1,'both',NULL,0,'2026-03-19 15:29:45','2026-03-19 15:29:45',3),(3151,1,NULL,0,0,0,0.000000,1,NULL,0,0.000000,0.000000,NULL,0.000000,0.000000,0.000000,0,0,0,0,'default',0,1,NULL,1,'new',1,1,'both',NULL,0,'2026-03-19 15:29:45','2026-03-19 15:29:45',3),(3152,1,NULL,0,0,0,0.000000,1,NULL,0,0.000000,0.000000,NULL,0.000000,0.000000,0.000000,0,0,0,0,'default',0,1,NULL,1,'new',1,1,'both',NULL,0,'2026-03-19 15:29:45','2026-03-19 15:29:45',3),(3153,1,NULL,0,0,0,0.000000,1,NULL,0,0.000000,0.000000,NULL,0.000000,0.000000,0.000000,0,0,0,0,'default',0,1,NULL,1,'new',1,1,'both',NULL,0,'2026-03-19 15:29:45','2026-03-19 15:29:45',3),(3154,1,NULL,0,0,0,0.000000,1,NULL,0,18.000000,0.000000,NULL,0.000000,0.000000,0.000000,0,0,0,0,'default',0,1,NULL,1,'new',1,1,'both',NULL,0,'2026-03-19 15:29:45','2026-03-19 15:29:45',3),(3155,1,NULL,0,0,0,0.000000,1,NULL,0,0.000000,0.000000,NULL,0.000000,0.000000,0.000000,0,0,0,0,'default',0,1,NULL,1,'new',1,1,'both',NULL,0,'2026-03-19 15:29:45','2026-03-19 15:29:45',3),(3156,1,NULL,0,0,0,0.000000,1,NULL,0,0.000000,0.000000,NULL,0.000000,0.000000,0.000000,0,0,0,0,'default',0,1,NULL,1,'new',1,1,'both',NULL,0,'2026-03-19 15:29:45','2026-03-19 15:29:45',3),(3157,1,NULL,0,0,0,0.000000,1,NULL,0,0.000000,0.000000,NULL,0.000000,0.000000,0.000000,0,0,0,0,'default',0,1,NULL,1,'new',1,1,'both',NULL,0,'2026-03-19 15:29:45','2026-03-19 15:29:45',3),(3158,1,NULL,0,0,0,0.000000,1,NULL,0,0.000000,0.000000,NULL,0.000000,0.000000,0.000000,0,0,0,0,'default',0,1,NULL,1,'new',1,1,'both',NULL,0,'2026-03-19 15:29:45','2026-03-19 15:29:45',3),(3159,1,NULL,0,0,0,0.000000,1,NULL,0,0.000000,0.000000,NULL,0.000000,0.000000,0.000000,0,0,0,0,'default',0,1,NULL,1,'new',1,1,'both',NULL,0,'2026-03-19 15:29:45','2026-03-19 15:29:45',3),(3160,1,NULL,0,0,0,0.000000,1,NULL,0,0.000000,0.000000,NULL,0.000000,0.000000,0.000000,0,0,0,0,'default',0,1,NULL,1,'new',1,1,'both',NULL,0,'2026-03-19 15:29:45','2026-03-19 15:29:45',3),(3161,1,NULL,0,0,0,0.000000,1,NULL,0,0.000000,0.000000,NULL,0.000000,0.000000,0.000000,0,0,0,0,'default',0,1,NULL,1,'new',1,1,'both',NULL,0,'2026-03-19 15:29:45','2026-03-19 15:29:45',3),(3162,1,NULL,0,0,0,0.000000,1,NULL,0,0.000000,0.000000,NULL,0.000000,0.000000,0.000000,0,0,0,0,'default',0,1,NULL,1,'new',1,1,'both',NULL,0,'2026-03-19 15:29:45','2026-03-19 15:29:45',3),(3163,1,NULL,0,0,0,0.000000,1,NULL,0,0.000000,0.000000,NULL,0.000000,0.000000,0.000000,0,0,0,0,'default',0,1,NULL,1,'new',1,1,'both',NULL,0,'2026-03-19 15:29:45','2026-03-19 15:29:45',3),(3164,1,NULL,0,0,0,0.000000,1,NULL,0,0.000000,0.000000,NULL,0.000000,0.000000,0.000000,0,0,0,0,'default',0,1,NULL,1,'new',1,1,'both',NULL,0,'2026-03-19 15:29:45','2026-03-19 15:29:45',3),(3165,1,NULL,0,0,0,0.000000,1,NULL,0,5.600000,0.000000,NULL,0.000000,0.000000,0.000000,0,0,0,0,'default',0,1,NULL,1,'new',1,1,'both',NULL,0,'2026-03-19 15:29:45','2026-03-19 15:29:45',3),(3166,1,NULL,0,0,0,0.000000,1,NULL,0,0.000000,0.000000,NULL,0.000000,0.000000,0.000000,0,0,0,0,'default',0,1,NULL,1,'new',1,1,'both',NULL,0,'2026-03-19 15:29:45','2026-03-19 15:29:45',3),(3167,1,NULL,0,0,0,0.000000,1,NULL,0,0.000000,0.000000,NULL,0.000000,0.000000,0.000000,0,0,0,0,'default',0,1,NULL,1,'new',1,1,'both',NULL,0,'2026-03-19 15:29:45','2026-03-19 15:29:45',3),(3168,1,NULL,0,0,0,0.000000,1,NULL,0,0.000000,0.000000,NULL,0.000000,0.000000,0.000000,0,0,0,0,'default',0,1,NULL,1,'new',1,1,'both',NULL,0,'2026-03-19 15:29:45','2026-03-19 15:29:45',3),(3169,1,NULL,0,0,0,0.000000,1,NULL,0,0.000000,0.000000,NULL,0.000000,0.000000,0.000000,0,0,0,0,'default',0,1,NULL,1,'new',1,1,'both',NULL,0,'2026-03-19 15:29:45','2026-03-19 15:29:45',3),(3170,1,NULL,0,0,0,0.000000,1,NULL,0,0.000000,0.000000,NULL,0.000000,0.000000,0.000000,0,0,0,0,'default',0,1,NULL,1,'new',1,1,'both',NULL,0,'2026-03-19 15:29:45','2026-03-19 15:29:45',3),(3171,1,NULL,0,0,0,0.000000,1,NULL,0,15.000000,0.000000,NULL,0.000000,0.000000,0.000000,0,0,0,0,'default',0,1,NULL,1,'new',1,1,'both',NULL,0,'2026-03-19 15:29:45','2026-03-19 15:29:45',3),(3172,1,NULL,0,0,0,0.000000,1,NULL,0,0.000000,0.000000,NULL,0.000000,0.000000,0.000000,0,0,0,0,'default',0,1,NULL,1,'new',1,1,'both',NULL,0,'2026-03-19 15:29:45','2026-03-19 15:29:45',3),(3173,1,NULL,0,0,0,0.000000,1,NULL,0,0.000000,0.000000,NULL,0.000000,0.000000,0.000000,0,0,0,0,'default',0,1,NULL,1,'new',1,1,'both',NULL,0,'2026-03-19 15:29:45','2026-03-19 15:29:45',3),(3174,1,NULL,0,0,0,0.000000,1,NULL,0,0.000000,0.000000,NULL,0.000000,0.000000,0.000000,0,0,0,0,'default',0,1,NULL,1,'new',1,1,'both',NULL,0,'2026-03-19 15:29:45','2026-03-19 15:29:45',3),(3175,1,NULL,0,0,0,0.000000,1,NULL,0,0.000000,0.000000,NULL,0.000000,0.000000,0.000000,0,0,0,0,'default',0,1,NULL,1,'new',1,1,'both',NULL,0,'2026-03-19 15:29:45','2026-03-19 15:29:45',3),(3176,1,NULL,0,0,0,0.000000,1,NULL,0,0.000000,0.000000,NULL,0.000000,0.000000,0.000000,0,0,0,0,'default',0,1,NULL,1,'new',1,1,'both',NULL,0,'2026-03-19 15:29:45','2026-03-19 15:29:45',3),(3177,1,NULL,0,0,0,0.000000,1,NULL,0,0.000000,0.000000,NULL,0.000000,0.000000,0.000000,0,0,0,0,'default',0,1,NULL,1,'new',1,1,'both',NULL,0,'2026-03-19 15:29:45','2026-03-19 15:29:45',3),(3178,1,NULL,0,0,0,0.000000,1,NULL,0,0.000000,0.000000,NULL,0.000000,0.000000,0.000000,0,0,0,0,'default',0,1,NULL,1,'new',1,1,'both',NULL,0,'2026-03-19 15:29:45','2026-03-19 15:29:45',3),(3179,1,NULL,0,0,0,0.000000,1,NULL,0,0.000000,0.000000,NULL,0.000000,0.000000,0.000000,0,0,0,0,'default',0,1,NULL,1,'new',1,1,'both',NULL,0,'2026-03-19 15:29:45','2026-03-19 15:29:45',3),(3180,1,NULL,0,0,0,0.000000,1,NULL,0,0.000000,0.000000,NULL,0.000000,0.000000,0.000000,0,0,0,0,'default',0,1,NULL,1,'new',1,1,'both',NULL,0,'2026-03-19 15:29:45','2026-03-19 15:29:45',3),(3181,1,NULL,0,0,0,0.000000,1,NULL,0,0.000000,0.000000,NULL,0.000000,0.000000,0.000000,0,0,0,0,'default',0,1,NULL,1,'new',1,1,'both',NULL,0,'2026-03-19 15:29:45','2026-03-19 15:29:45',3),(3182,1,NULL,0,0,0,0.000000,1,NULL,0,0.000000,0.000000,NULL,0.000000,0.000000,0.000000,0,0,0,0,'default',0,1,NULL,1,'new',1,1,'both',NULL,0,'2026-03-19 15:29:45','2026-03-19 15:29:45',3),(3183,1,NULL,0,0,0,0.000000,1,NULL,0,0.000000,0.000000,NULL,0.000000,0.000000,0.000000,0,0,0,0,'default',0,1,NULL,1,'new',1,1,'both',NULL,0,'2026-03-19 15:29:45','2026-03-19 15:29:45',3),(3184,1,NULL,0,0,0,0.000000,1,NULL,0,0.000000,0.000000,NULL,0.000000,0.000000,0.000000,0,0,0,0,'default',0,1,NULL,1,'new',1,1,'both',NULL,0,'2026-03-19 15:29:45','2026-03-19 15:29:45',3),(3185,1,NULL,0,0,0,0.000000,1,NULL,0,0.000000,0.000000,NULL,0.000000,0.000000,0.000000,0,0,0,0,'default',0,1,NULL,1,'new',1,1,'both',NULL,0,'2026-03-19 15:29:45','2026-03-19 15:29:45',3),(3186,1,NULL,0,0,0,0.000000,1,NULL,0,0.000000,0.000000,NULL,0.000000,0.000000,0.000000,0,0,0,0,'default',0,1,NULL,1,'new',1,1,'both',NULL,0,'2026-03-19 15:29:45','2026-03-19 15:29:45',3),(3187,1,NULL,0,0,0,0.000000,1,NULL,0,0.000000,0.000000,NULL,0.000000,0.000000,0.000000,0,0,0,0,'default',0,1,NULL,1,'new',1,1,'both',NULL,0,'2026-03-19 15:29:45','2026-03-19 15:29:45',3),(3188,1,NULL,0,0,0,0.000000,1,NULL,0,0.000000,0.000000,NULL,0.000000,0.000000,0.000000,0,0,0,0,'default',0,1,NULL,1,'new',1,1,'both',NULL,0,'2026-03-19 15:29:45','2026-03-19 15:29:45',3),(3189,1,NULL,0,0,0,0.000000,1,NULL,0,0.000000,0.000000,NULL,0.000000,0.000000,0.000000,0,0,0,0,'default',0,1,NULL,1,'new',1,1,'both',NULL,0,'2026-03-19 15:29:45','2026-03-19 15:29:45',3),(3190,1,NULL,0,0,0,0.000000,1,NULL,0,0.000000,0.000000,NULL,0.000000,0.000000,0.000000,0,0,0,0,'default',0,1,NULL,1,'new',1,1,'both',NULL,0,'2026-03-19 15:29:45','2026-03-19 15:29:45',3),(3191,1,NULL,0,0,0,0.000000,1,NULL,0,0.000000,0.000000,NULL,0.000000,0.000000,0.000000,0,0,0,0,'default',0,1,NULL,1,'new',1,1,'both',NULL,0,'2026-03-19 15:29:45','2026-03-19 15:29:45',3),(3192,1,NULL,0,0,0,0.000000,1,NULL,0,0.000000,0.000000,NULL,0.000000,0.000000,0.000000,0,0,0,0,'default',0,1,NULL,1,'new',1,1,'both',NULL,0,'2026-03-19 15:29:45','2026-03-19 15:29:45',3),(3193,1,NULL,0,0,0,0.000000,1,NULL,0,0.000000,0.000000,NULL,0.000000,0.000000,0.000000,0,0,0,0,'default',0,1,NULL,1,'new',1,1,'both',NULL,0,'2026-03-19 15:29:46','2026-03-19 15:29:46',3),(3194,1,NULL,0,0,0,0.000000,1,NULL,0,0.000000,0.000000,NULL,0.000000,0.000000,0.000000,0,0,0,0,'default',0,1,NULL,1,'new',1,1,'both',NULL,0,'2026-03-19 15:29:46','2026-03-19 15:29:46',3),(3195,1,NULL,0,0,0,0.000000,1,NULL,0,0.000000,0.000000,NULL,0.000000,0.000000,0.000000,0,0,0,0,'default',0,1,NULL,1,'new',1,1,'both',NULL,0,'2026-03-19 15:29:46','2026-03-19 15:29:46',3),(3196,1,NULL,0,0,0,0.000000,1,NULL,0,0.000000,0.000000,NULL,0.000000,0.000000,0.000000,0,0,0,0,'default',0,1,NULL,1,'new',1,1,'both',NULL,0,'2026-03-19 15:29:46','2026-03-19 15:29:46',3),(3197,1,NULL,0,0,0,0.000000,1,NULL,0,0.000000,0.000000,NULL,0.000000,0.000000,0.000000,0,0,0,0,'default',0,1,NULL,1,'new',1,1,'both',NULL,0,'2026-03-19 15:29:46','2026-03-19 15:29:46',3),(3198,1,NULL,0,0,0,0.000000,1,NULL,0,0.000000,0.000000,NULL,0.000000,0.000000,0.000000,0,0,0,0,'default',0,1,NULL,1,'new',1,1,'both',NULL,0,'2026-03-19 15:29:46','2026-03-19 15:29:46',3),(3199,1,NULL,0,0,0,0.000000,1,NULL,0,0.000000,0.000000,NULL,0.000000,0.000000,0.000000,0,0,0,0,'default',0,1,NULL,1,'new',1,1,'both',NULL,0,'2026-03-19 15:29:46','2026-03-19 15:29:46',3),(3200,1,NULL,0,0,0,0.000000,1,NULL,0,0.000000,0.000000,NULL,0.000000,0.000000,0.000000,0,0,0,0,'default',0,1,NULL,1,'new',1,1,'both',NULL,0,'2026-03-19 15:29:46','2026-03-19 15:29:46',3),(3201,1,NULL,0,0,0,0.000000,1,NULL,0,0.000000,0.000000,NULL,0.000000,0.000000,0.000000,0,0,0,0,'default',0,1,NULL,1,'new',1,1,'both',NULL,0,'2026-03-19 15:29:46','2026-03-19 15:29:46',3),(3202,1,NULL,0,0,0,0.000000,1,NULL,0,0.000000,0.000000,NULL,0.000000,0.000000,0.000000,0,0,0,0,'default',0,1,NULL,1,'new',1,1,'both',NULL,0,'2026-03-19 15:29:46','2026-03-19 15:29:46',3),(3203,1,NULL,0,0,0,0.000000,1,NULL,0,0.000000,0.000000,NULL,0.000000,0.000000,0.000000,0,0,0,0,'default',0,1,NULL,1,'new',1,1,'both',NULL,0,'2026-03-19 15:29:46','2026-03-19 15:29:46',3),(3204,1,NULL,0,0,0,0.000000,1,NULL,0,0.000000,0.000000,NULL,0.000000,0.000000,0.000000,0,0,0,0,'default',0,1,NULL,1,'new',1,1,'both',NULL,0,'2026-03-19 15:29:46','2026-03-19 15:29:46',3),(3205,1,NULL,0,0,0,0.000000,1,NULL,0,0.000000,0.000000,NULL,0.000000,0.000000,0.000000,0,0,0,0,'default',0,1,NULL,1,'new',1,1,'both',NULL,0,'2026-03-19 15:29:46','2026-03-19 15:29:46',3),(3206,1,NULL,0,0,0,0.000000,1,NULL,0,0.000000,0.000000,NULL,0.000000,0.000000,0.000000,0,0,0,0,'default',0,1,NULL,1,'new',1,1,'both',NULL,0,'2026-03-19 15:29:46','2026-03-19 15:29:46',3),(3207,1,NULL,0,0,0,0.000000,1,NULL,0,0.000000,0.000000,NULL,0.000000,0.000000,0.000000,0,0,0,0,'default',0,1,NULL,1,'new',1,1,'both',NULL,0,'2026-03-19 15:29:46','2026-03-19 15:29:46',3),(3208,1,NULL,0,0,0,0.000000,1,NULL,0,0.000000,0.000000,NULL,0.000000,0.000000,0.000000,0,0,0,0,'default',0,1,NULL,1,'new',1,1,'both',NULL,0,'2026-03-19 15:29:46','2026-03-19 15:29:46',3),(3209,1,NULL,0,0,0,0.000000,1,NULL,0,0.000000,0.000000,NULL,0.000000,0.000000,0.000000,0,0,0,0,'default',0,1,NULL,1,'new',1,1,'both',NULL,0,'2026-03-19 15:29:46','2026-03-19 15:29:46',3),(3210,1,NULL,0,0,0,0.000000,1,NULL,0,0.000000,0.000000,NULL,0.000000,0.000000,0.000000,0,0,0,0,'default',0,1,NULL,1,'new',1,1,'both',NULL,0,'2026-03-19 15:29:46','2026-03-19 15:29:46',3),(3211,1,NULL,0,0,0,0.000000,1,NULL,0,0.000000,0.000000,NULL,0.000000,0.000000,0.000000,0,0,0,0,'default',0,1,NULL,1,'new',1,1,'both',NULL,0,'2026-03-19 15:29:46','2026-03-19 15:29:46',3),(3212,1,NULL,0,0,0,0.000000,1,NULL,0,0.000000,0.000000,NULL,0.000000,0.000000,0.000000,0,0,0,0,'default',0,1,NULL,1,'new',1,1,'both',NULL,0,'2026-03-19 15:29:46','2026-03-19 15:29:46',3),(3213,1,NULL,0,0,0,0.000000,1,NULL,0,0.000000,0.000000,NULL,0.000000,0.000000,0.000000,0,0,0,0,'default',0,1,NULL,1,'new',1,1,'both',NULL,0,'2026-03-19 15:29:46','2026-03-19 15:29:46',3),(3214,1,NULL,0,0,0,0.000000,1,NULL,0,0.000000,0.000000,NULL,0.000000,0.000000,0.000000,0,0,0,0,'default',0,1,NULL,1,'new',1,1,'both',NULL,0,'2026-03-19 15:29:46','2026-03-19 15:29:46',3),(3215,1,NULL,0,0,0,0.000000,1,NULL,0,0.000000,0.000000,NULL,0.000000,0.000000,0.000000,0,0,0,0,'default',0,1,NULL,1,'new',1,1,'both',NULL,0,'2026-03-19 15:29:46','2026-03-19 15:29:46',3),(3216,1,NULL,0,0,0,0.000000,1,NULL,0,0.000000,0.000000,NULL,0.000000,0.000000,0.000000,0,0,0,0,'default',0,1,NULL,1,'new',1,1,'both',NULL,0,'2026-03-19 15:29:46','2026-03-19 15:29:46',3),(3217,1,NULL,0,0,0,0.000000,1,NULL,0,0.000000,0.000000,NULL,0.000000,0.000000,0.000000,0,0,0,0,'default',0,1,NULL,1,'new',1,1,'both',NULL,0,'2026-03-19 15:29:46','2026-03-19 15:29:46',3),(3218,1,NULL,0,0,0,0.000000,1,NULL,0,0.000000,0.000000,NULL,0.000000,0.000000,0.000000,0,0,0,0,'default',0,1,NULL,1,'new',1,1,'both',NULL,0,'2026-03-19 15:29:46','2026-03-19 15:29:46',3),(3219,1,NULL,0,0,0,0.000000,1,NULL,0,0.000000,0.000000,NULL,0.000000,0.000000,0.000000,0,0,0,0,'default',0,1,NULL,1,'new',1,1,'both',NULL,0,'2026-03-19 15:29:46','2026-03-19 15:29:46',3),(3220,1,NULL,0,0,0,0.000000,1,NULL,0,0.000000,0.000000,NULL,0.000000,0.000000,0.000000,0,0,0,0,'default',0,1,NULL,1,'new',1,1,'both',NULL,0,'2026-03-19 15:29:46','2026-03-19 15:29:46',3),(3221,1,NULL,0,0,0,0.000000,1,NULL,0,0.000000,0.000000,NULL,0.000000,0.000000,0.000000,0,0,0,0,'default',0,1,NULL,1,'new',1,1,'both',NULL,0,'2026-03-19 15:29:46','2026-03-19 15:29:46',3),(3222,1,NULL,0,0,0,0.000000,1,NULL,0,0.000000,0.000000,NULL,0.000000,0.000000,0.000000,0,0,0,0,'default',0,1,NULL,1,'new',1,1,'both',NULL,0,'2026-03-19 15:29:46','2026-03-19 15:29:46',3),(3223,1,NULL,0,0,0,0.000000,1,NULL,0,0.000000,0.000000,NULL,0.000000,0.000000,0.000000,0,0,0,0,'default',0,1,NULL,1,'new',1,1,'both',NULL,0,'2026-03-19 15:29:46','2026-03-19 15:29:46',3),(3224,1,NULL,0,0,0,0.000000,1,NULL,0,0.000000,0.000000,NULL,0.000000,0.000000,0.000000,0,0,0,0,'default',0,1,NULL,1,'new',1,1,'both',NULL,0,'2026-03-19 15:29:46','2026-03-19 15:29:46',3),(3225,1,NULL,0,0,0,0.000000,1,NULL,0,0.000000,0.000000,NULL,0.000000,0.000000,0.000000,0,0,0,0,'default',0,1,NULL,1,'new',1,1,'both',NULL,0,'2026-03-19 15:29:46','2026-03-19 15:29:46',3),(3226,1,NULL,0,0,0,0.000000,1,NULL,0,0.000000,0.000000,NULL,0.000000,0.000000,0.000000,0,0,0,0,'default',0,1,NULL,1,'new',1,1,'both',NULL,0,'2026-03-19 15:29:46','2026-03-19 15:29:46',3),(3227,1,NULL,0,0,0,0.000000,1,NULL,0,0.000000,0.000000,NULL,0.000000,0.000000,0.000000,0,0,0,0,'default',0,1,NULL,1,'new',1,1,'both',NULL,0,'2026-03-19 15:29:46','2026-03-19 15:29:46',3),(3228,1,NULL,0,0,0,0.000000,1,NULL,0,0.000000,0.000000,NULL,0.000000,0.000000,0.000000,0,0,0,0,'default',0,1,NULL,1,'new',1,1,'both',NULL,0,'2026-03-19 15:29:46','2026-03-19 15:29:46',3),(3229,1,NULL,0,0,0,0.000000,1,NULL,0,0.000000,0.000000,NULL,0.000000,0.000000,0.000000,0,0,0,0,'default',0,1,NULL,1,'new',1,1,'both',NULL,0,'2026-03-19 15:29:46','2026-03-19 15:29:46',3),(3230,1,NULL,0,0,0,0.000000,1,NULL,0,0.000000,0.000000,NULL,0.000000,0.000000,0.000000,0,0,0,0,'default',0,1,NULL,1,'new',1,1,'both',NULL,0,'2026-03-19 15:29:46','2026-03-19 15:29:46',3),(3231,1,NULL,0,0,0,0.000000,1,NULL,0,0.000000,0.000000,NULL,0.000000,0.000000,0.000000,0,0,0,0,'default',0,1,NULL,1,'new',1,1,'both',NULL,0,'2026-03-19 15:29:46','2026-03-19 15:29:46',3),(3232,1,NULL,0,0,0,0.000000,1,NULL,0,0.000000,0.000000,NULL,0.000000,0.000000,0.000000,0,0,0,0,'default',0,1,NULL,1,'new',1,1,'both',NULL,0,'2026-03-19 15:29:46','2026-03-19 15:29:46',3),(3233,1,NULL,0,0,0,0.000000,1,NULL,0,0.000000,0.000000,NULL,0.000000,0.000000,0.000000,0,0,0,0,'default',0,1,NULL,1,'new',1,1,'both',NULL,0,'2026-03-19 15:29:46','2026-03-19 15:29:46',3),(3234,1,NULL,0,0,0,0.000000,1,NULL,0,0.000000,0.000000,NULL,0.000000,0.000000,0.000000,0,0,0,0,'default',0,1,NULL,1,'new',1,1,'both',NULL,0,'2026-03-19 15:29:46','2026-03-19 15:29:46',3),(3235,1,NULL,0,0,0,0.000000,1,NULL,0,0.000000,0.000000,NULL,0.000000,0.000000,0.000000,0,0,0,0,'default',0,1,NULL,1,'new',1,1,'both',NULL,0,'2026-03-19 15:29:46','2026-03-19 15:29:46',3),(3236,1,NULL,0,0,0,0.000000,1,NULL,0,0.000000,0.000000,NULL,0.000000,0.000000,0.000000,0,0,0,0,'default',0,1,NULL,1,'new',1,1,'both',NULL,0,'2026-03-19 15:29:46','2026-03-19 15:29:46',3),(3237,1,NULL,0,0,0,0.000000,1,NULL,0,0.000000,0.000000,NULL,0.000000,0.000000,0.000000,0,0,0,0,'default',0,1,NULL,1,'new',1,1,'both',NULL,0,'2026-03-19 15:29:46','2026-03-19 15:29:46',3),(3238,1,NULL,0,0,0,0.000000,1,NULL,0,0.000000,0.000000,NULL,0.000000,0.000000,0.000000,0,0,0,0,'default',0,1,NULL,1,'new',1,1,'both',NULL,0,'2026-03-19 15:29:46','2026-03-19 15:29:46',3),(3239,1,NULL,0,0,0,0.000000,1,NULL,0,0.000000,0.000000,NULL,0.000000,0.000000,0.000000,0,0,0,0,'default',0,1,NULL,1,'new',1,1,'both',NULL,0,'2026-03-19 15:29:46','2026-03-19 15:29:46',3),(3240,1,NULL,0,0,0,0.000000,1,NULL,0,0.000000,0.000000,NULL,0.000000,0.000000,0.000000,0,0,0,0,'default',0,1,NULL,1,'new',1,1,'both',NULL,0,'2026-03-19 15:29:46','2026-03-19 15:29:46',3),(3241,1,NULL,0,0,0,0.000000,1,NULL,0,0.000000,0.000000,NULL,0.000000,0.000000,0.000000,0,0,0,0,'default',0,1,NULL,1,'new',1,1,'both',NULL,0,'2026-03-19 15:29:46','2026-03-19 15:29:46',3),(3242,1,NULL,0,0,0,0.000000,1,NULL,0,0.000000,0.000000,NULL,0.000000,0.000000,0.000000,0,0,0,0,'default',0,1,NULL,1,'new',1,1,'both',NULL,0,'2026-03-19 15:29:46','2026-03-19 15:29:46',3),(3243,1,NULL,0,0,0,0.000000,1,NULL,0,0.000000,0.000000,NULL,0.000000,0.000000,0.000000,0,0,0,0,'default',0,1,NULL,1,'new',1,1,'both',NULL,0,'2026-03-19 15:29:46','2026-03-19 15:29:46',3),(3244,1,NULL,0,0,0,0.000000,1,NULL,0,0.000000,0.000000,NULL,0.000000,0.000000,0.000000,0,0,0,0,'default',0,1,NULL,1,'new',1,1,'both',NULL,0,'2026-03-19 15:29:46','2026-03-19 15:29:46',3),(3245,1,NULL,0,0,0,0.000000,1,NULL,0,0.000000,0.000000,NULL,0.000000,0.000000,0.000000,0,0,0,0,'default',0,1,NULL,1,'new',1,1,'both',NULL,0,'2026-03-19 15:29:46','2026-03-19 15:29:46',3),(3246,1,NULL,0,0,0,0.000000,1,NULL,0,0.000000,0.000000,NULL,0.000000,0.000000,0.000000,0,0,0,0,'default',0,1,NULL,1,'new',1,1,'both',NULL,0,'2026-03-19 15:29:46','2026-03-19 15:29:46',3),(3247,1,NULL,0,0,0,0.000000,1,NULL,0,0.000000,0.000000,NULL,0.000000,0.000000,0.000000,0,0,0,0,'default',0,1,NULL,1,'new',1,1,'both',NULL,0,'2026-03-19 15:29:46','2026-03-19 15:29:46',3),(3248,1,NULL,0,0,0,0.000000,1,NULL,0,0.000000,0.000000,NULL,0.000000,0.000000,0.000000,0,0,0,0,'default',0,1,NULL,1,'new',1,1,'both',NULL,0,'2026-03-19 15:29:46','2026-03-19 15:29:46',3),(3249,1,NULL,0,0,0,0.000000,1,NULL,0,0.000000,0.000000,NULL,0.000000,0.000000,0.000000,0,0,0,0,'default',0,1,NULL,1,'new',1,1,'both',NULL,0,'2026-03-19 15:29:46','2026-03-19 15:29:46',3),(3250,1,NULL,0,0,0,0.000000,1,NULL,0,0.000000,0.000000,NULL,0.000000,0.000000,0.000000,0,0,0,0,'default',0,1,NULL,1,'new',1,1,'both',NULL,0,'2026-03-19 15:29:46','2026-03-19 15:29:46',3),(3251,1,NULL,0,0,0,0.000000,1,NULL,0,0.000000,0.000000,NULL,0.000000,0.000000,0.000000,0,0,0,0,'default',0,1,NULL,1,'new',1,1,'both',NULL,0,'2026-03-19 15:29:46','2026-03-19 15:29:46',3),(3252,1,NULL,0,0,0,0.000000,1,NULL,0,0.000000,0.000000,NULL,0.000000,0.000000,0.000000,0,0,0,0,'default',0,1,NULL,1,'new',1,1,'both',NULL,0,'2026-03-19 15:29:46','2026-03-19 15:29:46',3),(3253,1,NULL,0,0,0,0.000000,1,NULL,0,0.000000,0.000000,NULL,0.000000,0.000000,0.000000,0,0,0,0,'default',0,1,NULL,1,'new',1,1,'both',NULL,0,'2026-03-19 15:29:46','2026-03-19 15:29:46',3),(3254,1,NULL,0,0,0,0.000000,1,NULL,0,0.000000,0.000000,NULL,0.000000,0.000000,0.000000,0,0,0,0,'default',0,1,NULL,1,'new',1,1,'both',NULL,0,'2026-03-19 15:29:46','2026-03-19 15:29:46',3),(3255,1,NULL,0,0,0,0.000000,1,NULL,0,0.000000,0.000000,NULL,0.000000,0.000000,0.000000,0,0,0,0,'default',0,1,NULL,1,'new',1,1,'both',NULL,0,'2026-03-19 15:29:46','2026-03-19 15:29:46',3),(3256,1,NULL,0,0,0,0.000000,1,NULL,0,0.000000,0.000000,NULL,0.000000,0.000000,0.000000,0,0,0,0,'default',0,1,NULL,1,'new',1,1,'both',NULL,0,'2026-03-19 15:29:46','2026-03-19 15:29:46',3),(3257,1,NULL,0,0,0,0.000000,1,NULL,0,0.000000,0.000000,NULL,0.000000,0.000000,0.000000,0,0,0,0,'default',0,1,NULL,1,'new',1,1,'both',NULL,0,'2026-03-19 15:29:46','2026-03-19 15:29:46',3),(3258,1,NULL,0,0,0,0.000000,1,NULL,0,0.000000,0.000000,NULL,0.000000,0.000000,0.000000,0,0,0,0,'default',0,1,NULL,1,'new',1,1,'both',NULL,0,'2026-03-19 15:29:46','2026-03-19 15:29:46',3),(3259,1,NULL,0,0,0,0.000000,1,NULL,0,0.000000,0.000000,NULL,0.000000,0.000000,0.000000,0,0,0,0,'default',0,1,NULL,1,'new',1,1,'both',NULL,0,'2026-03-19 15:29:46','2026-03-19 15:29:46',3),(3260,1,NULL,0,0,0,0.000000,1,NULL,0,0.000000,0.000000,NULL,0.000000,0.000000,0.000000,0,0,0,0,'default',0,1,NULL,1,'new',1,1,'both',NULL,0,'2026-03-19 15:29:46','2026-03-19 15:29:46',3),(3261,1,NULL,0,0,0,0.000000,1,NULL,0,0.000000,0.000000,NULL,0.000000,0.000000,0.000000,0,0,0,0,'default',0,1,NULL,1,'new',1,1,'both',NULL,0,'2026-03-19 15:29:46','2026-03-19 15:29:46',3),(3262,1,NULL,0,0,0,0.000000,1,NULL,0,0.000000,0.000000,NULL,0.000000,0.000000,0.000000,0,0,0,0,'default',0,1,NULL,1,'new',1,1,'both',NULL,0,'2026-03-19 15:29:46','2026-03-19 15:29:46',3),(3263,1,NULL,0,0,0,0.000000,1,NULL,0,0.000000,0.000000,NULL,0.000000,0.000000,0.000000,0,0,0,0,'default',0,1,NULL,1,'new',1,1,'both',NULL,0,'2026-03-19 15:29:46','2026-03-19 15:29:46',3),(3264,1,NULL,0,0,0,0.000000,1,NULL,0,0.000000,0.000000,NULL,0.000000,0.000000,0.000000,0,0,0,0,'default',0,1,NULL,1,'new',1,1,'both',NULL,0,'2026-03-19 15:29:46','2026-03-19 15:29:46',3),(3265,1,NULL,0,0,0,0.000000,1,NULL,0,0.000000,0.000000,NULL,0.000000,0.000000,0.000000,0,0,0,0,'default',0,1,NULL,1,'new',1,1,'both',NULL,0,'2026-03-19 15:29:46','2026-03-19 15:29:46',3),(3266,1,NULL,0,0,0,0.000000,1,NULL,0,0.000000,0.000000,NULL,0.000000,0.000000,0.000000,0,0,0,0,'default',0,1,NULL,1,'new',1,1,'both',NULL,0,'2026-03-19 15:29:46','2026-03-19 15:29:46',3),(3267,1,NULL,0,0,0,0.000000,1,NULL,0,0.000000,0.000000,NULL,0.000000,0.000000,0.000000,0,0,0,0,'default',0,1,NULL,1,'new',1,1,'both',NULL,0,'2026-03-19 15:29:46','2026-03-19 15:29:46',3),(3268,1,NULL,0,0,0,0.000000,1,NULL,0,0.000000,0.000000,NULL,0.000000,0.000000,0.000000,0,0,0,0,'default',0,1,NULL,1,'new',1,1,'both',NULL,0,'2026-03-19 15:29:47','2026-03-19 15:29:47',3),(3269,1,NULL,0,0,0,0.000000,1,NULL,0,0.000000,0.000000,NULL,0.000000,0.000000,0.000000,0,0,0,0,'default',0,1,NULL,1,'new',1,1,'both',NULL,0,'2026-03-19 15:29:47','2026-03-19 15:29:47',3),(3270,1,NULL,0,0,0,0.000000,1,NULL,0,0.000000,0.000000,NULL,0.000000,0.000000,0.000000,0,0,0,0,'default',0,1,NULL,1,'new',1,1,'both',NULL,0,'2026-03-19 15:29:47','2026-03-19 15:29:47',3),(3271,1,NULL,0,0,0,0.000000,1,NULL,0,0.000000,0.000000,NULL,0.000000,0.000000,0.000000,0,0,0,0,'default',0,1,NULL,1,'new',1,1,'both',NULL,0,'2026-03-19 15:29:47','2026-03-19 15:29:47',3),(3272,1,NULL,0,0,0,0.000000,1,NULL,0,0.000000,0.000000,NULL,0.000000,0.000000,0.000000,0,0,0,0,'default',0,1,NULL,1,'new',1,1,'both',NULL,0,'2026-03-19 15:29:47','2026-03-19 15:29:47',3),(3273,1,NULL,0,0,0,0.000000,1,NULL,0,0.000000,0.000000,NULL,0.000000,0.000000,0.000000,0,0,0,0,'default',0,1,NULL,1,'new',1,1,'both',NULL,0,'2026-03-19 15:29:47','2026-03-19 15:29:47',3),(3274,1,NULL,0,0,0,0.000000,1,NULL,0,0.000000,0.000000,NULL,0.000000,0.000000,0.000000,0,0,0,0,'default',0,1,NULL,1,'new',1,1,'both',NULL,0,'2026-03-19 15:29:47','2026-03-19 15:29:47',3),(3275,1,NULL,0,0,0,0.000000,1,NULL,0,0.000000,0.000000,NULL,0.000000,0.000000,0.000000,0,0,0,0,'default',0,1,NULL,1,'new',1,1,'both',NULL,0,'2026-03-19 15:29:47','2026-03-19 15:29:47',3),(3276,1,NULL,0,0,0,0.000000,1,NULL,0,0.000000,0.000000,NULL,0.000000,0.000000,0.000000,0,0,0,0,'default',0,1,NULL,1,'new',1,1,'both',NULL,0,'2026-03-19 15:29:47','2026-03-19 15:29:47',3),(3277,1,NULL,0,0,0,0.000000,1,NULL,0,0.000000,0.000000,NULL,0.000000,0.000000,0.000000,0,0,0,0,'default',0,1,NULL,1,'new',1,1,'both',NULL,0,'2026-03-19 15:29:47','2026-03-19 15:29:47',3),(3278,1,NULL,0,0,0,0.000000,1,NULL,0,0.000000,0.000000,NULL,0.000000,0.000000,0.000000,0,0,0,0,'default',0,1,NULL,1,'new',1,1,'both',NULL,0,'2026-03-19 15:29:47','2026-03-19 15:29:47',3),(3279,1,NULL,0,0,0,0.000000,1,NULL,0,0.000000,0.000000,NULL,0.000000,0.000000,0.000000,0,0,0,0,'default',0,1,NULL,1,'new',1,1,'both',NULL,0,'2026-03-19 15:29:47','2026-03-19 15:29:47',3),(3280,1,NULL,0,0,0,0.000000,1,NULL,0,0.000000,0.000000,NULL,0.000000,0.000000,0.000000,0,0,0,0,'default',0,1,NULL,1,'new',1,1,'both',NULL,0,'2026-03-19 15:29:47','2026-03-19 15:29:47',3),(3281,1,NULL,0,0,0,0.000000,1,NULL,0,0.000000,0.000000,NULL,0.000000,0.000000,0.000000,0,0,0,0,'default',0,1,NULL,1,'new',1,1,'both',NULL,0,'2026-03-19 15:29:47','2026-03-19 15:29:47',3),(3282,1,NULL,0,0,0,0.000000,1,NULL,0,0.000000,0.000000,NULL,0.000000,0.000000,0.000000,0,0,0,0,'default',0,1,NULL,1,'new',1,1,'both',NULL,0,'2026-03-19 15:29:47','2026-03-19 15:29:47',3),(3283,1,NULL,0,0,0,0.000000,1,NULL,0,0.000000,0.000000,NULL,0.000000,0.000000,0.000000,0,0,0,0,'default',0,1,NULL,1,'new',1,1,'both',NULL,0,'2026-03-19 15:29:47','2026-03-19 15:29:47',3),(3284,1,NULL,0,0,0,0.000000,1,NULL,0,0.000000,0.000000,NULL,0.000000,0.000000,0.000000,0,0,0,0,'default',0,1,NULL,1,'new',1,1,'both',NULL,0,'2026-03-19 15:29:47','2026-03-19 15:29:47',3),(3285,1,NULL,0,0,0,0.000000,1,NULL,0,0.000000,0.000000,NULL,0.000000,0.000000,0.000000,0,0,0,0,'default',0,1,NULL,1,'new',1,1,'both',NULL,0,'2026-03-19 15:29:47','2026-03-19 15:29:47',3),(3286,1,NULL,0,0,0,0.000000,1,NULL,0,0.000000,0.000000,NULL,0.000000,0.000000,0.000000,0,0,0,0,'default',0,1,NULL,1,'new',1,1,'both',NULL,0,'2026-03-19 15:29:47','2026-03-19 15:29:47',3),(3287,1,NULL,0,0,0,0.000000,1,NULL,0,0.000000,0.000000,NULL,0.000000,0.000000,0.000000,0,0,0,0,'default',0,1,NULL,1,'new',1,1,'both',NULL,0,'2026-03-19 15:29:47','2026-03-19 15:29:47',3),(3288,1,NULL,0,0,0,0.000000,1,NULL,0,0.000000,0.000000,NULL,0.000000,0.000000,0.000000,0,0,0,0,'default',0,1,NULL,1,'new',1,1,'both',NULL,0,'2026-03-19 15:29:47','2026-03-19 15:29:47',3),(3289,1,NULL,0,0,0,0.000000,1,NULL,0,0.000000,0.000000,NULL,0.000000,0.000000,0.000000,0,0,0,0,'default',0,1,NULL,1,'new',1,1,'both',NULL,0,'2026-03-19 15:29:47','2026-03-19 15:29:47',3),(3290,1,NULL,0,0,0,0.000000,1,NULL,0,0.000000,0.000000,NULL,0.000000,0.000000,0.000000,0,0,0,0,'default',0,1,NULL,1,'new',1,1,'both',NULL,0,'2026-03-19 15:29:47','2026-03-19 15:29:47',3),(3291,1,NULL,0,0,0,0.000000,1,NULL,0,0.000000,0.000000,NULL,0.000000,0.000000,0.000000,0,0,0,0,'default',0,1,NULL,1,'new',1,1,'both',NULL,0,'2026-03-19 15:29:47','2026-03-19 15:29:47',3),(3292,1,NULL,0,0,0,0.000000,1,NULL,0,0.000000,0.000000,NULL,0.000000,0.000000,0.000000,0,0,0,0,'default',0,1,NULL,1,'new',1,1,'both',NULL,0,'2026-03-19 15:29:47','2026-03-19 15:29:47',3),(3293,1,NULL,0,0,0,0.000000,1,NULL,0,0.000000,0.000000,NULL,0.000000,0.000000,0.000000,0,0,0,0,'default',0,1,NULL,1,'new',1,1,'both',NULL,0,'2026-03-19 15:29:47','2026-03-19 15:29:47',3),(3294,1,NULL,0,0,0,0.000000,1,NULL,0,0.000000,0.000000,NULL,0.000000,0.000000,0.000000,0,0,0,0,'default',0,1,NULL,1,'new',1,1,'both',NULL,0,'2026-03-19 15:29:47','2026-03-19 15:29:47',3),(3295,1,NULL,0,0,0,0.000000,1,NULL,0,0.000000,0.000000,NULL,0.000000,0.000000,0.000000,0,0,0,0,'default',0,1,NULL,1,'new',1,1,'both',NULL,0,'2026-03-19 15:29:47','2026-03-19 15:29:47',3),(3296,1,NULL,0,0,0,0.000000,1,NULL,0,0.000000,0.000000,NULL,0.000000,0.000000,0.000000,0,0,0,0,'default',0,1,NULL,1,'new',1,1,'both',NULL,0,'2026-03-19 15:29:47','2026-03-19 15:29:47',3),(3297,1,NULL,0,0,0,0.000000,1,NULL,0,0.000000,0.000000,NULL,0.000000,0.000000,0.000000,0,0,0,0,'default',0,1,NULL,1,'new',1,1,'both',NULL,0,'2026-03-19 15:29:47','2026-03-19 15:29:47',3),(3298,1,NULL,0,0,0,0.000000,1,NULL,0,0.000000,0.000000,NULL,0.000000,0.000000,0.000000,0,0,0,0,'default',0,1,NULL,1,'new',1,1,'both',NULL,0,'2026-03-19 15:29:47','2026-03-19 15:29:47',3),(3299,1,NULL,0,0,0,0.000000,1,NULL,0,0.000000,0.000000,NULL,0.000000,0.000000,0.000000,0,0,0,0,'default',0,1,NULL,1,'new',1,1,'both',NULL,0,'2026-03-19 15:29:47','2026-03-19 15:29:47',3),(3300,1,NULL,0,0,0,0.000000,1,NULL,0,0.000000,0.000000,NULL,0.000000,0.000000,0.000000,0,0,0,0,'default',0,1,NULL,1,'new',1,1,'both',NULL,0,'2026-03-19 15:29:47','2026-03-19 15:29:47',3),(3301,1,NULL,0,0,0,0.000000,1,NULL,0,0.000000,0.000000,NULL,0.000000,0.000000,0.000000,0,0,0,0,'default',0,1,NULL,1,'new',1,1,'both',NULL,0,'2026-03-19 15:29:47','2026-03-19 15:29:47',3),(3302,1,NULL,0,0,0,0.000000,1,NULL,0,0.000000,0.000000,NULL,0.000000,0.000000,0.000000,0,0,0,0,'default',0,1,NULL,1,'new',1,1,'both',NULL,0,'2026-03-19 15:29:47','2026-03-19 15:29:47',3),(3303,1,NULL,0,0,0,0.000000,1,NULL,0,0.000000,0.000000,NULL,0.000000,0.000000,0.000000,0,0,0,0,'default',0,1,NULL,1,'new',1,1,'both',NULL,0,'2026-03-19 15:29:47','2026-03-19 15:29:47',3),(3304,1,NULL,0,0,0,0.000000,1,NULL,0,0.000000,0.000000,NULL,0.000000,0.000000,0.000000,0,0,0,0,'default',0,1,NULL,1,'new',1,1,'both',NULL,0,'2026-03-19 15:29:47','2026-03-19 15:29:47',3),(3305,1,NULL,0,0,0,0.000000,1,NULL,0,0.000000,0.000000,NULL,0.000000,0.000000,0.000000,0,0,0,0,'default',0,1,NULL,1,'new',1,1,'both',NULL,0,'2026-03-19 15:29:47','2026-03-19 15:29:47',3),(3306,1,NULL,0,0,0,0.000000,1,NULL,0,0.000000,0.000000,NULL,0.000000,0.000000,0.000000,0,0,0,0,'default',0,1,NULL,1,'new',1,1,'both',NULL,0,'2026-03-19 15:29:47','2026-03-19 15:29:47',3),(3307,1,NULL,0,0,0,0.000000,1,NULL,0,0.000000,0.000000,NULL,0.000000,0.000000,0.000000,0,0,0,0,'default',0,1,NULL,1,'new',1,1,'both',NULL,0,'2026-03-19 15:29:47','2026-03-19 15:29:47',3),(3308,1,NULL,0,0,0,0.000000,1,NULL,0,0.000000,0.000000,NULL,0.000000,0.000000,0.000000,0,0,0,0,'default',0,1,NULL,1,'new',1,1,'both',NULL,0,'2026-03-19 15:29:47','2026-03-19 15:29:47',3),(3309,1,NULL,0,0,0,0.000000,1,NULL,0,0.000000,0.000000,NULL,0.000000,0.000000,0.000000,0,0,0,0,'default',0,1,NULL,1,'new',1,1,'both',NULL,0,'2026-03-19 15:29:47','2026-03-19 15:29:47',3),(3310,1,NULL,0,0,0,0.000000,1,NULL,0,0.000000,0.000000,NULL,0.000000,0.000000,0.000000,0,0,0,0,'default',0,1,NULL,1,'new',1,1,'both',NULL,0,'2026-03-19 15:29:47','2026-03-19 15:29:47',3),(3311,1,NULL,0,0,0,0.000000,1,NULL,0,0.000000,0.000000,NULL,0.000000,0.000000,0.000000,0,0,0,0,'default',0,1,NULL,1,'new',1,1,'both',NULL,0,'2026-03-19 15:29:47','2026-03-19 15:29:47',3),(3312,1,NULL,0,0,0,0.000000,1,NULL,0,0.000000,0.000000,NULL,0.000000,0.000000,0.000000,0,0,0,0,'default',0,1,NULL,1,'new',1,1,'both',NULL,0,'2026-03-19 15:29:47','2026-03-19 15:29:47',3),(3313,1,NULL,0,0,0,0.000000,1,NULL,0,0.000000,0.000000,NULL,0.000000,0.000000,0.000000,0,0,0,0,'default',0,1,NULL,1,'new',1,1,'both',NULL,0,'2026-03-19 15:29:47','2026-03-19 15:29:47',3),(3314,1,NULL,0,0,0,0.000000,1,NULL,0,0.000000,0.000000,NULL,0.000000,0.000000,0.000000,0,0,0,0,'default',0,1,NULL,1,'new',1,1,'both',NULL,0,'2026-03-19 15:29:47','2026-03-19 15:29:47',3),(3315,1,NULL,0,0,0,0.000000,1,NULL,0,0.000000,0.000000,NULL,0.000000,0.000000,0.000000,0,0,0,0,'default',0,1,NULL,1,'new',1,1,'both',NULL,0,'2026-03-19 15:29:47','2026-03-19 15:29:47',3),(3316,1,NULL,0,0,0,0.000000,1,NULL,0,0.000000,0.000000,NULL,0.000000,0.000000,0.000000,0,0,0,0,'default',0,1,NULL,1,'new',1,1,'both',NULL,0,'2026-03-19 15:29:47','2026-03-19 15:29:47',3),(3317,1,NULL,0,0,0,0.000000,1,NULL,0,0.000000,0.000000,NULL,0.000000,0.000000,0.000000,0,0,0,0,'default',0,1,NULL,1,'new',1,1,'both',NULL,0,'2026-03-19 15:29:47','2026-03-19 15:29:47',3),(3318,1,NULL,0,0,0,0.000000,1,NULL,0,0.000000,0.000000,NULL,0.000000,0.000000,0.000000,0,0,0,0,'default',0,1,NULL,1,'new',1,1,'both',NULL,0,'2026-03-19 15:29:47','2026-03-19 15:29:47',3),(3319,1,NULL,0,0,0,0.000000,1,NULL,0,0.000000,0.000000,NULL,0.000000,0.000000,0.000000,0,0,0,0,'default',0,1,NULL,1,'new',1,1,'both',NULL,0,'2026-03-19 15:29:47','2026-03-19 15:29:47',3),(3320,1,NULL,0,0,0,0.000000,1,NULL,0,0.000000,0.000000,NULL,0.000000,0.000000,0.000000,0,0,0,0,'default',0,1,NULL,1,'new',1,1,'both',NULL,0,'2026-03-19 15:29:47','2026-03-19 15:29:47',3),(3321,1,NULL,0,0,0,0.000000,1,NULL,0,0.000000,0.000000,NULL,0.000000,0.000000,0.000000,0,0,0,0,'default',0,1,NULL,1,'new',1,1,'both',NULL,0,'2026-03-19 15:29:47','2026-03-19 15:29:47',3),(3322,1,NULL,0,0,0,0.000000,1,NULL,0,0.000000,0.000000,NULL,0.000000,0.000000,0.000000,0,0,0,0,'default',0,1,NULL,1,'new',1,1,'both',NULL,0,'2026-03-19 15:29:47','2026-03-19 15:29:47',3),(3323,1,NULL,0,0,0,0.000000,1,NULL,0,0.000000,0.000000,NULL,0.000000,0.000000,0.000000,0,0,0,0,'default',0,1,NULL,1,'new',1,1,'both',NULL,0,'2026-03-19 15:29:47','2026-03-19 15:29:47',3),(3324,1,NULL,0,0,0,0.000000,1,NULL,0,0.000000,0.000000,NULL,0.000000,0.000000,0.000000,0,0,0,0,'default',0,1,NULL,1,'new',1,1,'both',NULL,0,'2026-03-19 15:29:47','2026-03-19 15:29:47',3),(3325,1,NULL,0,0,0,0.000000,1,NULL,0,0.000000,0.000000,NULL,0.000000,0.000000,0.000000,0,0,0,0,'default',0,1,NULL,1,'new',1,1,'both',NULL,0,'2026-03-19 15:29:47','2026-03-19 15:29:47',3),(3326,1,NULL,0,0,0,0.000000,1,NULL,0,0.000000,0.000000,NULL,0.000000,0.000000,0.000000,0,0,0,0,'default',0,1,NULL,1,'new',1,1,'both',NULL,0,'2026-03-19 15:29:47','2026-03-19 15:29:47',3),(3327,1,NULL,0,0,0,0.000000,1,NULL,0,0.000000,0.000000,NULL,0.000000,0.000000,0.000000,0,0,0,0,'default',0,1,NULL,1,'new',1,1,'both',NULL,0,'2026-03-19 15:29:47','2026-03-19 15:29:47',3),(3328,1,NULL,0,0,0,0.000000,1,NULL,0,0.000000,0.000000,NULL,0.000000,0.000000,0.000000,0,0,0,0,'default',0,1,NULL,1,'new',1,1,'both',NULL,0,'2026-03-19 15:29:47','2026-03-19 15:29:47',3),(3329,1,NULL,0,0,0,0.000000,1,NULL,0,0.000000,0.000000,NULL,0.000000,0.000000,0.000000,0,0,0,0,'default',0,1,NULL,1,'new',1,1,'both',NULL,0,'2026-03-19 15:29:47','2026-03-19 15:29:47',3),(3330,1,NULL,0,0,0,0.000000,1,NULL,0,0.000000,0.000000,NULL,0.000000,0.000000,0.000000,0,0,0,0,'default',0,1,NULL,1,'new',1,1,'both',NULL,0,'2026-03-19 15:29:47','2026-03-19 15:29:47',3),(3331,1,NULL,0,0,0,0.000000,1,NULL,0,0.000000,0.000000,NULL,0.000000,0.000000,0.000000,0,0,0,0,'default',0,1,NULL,1,'new',1,1,'both',NULL,0,'2026-03-19 15:29:47','2026-03-19 15:29:47',3),(3332,1,NULL,0,0,0,0.000000,1,NULL,0,0.000000,0.000000,NULL,0.000000,0.000000,0.000000,0,0,0,0,'default',0,1,NULL,1,'new',1,1,'both',NULL,0,'2026-03-19 15:29:47','2026-03-19 15:29:47',3),(3333,1,NULL,0,0,0,0.000000,1,NULL,0,0.000000,0.000000,NULL,0.000000,0.000000,0.000000,0,0,0,0,'default',0,1,NULL,1,'new',1,1,'both',NULL,0,'2026-03-19 15:29:48','2026-03-19 15:29:48',3),(3334,1,NULL,0,0,0,0.000000,1,NULL,0,0.000000,0.000000,NULL,0.000000,0.000000,0.000000,0,0,0,0,'default',0,1,NULL,1,'new',1,1,'both',NULL,0,'2026-03-19 15:29:48','2026-03-19 15:29:48',3),(3335,1,NULL,0,0,0,0.000000,1,NULL,0,0.000000,0.000000,NULL,0.000000,0.000000,0.000000,0,0,0,0,'default',0,1,NULL,1,'new',1,1,'both',NULL,0,'2026-03-19 15:29:48','2026-03-19 15:29:48',3),(3336,1,NULL,0,0,0,0.000000,1,NULL,0,0.000000,0.000000,NULL,0.000000,0.000000,0.000000,0,0,0,0,'default',0,1,NULL,1,'new',1,1,'both',NULL,0,'2026-03-19 15:29:48','2026-03-19 15:29:48',3),(3337,1,NULL,0,0,0,0.000000,1,NULL,0,0.000000,0.000000,NULL,0.000000,0.000000,0.000000,0,0,0,0,'default',0,1,NULL,1,'new',1,1,'both',NULL,0,'2026-03-19 15:29:48','2026-03-19 15:29:48',3),(3338,1,NULL,0,0,0,0.000000,1,NULL,0,0.000000,0.000000,NULL,0.000000,0.000000,0.000000,0,0,0,0,'default',0,1,NULL,1,'new',1,1,'both',NULL,0,'2026-03-19 15:29:48','2026-03-19 15:29:48',3),(3339,1,NULL,0,0,0,0.000000,1,NULL,0,0.000000,0.000000,NULL,0.000000,0.000000,0.000000,0,0,0,0,'default',0,1,NULL,1,'new',1,1,'both',NULL,0,'2026-03-19 15:29:48','2026-03-19 15:29:48',3),(3340,1,NULL,0,0,0,0.000000,1,NULL,0,0.000000,0.000000,NULL,0.000000,0.000000,0.000000,0,0,0,0,'default',0,1,NULL,1,'new',1,1,'both',NULL,0,'2026-03-19 15:29:48','2026-03-19 15:29:48',3),(3341,1,NULL,0,0,0,0.000000,1,NULL,0,0.000000,0.000000,NULL,0.000000,0.000000,0.000000,0,0,0,0,'default',0,1,NULL,1,'new',1,1,'both',NULL,0,'2026-03-19 15:29:48','2026-03-19 15:29:48',3),(3342,1,NULL,0,0,0,0.000000,1,NULL,0,0.000000,0.000000,NULL,0.000000,0.000000,0.000000,0,0,0,0,'default',0,1,NULL,1,'new',1,1,'both',NULL,0,'2026-03-19 15:29:48','2026-03-19 15:29:48',3),(3343,1,NULL,0,0,0,0.000000,1,NULL,0,0.000000,0.000000,NULL,0.000000,0.000000,0.000000,0,0,0,0,'default',0,1,NULL,1,'new',1,1,'both',NULL,0,'2026-03-19 15:29:48','2026-03-19 15:29:48',3),(3344,1,NULL,0,0,0,0.000000,1,NULL,0,0.000000,0.000000,NULL,0.000000,0.000000,0.000000,0,0,0,0,'default',0,1,NULL,1,'new',1,1,'both',NULL,0,'2026-03-19 15:29:48','2026-03-19 15:29:48',3),(3345,1,NULL,0,0,0,0.000000,1,NULL,0,0.000000,0.000000,NULL,0.000000,0.000000,0.000000,0,0,0,0,'default',0,1,NULL,1,'new',1,1,'both',NULL,0,'2026-03-19 15:29:48','2026-03-19 15:29:48',3),(3346,1,NULL,0,0,0,0.000000,1,NULL,0,0.000000,0.000000,NULL,0.000000,0.000000,0.000000,0,0,0,0,'default',0,1,NULL,1,'new',1,1,'both',NULL,0,'2026-03-19 15:29:48','2026-03-19 15:29:48',3),(3347,1,NULL,0,0,0,0.000000,1,NULL,0,0.000000,0.000000,NULL,0.000000,0.000000,0.000000,0,0,0,0,'default',0,1,NULL,1,'new',1,1,'both',NULL,0,'2026-03-19 15:29:48','2026-03-19 15:29:48',3),(3348,1,NULL,0,0,0,0.000000,1,NULL,0,0.000000,0.000000,NULL,0.000000,0.000000,0.000000,0,0,0,0,'default',0,1,NULL,1,'new',1,1,'both',NULL,0,'2026-03-19 15:29:48','2026-03-19 15:29:48',3),(3349,1,NULL,0,0,0,0.000000,1,NULL,0,0.000000,0.000000,NULL,0.000000,0.000000,0.000000,0,0,0,0,'default',0,1,NULL,1,'new',1,1,'both',NULL,0,'2026-03-19 15:29:48','2026-03-19 15:29:48',3),(3350,1,NULL,0,0,0,0.000000,1,NULL,0,0.000000,0.000000,NULL,0.000000,0.000000,0.000000,0,0,0,0,'default',0,1,NULL,1,'new',1,1,'both',NULL,0,'2026-03-19 15:29:48','2026-03-19 15:29:48',3),(3351,1,NULL,0,0,0,0.000000,1,NULL,0,0.000000,0.000000,NULL,0.000000,0.000000,0.000000,0,0,0,0,'default',0,1,NULL,1,'new',1,1,'both',NULL,0,'2026-03-19 15:29:48','2026-03-19 15:29:48',3),(3352,1,NULL,0,0,0,0.000000,1,NULL,0,0.000000,0.000000,NULL,0.000000,0.000000,0.000000,0,0,0,0,'default',0,1,NULL,1,'new',1,1,'both',NULL,0,'2026-03-19 15:29:48','2026-03-19 15:29:48',3),(3353,1,NULL,0,0,0,0.000000,1,NULL,0,0.000000,0.000000,NULL,0.000000,0.000000,0.000000,0,0,0,0,'default',0,1,NULL,1,'new',1,1,'both',NULL,0,'2026-03-19 15:29:48','2026-03-19 15:29:48',3),(3354,1,NULL,0,0,0,0.000000,1,NULL,0,0.000000,0.000000,NULL,0.000000,0.000000,0.000000,0,0,0,0,'default',0,1,NULL,1,'new',1,1,'both',NULL,0,'2026-03-19 15:29:48','2026-03-19 15:29:48',3),(3355,1,NULL,0,0,0,0.000000,1,NULL,0,0.000000,0.000000,NULL,0.000000,0.000000,0.000000,0,0,0,0,'default',0,1,NULL,1,'new',1,1,'both',NULL,0,'2026-03-19 15:29:48','2026-03-19 15:29:48',3),(3356,1,NULL,0,0,0,0.000000,1,NULL,0,0.000000,0.000000,NULL,0.000000,0.000000,0.000000,0,0,0,0,'default',0,1,NULL,1,'new',1,1,'both',NULL,0,'2026-03-19 15:29:48','2026-03-19 15:29:48',3),(3357,1,NULL,0,0,0,0.000000,1,NULL,0,0.000000,0.000000,NULL,0.000000,0.000000,0.000000,0,0,0,0,'default',0,1,NULL,1,'new',1,1,'both',NULL,0,'2026-03-19 15:29:48','2026-03-19 15:29:48',3),(3358,1,NULL,0,0,0,0.000000,1,NULL,0,0.000000,0.000000,NULL,0.000000,0.000000,0.000000,0,0,0,0,'default',0,1,NULL,1,'new',1,1,'both',NULL,0,'2026-03-19 15:29:48','2026-03-19 15:29:48',3),(3359,1,NULL,0,0,0,0.000000,1,NULL,0,0.000000,0.000000,NULL,0.000000,0.000000,0.000000,0,0,0,0,'default',0,1,NULL,1,'new',1,1,'both',NULL,0,'2026-03-19 15:29:48','2026-03-19 15:29:48',3),(3360,1,NULL,0,0,0,0.000000,1,NULL,0,0.000000,0.000000,NULL,0.000000,0.000000,0.000000,0,0,0,0,'default',0,1,NULL,1,'new',1,1,'both',NULL,0,'2026-03-19 15:29:48','2026-03-19 15:29:48',3),(3361,1,NULL,0,0,0,0.000000,1,NULL,0,0.000000,0.000000,NULL,0.000000,0.000000,0.000000,0,0,0,0,'default',0,1,NULL,1,'new',1,1,'both',NULL,0,'2026-03-19 15:29:48','2026-03-19 15:29:48',3),(3362,1,NULL,0,0,0,0.000000,1,NULL,0,0.000000,0.000000,NULL,0.000000,0.000000,0.000000,0,0,0,0,'default',0,1,NULL,1,'new',1,1,'both',NULL,0,'2026-03-19 15:29:48','2026-03-19 15:29:48',3),(3363,1,NULL,0,0,0,0.000000,1,NULL,0,0.000000,0.000000,NULL,0.000000,0.000000,0.000000,0,0,0,0,'default',0,1,NULL,1,'new',1,1,'both',NULL,0,'2026-03-19 15:29:48','2026-03-19 15:29:48',3),(3364,1,NULL,0,0,0,0.000000,1,NULL,0,0.000000,0.000000,NULL,0.000000,0.000000,0.000000,0,0,0,0,'default',0,1,NULL,1,'new',1,1,'both',NULL,0,'2026-03-19 15:29:48','2026-03-19 15:29:48',3),(3365,1,NULL,0,0,0,0.000000,1,NULL,0,0.000000,0.000000,NULL,0.000000,0.000000,0.000000,0,0,0,0,'default',0,1,NULL,1,'new',1,1,'both',NULL,0,'2026-03-19 15:29:48','2026-03-19 15:29:48',3),(3366,1,NULL,0,0,0,0.000000,1,NULL,0,0.000000,0.000000,NULL,0.000000,0.000000,0.000000,0,0,0,0,'default',0,1,NULL,1,'new',1,1,'both',NULL,0,'2026-03-19 15:29:48','2026-03-19 15:29:48',3),(3367,1,NULL,0,0,0,0.000000,1,NULL,0,0.000000,0.000000,NULL,0.000000,0.000000,0.000000,0,0,0,0,'default',0,1,NULL,1,'new',1,1,'both',NULL,0,'2026-03-19 15:29:48','2026-03-19 15:29:48',3),(3368,1,NULL,0,0,0,0.000000,1,NULL,0,0.000000,0.000000,NULL,0.000000,0.000000,0.000000,0,0,0,0,'default',0,1,NULL,1,'new',1,1,'both',NULL,0,'2026-03-19 15:29:48','2026-03-19 15:29:48',3),(3369,1,NULL,0,0,0,0.000000,1,NULL,0,0.000000,0.000000,NULL,0.000000,0.000000,0.000000,0,0,0,0,'default',0,1,NULL,1,'new',1,1,'both',NULL,0,'2026-03-19 15:29:48','2026-03-19 15:29:48',3),(3370,1,NULL,0,0,0,0.000000,1,NULL,0,0.000000,0.000000,NULL,0.000000,0.000000,0.000000,0,0,0,0,'default',0,1,NULL,1,'new',1,1,'both',NULL,0,'2026-03-19 15:29:48','2026-03-19 15:29:48',3),(3371,1,NULL,0,0,0,0.000000,1,NULL,0,0.000000,0.000000,NULL,0.000000,0.000000,0.000000,0,0,0,0,'default',0,1,NULL,1,'new',1,1,'both',NULL,0,'2026-03-19 15:29:48','2026-03-19 15:29:48',3),(3372,1,NULL,0,0,0,0.000000,1,NULL,0,0.000000,0.000000,NULL,0.000000,0.000000,0.000000,0,0,0,0,'default',0,1,NULL,1,'new',1,1,'both',NULL,0,'2026-03-19 15:29:48','2026-03-19 15:29:48',3),(3373,1,NULL,0,0,0,0.000000,1,NULL,0,0.000000,0.000000,NULL,0.000000,0.000000,0.000000,0,0,0,0,'default',0,1,NULL,1,'new',1,1,'both',NULL,0,'2026-03-19 15:29:48','2026-03-19 15:29:48',3),(3374,1,NULL,0,0,0,0.000000,1,NULL,0,0.000000,0.000000,NULL,0.000000,0.000000,0.000000,0,0,0,0,'default',0,1,NULL,1,'new',1,1,'both',NULL,0,'2026-03-19 15:29:48','2026-03-19 15:29:48',3),(3375,1,NULL,0,0,0,0.000000,1,NULL,0,0.000000,0.000000,NULL,0.000000,0.000000,0.000000,0,0,0,0,'default',0,1,NULL,1,'new',1,1,'both',NULL,0,'2026-03-19 15:29:48','2026-03-19 15:29:48',3),(3376,1,NULL,0,0,0,0.000000,1,NULL,0,0.000000,0.000000,NULL,0.000000,0.000000,0.000000,0,0,0,0,'default',0,1,NULL,1,'new',1,1,'both',NULL,0,'2026-03-19 15:29:48','2026-03-19 15:29:48',3),(3377,1,NULL,0,0,0,0.000000,1,NULL,0,0.000000,0.000000,NULL,0.000000,0.000000,0.000000,0,0,0,0,'default',0,1,NULL,1,'new',1,1,'both',NULL,0,'2026-03-19 15:29:48','2026-03-19 15:29:48',3),(3378,1,NULL,0,0,0,0.000000,1,NULL,0,0.000000,0.000000,NULL,0.000000,0.000000,0.000000,0,0,0,0,'default',0,1,NULL,1,'new',1,1,'both',NULL,0,'2026-03-19 15:29:48','2026-03-19 15:29:48',3),(3379,1,NULL,0,0,0,0.000000,1,NULL,0,0.000000,0.000000,NULL,0.000000,0.000000,0.000000,0,0,0,0,'default',0,1,NULL,1,'new',1,1,'both',NULL,0,'2026-03-19 15:29:48','2026-03-19 15:29:48',3),(3380,1,NULL,0,0,0,0.000000,1,NULL,0,0.000000,0.000000,NULL,0.000000,0.000000,0.000000,0,0,0,0,'default',0,1,NULL,1,'new',1,1,'both',NULL,0,'2026-03-19 15:29:48','2026-03-19 15:29:48',3),(3381,1,NULL,0,0,0,0.000000,1,NULL,0,0.000000,0.000000,NULL,0.000000,0.000000,0.000000,0,0,0,0,'default',0,1,NULL,1,'new',1,1,'both',NULL,0,'2026-03-19 15:29:48','2026-03-19 15:29:48',3),(3382,1,NULL,0,0,0,0.000000,1,NULL,0,0.000000,0.000000,NULL,0.000000,0.000000,0.000000,0,0,0,0,'default',0,1,NULL,1,'new',1,1,'both',NULL,0,'2026-03-19 15:29:48','2026-03-19 15:29:48',3),(3383,1,NULL,0,0,0,0.000000,1,NULL,0,0.000000,0.000000,NULL,0.000000,0.000000,0.000000,0,0,0,0,'default',0,1,NULL,1,'new',1,1,'both',NULL,0,'2026-03-19 15:29:48','2026-03-19 15:29:48',3),(3384,1,NULL,0,0,0,0.000000,1,NULL,0,0.000000,0.000000,NULL,0.000000,0.000000,0.000000,0,0,0,0,'default',0,1,NULL,1,'new',1,1,'both',NULL,0,'2026-03-19 15:29:48','2026-03-19 15:29:48',3),(3385,1,NULL,0,0,0,0.000000,1,NULL,0,0.000000,0.000000,NULL,0.000000,0.000000,0.000000,0,0,0,0,'default',0,1,NULL,1,'new',1,1,'both',NULL,0,'2026-03-19 15:29:48','2026-03-19 15:29:48',3),(3386,1,NULL,0,0,0,0.000000,1,NULL,0,0.000000,0.000000,NULL,0.000000,0.000000,0.000000,0,0,0,0,'default',0,1,NULL,1,'new',1,1,'both',NULL,0,'2026-03-19 15:29:48','2026-03-19 15:29:48',3),(3387,1,NULL,0,0,0,0.000000,1,NULL,0,0.000000,0.000000,NULL,0.000000,0.000000,0.000000,0,0,0,0,'default',0,1,NULL,1,'new',1,1,'both',NULL,0,'2026-03-19 15:29:48','2026-03-19 15:29:48',3),(3388,1,NULL,0,0,0,0.000000,1,NULL,0,0.000000,0.000000,NULL,0.000000,0.000000,0.000000,0,0,0,0,'default',0,1,NULL,1,'new',1,1,'both',NULL,0,'2026-03-19 15:29:48','2026-03-19 15:29:48',3);

--
-- Table structure for table `pre3574_product_supplier`
--

CREATE TABLE `pre3574_product_supplier` (
  `id_product_supplier` int unsigned NOT NULL AUTO_INCREMENT,
  `id_product` int unsigned NOT NULL,
  `id_product_attribute` int unsigned NOT NULL DEFAULT '0',
  `id_supplier` int unsigned NOT NULL,
  `product_supplier_reference` varchar(64) DEFAULT NULL,
  `product_supplier_price_te` decimal(20,6) NOT NULL DEFAULT '0.000000',
  `id_currency` int unsigned NOT NULL,
  PRIMARY KEY (`id_product_supplier`),
  UNIQUE KEY `id_product` (`id_product`,`id_product_attribute`,`id_supplier`),
  KEY `id_supplier` (`id_supplier`,`id_product`)
) ENGINE=InnoDB DEFAULT CHARSET=utf8mb4 COLLATE=utf8mb4_0900_ai_ci;

--
-- Dumping data for table `pre3574_product_supplier`
--


--
-- Table structure for table `pre3574_product_tag`
--

CREATE TABLE `pre3574_product_tag` (
  `id_product` int unsigned NOT NULL,
  `id_tag` int unsigned NOT NULL,
  `id_lang` int unsigned NOT NULL,
  PRIMARY KEY (`id_product`,`id_tag`),
  KEY `id_tag` (`id_tag`),
  KEY `id_lang` (`id_lang`,`id_tag`)
) ENGINE=InnoDB DEFAULT CHARSET=utf8mb4 COLLATE=utf8mb4_0900_ai_ci;

--
-- Dumping data for table `pre3574_product_tag`
--


--
-- Table structure for table `pre3574_profile`
--

CREATE TABLE `pre3574_profile` (
  `id_profile` int unsigned NOT NULL AUTO_INCREMENT,
  PRIMARY KEY (`id_profile`)
) ENGINE=InnoDB AUTO_INCREMENT=2 DEFAULT CHARSET=utf8mb4 COLLATE=utf8mb4_0900_ai_ci;

--
-- Dumping data for table `pre3574_profile`
--

INSERT INTO `pre3574_profile` VALUES (1);

--
-- Table structure for table `pre3574_profile_lang`
--

CREATE TABLE `pre3574_profile_lang` (
  `id_lang` int unsigned NOT NULL,
  `id_profile` int unsigned NOT NULL,
  `name` varchar(128) NOT NULL,
  PRIMARY KEY (`id_profile`,`id_lang`)
) ENGINE=InnoDB DEFAULT CHARSET=utf8mb4 COLLATE=utf8mb4_0900_ai_ci;

--
-- Dumping data for table `pre3574_profile_lang`
--

INSERT INTO `pre3574_profile_lang` VALUES (1,1,'SuperAdmin'),(2,1,'SuperAdmin');

--
-- Table structure for table `pre3574_psgdpr_consent`
--

CREATE TABLE `pre3574_psgdpr_consent` (
  `id_gdpr_consent` int unsigned NOT NULL AUTO_INCREMENT,
  `id_module` int unsigned NOT NULL,
  `active` int NOT NULL,
  `error` int DEFAULT NULL,
  `error_message` text,
  `date_add` datetime NOT NULL,
  `date_upd` datetime NOT NULL,
  PRIMARY KEY (`id_gdpr_consent`,`id_module`)
) ENGINE=InnoDB DEFAULT CHARSET=utf8mb3;

--
-- Dumping data for table `pre3574_psgdpr_consent`
--


--
-- Table structure for table `pre3574_psgdpr_consent_lang`
--

CREATE TABLE `pre3574_psgdpr_consent_lang` (
  `id_gdpr_consent` int unsigned NOT NULL AUTO_INCREMENT,
  `id_lang` int unsigned NOT NULL,
  `message` text,
  `id_shop` int unsigned NOT NULL,
  PRIMARY KEY (`id_gdpr_consent`,`id_lang`,`id_shop`)
) ENGINE=InnoDB DEFAULT CHARSET=utf8mb3;

--
-- Dumping data for table `pre3574_psgdpr_consent_lang`
--


--
-- Table structure for table `pre3574_psgdpr_log`
--

CREATE TABLE `pre3574_psgdpr_log` (
  `id_gdpr_log` int unsigned NOT NULL AUTO_INCREMENT,
  `id_customer` int unsigned DEFAULT NULL,
  `id_guest` int unsigned DEFAULT NULL,
  `client_name` varchar(250) DEFAULT NULL,
  `id_module` int unsigned NOT NULL,
  `request_type` int NOT NULL,
  `date_add` datetime NOT NULL,
  `date_upd` datetime NOT NULL,
  PRIMARY KEY (`id_gdpr_log`),
  KEY `id_customer` (`id_customer`),
  KEY `idx_id_customer` (`id_customer`,`id_guest`,`client_name`,`id_module`,`date_add`,`date_upd`)
) ENGINE=InnoDB DEFAULT CHARSET=utf8mb3;

--
-- Dumping data for table `pre3574_psgdpr_log`
--


--
-- Table structure for table `pre3574_psreassurance`
--

CREATE TABLE `pre3574_psreassurance` (
  `id_psreassurance` int unsigned NOT NULL AUTO_INCREMENT,
  `icon` varchar(255) DEFAULT NULL,
  `custom_icon` varchar(255) DEFAULT NULL,
  `status` int unsigned NOT NULL,
  `position` int unsigned NOT NULL,
  `type_link` int unsigned DEFAULT NULL,
  `id_cms` int unsigned DEFAULT NULL,
  `date_add` datetime NOT NULL,
  `date_upd` datetime DEFAULT NULL,
  PRIMARY KEY (`id_psreassurance`)
) ENGINE=InnoDB AUTO_INCREMENT=4 DEFAULT CHARSET=utf8mb3;

--
-- Dumping data for table `pre3574_psreassurance`
--

INSERT INTO `pre3574_psreassurance` VALUES (1,'//modules/blockreassurance/views/img/reassurance/pack2/security.svg',NULL,1,1,NULL,NULL,'2026-03-19 14:03:10',NULL),(2,'//modules/blockreassurance/views/img/reassurance/pack2/carrier.svg',NULL,1,2,NULL,NULL,'2026-03-19 14:03:10',NULL),(3,'//modules/blockreassurance/views/img/reassurance/pack2/parcel.svg',NULL,1,3,NULL,NULL,'2026-03-19 14:03:10',NULL);

--
-- Table structure for table `pre3574_psreassurance_lang`
--

CREATE TABLE `pre3574_psreassurance_lang` (
  `id_psreassurance` int unsigned NOT NULL,
  `id_lang` int unsigned NOT NULL,
  `title` varchar(255) NOT NULL,
  `description` varchar(255) NOT NULL,
  `link` varchar(255) NOT NULL,
  PRIMARY KEY (`id_psreassurance`,`id_lang`)
) ENGINE=InnoDB DEFAULT CHARSET=utf8mb3;

--
-- Dumping data for table `pre3574_psreassurance_lang`
--

INSERT INTO `pre3574_psreassurance_lang` VALUES (1,1,'Security policy','(edit with the Customer Reassurance module)',''),(1,2,'Security policy','(edit with the Customer Reassurance module)',''),(2,1,'Delivery policy','(edit with the Customer Reassurance module)',''),(2,2,'Delivery policy','(edit with the Customer Reassurance module)',''),(3,1,'Return policy','(edit with the Customer Reassurance module)',''),(3,2,'Return policy','(edit with the Customer Reassurance module)','');

--
-- Table structure for table `pre3574_quick_access`
--

CREATE TABLE `pre3574_quick_access` (
  `id_quick_access` int unsigned NOT NULL AUTO_INCREMENT,
  `new_window` tinyint(1) NOT NULL DEFAULT '0',
  `link` varchar(255) NOT NULL,
  PRIMARY KEY (`id_quick_access`)
) ENGINE=InnoDB AUTO_INCREMENT=7 DEFAULT CHARSET=utf8mb4 COLLATE=utf8mb4_0900_ai_ci;

--
-- Dumping data for table `pre3574_quick_access`
--

INSERT INTO `pre3574_quick_access` VALUES (1,0,'index.php/sell/orders'),(2,0,'index.php?controller=AdminCartRules&addcart_rule'),(3,0,'index.php/sell/catalog/products/new'),(4,0,'index.php/sell/catalog/categories/new'),(5,0,'index.php/improve/modules/manage'),(6,0,'index.php?controller=AdminStats&module=statscheckup');

--
-- Table structure for table `pre3574_quick_access_lang`
--

CREATE TABLE `pre3574_quick_access_lang` (
  `id_quick_access` int unsigned NOT NULL,
  `id_lang` int unsigned NOT NULL,
  `name` varchar(32) NOT NULL,
  PRIMARY KEY (`id_quick_access`,`id_lang`)
) ENGINE=InnoDB DEFAULT CHARSET=utf8mb4 COLLATE=utf8mb4_0900_ai_ci;

--
-- Dumping data for table `pre3574_quick_access_lang`
--

INSERT INTO `pre3574_quick_access_lang` VALUES (1,1,'Orders'),(1,2,'Orders'),(2,1,'New voucher'),(2,2,'New voucher'),(3,1,'New product'),(3,2,'New product'),(4,1,'New category'),(4,2,'New category'),(5,1,'Installed modules'),(5,2,'Installed modules'),(6,1,'Catalog evaluation'),(6,2,'Catalog evaluation');

--
-- Table structure for table `pre3574_range_price`
--

CREATE TABLE `pre3574_range_price` (
  `id_range_price` int unsigned NOT NULL AUTO_INCREMENT,
  `id_carrier` int unsigned NOT NULL,
  `delimiter1` decimal(20,6) NOT NULL,
  `delimiter2` decimal(20,6) NOT NULL,
  PRIMARY KEY (`id_range_price`),
  UNIQUE KEY `id_carrier` (`id_carrier`,`delimiter1`,`delimiter2`)
) ENGINE=InnoDB DEFAULT CHARSET=utf8mb4 COLLATE=utf8mb4_0900_ai_ci;

--
-- Dumping data for table `pre3574_range_price`
--


--
-- Table structure for table `pre3574_range_weight`
--

CREATE TABLE `pre3574_range_weight` (
  `id_range_weight` int unsigned NOT NULL AUTO_INCREMENT,
  `id_carrier` int unsigned NOT NULL,
  `delimiter1` decimal(20,6) NOT NULL,
  `delimiter2` decimal(20,6) NOT NULL,
  PRIMARY KEY (`id_range_weight`),
  UNIQUE KEY `id_carrier` (`id_carrier`,`delimiter1`,`delimiter2`)
) ENGINE=InnoDB DEFAULT CHARSET=utf8mb4 COLLATE=utf8mb4_0900_ai_ci;

--
-- Dumping data for table `pre3574_range_weight`
--


--
-- Table structure for table `pre3574_request_sql`
--

CREATE TABLE `pre3574_request_sql` (
  `id_request_sql` int NOT NULL AUTO_INCREMENT,
  `name` varchar(200) NOT NULL,
  `sql` mediumtext NOT NULL,
  PRIMARY KEY (`id_request_sql`)
) ENGINE=InnoDB DEFAULT CHARSET=utf8mb4 COLLATE=utf8mb4_0900_ai_ci;

--
-- Dumping data for table `pre3574_request_sql`
--


--
-- Table structure for table `pre3574_required_field`
--

CREATE TABLE `pre3574_required_field` (
  `id_required_field` int NOT NULL AUTO_INCREMENT,
  `object_name` varchar(32) NOT NULL,
  `field_name` varchar(32) NOT NULL,
  PRIMARY KEY (`id_required_field`),
  KEY `object_name` (`object_name`)
) ENGINE=InnoDB DEFAULT CHARSET=utf8mb4 COLLATE=utf8mb4_0900_ai_ci;

--
-- Dumping data for table `pre3574_required_field`
--


--
-- Table structure for table `pre3574_risk`
--

CREATE TABLE `pre3574_risk` (
  `id_risk` int unsigned NOT NULL AUTO_INCREMENT,
  `percent` tinyint NOT NULL,
  `color` varchar(32) DEFAULT NULL,
  PRIMARY KEY (`id_risk`)
) ENGINE=InnoDB AUTO_INCREMENT=5 DEFAULT CHARSET=utf8mb4 COLLATE=utf8mb4_0900_ai_ci;

--
-- Dumping data for table `pre3574_risk`
--

INSERT INTO `pre3574_risk` VALUES (1,0,'#32CD32'),(2,35,'#FF8C00'),(3,75,'#DC143C'),(4,100,'#ec2e15');

--
-- Table structure for table `pre3574_risk_lang`
--

CREATE TABLE `pre3574_risk_lang` (
  `id_risk` int unsigned NOT NULL,
  `id_lang` int unsigned NOT NULL,
  `name` varchar(20) NOT NULL,
  PRIMARY KEY (`id_risk`,`id_lang`),
  KEY `id_risk` (`id_risk`)
) ENGINE=InnoDB DEFAULT CHARSET=utf8mb4 COLLATE=utf8mb4_0900_ai_ci;

--
-- Dumping data for table `pre3574_risk_lang`
--

INSERT INTO `pre3574_risk_lang` VALUES (1,1,'None'),(1,2,'None'),(2,1,'Low'),(2,2,'Low'),(3,1,'Medium'),(3,2,'Medium'),(4,1,'High'),(4,2,'High');

--
-- Table structure for table `pre3574_search_engine`
--

CREATE TABLE `pre3574_search_engine` (
  `id_search_engine` int unsigned NOT NULL AUTO_INCREMENT,
  `server` varchar(64) NOT NULL,
  `getvar` varchar(16) NOT NULL,
  PRIMARY KEY (`id_search_engine`)
) ENGINE=InnoDB AUTO_INCREMENT=39 DEFAULT CHARSET=utf8mb4 COLLATE=utf8mb4_0900_ai_ci;

--
-- Dumping data for table `pre3574_search_engine`
--

INSERT INTO `pre3574_search_engine` VALUES (1,'google','q'),(2,'aol','q'),(3,'yandex','text'),(4,'ask.com','q'),(5,'nhl.com','q'),(6,'yahoo','p'),(7,'baidu','wd'),(8,'lycos','query'),(9,'exalead','q'),(10,'search.live','q'),(11,'voila','rdata'),(12,'altavista','q'),(13,'bing','q'),(14,'daum','q'),(15,'eniro','search_word'),(16,'naver','query'),(17,'msn','q'),(18,'netscape','query'),(19,'cnn','query'),(20,'about','terms'),(21,'mamma','query'),(22,'alltheweb','q'),(23,'virgilio','qs'),(24,'alice','qs'),(25,'najdi','q'),(26,'mama','query'),(27,'seznam','q'),(28,'onet','qt'),(29,'szukacz','q'),(30,'yam','k'),(31,'pchome','q'),(32,'kvasir','q'),(33,'sesam','q'),(34,'ozu','q'),(35,'terra','query'),(36,'mynet','q'),(37,'ekolay','q'),(38,'rambler','words');

--
-- Table structure for table `pre3574_search_index`
--

CREATE TABLE `pre3574_search_index` (
  `id_product` int unsigned NOT NULL,
  `id_word` int unsigned NOT NULL,
  `weight` smallint unsigned NOT NULL DEFAULT '1',
  PRIMARY KEY (`id_word`,`id_product`),
  KEY `id_product` (`id_product`,`weight`)
) ENGINE=InnoDB DEFAULT CHARSET=utf8mb4 COLLATE=utf8mb4_0900_ai_ci;

--
-- Dumping data for table `pre3574_search_index`
--

INSERT INTO `pre3574_search_index` VALUES (1,7,3),(1,14,3),(1,1,6),(1,2,6),(1,3,6),(1,4,6),(1,5,6),(1,8,6),(1,9,6),(1,10,6),(1,11,6),(1,12,6),(1,6,30),(1,13,30),(2,7,3),(2,14,3),(2,29,6),(2,30,6),(2,31,6),(2,32,6),(2,33,6),(2,36,6),(2,37,6),(2,38,6),(2,39,6),(2,40,6),(2,34,30),(2,41,30);

--
-- Table structure for table `pre3574_search_word`
--

CREATE TABLE `pre3574_search_word` (
  `id_word` int unsigned NOT NULL AUTO_INCREMENT,
  `id_shop` int unsigned NOT NULL DEFAULT '1',
  `id_lang` int unsigned NOT NULL,
  `word` varchar(30) NOT NULL,
  PRIMARY KEY (`id_word`),
  UNIQUE KEY `id_lang` (`id_lang`,`id_shop`,`word`)
) ENGINE=InnoDB AUTO_INCREMENT=43 DEFAULT CHARSET=utf8mb4 COLLATE=utf8mb4_0900_ai_ci;

--
-- Dumping data for table `pre3574_search_word`
--

INSERT INTO `pre3574_search_word` VALUES (6,1,1,'00079'),(34,1,1,'00114'),(31,1,1,'025l'),(5,1,1,'24x025l'),(33,1,1,'24x25cl'),(3,1,1,'biere'),(30,1,1,'bull'),(2,1,1,'cas'),(7,1,1,'home'),(1,1,1,'jupiler'),(4,1,1,'pils'),(29,1,1,'red'),(32,1,1,'regular'),(13,1,2,'00079'),(41,1,2,'00114'),(38,1,2,'025l'),(12,1,2,'24x025l'),(40,1,2,'24x25cl'),(10,1,2,'biere'),(37,1,2,'bull'),(9,1,2,'cas'),(14,1,2,'home'),(8,1,2,'jupiler'),(11,1,2,'pils'),(36,1,2,'red'),(39,1,2,'regular');

--
-- Table structure for table `pre3574_shop`
--

CREATE TABLE `pre3574_shop` (
  `id_shop` int NOT NULL AUTO_INCREMENT,
  `id_shop_group` int NOT NULL,
  `name` varchar(64) COLLATE utf8mb4_unicode_ci NOT NULL,
  `color` varchar(50) COLLATE utf8mb4_unicode_ci NOT NULL,
  `id_category` int NOT NULL,
  `theme_name` varchar(255) COLLATE utf8mb4_unicode_ci NOT NULL,
  `active` tinyint(1) NOT NULL,
  `deleted` tinyint(1) NOT NULL,
  PRIMARY KEY (`id_shop`),
  KEY `IDX_D1CCD750F5C9E40` (`id_shop_group`)
) ENGINE=InnoDB AUTO_INCREMENT=2 DEFAULT CHARSET=utf8mb4 COLLATE=utf8mb4_unicode_ci;

--
-- Dumping data for table `pre3574_shop`
--

INSERT INTO `pre3574_shop` VALUES (1,1,'PrestaShop','',2,'classic',1,0);

--
-- Table structure for table `pre3574_shop_group`
--

CREATE TABLE `pre3574_shop_group` (
  `id_shop_group` int NOT NULL AUTO_INCREMENT,
  `name` varchar(64) COLLATE utf8mb4_unicode_ci NOT NULL,
  `color` varchar(50) COLLATE utf8mb4_unicode_ci NOT NULL,
  `share_customer` tinyint(1) NOT NULL,
  `share_order` tinyint(1) NOT NULL,
  `share_stock` tinyint(1) NOT NULL,
  `active` tinyint(1) NOT NULL,
  `deleted` tinyint(1) NOT NULL,
  PRIMARY KEY (`id_shop_group`)
) ENGINE=InnoDB AUTO_INCREMENT=2 DEFAULT CHARSET=utf8mb4 COLLATE=utf8mb4_unicode_ci;

--
-- Dumping data for table `pre3574_shop_group`
--

INSERT INTO `pre3574_shop_group` VALUES (1,'Default','',0,0,0,1,0);

--
-- Table structure for table `pre3574_shop_url`
--

CREATE TABLE `pre3574_shop_url` (
  `id_shop_url` int NOT NULL AUTO_INCREMENT,
  `id_shop` int NOT NULL,
  `domain` varchar(150) NOT NULL,
  `domain_ssl` varchar(150) NOT NULL,
  `physical_uri` varchar(64) NOT NULL,
  `virtual_uri` varchar(64) NOT NULL,
  `main` tinyint(1) NOT NULL,
  `active` tinyint(1) NOT NULL,
  PRIMARY KEY (`id_shop_url`),
  KEY `IDX_6C4D0A43274A50A0` (`id_shop`)
) ENGINE=InnoDB AUTO_INCREMENT=2 DEFAULT CHARSET=utf8mb4 COLLATE=utf8mb4_0900_ai_ci;

--
-- Dumping data for table `pre3574_shop_url`
--

INSERT INTO `pre3574_shop_url` VALUES (1,1,'test-java.com','test-java.com','/','',1,1);

--
-- Table structure for table `pre3574_smarty_cache`
--

CREATE TABLE `pre3574_smarty_cache` (
  `id_smarty_cache` char(40) NOT NULL,
  `name` char(40) NOT NULL,
  `cache_id` varchar(254) DEFAULT NULL,
  `modified` timestamp NOT NULL DEFAULT CURRENT_TIMESTAMP,
  `content` longtext NOT NULL,
  PRIMARY KEY (`id_smarty_cache`),
  KEY `name` (`name`),
  KEY `cache_id` (`cache_id`),
  KEY `modified` (`modified`)
) ENGINE=InnoDB DEFAULT CHARSET=utf8mb4 COLLATE=utf8mb4_0900_ai_ci;

--
-- Dumping data for table `pre3574_smarty_cache`
--


--
-- Table structure for table `pre3574_smarty_last_flush`
--

CREATE TABLE `pre3574_smarty_last_flush` (
  `type` enum('compile','template') NOT NULL,
  `last_flush` datetime NOT NULL DEFAULT '0000-00-00 00:00:00',
  PRIMARY KEY (`type`)
) ENGINE=InnoDB DEFAULT CHARSET=utf8mb4 COLLATE=utf8mb4_0900_ai_ci;

--
-- Dumping data for table `pre3574_smarty_last_flush`
--


--
-- Table structure for table `pre3574_smarty_lazy_cache`
--

CREATE TABLE `pre3574_smarty_lazy_cache` (
  `template_hash` varchar(32) NOT NULL DEFAULT '',
  `cache_id` varchar(191) NOT NULL DEFAULT '',
  `compile_id` varchar(32) NOT NULL DEFAULT '',
  `filepath` varchar(255) NOT NULL DEFAULT '',
  `last_update` datetime NOT NULL DEFAULT '0000-00-00 00:00:00',
  PRIMARY KEY (`template_hash`,`cache_id`,`compile_id`)
) ENGINE=InnoDB DEFAULT CHARSET=utf8mb4 COLLATE=utf8mb4_0900_ai_ci;

--
-- Dumping data for table `pre3574_smarty_lazy_cache`
--


--
-- Table structure for table `pre3574_specific_price`
--

CREATE TABLE `pre3574_specific_price` (
  `id_specific_price` int unsigned NOT NULL AUTO_INCREMENT,
  `id_specific_price_rule` int unsigned NOT NULL,
  `id_cart` int unsigned NOT NULL,
  `id_product` int unsigned NOT NULL,
  `id_shop` int unsigned NOT NULL DEFAULT '1',
  `id_shop_group` int unsigned NOT NULL,
  `id_currency` int unsigned NOT NULL,
  `id_country` int unsigned NOT NULL,
  `id_group` int unsigned NOT NULL,
  `id_customer` int unsigned NOT NULL,
  `id_product_attribute` int unsigned NOT NULL,
  `price` decimal(20,6) NOT NULL,
  `from_quantity` mediumint unsigned NOT NULL,
  `reduction` decimal(20,6) NOT NULL,
  `reduction_tax` tinyint(1) NOT NULL DEFAULT '1',
  `reduction_type` enum('amount','percentage') NOT NULL,
  `from` datetime NOT NULL,
  `to` datetime NOT NULL,
  PRIMARY KEY (`id_specific_price`),
  UNIQUE KEY `id_product_2` (`id_product`,`id_product_attribute`,`id_customer`,`id_cart`,`from`,`to`,`id_shop`,`id_shop_group`,`id_currency`,`id_country`,`id_group`,`from_quantity`,`id_specific_price_rule`),
  KEY `id_product` (`id_product`,`id_shop`,`id_currency`,`id_country`,`id_group`,`id_customer`,`from_quantity`,`from`,`to`),
  KEY `from_quantity` (`from_quantity`),
  KEY `id_specific_price_rule` (`id_specific_price_rule`),
  KEY `id_cart` (`id_cart`),
  KEY `id_product_attribute` (`id_product_attribute`),
  KEY `id_shop` (`id_shop`),
  KEY `id_customer` (`id_customer`),
  KEY `from` (`from`),
  KEY `to` (`to`)
) ENGINE=InnoDB DEFAULT CHARSET=utf8mb4 COLLATE=utf8mb4_0900_ai_ci;

--
-- Dumping data for table `pre3574_specific_price`
--


--
-- Table structure for table `pre3574_specific_price_priority`
--

CREATE TABLE `pre3574_specific_price_priority` (
  `id_specific_price_priority` int NOT NULL AUTO_INCREMENT,
  `id_product` int NOT NULL,
  `priority` varchar(80) NOT NULL,
  PRIMARY KEY (`id_specific_price_priority`,`id_product`),
  UNIQUE KEY `id_product` (`id_product`)
) ENGINE=InnoDB DEFAULT CHARSET=utf8mb4 COLLATE=utf8mb4_0900_ai_ci;

--
-- Dumping data for table `pre3574_specific_price_priority`
--


--
-- Table structure for table `pre3574_specific_price_rule`
--

CREATE TABLE `pre3574_specific_price_rule` (
  `id_specific_price_rule` int unsigned NOT NULL AUTO_INCREMENT,
  `name` varchar(255) NOT NULL,
  `id_shop` int unsigned NOT NULL DEFAULT '1',
  `id_currency` int unsigned NOT NULL,
  `id_country` int unsigned NOT NULL,
  `id_group` int unsigned NOT NULL,
  `from_quantity` mediumint unsigned NOT NULL,
  `price` decimal(20,6) DEFAULT NULL,
  `reduction` decimal(20,6) NOT NULL,
  `reduction_tax` tinyint(1) NOT NULL DEFAULT '1',
  `reduction_type` enum('amount','percentage') NOT NULL,
  `from` datetime NOT NULL,
  `to` datetime NOT NULL,
  PRIMARY KEY (`id_specific_price_rule`),
  KEY `id_product` (`id_shop`,`id_currency`,`id_country`,`id_group`,`from_quantity`,`from`,`to`)
) ENGINE=InnoDB DEFAULT CHARSET=utf8mb4 COLLATE=utf8mb4_0900_ai_ci;

--
-- Dumping data for table `pre3574_specific_price_rule`
--


--
-- Table structure for table `pre3574_specific_price_rule_condition`
--

CREATE TABLE `pre3574_specific_price_rule_condition` (
  `id_specific_price_rule_condition` int unsigned NOT NULL AUTO_INCREMENT,
  `id_specific_price_rule_condition_group` int unsigned NOT NULL,
  `type` varchar(255) NOT NULL,
  `value` varchar(255) NOT NULL,
  PRIMARY KEY (`id_specific_price_rule_condition`),
  KEY `id_specific_price_rule_condition_group` (`id_specific_price_rule_condition_group`)
) ENGINE=InnoDB DEFAULT CHARSET=utf8mb4 COLLATE=utf8mb4_0900_ai_ci;

--
-- Dumping data for table `pre3574_specific_price_rule_condition`
--


--
-- Table structure for table `pre3574_specific_price_rule_condition_group`
--

CREATE TABLE `pre3574_specific_price_rule_condition_group` (
  `id_specific_price_rule_condition_group` int unsigned NOT NULL AUTO_INCREMENT,
  `id_specific_price_rule` int unsigned NOT NULL,
  PRIMARY KEY (`id_specific_price_rule_condition_group`,`id_specific_price_rule`)
) ENGINE=InnoDB DEFAULT CHARSET=utf8mb4 COLLATE=utf8mb4_0900_ai_ci;

--
-- Dumping data for table `pre3574_specific_price_rule_condition_group`
--


--
-- Table structure for table `pre3574_state`
--

CREATE TABLE `pre3574_state` (
  `id_state` int unsigned NOT NULL AUTO_INCREMENT,
  `id_country` int unsigned NOT NULL,
  `id_zone` int unsigned NOT NULL,
  `name` varchar(80) NOT NULL,
  `iso_code` varchar(7) NOT NULL,
  `tax_behavior` smallint NOT NULL DEFAULT '0',
  `active` tinyint(1) NOT NULL DEFAULT '0',
  PRIMARY KEY (`id_state`),
  KEY `id_country` (`id_country`),
  KEY `name` (`name`),
  KEY `id_zone` (`id_zone`)
) ENGINE=InnoDB AUTO_INCREMENT=353 DEFAULT CHARSET=utf8mb4 COLLATE=utf8mb4_0900_ai_ci;

--
-- Dumping data for table `pre3574_state`
--

INSERT INTO `pre3574_state` VALUES (1,21,2,'AA','AA',0,1),(2,21,2,'AE','AE',0,1),(3,21,2,'AP','AP',0,1),(4,21,2,'Alabama','AL',0,1),(5,21,2,'Alaska','AK',0,1),(6,21,2,'Arizona','AZ',0,1),(7,21,2,'Arkansas','AR',0,1),(8,21,2,'California','CA',0,1),(9,21,2,'Colorado','CO',0,1),(10,21,2,'Connecticut','CT',0,1),(11,21,2,'Delaware','DE',0,1),(12,21,2,'Florida','FL',0,1),(13,21,2,'Georgia','GA',0,1),(14,21,2,'Hawaii','HI',0,1),(15,21,2,'Idaho','ID',0,1),(16,21,2,'Illinois','IL',0,1),(17,21,2,'Indiana','IN',0,1),(18,21,2,'Iowa','IA',0,1),(19,21,2,'Kansas','KS',0,1),(20,21,2,'Kentucky','KY',0,1),(21,21,2,'Louisiana','LA',0,1),(22,21,2,'Maine','ME',0,1),(23,21,2,'Maryland','MD',0,1),(24,21,2,'Massachusetts','MA',0,1),(25,21,2,'Michigan','MI',0,1),(26,21,2,'Minnesota','MN',0,1),(27,21,2,'Mississippi','MS',0,1),(28,21,2,'Missouri','MO',0,1),(29,21,2,'Montana','MT',0,1),(30,21,2,'Nebraska','NE',0,1),(31,21,2,'Nevada','NV',0,1),(32,21,2,'New Hampshire','NH',0,1),(33,21,2,'New Jersey','NJ',0,1),(34,21,2,'New Mexico','NM',0,1),(35,21,2,'New York','NY',0,1),(36,21,2,'North Carolina','NC',0,1),(37,21,2,'North Dakota','ND',0,1),(38,21,2,'Ohio','OH',0,1),(39,21,2,'Oklahoma','OK',0,1),(40,21,2,'Oregon','OR',0,1),(41,21,2,'Pennsylvania','PA',0,1),(42,21,2,'Rhode Island','RI',0,1),(43,21,2,'South Carolina','SC',0,1),(44,21,2,'South Dakota','SD',0,1),(45,21,2,'Tennessee','TN',0,1),(46,21,2,'Texas','TX',0,1),(47,21,2,'Utah','UT',0,1),(48,21,2,'Vermont','VT',0,1),(49,21,2,'Virginia','VA',0,1),(50,21,2,'Washington','WA',0,1),(51,21,2,'West Virginia','WV',0,1),(52,21,2,'Wisconsin','WI',0,1),(53,21,2,'Wyoming','WY',0,1),(54,21,2,'Puerto Rico','PR',0,1),(55,21,2,'US Virgin Islands','VI',0,1),(56,21,2,'District of Columbia','DC',0,1),(57,144,2,'Aguascalientes','AGU',0,1),(58,144,2,'Baja California','BCN',0,1),(59,144,2,'Baja California Sur','BCS',0,1),(60,144,2,'Campeche','CAM',0,1),(61,144,2,'Chiapas','CHP',0,1),(62,144,2,'Chihuahua','CHH',0,1),(63,144,2,'Ciudad de México','CMX',0,1),(64,144,2,'Coahuila','COA',0,1),(65,144,2,'Colima','COL',0,1),(66,144,2,'Durango','DUR',0,1),(67,144,2,'Guanajuato','GUA',0,1),(68,144,2,'Guerrero','GRO',0,1),(69,144,2,'Hidalgo','HID',0,1),(70,144,2,'Jalisco','JAL',0,1),(71,144,2,'Estado de México','MEX',0,1),(72,144,2,'Michoacán','MIC',0,1),(73,144,2,'Morelos','MOR',0,1),(74,144,2,'Nayarit','NAY',0,1),(75,144,2,'Nuevo León','NLE',0,1),(76,144,2,'Oaxaca','OAX',0,1),(77,144,2,'Puebla','PUE',0,1),(78,144,2,'Querétaro','QUE',0,1),(79,144,2,'Quintana Roo','ROO',0,1),(80,144,2,'San Luis Potosí','SLP',0,1),(81,144,2,'Sinaloa','SIN',0,1),(82,144,2,'Sonora','SON',0,1),(83,144,2,'Tabasco','TAB',0,1),(84,144,2,'Tamaulipas','TAM',0,1),(85,144,2,'Tlaxcala','TLA',0,1),(86,144,2,'Veracruz','VER',0,1),(87,144,2,'Yucatán','YUC',0,1),(88,144,2,'Zacatecas','ZAC',0,1),(89,4,2,'Ontario','ON',0,1),(90,4,2,'Quebec','QC',0,1),(91,4,2,'British Columbia','BC',0,1),(92,4,2,'Alberta','AB',0,1),(93,4,2,'Manitoba','MB',0,1),(94,4,2,'Saskatchewan','SK',0,1),(95,4,2,'Nova Scotia','NS',0,1),(96,4,2,'New Brunswick','NB',0,1),(97,4,2,'Newfoundland and Labrador','NL',0,1),(98,4,2,'Prince Edward Island','PE',0,1),(99,4,2,'Northwest Territories','NT',0,1),(100,4,2,'Yukon','YT',0,1),(101,4,2,'Nunavut','NU',0,1),(102,44,6,'Buenos Aires','B',0,1),(103,44,6,'Catamarca','K',0,1),(104,44,6,'Chaco','H',0,1),(105,44,6,'Chubut','U',0,1),(106,44,6,'Ciudad de Buenos Aires','C',0,1),(107,44,6,'Córdoba','X',0,1),(108,44,6,'Corrientes','W',0,1),(109,44,6,'Entre Ríos','E',0,1),(110,44,6,'Formosa','P',0,1),(111,44,6,'Jujuy','Y',0,1),(112,44,6,'La Pampa','L',0,1),(113,44,6,'La Rioja','F',0,1),(114,44,6,'Mendoza','M',0,1),(115,44,6,'Misiones','N',0,1),(116,44,6,'Neuquén','Q',0,1),(117,44,6,'Río Negro','R',0,1),(118,44,6,'Salta','A',0,1),(119,44,6,'San Juan','J',0,1),(120,44,6,'San Luis','D',0,1),(121,44,6,'Santa Cruz','Z',0,1),(122,44,6,'Santa Fe','S',0,1),(123,44,6,'Santiago del Estero','G',0,1),(124,44,6,'Tierra del Fuego','V',0,1),(125,44,6,'Tucumán','T',0,1),(126,10,1,'Agrigento','AG',0,1),(127,10,1,'Alessandria','AL',0,1),(128,10,1,'Ancona','AN',0,1),(129,10,1,'Aosta','AO',0,1),(130,10,1,'Arezzo','AR',0,1),(131,10,1,'Ascoli Piceno','AP',0,1),(132,10,1,'Asti','AT',0,1),(133,10,1,'Avellino','AV',0,1),(134,10,1,'Bari','BA',0,1),(135,10,1,'Barletta-Andria-Trani','BT',0,1),(136,10,1,'Belluno','BL',0,1),(137,10,1,'Benevento','BN',0,1),(138,10,1,'Bergamo','BG',0,1),(139,10,1,'Biella','BI',0,1),(140,10,1,'Bologna','BO',0,1),(141,10,1,'Bolzano','BZ',0,1),(142,10,1,'Brescia','BS',0,1),(143,10,1,'Brindisi','BR',0,1),(144,10,1,'Cagliari','CA',0,1),(145,10,1,'Caltanissetta','CL',0,1),(146,10,1,'Campobasso','CB',0,1),(147,10,1,'Carbonia-Iglesias','CI',0,1),(148,10,1,'Caserta','CE',0,1),(149,10,1,'Catania','CT',0,1),(150,10,1,'Catanzaro','CZ',0,1),(151,10,1,'Chieti','CH',0,1),(152,10,1,'Como','CO',0,1),(153,10,1,'Cosenza','CS',0,1),(154,10,1,'Cremona','CR',0,1),(155,10,1,'Crotone','KR',0,1),(156,10,1,'Cuneo','CN',0,1),(157,10,1,'Enna','EN',0,1),(158,10,1,'Fermo','FM',0,1),(159,10,1,'Ferrara','FE',0,1),(160,10,1,'Firenze','FI',0,1),(161,10,1,'Foggia','FG',0,1),(162,10,1,'Forlì-Cesena','FC',0,1),(163,10,1,'Frosinone','FR',0,1),(164,10,1,'Genova','GE',0,1),(165,10,1,'Gorizia','GO',0,1),(166,10,1,'Grosseto','GR',0,1),(167,10,1,'Imperia','IM',0,1),(168,10,1,'Isernia','IS',0,1),(169,10,1,'L\'Aquila','AQ',0,1),(170,10,1,'La Spezia','SP',0,1),(171,10,1,'Latina','LT',0,1),(172,10,1,'Lecce','LE',0,1),(173,10,1,'Lecco','LC',0,1),(174,10,1,'Livorno','LI',0,1),(175,10,1,'Lodi','LO',0,1),(176,10,1,'Lucca','LU',0,1),(177,10,1,'Macerata','MC',0,1),(178,10,1,'Mantova','MN',0,1),(179,10,1,'Massa','MS',0,1),(180,10,1,'Matera','MT',0,1),(181,10,1,'Medio Campidano','VS',0,1),(182,10,1,'Messina','ME',0,1),(183,10,1,'Milano','MI',0,1),(184,10,1,'Modena','MO',0,1),(185,10,1,'Monza e della Brianza','MB',0,1),(186,10,1,'Napoli','NA',0,1),(187,10,1,'Novara','NO',0,1),(188,10,1,'Nuoro','NU',0,1),(189,10,1,'Ogliastra','OG',0,1),(190,10,1,'Olbia-Tempio','OT',0,1),(191,10,1,'Oristano','OR',0,1),(192,10,1,'Padova','PD',0,1),(193,10,1,'Palermo','PA',0,1),(194,10,1,'Parma','PR',0,1),(195,10,1,'Pavia','PV',0,1),(196,10,1,'Perugia','PG',0,1),(197,10,1,'Pesaro-Urbino','PU',0,1),(198,10,1,'Pescara','PE',0,1),(199,10,1,'Piacenza','PC',0,1),(200,10,1,'Pisa','PI',0,1),(201,10,1,'Pistoia','PT',0,1),(202,10,1,'Pordenone','PN',0,1),(203,10,1,'Potenza','PZ',0,1),(204,10,1,'Prato','PO',0,1),(205,10,1,'Ragusa','RG',0,1),(206,10,1,'Ravenna','RA',0,1),(207,10,1,'Reggio Calabria','RC',0,1),(208,10,1,'Reggio Emilia','RE',0,1),(209,10,1,'Rieti','RI',0,1),(210,10,1,'Rimini','RN',0,1),(211,10,1,'Roma','RM',0,1),(212,10,1,'Rovigo','RO',0,1),(213,10,1,'Salerno','SA',0,1),(214,10,1,'Sassari','SS',0,1),(215,10,1,'Savona','SV',0,1),(216,10,1,'Siena','SI',0,1),(217,10,1,'Siracusa','SR',0,1),(218,10,1,'Sondrio','SO',0,1),(219,10,1,'Taranto','TA',0,1),(220,10,1,'Teramo','TE',0,1),(221,10,1,'Terni','TR',0,1),(222,10,1,'Torino','TO',0,1),(223,10,1,'Trapani','TP',0,1),(224,10,1,'Trento','TN',0,1),(225,10,1,'Treviso','TV',0,1),(226,10,1,'Trieste','TS',0,1),(227,10,1,'Udine','UD',0,1),(228,10,1,'Varese','VA',0,1),(229,10,1,'Venezia','VE',0,1),(230,10,1,'Verbano-Cusio-Ossola','VB',0,1),(231,10,1,'Vercelli','VC',0,1),(232,10,1,'Verona','VR',0,1),(233,10,1,'Vibo Valentia','VV',0,1),(234,10,1,'Vicenza','VI',0,1),(235,10,1,'Viterbo','VT',0,1),(236,110,3,'Aceh','ID-AC',0,1),(237,110,3,'Bali','ID-BA',0,1),(238,110,3,'Banten','ID-BT',0,1),(239,110,3,'Bengkulu','ID-BE',0,1),(240,110,3,'Gorontalo','ID-GO',0,1),(241,110,3,'Jakarta','ID-JK',0,1),(242,110,3,'Jambi','ID-JA',0,1),(243,110,3,'Jawa Barat','ID-JB',0,1),(244,110,3,'Jawa Tengah','ID-JT',0,1),(245,110,3,'Jawa Timur','ID-JI',0,1),(246,110,3,'Kalimantan Barat','ID-KB',0,1),(247,110,3,'Kalimantan Selatan','ID-KS',0,1),(248,110,3,'Kalimantan Tengah','ID-KT',0,1),(249,110,3,'Kalimantan Timur','ID-KI',0,1),(250,110,3,'Kalimantan Utara','ID-KU',0,1),(251,110,3,'Kepulauan Bangka Belitug','ID-BB',0,1),(252,110,3,'Kepulauan Riau','ID-KR',0,1),(253,110,3,'Lampung','ID-LA',0,1),(254,110,3,'Maluku','ID-MA',0,1),(255,110,3,'Maluku Utara','ID-MU',0,1),(256,110,3,'Nusa Tengara Barat','ID-NB',0,1),(257,110,3,'Nusa Tenggara Timur','ID-NT',0,1),(258,110,3,'Papua','ID-PA',0,1),(259,110,3,'Papua Barat','ID-PB',0,1),(260,110,3,'Riau','ID-RI',0,1),(261,110,3,'Sulawesi Barat','ID-SR',0,1),(262,110,3,'Sulawesi Selatan','ID-SN',0,1),(263,110,3,'Sulawesi Tengah','ID-ST',0,1),(264,110,3,'Sulawesi Tenggara','ID-SG',0,1),(265,110,3,'Sulawesi Utara','ID-SA',0,1),(266,110,3,'Sumatera Barat','ID-SB',0,1),(267,110,3,'Sumatera Selatan','ID-SS',0,1),(268,110,3,'Sumatera Utara','ID-SU',0,1),(269,110,3,'Yogyakarta','ID-YO',0,1),(270,11,3,'Aichi','23',0,1),(271,11,3,'Akita','05',0,1),(272,11,3,'Aomori','02',0,1),(273,11,3,'Chiba','12',0,1),(274,11,3,'Ehime','38',0,1),(275,11,3,'Fukui','18',0,1),(276,11,3,'Fukuoka','40',0,1),(277,11,3,'Fukushima','07',0,1),(278,11,3,'Gifu','21',0,1),(279,11,3,'Gunma','10',0,1),(280,11,3,'Hiroshima','34',0,1),(281,11,3,'Hokkaido','01',0,1),(282,11,3,'Hyogo','28',0,1),(283,11,3,'Ibaraki','08',0,1),(284,11,3,'Ishikawa','17',0,1),(285,11,3,'Iwate','03',0,1),(286,11,3,'Kagawa','37',0,1),(287,11,3,'Kagoshima','46',0,1),(288,11,3,'Kanagawa','14',0,1),(289,11,3,'Kochi','39',0,1),(290,11,3,'Kumamoto','43',0,1),(291,11,3,'Kyoto','26',0,1),(292,11,3,'Mie','24',0,1),(293,11,3,'Miyagi','04',0,1),(294,11,3,'Miyazaki','45',0,1),(295,11,3,'Nagano','20',0,1),(296,11,3,'Nagasaki','42',0,1),(297,11,3,'Nara','29',0,1),(298,11,3,'Niigata','15',0,1),(299,11,3,'Oita','44',0,1),(300,11,3,'Okayama','33',0,1),(301,11,3,'Okinawa','47',0,1),(302,11,3,'Osaka','27',0,1),(303,11,3,'Saga','41',0,1),(304,11,3,'Saitama','11',0,1),(305,11,3,'Shiga','25',0,1),(306,11,3,'Shimane','32',0,1),(307,11,3,'Shizuoka','22',0,1),(308,11,3,'Tochigi','09',0,1),(309,11,3,'Tokushima','36',0,1),(310,11,3,'Tokyo','13',0,1),(311,11,3,'Tottori','31',0,1),(312,11,3,'Toyama','16',0,1),(313,11,3,'Wakayama','30',0,1),(314,11,3,'Yamagata','06',0,1),(315,11,3,'Yamaguchi','35',0,1),(316,11,3,'Yamanashi','19',0,1),(317,24,5,'Australian Capital Territory','ACT',0,1),(318,24,5,'New South Wales','NSW',0,1),(319,24,5,'Northern Territory','NT',0,1),(320,24,5,'Queensland','QLD',0,1),(321,24,5,'South Australia','SA',0,1),(322,24,5,'Tasmania','TAS',0,1),(323,24,5,'Victoria','VIC',0,1),(324,24,5,'Western Australia','WA',0,1),(325,109,3,'Andhra Pradesh','AP',0,1),(326,109,3,'Arunachal Pradesh','AR',0,1),(327,109,3,'Assam','AS',0,1),(328,109,3,'Bihar','BR',0,1),(329,109,3,'Chhattisgarh','CT',0,1),(330,109,3,'Goa','GA',0,1),(331,109,3,'Gujarat','GJ',0,1),(332,109,3,'Haryana','HR',0,1),(333,109,3,'Himachal Pradesh','HP',0,1),(334,109,3,'Jharkhand','JH',0,1),(335,109,3,'Karnataka','KA',0,1),(336,109,3,'Kerala','KL',0,1),(337,109,3,'Madhya Pradesh','MP',0,1),(338,109,3,'Maharashtra','MH',0,1),(339,109,3,'Manipur','MN',0,1),(340,109,3,'Meghalaya','ML',0,1),(341,109,3,'Mizoram','MZ',0,1),(342,109,3,'Nagaland','NL',0,1),(343,109,3,'Odisha','OR',0,1),(344,109,3,'Punjab','PB',0,1),(345,109,3,'Rajasthan','RJ',0,1),(346,109,3,'Sikkim','SK',0,1),(347,109,3,'Tamil Nadu','TN',0,1),(348,109,3,'Telangana','TG',0,1),(349,109,3,'Tripura','TR',0,1),(350,109,3,'Uttar Pradesh','UP',0,1),(351,109,3,'Uttarakhand','UT',0,1),(352,109,3,'West Bengal','WB',0,1);

--
-- Table structure for table `pre3574_statssearch`
--

CREATE TABLE `pre3574_statssearch` (
  `id_statssearch` int unsigned NOT NULL AUTO_INCREMENT,
  `id_shop` int unsigned NOT NULL DEFAULT '1',
  `id_shop_group` int unsigned NOT NULL DEFAULT '1',
  `keywords` varchar(255) NOT NULL,
  `results` int NOT NULL DEFAULT '0',
  `date_add` datetime NOT NULL,
  PRIMARY KEY (`id_statssearch`)
) ENGINE=InnoDB AUTO_INCREMENT=26 DEFAULT CHARSET=utf8mb3;

--
-- Dumping data for table `pre3574_statssearch`
--

INSERT INTO `pre3574_statssearch` VALUES (1,1,1,'vod',0,'2026-03-19 15:38:47'),(2,1,1,'vodka',0,'2026-03-19 15:38:48'),(3,1,1,'vod',0,'2026-03-19 15:38:58'),(4,1,1,'vod',0,'2026-03-19 15:38:59'),(5,1,1,'vodka',0,'2026-03-19 15:39:02'),(6,1,1,'vodka',0,'2026-03-19 15:39:03'),(7,1,1,'vodka',0,'2026-03-19 15:39:19'),(8,1,1,'vod',0,'2026-03-19 15:39:41'),(9,1,1,'vod',0,'2026-03-19 15:39:41'),(10,1,1,'vod',0,'2026-03-19 16:19:41'),(11,1,1,'jup',1,'2026-03-19 16:25:58'),(12,1,1,'jup',0,'2026-03-19 16:29:29'),(13,1,1,'jup',1,'2026-03-19 16:29:42'),(14,1,1,'{search_term_string}',1,'2026-05-23 08:39:18'),(15,1,1,'{search_term_string}',1,'2026-05-23 08:39:19'),(16,1,1,'{search_term_string}',1,'2026-05-23 08:39:19'),(17,1,1,'{search_term_string}',1,'2026-05-23 08:39:19'),(18,1,1,'{search_term_string}',1,'2026-05-23 08:39:19'),(19,1,1,'{search_term_string}',1,'2026-05-23 08:39:19'),(20,1,1,'{search_term_string}',1,'2026-05-23 08:39:19'),(21,1,1,'{search_term_string}',1,'2026-05-23 08:39:19'),(22,1,1,'{search_term_string}',1,'2026-05-23 08:39:19'),(23,1,1,'{search_term_string}',1,'2026-05-23 08:39:22'),(24,1,1,'{search_term_string}',1,'2026-05-23 08:39:26'),(25,1,1,'{search_term_string}',1,'2026-05-23 08:39:29');

--
-- Table structure for table `pre3574_stock`
--

CREATE TABLE `pre3574_stock` (
  `id_stock` int unsigned NOT NULL AUTO_INCREMENT,
  `id_warehouse` int unsigned NOT NULL,
  `id_product` int unsigned NOT NULL,
  `id_product_attribute` int unsigned NOT NULL,
  `reference` varchar(64) NOT NULL,
  `ean13` varchar(13) DEFAULT NULL,
  `isbn` varchar(32) DEFAULT NULL,
  `upc` varchar(12) DEFAULT NULL,
  `mpn` varchar(40) DEFAULT NULL,
  `physical_quantity` int unsigned NOT NULL,
  `usable_quantity` int unsigned NOT NULL,
  `price_te` decimal(20,6) DEFAULT '0.000000',
  PRIMARY KEY (`id_stock`),
  KEY `id_warehouse` (`id_warehouse`),
  KEY `id_product` (`id_product`),
  KEY `id_product_attribute` (`id_product_attribute`)
) ENGINE=InnoDB DEFAULT CHARSET=utf8mb4 COLLATE=utf8mb4_0900_ai_ci;

--
-- Dumping data for table `pre3574_stock`
--


--
-- Table structure for table `pre3574_stock_available`
--

CREATE TABLE `pre3574_stock_available` (
  `id_stock_available` int unsigned NOT NULL AUTO_INCREMENT,
  `id_product` int unsigned NOT NULL,
  `id_product_attribute` int unsigned NOT NULL,
  `id_shop` int unsigned NOT NULL,
  `id_shop_group` int unsigned NOT NULL,
  `quantity` int NOT NULL DEFAULT '0',
  `physical_quantity` int NOT NULL DEFAULT '0',
  `reserved_quantity` int NOT NULL DEFAULT '0',
  `depends_on_stock` tinyint unsigned NOT NULL DEFAULT '0',
  `out_of_stock` tinyint unsigned NOT NULL DEFAULT '0',
  `location` varchar(255) NOT NULL DEFAULT '',
  PRIMARY KEY (`id_stock_available`),
  UNIQUE KEY `product_sqlstock` (`id_product`,`id_product_attribute`,`id_shop`,`id_shop_group`),
  KEY `id_shop` (`id_shop`),
  KEY `id_shop_group` (`id_shop_group`),
  KEY `id_product` (`id_product`),
  KEY `id_product_attribute` (`id_product_attribute`)
) ENGINE=InnoDB AUTO_INCREMENT=3389 DEFAULT CHARSET=utf8mb4 COLLATE=utf8mb4_0900_ai_ci;

--
-- Dumping data for table `pre3574_stock_available`
--

INSERT INTO `pre3574_stock_available` VALUES (1,1,0,1,0,100,100,0,0,0,''),(2,2,0,1,0,100,100,0,0,0,''),(3,3,0,1,0,0,0,0,0,0,''),(4,4,0,1,0,0,0,0,0,0,''),(5,5,0,1,0,0,0,0,0,0,''),(6,6,0,1,0,0,0,0,0,0,''),(7,7,0,1,0,0,0,0,0,0,''),(8,8,0,1,0,0,0,0,0,0,''),(9,9,0,1,0,0,0,0,0,0,''),(10,10,0,1,0,0,0,0,0,0,''),(11,11,0,1,0,0,0,0,0,0,''),(12,12,0,1,0,0,0,0,0,0,''),(13,13,0,1,0,0,0,0,0,0,''),(14,14,0,1,0,0,0,0,0,0,''),(15,15,0,1,0,0,0,0,0,0,''),(16,16,0,1,0,0,0,0,0,0,''),(17,17,0,1,0,0,0,0,0,0,''),(18,18,0,1,0,0,0,0,0,0,''),(19,19,0,1,0,0,0,0,0,0,''),(20,20,0,1,0,0,0,0,0,0,''),(21,21,0,1,0,0,0,0,0,0,''),(22,22,0,1,0,0,0,0,0,0,''),(23,23,0,1,0,0,0,0,0,0,''),(24,24,0,1,0,0,0,0,0,0,''),(25,25,0,1,0,0,0,0,0,0,''),(26,26,0,1,0,0,0,0,0,0,''),(27,27,0,1,0,0,0,0,0,0,''),(28,28,0,1,0,0,0,0,0,0,''),(29,29,0,1,0,0,0,0,0,0,''),(30,30,0,1,0,0,0,0,0,0,''),(31,31,0,1,0,0,0,0,0,0,''),(32,32,0,1,0,0,0,0,0,0,''),(33,33,0,1,0,0,0,0,0,0,''),(34,34,0,1,0,0,0,0,0,0,''),(35,35,0,1,0,0,0,0,0,0,''),(36,36,0,1,0,0,0,0,0,0,''),(37,37,0,1,0,0,0,0,0,0,''),(38,38,0,1,0,0,0,0,0,0,''),(39,39,0,1,0,0,0,0,0,0,''),(40,40,0,1,0,0,0,0,0,0,''),(41,41,0,1,0,0,0,0,0,0,''),(42,42,0,1,0,0,0,0,0,0,''),(43,43,0,1,0,0,0,0,0,0,''),(44,44,0,1,0,0,0,0,0,0,''),(45,45,0,1,0,0,0,0,0,0,''),(46,46,0,1,0,0,0,0,0,0,''),(47,47,0,1,0,0,0,0,0,0,''),(48,48,0,1,0,0,0,0,0,0,''),(49,49,0,1,0,0,0,0,0,0,''),(50,50,0,1,0,0,0,0,0,0,''),(51,51,0,1,0,0,0,0,0,0,''),(52,52,0,1,0,0,0,0,0,0,''),(53,53,0,1,0,0,0,0,0,0,''),(54,54,0,1,0,0,0,0,0,0,''),(55,55,0,1,0,0,0,0,0,0,''),(56,56,0,1,0,0,0,0,0,0,''),(57,57,0,1,0,0,0,0,0,0,''),(58,58,0,1,0,0,0,0,0,0,''),(59,59,0,1,0,0,0,0,0,0,''),(60,60,0,1,0,0,0,0,0,0,''),(61,61,0,1,0,0,0,0,0,0,''),(62,62,0,1,0,0,0,0,0,0,''),(63,63,0,1,0,0,0,0,0,0,''),(64,64,0,1,0,0,0,0,0,0,''),(65,65,0,1,0,0,0,0,0,0,''),(66,66,0,1,0,0,0,0,0,0,''),(67,67,0,1,0,0,0,0,0,0,''),(68,68,0,1,0,0,0,0,0,0,''),(69,69,0,1,0,0,0,0,0,0,''),(70,70,0,1,0,0,0,0,0,0,''),(71,71,0,1,0,0,0,0,0,0,''),(72,72,0,1,0,0,0,0,0,0,''),(73,73,0,1,0,0,0,0,0,0,''),(74,74,0,1,0,0,0,0,0,0,''),(75,75,0,1,0,0,0,0,0,0,''),(76,76,0,1,0,0,0,0,0,0,''),(77,77,0,1,0,0,0,0,0,0,''),(78,78,0,1,0,0,0,0,0,0,''),(79,79,0,1,0,0,0,0,0,0,''),(80,80,0,1,0,0,0,0,0,0,''),(81,81,0,1,0,0,0,0,0,0,''),(82,82,0,1,0,0,0,0,0,0,''),(83,83,0,1,0,0,0,0,0,0,''),(84,84,0,1,0,0,0,0,0,0,''),(85,85,0,1,0,0,0,0,0,0,''),(86,86,0,1,0,0,0,0,0,0,''),(87,87,0,1,0,0,0,0,0,0,''),(88,88,0,1,0,0,0,0,0,0,''),(89,89,0,1,0,0,0,0,0,0,''),(90,90,0,1,0,0,0,0,0,0,''),(91,91,0,1,0,0,0,0,0,0,''),(92,92,0,1,0,0,0,0,0,0,''),(93,93,0,1,0,0,0,0,0,0,''),(94,94,0,1,0,0,0,0,0,0,''),(95,95,0,1,0,0,0,0,0,0,''),(96,96,0,1,0,0,0,0,0,0,''),(97,97,0,1,0,0,0,0,0,0,''),(98,98,0,1,0,0,0,0,0,0,''),(99,99,0,1,0,0,0,0,0,0,''),(100,100,0,1,0,0,0,0,0,0,''),(101,101,0,1,0,0,0,0,0,0,''),(102,102,0,1,0,0,0,0,0,0,''),(103,103,0,1,0,0,0,0,0,0,''),(104,104,0,1,0,0,0,0,0,0,''),(105,105,0,1,0,0,0,0,0,0,''),(106,106,0,1,0,0,0,0,0,0,''),(107,107,0,1,0,0,0,0,0,0,''),(108,108,0,1,0,0,0,0,0,0,''),(109,109,0,1,0,0,0,0,0,0,''),(110,110,0,1,0,0,0,0,0,0,''),(111,111,0,1,0,0,0,0,0,0,''),(112,112,0,1,0,0,0,0,0,0,''),(113,113,0,1,0,0,0,0,0,0,''),(114,114,0,1,0,0,0,0,0,0,''),(115,115,0,1,0,0,0,0,0,0,''),(116,116,0,1,0,0,0,0,0,0,''),(117,117,0,1,0,0,0,0,0,0,''),(118,118,0,1,0,0,0,0,0,0,''),(119,119,0,1,0,0,0,0,0,0,''),(120,120,0,1,0,0,0,0,0,0,''),(121,121,0,1,0,0,0,0,0,0,''),(122,122,0,1,0,0,0,0,0,0,''),(123,123,0,1,0,0,0,0,0,0,''),(124,124,0,1,0,0,0,0,0,0,''),(125,125,0,1,0,0,0,0,0,0,''),(126,126,0,1,0,0,0,0,0,0,''),(127,127,0,1,0,0,0,0,0,0,''),(128,128,0,1,0,0,0,0,0,0,''),(129,129,0,1,0,0,0,0,0,0,''),(130,130,0,1,0,0,0,0,0,0,''),(131,131,0,1,0,0,0,0,0,0,''),(132,132,0,1,0,0,0,0,0,0,''),(133,133,0,1,0,0,0,0,0,0,''),(134,134,0,1,0,0,0,0,0,0,''),(135,135,0,1,0,0,0,0,0,0,''),(136,136,0,1,0,0,0,0,0,0,''),(137,137,0,1,0,0,0,0,0,0,''),(138,138,0,1,0,0,0,0,0,0,''),(139,139,0,1,0,0,0,0,0,0,''),(140,140,0,1,0,0,0,0,0,0,''),(141,141,0,1,0,0,0,0,0,0,''),(142,142,0,1,0,0,0,0,0,0,''),(143,143,0,1,0,0,0,0,0,0,''),(144,144,0,1,0,0,0,0,0,0,''),(145,145,0,1,0,0,0,0,0,0,''),(146,146,0,1,0,0,0,0,0,0,''),(147,147,0,1,0,0,0,0,0,0,''),(148,148,0,1,0,0,0,0,0,0,''),(149,149,0,1,0,0,0,0,0,0,''),(150,150,0,1,0,0,0,0,0,0,''),(151,151,0,1,0,0,0,0,0,0,''),(152,152,0,1,0,0,0,0,0,0,''),(153,153,0,1,0,0,0,0,0,0,''),(154,154,0,1,0,0,0,0,0,0,''),(155,155,0,1,0,0,0,0,0,0,''),(156,156,0,1,0,0,0,0,0,0,''),(157,157,0,1,0,0,0,0,0,0,''),(158,158,0,1,0,0,0,0,0,0,''),(159,159,0,1,0,0,0,0,0,0,''),(160,160,0,1,0,0,0,0,0,0,''),(161,161,0,1,0,0,0,0,0,0,''),(162,162,0,1,0,0,0,0,0,0,''),(163,163,0,1,0,0,0,0,0,0,''),(164,164,0,1,0,0,0,0,0,0,''),(165,165,0,1,0,0,0,0,0,0,''),(166,166,0,1,0,0,0,0,0,0,''),(167,167,0,1,0,0,0,0,0,0,''),(168,168,0,1,0,0,0,0,0,0,''),(169,169,0,1,0,0,0,0,0,0,''),(170,170,0,1,0,0,0,0,0,0,''),(171,171,0,1,0,0,0,0,0,0,''),(172,172,0,1,0,0,0,0,0,0,''),(173,173,0,1,0,0,0,0,0,0,''),(174,174,0,1,0,0,0,0,0,0,''),(175,175,0,1,0,0,0,0,0,0,''),(176,176,0,1,0,0,0,0,0,0,''),(177,177,0,1,0,0,0,0,0,0,''),(178,178,0,1,0,0,0,0,0,0,''),(179,179,0,1,0,0,0,0,0,0,''),(180,180,0,1,0,0,0,0,0,0,''),(181,181,0,1,0,0,0,0,0,0,''),(182,182,0,1,0,0,0,0,0,0,''),(183,183,0,1,0,0,0,0,0,0,''),(184,184,0,1,0,0,0,0,0,0,''),(185,185,0,1,0,0,0,0,0,0,''),(186,186,0,1,0,0,0,0,0,0,''),(187,187,0,1,0,0,0,0,0,0,''),(188,188,0,1,0,0,0,0,0,0,''),(189,189,0,1,0,0,0,0,0,0,''),(190,190,0,1,0,0,0,0,0,0,''),(191,191,0,1,0,0,0,0,0,0,''),(192,192,0,1,0,0,0,0,0,0,''),(193,193,0,1,0,0,0,0,0,0,''),(194,194,0,1,0,0,0,0,0,0,''),(195,195,0,1,0,0,0,0,0,0,''),(196,196,0,1,0,0,0,0,0,0,''),(197,197,0,1,0,0,0,0,0,0,''),(198,198,0,1,0,0,0,0,0,0,''),(199,199,0,1,0,0,0,0,0,0,''),(200,200,0,1,0,0,0,0,0,0,''),(201,201,0,1,0,0,0,0,0,0,''),(202,202,0,1,0,0,0,0,0,0,''),(203,203,0,1,0,0,0,0,0,0,''),(204,204,0,1,0,0,0,0,0,0,''),(205,205,0,1,0,0,0,0,0,0,''),(206,206,0,1,0,0,0,0,0,0,''),(207,207,0,1,0,0,0,0,0,0,''),(208,208,0,1,0,0,0,0,0,0,''),(209,209,0,1,0,0,0,0,0,0,''),(210,210,0,1,0,0,0,0,0,0,''),(211,211,0,1,0,0,0,0,0,0,''),(212,212,0,1,0,0,0,0,0,0,''),(213,213,0,1,0,0,0,0,0,0,''),(214,214,0,1,0,0,0,0,0,0,''),(215,215,0,1,0,0,0,0,0,0,''),(216,216,0,1,0,0,0,0,0,0,''),(217,217,0,1,0,0,0,0,0,0,''),(218,218,0,1,0,0,0,0,0,0,''),(219,219,0,1,0,0,0,0,0,0,''),(220,220,0,1,0,0,0,0,0,0,''),(221,221,0,1,0,0,0,0,0,0,''),(222,222,0,1,0,0,0,0,0,0,''),(223,223,0,1,0,0,0,0,0,0,''),(224,224,0,1,0,0,0,0,0,0,''),(225,225,0,1,0,0,0,0,0,0,''),(226,226,0,1,0,0,0,0,0,0,''),(227,227,0,1,0,0,0,0,0,0,''),(228,228,0,1,0,0,0,0,0,0,''),(229,229,0,1,0,0,0,0,0,0,''),(230,230,0,1,0,0,0,0,0,0,''),(231,231,0,1,0,0,0,0,0,0,''),(232,232,0,1,0,0,0,0,0,0,''),(233,233,0,1,0,0,0,0,0,0,''),(234,234,0,1,0,0,0,0,0,0,''),(235,235,0,1,0,0,0,0,0,0,''),(236,236,0,1,0,0,0,0,0,0,''),(237,237,0,1,0,0,0,0,0,0,''),(238,238,0,1,0,0,0,0,0,0,''),(239,239,0,1,0,0,0,0,0,0,''),(240,240,0,1,0,0,0,0,0,0,''),(241,241,0,1,0,0,0,0,0,0,''),(242,242,0,1,0,0,0,0,0,0,''),(243,243,0,1,0,0,0,0,0,0,''),(244,244,0,1,0,0,0,0,0,0,''),(245,245,0,1,0,0,0,0,0,0,''),(246,246,0,1,0,0,0,0,0,0,''),(247,247,0,1,0,0,0,0,0,0,''),(248,248,0,1,0,0,0,0,0,0,''),(249,249,0,1,0,0,0,0,0,0,''),(250,250,0,1,0,0,0,0,0,0,''),(251,251,0,1,0,0,0,0,0,0,''),(252,252,0,1,0,0,0,0,0,0,''),(253,253,0,1,0,0,0,0,0,0,''),(254,254,0,1,0,0,0,0,0,0,''),(255,255,0,1,0,0,0,0,0,0,''),(256,256,0,1,0,0,0,0,0,0,''),(257,257,0,1,0,0,0,0,0,0,''),(258,258,0,1,0,0,0,0,0,0,''),(259,259,0,1,0,0,0,0,0,0,''),(260,260,0,1,0,0,0,0,0,0,''),(261,261,0,1,0,0,0,0,0,0,''),(262,262,0,1,0,0,0,0,0,0,''),(263,263,0,1,0,0,0,0,0,0,''),(264,264,0,1,0,0,0,0,0,0,''),(265,265,0,1,0,0,0,0,0,0,''),(266,266,0,1,0,0,0,0,0,0,''),(267,267,0,1,0,0,0,0,0,0,''),(268,268,0,1,0,0,0,0,0,0,''),(269,269,0,1,0,0,0,0,0,0,''),(270,270,0,1,0,0,0,0,0,0,''),(271,271,0,1,0,0,0,0,0,0,''),(272,272,0,1,0,0,0,0,0,0,''),(273,273,0,1,0,0,0,0,0,0,''),(274,274,0,1,0,0,0,0,0,0,''),(275,275,0,1,0,0,0,0,0,0,''),(276,276,0,1,0,0,0,0,0,0,''),(277,277,0,1,0,0,0,0,0,0,''),(278,278,0,1,0,0,0,0,0,0,''),(279,279,0,1,0,0,0,0,0,0,''),(280,280,0,1,0,0,0,0,0,0,''),(281,281,0,1,0,0,0,0,0,0,''),(282,282,0,1,0,0,0,0,0,0,''),(283,283,0,1,0,0,0,0,0,0,''),(284,284,0,1,0,0,0,0,0,0,''),(285,285,0,1,0,0,0,0,0,0,''),(286,286,0,1,0,0,0,0,0,0,''),(287,287,0,1,0,0,0,0,0,0,''),(288,288,0,1,0,0,0,0,0,0,''),(289,289,0,1,0,0,0,0,0,0,''),(290,290,0,1,0,0,0,0,0,0,''),(291,291,0,1,0,0,0,0,0,0,''),(292,292,0,1,0,0,0,0,0,0,''),(293,293,0,1,0,0,0,0,0,0,''),(294,294,0,1,0,0,0,0,0,0,''),(295,295,0,1,0,0,0,0,0,0,''),(296,296,0,1,0,0,0,0,0,0,''),(297,297,0,1,0,0,0,0,0,0,''),(298,298,0,1,0,0,0,0,0,0,''),(299,299,0,1,0,0,0,0,0,0,''),(300,300,0,1,0,0,0,0,0,0,''),(301,301,0,1,0,0,0,0,0,0,''),(302,302,0,1,0,0,0,0,0,0,''),(303,303,0,1,0,0,0,0,0,0,''),(304,304,0,1,0,0,0,0,0,0,''),(305,305,0,1,0,0,0,0,0,0,''),(306,306,0,1,0,0,0,0,0,0,''),(307,307,0,1,0,0,0,0,0,0,''),(308,308,0,1,0,0,0,0,0,0,''),(309,309,0,1,0,0,0,0,0,0,''),(310,310,0,1,0,0,0,0,0,0,''),(311,311,0,1,0,0,0,0,0,0,''),(312,312,0,1,0,0,0,0,0,0,''),(313,313,0,1,0,0,0,0,0,0,''),(314,314,0,1,0,0,0,0,0,0,''),(315,315,0,1,0,0,0,0,0,0,''),(316,316,0,1,0,0,0,0,0,0,''),(317,317,0,1,0,0,0,0,0,0,''),(318,318,0,1,0,0,0,0,0,0,''),(319,319,0,1,0,0,0,0,0,0,''),(320,320,0,1,0,0,0,0,0,0,''),(321,321,0,1,0,0,0,0,0,0,''),(322,322,0,1,0,0,0,0,0,0,''),(323,323,0,1,0,0,0,0,0,0,''),(324,324,0,1,0,0,0,0,0,0,''),(325,325,0,1,0,0,0,0,0,0,''),(326,326,0,1,0,0,0,0,0,0,''),(327,327,0,1,0,0,0,0,0,0,''),(328,328,0,1,0,0,0,0,0,0,''),(329,329,0,1,0,0,0,0,0,0,''),(330,330,0,1,0,0,0,0,0,0,''),(331,331,0,1,0,0,0,0,0,0,''),(332,332,0,1,0,0,0,0,0,0,''),(333,333,0,1,0,0,0,0,0,0,''),(334,334,0,1,0,0,0,0,0,0,''),(335,335,0,1,0,0,0,0,0,0,''),(336,336,0,1,0,0,0,0,0,0,''),(337,337,0,1,0,0,0,0,0,0,''),(338,338,0,1,0,0,0,0,0,0,''),(339,339,0,1,0,0,0,0,0,0,''),(340,340,0,1,0,0,0,0,0,0,''),(341,341,0,1,0,0,0,0,0,0,''),(342,342,0,1,0,0,0,0,0,0,''),(343,343,0,1,0,0,0,0,0,0,''),(344,344,0,1,0,0,0,0,0,0,''),(345,345,0,1,0,0,0,0,0,0,''),(346,346,0,1,0,0,0,0,0,0,''),(347,347,0,1,0,0,0,0,0,0,''),(348,348,0,1,0,0,0,0,0,0,''),(349,349,0,1,0,0,0,0,0,0,''),(350,350,0,1,0,0,0,0,0,0,''),(351,351,0,1,0,0,0,0,0,0,''),(352,352,0,1,0,0,0,0,0,0,''),(353,353,0,1,0,0,0,0,0,0,''),(354,354,0,1,0,0,0,0,0,0,''),(355,355,0,1,0,0,0,0,0,0,''),(356,356,0,1,0,0,0,0,0,0,''),(357,357,0,1,0,0,0,0,0,0,''),(358,358,0,1,0,0,0,0,0,0,''),(359,359,0,1,0,0,0,0,0,0,''),(360,360,0,1,0,0,0,0,0,0,''),(361,361,0,1,0,0,0,0,0,0,''),(362,362,0,1,0,0,0,0,0,0,''),(363,363,0,1,0,0,0,0,0,0,''),(364,364,0,1,0,0,0,0,0,0,''),(365,365,0,1,0,0,0,0,0,0,''),(366,366,0,1,0,0,0,0,0,0,''),(367,367,0,1,0,0,0,0,0,0,''),(368,368,0,1,0,0,0,0,0,0,''),(369,369,0,1,0,0,0,0,0,0,''),(370,370,0,1,0,0,0,0,0,0,''),(371,371,0,1,0,0,0,0,0,0,''),(372,372,0,1,0,0,0,0,0,0,''),(373,373,0,1,0,0,0,0,0,0,''),(374,374,0,1,0,0,0,0,0,0,''),(375,375,0,1,0,0,0,0,0,0,''),(376,376,0,1,0,0,0,0,0,0,''),(377,377,0,1,0,0,0,0,0,0,''),(378,378,0,1,0,0,0,0,0,0,''),(379,379,0,1,0,0,0,0,0,0,''),(380,380,0,1,0,0,0,0,0,0,''),(381,381,0,1,0,0,0,0,0,0,''),(382,382,0,1,0,0,0,0,0,0,''),(383,383,0,1,0,0,0,0,0,0,''),(384,384,0,1,0,0,0,0,0,0,''),(385,385,0,1,0,0,0,0,0,0,''),(386,386,0,1,0,0,0,0,0,0,''),(387,387,0,1,0,0,0,0,0,0,''),(388,388,0,1,0,0,0,0,0,0,''),(389,389,0,1,0,0,0,0,0,0,''),(390,390,0,1,0,0,0,0,0,0,''),(391,391,0,1,0,0,0,0,0,0,''),(392,392,0,1,0,0,0,0,0,0,''),(393,393,0,1,0,0,0,0,0,0,''),(394,394,0,1,0,0,0,0,0,0,''),(395,395,0,1,0,0,0,0,0,0,''),(396,396,0,1,0,0,0,0,0,0,''),(397,397,0,1,0,0,0,0,0,0,''),(398,398,0,1,0,0,0,0,0,0,''),(399,399,0,1,0,0,0,0,0,0,''),(400,400,0,1,0,0,0,0,0,0,''),(401,401,0,1,0,0,0,0,0,0,''),(402,402,0,1,0,0,0,0,0,0,''),(403,403,0,1,0,0,0,0,0,0,''),(404,404,0,1,0,0,0,0,0,0,''),(405,405,0,1,0,0,0,0,0,0,''),(406,406,0,1,0,0,0,0,0,0,''),(407,407,0,1,0,0,0,0,0,0,''),(408,408,0,1,0,0,0,0,0,0,''),(409,409,0,1,0,0,0,0,0,0,''),(410,410,0,1,0,0,0,0,0,0,''),(411,411,0,1,0,0,0,0,0,0,''),(412,412,0,1,0,0,0,0,0,0,''),(413,413,0,1,0,0,0,0,0,0,''),(414,414,0,1,0,0,0,0,0,0,''),(415,415,0,1,0,0,0,0,0,0,''),(416,416,0,1,0,0,0,0,0,0,''),(417,417,0,1,0,0,0,0,0,0,''),(418,418,0,1,0,0,0,0,0,0,''),(419,419,0,1,0,0,0,0,0,0,''),(420,420,0,1,0,0,0,0,0,0,''),(421,421,0,1,0,0,0,0,0,0,''),(422,422,0,1,0,0,0,0,0,0,''),(423,423,0,1,0,0,0,0,0,0,''),(424,424,0,1,0,0,0,0,0,0,''),(425,425,0,1,0,0,0,0,0,0,''),(426,426,0,1,0,0,0,0,0,0,''),(427,427,0,1,0,0,0,0,0,0,''),(428,428,0,1,0,0,0,0,0,0,''),(429,429,0,1,0,0,0,0,0,0,''),(430,430,0,1,0,0,0,0,0,0,''),(431,431,0,1,0,0,0,0,0,0,''),(432,432,0,1,0,0,0,0,0,0,''),(433,433,0,1,0,0,0,0,0,0,''),(434,434,0,1,0,0,0,0,0,0,''),(435,435,0,1,0,0,0,0,0,0,''),(436,436,0,1,0,0,0,0,0,0,''),(437,437,0,1,0,0,0,0,0,0,''),(438,438,0,1,0,0,0,0,0,0,''),(439,439,0,1,0,0,0,0,0,0,''),(440,440,0,1,0,0,0,0,0,0,''),(441,441,0,1,0,0,0,0,0,0,''),(442,442,0,1,0,0,0,0,0,0,''),(443,443,0,1,0,0,0,0,0,0,''),(444,444,0,1,0,0,0,0,0,0,''),(445,445,0,1,0,0,0,0,0,0,''),(446,446,0,1,0,0,0,0,0,0,''),(447,447,0,1,0,0,0,0,0,0,''),(448,448,0,1,0,0,0,0,0,0,''),(449,449,0,1,0,0,0,0,0,0,''),(450,450,0,1,0,0,0,0,0,0,''),(451,451,0,1,0,0,0,0,0,0,''),(452,452,0,1,0,0,0,0,0,0,''),(453,453,0,1,0,0,0,0,0,0,''),(454,454,0,1,0,0,0,0,0,0,''),(455,455,0,1,0,0,0,0,0,0,''),(456,456,0,1,0,0,0,0,0,0,''),(457,457,0,1,0,0,0,0,0,0,''),(458,458,0,1,0,0,0,0,0,0,''),(459,459,0,1,0,0,0,0,0,0,''),(460,460,0,1,0,0,0,0,0,0,''),(461,461,0,1,0,0,0,0,0,0,''),(462,462,0,1,0,0,0,0,0,0,''),(463,463,0,1,0,0,0,0,0,0,''),(464,464,0,1,0,0,0,0,0,0,''),(465,465,0,1,0,0,0,0,0,0,''),(466,466,0,1,0,0,0,0,0,0,''),(467,467,0,1,0,0,0,0,0,0,''),(468,468,0,1,0,0,0,0,0,0,''),(469,469,0,1,0,0,0,0,0,0,''),(470,470,0,1,0,0,0,0,0,0,''),(471,471,0,1,0,0,0,0,0,0,''),(472,472,0,1,0,0,0,0,0,0,''),(473,473,0,1,0,0,0,0,0,0,''),(474,474,0,1,0,0,0,0,0,0,''),(475,475,0,1,0,0,0,0,0,0,''),(476,476,0,1,0,0,0,0,0,0,''),(477,477,0,1,0,0,0,0,0,0,''),(478,478,0,1,0,0,0,0,0,0,''),(479,479,0,1,0,0,0,0,0,0,''),(480,480,0,1,0,0,0,0,0,0,''),(481,481,0,1,0,0,0,0,0,0,''),(482,482,0,1,0,0,0,0,0,0,''),(483,483,0,1,0,0,0,0,0,0,''),(484,484,0,1,0,0,0,0,0,0,''),(485,485,0,1,0,0,0,0,0,0,''),(486,486,0,1,0,0,0,0,0,0,''),(487,487,0,1,0,0,0,0,0,0,''),(488,488,0,1,0,0,0,0,0,0,''),(489,489,0,1,0,0,0,0,0,0,''),(490,490,0,1,0,0,0,0,0,0,''),(491,491,0,1,0,0,0,0,0,0,''),(492,492,0,1,0,0,0,0,0,0,''),(493,493,0,1,0,0,0,0,0,0,''),(494,494,0,1,0,0,0,0,0,0,''),(495,495,0,1,0,0,0,0,0,0,''),(496,496,0,1,0,0,0,0,0,0,''),(497,497,0,1,0,0,0,0,0,0,''),(498,498,0,1,0,0,0,0,0,0,''),(499,499,0,1,0,0,0,0,0,0,''),(500,500,0,1,0,0,0,0,0,0,''),(501,501,0,1,0,0,0,0,0,0,''),(502,502,0,1,0,0,0,0,0,0,''),(503,503,0,1,0,0,0,0,0,0,''),(504,504,0,1,0,0,0,0,0,0,''),(505,505,0,1,0,0,0,0,0,0,''),(506,506,0,1,0,0,0,0,0,0,''),(507,507,0,1,0,0,0,0,0,0,''),(508,508,0,1,0,0,0,0,0,0,''),(509,509,0,1,0,0,0,0,0,0,''),(510,510,0,1,0,0,0,0,0,0,''),(511,511,0,1,0,0,0,0,0,0,''),(512,512,0,1,0,0,0,0,0,0,''),(513,513,0,1,0,0,0,0,0,0,''),(514,514,0,1,0,0,0,0,0,0,''),(515,515,0,1,0,0,0,0,0,0,''),(516,516,0,1,0,0,0,0,0,0,''),(517,517,0,1,0,0,0,0,0,0,''),(518,518,0,1,0,0,0,0,0,0,''),(519,519,0,1,0,0,0,0,0,0,''),(520,520,0,1,0,0,0,0,0,0,''),(521,521,0,1,0,0,0,0,0,0,''),(522,522,0,1,0,0,0,0,0,0,''),(523,523,0,1,0,0,0,0,0,0,''),(524,524,0,1,0,0,0,0,0,0,''),(525,525,0,1,0,0,0,0,0,0,''),(526,526,0,1,0,0,0,0,0,0,''),(527,527,0,1,0,0,0,0,0,0,''),(528,528,0,1,0,0,0,0,0,0,''),(529,529,0,1,0,0,0,0,0,0,''),(530,530,0,1,0,0,0,0,0,0,''),(531,531,0,1,0,0,0,0,0,0,''),(532,532,0,1,0,0,0,0,0,0,''),(533,533,0,1,0,0,0,0,0,0,''),(534,534,0,1,0,0,0,0,0,0,''),(535,535,0,1,0,0,0,0,0,0,''),(536,536,0,1,0,0,0,0,0,0,''),(537,537,0,1,0,0,0,0,0,0,''),(538,538,0,1,0,0,0,0,0,0,''),(539,539,0,1,0,0,0,0,0,0,''),(540,540,0,1,0,0,0,0,0,0,''),(541,541,0,1,0,0,0,0,0,0,''),(542,542,0,1,0,0,0,0,0,0,''),(543,543,0,1,0,0,0,0,0,0,''),(544,544,0,1,0,0,0,0,0,0,''),(545,545,0,1,0,0,0,0,0,0,''),(546,546,0,1,0,0,0,0,0,0,''),(547,547,0,1,0,0,0,0,0,0,''),(548,548,0,1,0,0,0,0,0,0,''),(549,549,0,1,0,0,0,0,0,0,''),(550,550,0,1,0,0,0,0,0,0,''),(551,551,0,1,0,0,0,0,0,0,''),(552,552,0,1,0,0,0,0,0,0,''),(553,553,0,1,0,0,0,0,0,0,''),(554,554,0,1,0,0,0,0,0,0,''),(555,555,0,1,0,0,0,0,0,0,''),(556,556,0,1,0,0,0,0,0,0,''),(557,557,0,1,0,0,0,0,0,0,''),(558,558,0,1,0,0,0,0,0,0,''),(559,559,0,1,0,0,0,0,0,0,''),(560,560,0,1,0,0,0,0,0,0,''),(561,561,0,1,0,0,0,0,0,0,''),(562,562,0,1,0,0,0,0,0,0,''),(563,563,0,1,0,0,0,0,0,0,''),(564,564,0,1,0,0,0,0,0,0,''),(565,565,0,1,0,0,0,0,0,0,''),(566,566,0,1,0,0,0,0,0,0,''),(567,567,0,1,0,0,0,0,0,0,''),(568,568,0,1,0,0,0,0,0,0,''),(569,569,0,1,0,0,0,0,0,0,''),(570,570,0,1,0,0,0,0,0,0,''),(571,571,0,1,0,0,0,0,0,0,''),(572,572,0,1,0,0,0,0,0,0,''),(573,573,0,1,0,0,0,0,0,0,''),(574,574,0,1,0,0,0,0,0,0,''),(575,575,0,1,0,0,0,0,0,0,''),(576,576,0,1,0,0,0,0,0,0,''),(577,577,0,1,0,0,0,0,0,0,''),(578,578,0,1,0,0,0,0,0,0,''),(579,579,0,1,0,0,0,0,0,0,''),(580,580,0,1,0,0,0,0,0,0,''),(581,581,0,1,0,0,0,0,0,0,''),(582,582,0,1,0,0,0,0,0,0,''),(583,583,0,1,0,0,0,0,0,0,''),(584,584,0,1,0,0,0,0,0,0,''),(585,585,0,1,0,0,0,0,0,0,''),(586,586,0,1,0,0,0,0,0,0,''),(587,587,0,1,0,0,0,0,0,0,''),(588,588,0,1,0,0,0,0,0,0,''),(589,589,0,1,0,0,0,0,0,0,''),(590,590,0,1,0,0,0,0,0,0,''),(591,591,0,1,0,0,0,0,0,0,''),(592,592,0,1,0,0,0,0,0,0,''),(593,593,0,1,0,0,0,0,0,0,''),(594,594,0,1,0,0,0,0,0,0,''),(595,595,0,1,0,0,0,0,0,0,''),(596,596,0,1,0,0,0,0,0,0,''),(597,597,0,1,0,0,0,0,0,0,''),(598,598,0,1,0,0,0,0,0,0,''),(599,599,0,1,0,0,0,0,0,0,''),(600,600,0,1,0,0,0,0,0,0,''),(601,601,0,1,0,0,0,0,0,0,''),(602,602,0,1,0,0,0,0,0,0,''),(603,603,0,1,0,0,0,0,0,0,''),(604,604,0,1,0,0,0,0,0,0,''),(605,605,0,1,0,0,0,0,0,0,''),(606,606,0,1,0,0,0,0,0,0,''),(607,607,0,1,0,0,0,0,0,0,''),(608,608,0,1,0,0,0,0,0,0,''),(609,609,0,1,0,0,0,0,0,0,''),(610,610,0,1,0,0,0,0,0,0,''),(611,611,0,1,0,0,0,0,0,0,''),(612,612,0,1,0,0,0,0,0,0,''),(613,613,0,1,0,0,0,0,0,0,''),(614,614,0,1,0,0,0,0,0,0,''),(615,615,0,1,0,0,0,0,0,0,''),(616,616,0,1,0,0,0,0,0,0,''),(617,617,0,1,0,0,0,0,0,0,''),(618,618,0,1,0,0,0,0,0,0,''),(619,619,0,1,0,0,0,0,0,0,''),(620,620,0,1,0,0,0,0,0,0,''),(621,621,0,1,0,0,0,0,0,0,''),(622,622,0,1,0,0,0,0,0,0,''),(623,623,0,1,0,0,0,0,0,0,''),(624,624,0,1,0,0,0,0,0,0,''),(625,625,0,1,0,0,0,0,0,0,''),(626,626,0,1,0,0,0,0,0,0,''),(627,627,0,1,0,0,0,0,0,0,''),(628,628,0,1,0,0,0,0,0,0,''),(629,629,0,1,0,0,0,0,0,0,''),(630,630,0,1,0,0,0,0,0,0,''),(631,631,0,1,0,0,0,0,0,0,''),(632,632,0,1,0,0,0,0,0,0,''),(633,633,0,1,0,0,0,0,0,0,''),(634,634,0,1,0,0,0,0,0,0,''),(635,635,0,1,0,0,0,0,0,0,''),(636,636,0,1,0,0,0,0,0,0,''),(637,637,0,1,0,0,0,0,0,0,''),(638,638,0,1,0,0,0,0,0,0,''),(639,639,0,1,0,0,0,0,0,0,''),(640,640,0,1,0,0,0,0,0,0,''),(641,641,0,1,0,0,0,0,0,0,''),(642,642,0,1,0,0,0,0,0,0,''),(643,643,0,1,0,0,0,0,0,0,''),(644,644,0,1,0,0,0,0,0,0,''),(645,645,0,1,0,0,0,0,0,0,''),(646,646,0,1,0,0,0,0,0,0,''),(647,647,0,1,0,0,0,0,0,0,''),(648,648,0,1,0,0,0,0,0,0,''),(649,649,0,1,0,0,0,0,0,0,''),(650,650,0,1,0,0,0,0,0,0,''),(651,651,0,1,0,0,0,0,0,0,''),(652,652,0,1,0,0,0,0,0,0,''),(653,653,0,1,0,0,0,0,0,0,''),(654,654,0,1,0,0,0,0,0,0,''),(655,655,0,1,0,0,0,0,0,0,''),(656,656,0,1,0,0,0,0,0,0,''),(657,657,0,1,0,0,0,0,0,0,''),(658,658,0,1,0,0,0,0,0,0,''),(659,659,0,1,0,0,0,0,0,0,''),(660,660,0,1,0,0,0,0,0,0,''),(661,661,0,1,0,0,0,0,0,0,''),(662,662,0,1,0,0,0,0,0,0,''),(663,663,0,1,0,0,0,0,0,0,''),(664,664,0,1,0,0,0,0,0,0,''),(665,665,0,1,0,0,0,0,0,0,''),(666,666,0,1,0,0,0,0,0,0,''),(667,667,0,1,0,0,0,0,0,0,''),(668,668,0,1,0,0,0,0,0,0,''),(669,669,0,1,0,0,0,0,0,0,''),(670,670,0,1,0,0,0,0,0,0,''),(671,671,0,1,0,0,0,0,0,0,''),(672,672,0,1,0,0,0,0,0,0,''),(673,673,0,1,0,0,0,0,0,0,''),(674,674,0,1,0,0,0,0,0,0,''),(675,675,0,1,0,0,0,0,0,0,''),(676,676,0,1,0,0,0,0,0,0,''),(677,677,0,1,0,0,0,0,0,0,''),(678,678,0,1,0,0,0,0,0,0,''),(679,679,0,1,0,0,0,0,0,0,''),(680,680,0,1,0,0,0,0,0,0,''),(681,681,0,1,0,0,0,0,0,0,''),(682,682,0,1,0,0,0,0,0,0,''),(683,683,0,1,0,0,0,0,0,0,''),(684,684,0,1,0,0,0,0,0,0,''),(685,685,0,1,0,0,0,0,0,0,''),(686,686,0,1,0,0,0,0,0,0,''),(687,687,0,1,0,0,0,0,0,0,''),(688,688,0,1,0,0,0,0,0,0,''),(689,689,0,1,0,0,0,0,0,0,''),(690,690,0,1,0,0,0,0,0,0,''),(691,691,0,1,0,0,0,0,0,0,''),(692,692,0,1,0,0,0,0,0,0,''),(693,693,0,1,0,0,0,0,0,0,''),(694,694,0,1,0,0,0,0,0,0,''),(695,695,0,1,0,0,0,0,0,0,''),(696,696,0,1,0,0,0,0,0,0,''),(697,697,0,1,0,0,0,0,0,0,''),(698,698,0,1,0,0,0,0,0,0,''),(699,699,0,1,0,0,0,0,0,0,''),(700,700,0,1,0,0,0,0,0,0,''),(701,701,0,1,0,0,0,0,0,0,''),(702,702,0,1,0,0,0,0,0,0,''),(703,703,0,1,0,0,0,0,0,0,''),(704,704,0,1,0,0,0,0,0,0,''),(705,705,0,1,0,0,0,0,0,0,''),(706,706,0,1,0,0,0,0,0,0,''),(707,707,0,1,0,0,0,0,0,0,''),(708,708,0,1,0,0,0,0,0,0,''),(709,709,0,1,0,0,0,0,0,0,''),(710,710,0,1,0,0,0,0,0,0,''),(711,711,0,1,0,0,0,0,0,0,''),(712,712,0,1,0,0,0,0,0,0,''),(713,713,0,1,0,0,0,0,0,0,''),(714,714,0,1,0,0,0,0,0,0,''),(715,715,0,1,0,0,0,0,0,0,''),(716,716,0,1,0,0,0,0,0,0,''),(717,717,0,1,0,0,0,0,0,0,''),(718,718,0,1,0,0,0,0,0,0,''),(719,719,0,1,0,0,0,0,0,0,''),(720,720,0,1,0,0,0,0,0,0,''),(721,721,0,1,0,0,0,0,0,0,''),(722,722,0,1,0,0,0,0,0,0,''),(723,723,0,1,0,0,0,0,0,0,''),(724,724,0,1,0,0,0,0,0,0,''),(725,725,0,1,0,0,0,0,0,0,''),(726,726,0,1,0,0,0,0,0,0,''),(727,727,0,1,0,0,0,0,0,0,''),(728,728,0,1,0,0,0,0,0,0,''),(729,729,0,1,0,0,0,0,0,0,''),(730,730,0,1,0,0,0,0,0,0,''),(731,731,0,1,0,0,0,0,0,0,''),(732,732,0,1,0,0,0,0,0,0,''),(733,733,0,1,0,0,0,0,0,0,''),(734,734,0,1,0,0,0,0,0,0,''),(735,735,0,1,0,0,0,0,0,0,''),(736,736,0,1,0,0,0,0,0,0,''),(737,737,0,1,0,0,0,0,0,0,''),(738,738,0,1,0,0,0,0,0,0,''),(739,739,0,1,0,0,0,0,0,0,''),(740,740,0,1,0,0,0,0,0,0,''),(741,741,0,1,0,0,0,0,0,0,''),(742,742,0,1,0,0,0,0,0,0,''),(743,743,0,1,0,0,0,0,0,0,''),(744,744,0,1,0,0,0,0,0,0,''),(745,745,0,1,0,0,0,0,0,0,''),(746,746,0,1,0,0,0,0,0,0,''),(747,747,0,1,0,0,0,0,0,0,''),(748,748,0,1,0,0,0,0,0,0,''),(749,749,0,1,0,0,0,0,0,0,''),(750,750,0,1,0,0,0,0,0,0,''),(751,751,0,1,0,0,0,0,0,0,''),(752,752,0,1,0,0,0,0,0,0,''),(753,753,0,1,0,0,0,0,0,0,''),(754,754,0,1,0,0,0,0,0,0,''),(755,755,0,1,0,0,0,0,0,0,''),(756,756,0,1,0,0,0,0,0,0,''),(757,757,0,1,0,0,0,0,0,0,''),(758,758,0,1,0,0,0,0,0,0,''),(759,759,0,1,0,0,0,0,0,0,''),(760,760,0,1,0,0,0,0,0,0,''),(761,761,0,1,0,0,0,0,0,0,''),(762,762,0,1,0,0,0,0,0,0,''),(763,763,0,1,0,0,0,0,0,0,''),(764,764,0,1,0,0,0,0,0,0,''),(765,765,0,1,0,0,0,0,0,0,''),(766,766,0,1,0,0,0,0,0,0,''),(767,767,0,1,0,0,0,0,0,0,''),(768,768,0,1,0,0,0,0,0,0,''),(769,769,0,1,0,0,0,0,0,0,''),(770,770,0,1,0,0,0,0,0,0,''),(771,771,0,1,0,0,0,0,0,0,''),(772,772,0,1,0,0,0,0,0,0,''),(773,773,0,1,0,0,0,0,0,0,''),(774,774,0,1,0,0,0,0,0,0,''),(775,775,0,1,0,0,0,0,0,0,''),(776,776,0,1,0,0,0,0,0,0,''),(777,777,0,1,0,0,0,0,0,0,''),(778,778,0,1,0,0,0,0,0,0,''),(779,779,0,1,0,0,0,0,0,0,''),(780,780,0,1,0,0,0,0,0,0,''),(781,781,0,1,0,0,0,0,0,0,''),(782,782,0,1,0,0,0,0,0,0,''),(783,783,0,1,0,0,0,0,0,0,''),(784,784,0,1,0,0,0,0,0,0,''),(785,785,0,1,0,0,0,0,0,0,''),(786,786,0,1,0,0,0,0,0,0,''),(787,787,0,1,0,0,0,0,0,0,''),(788,788,0,1,0,0,0,0,0,0,''),(789,789,0,1,0,0,0,0,0,0,''),(790,790,0,1,0,0,0,0,0,0,''),(791,791,0,1,0,0,0,0,0,0,''),(792,792,0,1,0,0,0,0,0,0,''),(793,793,0,1,0,0,0,0,0,0,''),(794,794,0,1,0,0,0,0,0,0,''),(795,795,0,1,0,0,0,0,0,0,''),(796,796,0,1,0,0,0,0,0,0,''),(797,797,0,1,0,0,0,0,0,0,''),(798,798,0,1,0,0,0,0,0,0,''),(799,799,0,1,0,0,0,0,0,0,''),(800,800,0,1,0,0,0,0,0,0,''),(801,801,0,1,0,0,0,0,0,0,''),(802,802,0,1,0,0,0,0,0,0,''),(803,803,0,1,0,0,0,0,0,0,''),(804,804,0,1,0,0,0,0,0,0,''),(805,805,0,1,0,0,0,0,0,0,''),(806,806,0,1,0,0,0,0,0,0,''),(807,807,0,1,0,0,0,0,0,0,''),(808,808,0,1,0,0,0,0,0,0,''),(809,809,0,1,0,0,0,0,0,0,''),(810,810,0,1,0,0,0,0,0,0,''),(811,811,0,1,0,0,0,0,0,0,''),(812,812,0,1,0,0,0,0,0,0,''),(813,813,0,1,0,0,0,0,0,0,''),(814,814,0,1,0,0,0,0,0,0,''),(815,815,0,1,0,0,0,0,0,0,''),(816,816,0,1,0,0,0,0,0,0,''),(817,817,0,1,0,0,0,0,0,0,''),(818,818,0,1,0,0,0,0,0,0,''),(819,819,0,1,0,0,0,0,0,0,''),(820,820,0,1,0,0,0,0,0,0,''),(821,821,0,1,0,0,0,0,0,0,''),(822,822,0,1,0,0,0,0,0,0,''),(823,823,0,1,0,0,0,0,0,0,''),(824,824,0,1,0,0,0,0,0,0,''),(825,825,0,1,0,0,0,0,0,0,''),(826,826,0,1,0,0,0,0,0,0,''),(827,827,0,1,0,0,0,0,0,0,''),(828,828,0,1,0,0,0,0,0,0,''),(829,829,0,1,0,0,0,0,0,0,''),(830,830,0,1,0,0,0,0,0,0,''),(831,831,0,1,0,0,0,0,0,0,''),(832,832,0,1,0,0,0,0,0,0,''),(833,833,0,1,0,0,0,0,0,0,''),(834,834,0,1,0,0,0,0,0,0,''),(835,835,0,1,0,0,0,0,0,0,''),(836,836,0,1,0,0,0,0,0,0,''),(837,837,0,1,0,0,0,0,0,0,''),(838,838,0,1,0,0,0,0,0,0,''),(839,839,0,1,0,0,0,0,0,0,''),(840,840,0,1,0,0,0,0,0,0,''),(841,841,0,1,0,0,0,0,0,0,''),(842,842,0,1,0,0,0,0,0,0,''),(843,843,0,1,0,0,0,0,0,0,''),(844,844,0,1,0,0,0,0,0,0,''),(845,845,0,1,0,0,0,0,0,0,''),(846,846,0,1,0,0,0,0,0,0,''),(847,847,0,1,0,0,0,0,0,0,''),(848,848,0,1,0,0,0,0,0,0,''),(849,849,0,1,0,0,0,0,0,0,''),(850,850,0,1,0,0,0,0,0,0,''),(851,851,0,1,0,0,0,0,0,0,''),(852,852,0,1,0,0,0,0,0,0,''),(853,853,0,1,0,0,0,0,0,0,''),(854,854,0,1,0,0,0,0,0,0,''),(855,855,0,1,0,0,0,0,0,0,''),(856,856,0,1,0,0,0,0,0,0,''),(857,857,0,1,0,0,0,0,0,0,''),(858,858,0,1,0,0,0,0,0,0,''),(859,859,0,1,0,0,0,0,0,0,''),(860,860,0,1,0,0,0,0,0,0,''),(861,861,0,1,0,0,0,0,0,0,''),(862,862,0,1,0,0,0,0,0,0,''),(863,863,0,1,0,0,0,0,0,0,''),(864,864,0,1,0,0,0,0,0,0,''),(865,865,0,1,0,0,0,0,0,0,''),(866,866,0,1,0,0,0,0,0,0,''),(867,867,0,1,0,0,0,0,0,0,''),(868,868,0,1,0,0,0,0,0,0,''),(869,869,0,1,0,0,0,0,0,0,''),(870,870,0,1,0,0,0,0,0,0,''),(871,871,0,1,0,0,0,0,0,0,''),(872,872,0,1,0,0,0,0,0,0,''),(873,873,0,1,0,0,0,0,0,0,''),(874,874,0,1,0,0,0,0,0,0,''),(875,875,0,1,0,0,0,0,0,0,''),(876,876,0,1,0,0,0,0,0,0,''),(877,877,0,1,0,0,0,0,0,0,''),(878,878,0,1,0,0,0,0,0,0,''),(879,879,0,1,0,0,0,0,0,0,''),(880,880,0,1,0,0,0,0,0,0,''),(881,881,0,1,0,0,0,0,0,0,''),(882,882,0,1,0,0,0,0,0,0,''),(883,883,0,1,0,0,0,0,0,0,''),(884,884,0,1,0,0,0,0,0,0,''),(885,885,0,1,0,0,0,0,0,0,''),(886,886,0,1,0,0,0,0,0,0,''),(887,887,0,1,0,0,0,0,0,0,''),(888,888,0,1,0,0,0,0,0,0,''),(889,889,0,1,0,0,0,0,0,0,''),(890,890,0,1,0,0,0,0,0,0,''),(891,891,0,1,0,0,0,0,0,0,''),(892,892,0,1,0,0,0,0,0,0,''),(893,893,0,1,0,0,0,0,0,0,''),(894,894,0,1,0,0,0,0,0,0,''),(895,895,0,1,0,0,0,0,0,0,''),(896,896,0,1,0,0,0,0,0,0,''),(897,897,0,1,0,0,0,0,0,0,''),(898,898,0,1,0,0,0,0,0,0,''),(899,899,0,1,0,0,0,0,0,0,''),(900,900,0,1,0,0,0,0,0,0,''),(901,901,0,1,0,0,0,0,0,0,''),(902,902,0,1,0,0,0,0,0,0,''),(903,903,0,1,0,0,0,0,0,0,''),(904,904,0,1,0,0,0,0,0,0,''),(905,905,0,1,0,0,0,0,0,0,''),(906,906,0,1,0,0,0,0,0,0,''),(907,907,0,1,0,0,0,0,0,0,''),(908,908,0,1,0,0,0,0,0,0,''),(909,909,0,1,0,0,0,0,0,0,''),(910,910,0,1,0,0,0,0,0,0,''),(911,911,0,1,0,0,0,0,0,0,''),(912,912,0,1,0,0,0,0,0,0,''),(913,913,0,1,0,0,0,0,0,0,''),(914,914,0,1,0,0,0,0,0,0,''),(915,915,0,1,0,0,0,0,0,0,''),(916,916,0,1,0,0,0,0,0,0,''),(917,917,0,1,0,0,0,0,0,0,''),(918,918,0,1,0,0,0,0,0,0,''),(919,919,0,1,0,0,0,0,0,0,''),(920,920,0,1,0,0,0,0,0,0,''),(921,921,0,1,0,0,0,0,0,0,''),(922,922,0,1,0,0,0,0,0,0,''),(923,923,0,1,0,0,0,0,0,0,''),(924,924,0,1,0,0,0,0,0,0,''),(925,925,0,1,0,0,0,0,0,0,''),(926,926,0,1,0,0,0,0,0,0,''),(927,927,0,1,0,0,0,0,0,0,''),(928,928,0,1,0,0,0,0,0,0,''),(929,929,0,1,0,0,0,0,0,0,''),(930,930,0,1,0,0,0,0,0,0,''),(931,931,0,1,0,0,0,0,0,0,''),(932,932,0,1,0,0,0,0,0,0,''),(933,933,0,1,0,0,0,0,0,0,''),(934,934,0,1,0,0,0,0,0,0,''),(935,935,0,1,0,0,0,0,0,0,''),(936,936,0,1,0,0,0,0,0,0,''),(937,937,0,1,0,0,0,0,0,0,''),(938,938,0,1,0,0,0,0,0,0,''),(939,939,0,1,0,0,0,0,0,0,''),(940,940,0,1,0,0,0,0,0,0,''),(941,941,0,1,0,0,0,0,0,0,''),(942,942,0,1,0,0,0,0,0,0,''),(943,943,0,1,0,0,0,0,0,0,''),(944,944,0,1,0,0,0,0,0,0,''),(945,945,0,1,0,0,0,0,0,0,''),(946,946,0,1,0,0,0,0,0,0,''),(947,947,0,1,0,0,0,0,0,0,''),(948,948,0,1,0,0,0,0,0,0,''),(949,949,0,1,0,0,0,0,0,0,''),(950,950,0,1,0,0,0,0,0,0,''),(951,951,0,1,0,0,0,0,0,0,''),(952,952,0,1,0,0,0,0,0,0,''),(953,953,0,1,0,0,0,0,0,0,''),(954,954,0,1,0,0,0,0,0,0,''),(955,955,0,1,0,0,0,0,0,0,''),(956,956,0,1,0,0,0,0,0,0,''),(957,957,0,1,0,0,0,0,0,0,''),(958,958,0,1,0,0,0,0,0,0,''),(959,959,0,1,0,0,0,0,0,0,''),(960,960,0,1,0,0,0,0,0,0,''),(961,961,0,1,0,0,0,0,0,0,''),(962,962,0,1,0,0,0,0,0,0,''),(963,963,0,1,0,0,0,0,0,0,''),(964,964,0,1,0,0,0,0,0,0,''),(965,965,0,1,0,0,0,0,0,0,''),(966,966,0,1,0,0,0,0,0,0,''),(967,967,0,1,0,0,0,0,0,0,''),(968,968,0,1,0,0,0,0,0,0,''),(969,969,0,1,0,0,0,0,0,0,''),(970,970,0,1,0,0,0,0,0,0,''),(971,971,0,1,0,0,0,0,0,0,''),(972,972,0,1,0,0,0,0,0,0,''),(973,973,0,1,0,0,0,0,0,0,''),(974,974,0,1,0,0,0,0,0,0,''),(975,975,0,1,0,0,0,0,0,0,''),(976,976,0,1,0,0,0,0,0,0,''),(977,977,0,1,0,0,0,0,0,0,''),(978,978,0,1,0,0,0,0,0,0,''),(979,979,0,1,0,0,0,0,0,0,''),(980,980,0,1,0,0,0,0,0,0,''),(981,981,0,1,0,0,0,0,0,0,''),(982,982,0,1,0,0,0,0,0,0,''),(983,983,0,1,0,0,0,0,0,0,''),(984,984,0,1,0,0,0,0,0,0,''),(985,985,0,1,0,0,0,0,0,0,''),(986,986,0,1,0,0,0,0,0,0,''),(987,987,0,1,0,0,0,0,0,0,''),(988,988,0,1,0,0,0,0,0,0,''),(989,989,0,1,0,0,0,0,0,0,''),(990,990,0,1,0,0,0,0,0,0,''),(991,991,0,1,0,0,0,0,0,0,''),(992,992,0,1,0,0,0,0,0,0,''),(993,993,0,1,0,0,0,0,0,0,''),(994,994,0,1,0,0,0,0,0,0,''),(995,995,0,1,0,0,0,0,0,0,''),(996,996,0,1,0,0,0,0,0,0,''),(997,997,0,1,0,0,0,0,0,0,''),(998,998,0,1,0,0,0,0,0,0,''),(999,999,0,1,0,0,0,0,0,0,''),(1000,1000,0,1,0,0,0,0,0,0,''),(1001,1001,0,1,0,0,0,0,0,0,''),(1002,1002,0,1,0,0,0,0,0,0,''),(1003,1003,0,1,0,0,0,0,0,0,''),(1004,1004,0,1,0,0,0,0,0,0,''),(1005,1005,0,1,0,0,0,0,0,0,''),(1006,1006,0,1,0,0,0,0,0,0,''),(1007,1007,0,1,0,0,0,0,0,0,''),(1008,1008,0,1,0,0,0,0,0,0,''),(1009,1009,0,1,0,0,0,0,0,0,''),(1010,1010,0,1,0,0,0,0,0,0,''),(1011,1011,0,1,0,0,0,0,0,0,''),(1012,1012,0,1,0,0,0,0,0,0,''),(1013,1013,0,1,0,0,0,0,0,0,''),(1014,1014,0,1,0,0,0,0,0,0,''),(1015,1015,0,1,0,0,0,0,0,0,''),(1016,1016,0,1,0,0,0,0,0,0,''),(1017,1017,0,1,0,0,0,0,0,0,''),(1018,1018,0,1,0,0,0,0,0,0,''),(1019,1019,0,1,0,0,0,0,0,0,''),(1020,1020,0,1,0,0,0,0,0,0,''),(1021,1021,0,1,0,0,0,0,0,0,''),(1022,1022,0,1,0,0,0,0,0,0,''),(1023,1023,0,1,0,0,0,0,0,0,''),(1024,1024,0,1,0,0,0,0,0,0,''),(1025,1025,0,1,0,0,0,0,0,0,''),(1026,1026,0,1,0,0,0,0,0,0,''),(1027,1027,0,1,0,0,0,0,0,0,''),(1028,1028,0,1,0,0,0,0,0,0,''),(1029,1029,0,1,0,0,0,0,0,0,''),(1030,1030,0,1,0,0,0,0,0,0,''),(1031,1031,0,1,0,0,0,0,0,0,''),(1032,1032,0,1,0,0,0,0,0,0,''),(1033,1033,0,1,0,0,0,0,0,0,''),(1034,1034,0,1,0,0,0,0,0,0,''),(1035,1035,0,1,0,0,0,0,0,0,''),(1036,1036,0,1,0,0,0,0,0,0,''),(1037,1037,0,1,0,0,0,0,0,0,''),(1038,1038,0,1,0,0,0,0,0,0,''),(1039,1039,0,1,0,0,0,0,0,0,''),(1040,1040,0,1,0,0,0,0,0,0,''),(1041,1041,0,1,0,0,0,0,0,0,''),(1042,1042,0,1,0,0,0,0,0,0,''),(1043,1043,0,1,0,0,0,0,0,0,''),(1044,1044,0,1,0,0,0,0,0,0,''),(1045,1045,0,1,0,0,0,0,0,0,''),(1046,1046,0,1,0,0,0,0,0,0,''),(1047,1047,0,1,0,0,0,0,0,0,''),(1048,1048,0,1,0,0,0,0,0,0,''),(1049,1049,0,1,0,0,0,0,0,0,''),(1050,1050,0,1,0,0,0,0,0,0,''),(1051,1051,0,1,0,0,0,0,0,0,''),(1052,1052,0,1,0,0,0,0,0,0,''),(1053,1053,0,1,0,0,0,0,0,0,''),(1054,1054,0,1,0,0,0,0,0,0,''),(1055,1055,0,1,0,0,0,0,0,0,''),(1056,1056,0,1,0,0,0,0,0,0,''),(1057,1057,0,1,0,0,0,0,0,0,''),(1058,1058,0,1,0,0,0,0,0,0,''),(1059,1059,0,1,0,0,0,0,0,0,''),(1060,1060,0,1,0,0,0,0,0,0,''),(1061,1061,0,1,0,0,0,0,0,0,''),(1062,1062,0,1,0,0,0,0,0,0,''),(1063,1063,0,1,0,0,0,0,0,0,''),(1064,1064,0,1,0,0,0,0,0,0,''),(1065,1065,0,1,0,0,0,0,0,0,''),(1066,1066,0,1,0,0,0,0,0,0,''),(1067,1067,0,1,0,0,0,0,0,0,''),(1068,1068,0,1,0,0,0,0,0,0,''),(1069,1069,0,1,0,0,0,0,0,0,''),(1070,1070,0,1,0,0,0,0,0,0,''),(1071,1071,0,1,0,0,0,0,0,0,''),(1072,1072,0,1,0,0,0,0,0,0,''),(1073,1073,0,1,0,0,0,0,0,0,''),(1074,1074,0,1,0,0,0,0,0,0,''),(1075,1075,0,1,0,0,0,0,0,0,''),(1076,1076,0,1,0,0,0,0,0,0,''),(1077,1077,0,1,0,0,0,0,0,0,''),(1078,1078,0,1,0,0,0,0,0,0,''),(1079,1079,0,1,0,0,0,0,0,0,''),(1080,1080,0,1,0,0,0,0,0,0,''),(1081,1081,0,1,0,0,0,0,0,0,''),(1082,1082,0,1,0,0,0,0,0,0,''),(1083,1083,0,1,0,0,0,0,0,0,''),(1084,1084,0,1,0,0,0,0,0,0,''),(1085,1085,0,1,0,0,0,0,0,0,''),(1086,1086,0,1,0,0,0,0,0,0,''),(1087,1087,0,1,0,0,0,0,0,0,''),(1088,1088,0,1,0,0,0,0,0,0,''),(1089,1089,0,1,0,0,0,0,0,0,''),(1090,1090,0,1,0,0,0,0,0,0,''),(1091,1091,0,1,0,0,0,0,0,0,''),(1092,1092,0,1,0,0,0,0,0,0,''),(1093,1093,0,1,0,0,0,0,0,0,''),(1094,1094,0,1,0,0,0,0,0,0,''),(1095,1095,0,1,0,0,0,0,0,0,''),(1096,1096,0,1,0,0,0,0,0,0,''),(1097,1097,0,1,0,0,0,0,0,0,''),(1098,1098,0,1,0,0,0,0,0,0,''),(1099,1099,0,1,0,0,0,0,0,0,''),(1100,1100,0,1,0,0,0,0,0,0,''),(1101,1101,0,1,0,0,0,0,0,0,''),(1102,1102,0,1,0,0,0,0,0,0,''),(1103,1103,0,1,0,0,0,0,0,0,''),(1104,1104,0,1,0,0,0,0,0,0,''),(1105,1105,0,1,0,0,0,0,0,0,''),(1106,1106,0,1,0,0,0,0,0,0,''),(1107,1107,0,1,0,0,0,0,0,0,''),(1108,1108,0,1,0,0,0,0,0,0,''),(1109,1109,0,1,0,0,0,0,0,0,''),(1110,1110,0,1,0,0,0,0,0,0,''),(1111,1111,0,1,0,0,0,0,0,0,''),(1112,1112,0,1,0,0,0,0,0,0,''),(1113,1113,0,1,0,0,0,0,0,0,''),(1114,1114,0,1,0,0,0,0,0,0,''),(1115,1115,0,1,0,0,0,0,0,0,''),(1116,1116,0,1,0,0,0,0,0,0,''),(1117,1117,0,1,0,0,0,0,0,0,''),(1118,1118,0,1,0,0,0,0,0,0,''),(1119,1119,0,1,0,0,0,0,0,0,''),(1120,1120,0,1,0,0,0,0,0,0,''),(1121,1121,0,1,0,0,0,0,0,0,''),(1122,1122,0,1,0,0,0,0,0,0,''),(1123,1123,0,1,0,0,0,0,0,0,''),(1124,1124,0,1,0,0,0,0,0,0,''),(1125,1125,0,1,0,0,0,0,0,0,''),(1126,1126,0,1,0,0,0,0,0,0,''),(1127,1127,0,1,0,0,0,0,0,0,''),(1128,1128,0,1,0,0,0,0,0,0,''),(1129,1129,0,1,0,0,0,0,0,0,''),(1130,1130,0,1,0,0,0,0,0,0,''),(1131,1131,0,1,0,0,0,0,0,0,''),(1132,1132,0,1,0,0,0,0,0,0,''),(1133,1133,0,1,0,0,0,0,0,0,''),(1134,1134,0,1,0,0,0,0,0,0,''),(1135,1135,0,1,0,0,0,0,0,0,''),(1136,1136,0,1,0,0,0,0,0,0,''),(1137,1137,0,1,0,0,0,0,0,0,''),(1138,1138,0,1,0,0,0,0,0,0,''),(1139,1139,0,1,0,0,0,0,0,0,''),(1140,1140,0,1,0,0,0,0,0,0,''),(1141,1141,0,1,0,0,0,0,0,0,''),(1142,1142,0,1,0,0,0,0,0,0,''),(1143,1143,0,1,0,0,0,0,0,0,''),(1144,1144,0,1,0,0,0,0,0,0,''),(1145,1145,0,1,0,0,0,0,0,0,''),(1146,1146,0,1,0,0,0,0,0,0,''),(1147,1147,0,1,0,0,0,0,0,0,''),(1148,1148,0,1,0,0,0,0,0,0,''),(1149,1149,0,1,0,0,0,0,0,0,''),(1150,1150,0,1,0,0,0,0,0,0,''),(1151,1151,0,1,0,0,0,0,0,0,''),(1152,1152,0,1,0,0,0,0,0,0,''),(1153,1153,0,1,0,0,0,0,0,0,''),(1154,1154,0,1,0,0,0,0,0,0,''),(1155,1155,0,1,0,0,0,0,0,0,''),(1156,1156,0,1,0,0,0,0,0,0,''),(1157,1157,0,1,0,0,0,0,0,0,''),(1158,1158,0,1,0,0,0,0,0,0,''),(1159,1159,0,1,0,0,0,0,0,0,''),(1160,1160,0,1,0,0,0,0,0,0,''),(1161,1161,0,1,0,0,0,0,0,0,''),(1162,1162,0,1,0,0,0,0,0,0,''),(1163,1163,0,1,0,0,0,0,0,0,''),(1164,1164,0,1,0,0,0,0,0,0,''),(1165,1165,0,1,0,0,0,0,0,0,''),(1166,1166,0,1,0,0,0,0,0,0,''),(1167,1167,0,1,0,0,0,0,0,0,''),(1168,1168,0,1,0,0,0,0,0,0,''),(1169,1169,0,1,0,0,0,0,0,0,''),(1170,1170,0,1,0,0,0,0,0,0,''),(1171,1171,0,1,0,0,0,0,0,0,''),(1172,1172,0,1,0,0,0,0,0,0,''),(1173,1173,0,1,0,0,0,0,0,0,''),(1174,1174,0,1,0,0,0,0,0,0,''),(1175,1175,0,1,0,0,0,0,0,0,''),(1176,1176,0,1,0,0,0,0,0,0,''),(1177,1177,0,1,0,0,0,0,0,0,''),(1178,1178,0,1,0,0,0,0,0,0,''),(1179,1179,0,1,0,0,0,0,0,0,''),(1180,1180,0,1,0,0,0,0,0,0,''),(1181,1181,0,1,0,0,0,0,0,0,''),(1182,1182,0,1,0,0,0,0,0,0,''),(1183,1183,0,1,0,0,0,0,0,0,''),(1184,1184,0,1,0,0,0,0,0,0,''),(1185,1185,0,1,0,0,0,0,0,0,''),(1186,1186,0,1,0,0,0,0,0,0,''),(1187,1187,0,1,0,0,0,0,0,0,''),(1188,1188,0,1,0,0,0,0,0,0,''),(1189,1189,0,1,0,0,0,0,0,0,''),(1190,1190,0,1,0,0,0,0,0,0,''),(1191,1191,0,1,0,0,0,0,0,0,''),(1192,1192,0,1,0,0,0,0,0,0,''),(1193,1193,0,1,0,0,0,0,0,0,''),(1194,1194,0,1,0,0,0,0,0,0,''),(1195,1195,0,1,0,0,0,0,0,0,''),(1196,1196,0,1,0,0,0,0,0,0,''),(1197,1197,0,1,0,0,0,0,0,0,''),(1198,1198,0,1,0,0,0,0,0,0,''),(1199,1199,0,1,0,0,0,0,0,0,''),(1200,1200,0,1,0,0,0,0,0,0,''),(1201,1201,0,1,0,0,0,0,0,0,''),(1202,1202,0,1,0,0,0,0,0,0,''),(1203,1203,0,1,0,0,0,0,0,0,''),(1204,1204,0,1,0,0,0,0,0,0,''),(1205,1205,0,1,0,0,0,0,0,0,''),(1206,1206,0,1,0,0,0,0,0,0,''),(1207,1207,0,1,0,0,0,0,0,0,''),(1208,1208,0,1,0,0,0,0,0,0,''),(1209,1209,0,1,0,0,0,0,0,0,''),(1210,1210,0,1,0,0,0,0,0,0,''),(1211,1211,0,1,0,0,0,0,0,0,''),(1212,1212,0,1,0,0,0,0,0,0,''),(1213,1213,0,1,0,0,0,0,0,0,''),(1214,1214,0,1,0,0,0,0,0,0,''),(1215,1215,0,1,0,0,0,0,0,0,''),(1216,1216,0,1,0,0,0,0,0,0,''),(1217,1217,0,1,0,0,0,0,0,0,''),(1218,1218,0,1,0,0,0,0,0,0,''),(1219,1219,0,1,0,0,0,0,0,0,''),(1220,1220,0,1,0,0,0,0,0,0,''),(1221,1221,0,1,0,0,0,0,0,0,''),(1222,1222,0,1,0,0,0,0,0,0,''),(1223,1223,0,1,0,0,0,0,0,0,''),(1224,1224,0,1,0,0,0,0,0,0,''),(1225,1225,0,1,0,0,0,0,0,0,''),(1226,1226,0,1,0,0,0,0,0,0,''),(1227,1227,0,1,0,0,0,0,0,0,''),(1228,1228,0,1,0,0,0,0,0,0,''),(1229,1229,0,1,0,0,0,0,0,0,''),(1230,1230,0,1,0,0,0,0,0,0,''),(1231,1231,0,1,0,0,0,0,0,0,''),(1232,1232,0,1,0,0,0,0,0,0,''),(1233,1233,0,1,0,0,0,0,0,0,''),(1234,1234,0,1,0,0,0,0,0,0,''),(1235,1235,0,1,0,0,0,0,0,0,''),(1236,1236,0,1,0,0,0,0,0,0,''),(1237,1237,0,1,0,0,0,0,0,0,''),(1238,1238,0,1,0,0,0,0,0,0,''),(1239,1239,0,1,0,0,0,0,0,0,''),(1240,1240,0,1,0,0,0,0,0,0,''),(1241,1241,0,1,0,0,0,0,0,0,''),(1242,1242,0,1,0,0,0,0,0,0,''),(1243,1243,0,1,0,0,0,0,0,0,''),(1244,1244,0,1,0,0,0,0,0,0,''),(1245,1245,0,1,0,0,0,0,0,0,''),(1246,1246,0,1,0,0,0,0,0,0,''),(1247,1247,0,1,0,0,0,0,0,0,''),(1248,1248,0,1,0,0,0,0,0,0,''),(1249,1249,0,1,0,0,0,0,0,0,''),(1250,1250,0,1,0,0,0,0,0,0,''),(1251,1251,0,1,0,0,0,0,0,0,''),(1252,1252,0,1,0,0,0,0,0,0,''),(1253,1253,0,1,0,0,0,0,0,0,''),(1254,1254,0,1,0,0,0,0,0,0,''),(1255,1255,0,1,0,0,0,0,0,0,''),(1256,1256,0,1,0,0,0,0,0,0,''),(1257,1257,0,1,0,0,0,0,0,0,''),(1258,1258,0,1,0,0,0,0,0,0,''),(1259,1259,0,1,0,0,0,0,0,0,''),(1260,1260,0,1,0,0,0,0,0,0,''),(1261,1261,0,1,0,0,0,0,0,0,''),(1262,1262,0,1,0,0,0,0,0,0,''),(1263,1263,0,1,0,0,0,0,0,0,''),(1264,1264,0,1,0,0,0,0,0,0,''),(1265,1265,0,1,0,0,0,0,0,0,''),(1266,1266,0,1,0,0,0,0,0,0,''),(1267,1267,0,1,0,0,0,0,0,0,''),(1268,1268,0,1,0,0,0,0,0,0,''),(1269,1269,0,1,0,0,0,0,0,0,''),(1270,1270,0,1,0,0,0,0,0,0,''),(1271,1271,0,1,0,0,0,0,0,0,''),(1272,1272,0,1,0,0,0,0,0,0,''),(1273,1273,0,1,0,0,0,0,0,0,''),(1274,1274,0,1,0,0,0,0,0,0,''),(1275,1275,0,1,0,0,0,0,0,0,''),(1276,1276,0,1,0,0,0,0,0,0,''),(1277,1277,0,1,0,0,0,0,0,0,''),(1278,1278,0,1,0,0,0,0,0,0,''),(1279,1279,0,1,0,0,0,0,0,0,''),(1280,1280,0,1,0,0,0,0,0,0,''),(1281,1281,0,1,0,0,0,0,0,0,''),(1282,1282,0,1,0,0,0,0,0,0,''),(1283,1283,0,1,0,0,0,0,0,0,''),(1284,1284,0,1,0,0,0,0,0,0,''),(1285,1285,0,1,0,0,0,0,0,0,''),(1286,1286,0,1,0,0,0,0,0,0,''),(1287,1287,0,1,0,0,0,0,0,0,''),(1288,1288,0,1,0,0,0,0,0,0,''),(1289,1289,0,1,0,0,0,0,0,0,''),(1290,1290,0,1,0,0,0,0,0,0,''),(1291,1291,0,1,0,0,0,0,0,0,''),(1292,1292,0,1,0,0,0,0,0,0,''),(1293,1293,0,1,0,0,0,0,0,0,''),(1294,1294,0,1,0,0,0,0,0,0,''),(1295,1295,0,1,0,0,0,0,0,0,''),(1296,1296,0,1,0,0,0,0,0,0,''),(1297,1297,0,1,0,0,0,0,0,0,''),(1298,1298,0,1,0,0,0,0,0,0,''),(1299,1299,0,1,0,0,0,0,0,0,''),(1300,1300,0,1,0,0,0,0,0,0,''),(1301,1301,0,1,0,0,0,0,0,0,''),(1302,1302,0,1,0,0,0,0,0,0,''),(1303,1303,0,1,0,0,0,0,0,0,''),(1304,1304,0,1,0,0,0,0,0,0,''),(1305,1305,0,1,0,0,0,0,0,0,''),(1306,1306,0,1,0,0,0,0,0,0,''),(1307,1307,0,1,0,0,0,0,0,0,''),(1308,1308,0,1,0,0,0,0,0,0,''),(1309,1309,0,1,0,0,0,0,0,0,''),(1310,1310,0,1,0,0,0,0,0,0,''),(1311,1311,0,1,0,0,0,0,0,0,''),(1312,1312,0,1,0,0,0,0,0,0,''),(1313,1313,0,1,0,0,0,0,0,0,''),(1314,1314,0,1,0,0,0,0,0,0,''),(1315,1315,0,1,0,0,0,0,0,0,''),(1316,1316,0,1,0,0,0,0,0,0,''),(1317,1317,0,1,0,0,0,0,0,0,''),(1318,1318,0,1,0,0,0,0,0,0,''),(1319,1319,0,1,0,0,0,0,0,0,''),(1320,1320,0,1,0,0,0,0,0,0,''),(1321,1321,0,1,0,0,0,0,0,0,''),(1322,1322,0,1,0,0,0,0,0,0,''),(1323,1323,0,1,0,0,0,0,0,0,''),(1324,1324,0,1,0,0,0,0,0,0,''),(1325,1325,0,1,0,0,0,0,0,0,''),(1326,1326,0,1,0,0,0,0,0,0,''),(1327,1327,0,1,0,0,0,0,0,0,''),(1328,1328,0,1,0,0,0,0,0,0,''),(1329,1329,0,1,0,0,0,0,0,0,''),(1330,1330,0,1,0,0,0,0,0,0,''),(1331,1331,0,1,0,0,0,0,0,0,''),(1332,1332,0,1,0,0,0,0,0,0,''),(1333,1333,0,1,0,0,0,0,0,0,''),(1334,1334,0,1,0,0,0,0,0,0,''),(1335,1335,0,1,0,0,0,0,0,0,''),(1336,1336,0,1,0,0,0,0,0,0,''),(1337,1337,0,1,0,0,0,0,0,0,''),(1338,1338,0,1,0,0,0,0,0,0,''),(1339,1339,0,1,0,0,0,0,0,0,''),(1340,1340,0,1,0,0,0,0,0,0,''),(1341,1341,0,1,0,0,0,0,0,0,''),(1342,1342,0,1,0,0,0,0,0,0,''),(1343,1343,0,1,0,0,0,0,0,0,''),(1344,1344,0,1,0,0,0,0,0,0,''),(1345,1345,0,1,0,0,0,0,0,0,''),(1346,1346,0,1,0,0,0,0,0,0,''),(1347,1347,0,1,0,0,0,0,0,0,''),(1348,1348,0,1,0,0,0,0,0,0,''),(1349,1349,0,1,0,0,0,0,0,0,''),(1350,1350,0,1,0,0,0,0,0,0,''),(1351,1351,0,1,0,0,0,0,0,0,''),(1352,1352,0,1,0,0,0,0,0,0,''),(1353,1353,0,1,0,0,0,0,0,0,''),(1354,1354,0,1,0,0,0,0,0,0,''),(1355,1355,0,1,0,0,0,0,0,0,''),(1356,1356,0,1,0,0,0,0,0,0,''),(1357,1357,0,1,0,0,0,0,0,0,''),(1358,1358,0,1,0,0,0,0,0,0,''),(1359,1359,0,1,0,0,0,0,0,0,''),(1360,1360,0,1,0,0,0,0,0,0,''),(1361,1361,0,1,0,0,0,0,0,0,''),(1362,1362,0,1,0,0,0,0,0,0,''),(1363,1363,0,1,0,0,0,0,0,0,''),(1364,1364,0,1,0,0,0,0,0,0,''),(1365,1365,0,1,0,0,0,0,0,0,''),(1366,1366,0,1,0,0,0,0,0,0,''),(1367,1367,0,1,0,0,0,0,0,0,''),(1368,1368,0,1,0,0,0,0,0,0,''),(1369,1369,0,1,0,0,0,0,0,0,''),(1370,1370,0,1,0,0,0,0,0,0,''),(1371,1371,0,1,0,0,0,0,0,0,''),(1372,1372,0,1,0,0,0,0,0,0,''),(1373,1373,0,1,0,0,0,0,0,0,''),(1374,1374,0,1,0,0,0,0,0,0,''),(1375,1375,0,1,0,0,0,0,0,0,''),(1376,1376,0,1,0,0,0,0,0,0,''),(1377,1377,0,1,0,0,0,0,0,0,''),(1378,1378,0,1,0,0,0,0,0,0,''),(1379,1379,0,1,0,0,0,0,0,0,''),(1380,1380,0,1,0,0,0,0,0,0,''),(1381,1381,0,1,0,0,0,0,0,0,''),(1382,1382,0,1,0,0,0,0,0,0,''),(1383,1383,0,1,0,0,0,0,0,0,''),(1384,1384,0,1,0,0,0,0,0,0,''),(1385,1385,0,1,0,0,0,0,0,0,''),(1386,1386,0,1,0,0,0,0,0,0,''),(1387,1387,0,1,0,0,0,0,0,0,''),(1388,1388,0,1,0,0,0,0,0,0,''),(1389,1389,0,1,0,0,0,0,0,0,''),(1390,1390,0,1,0,0,0,0,0,0,''),(1391,1391,0,1,0,0,0,0,0,0,''),(1392,1392,0,1,0,0,0,0,0,0,''),(1393,1393,0,1,0,0,0,0,0,0,''),(1394,1394,0,1,0,0,0,0,0,0,''),(1395,1395,0,1,0,0,0,0,0,0,''),(1396,1396,0,1,0,0,0,0,0,0,''),(1397,1397,0,1,0,0,0,0,0,0,''),(1398,1398,0,1,0,0,0,0,0,0,''),(1399,1399,0,1,0,0,0,0,0,0,''),(1400,1400,0,1,0,0,0,0,0,0,''),(1401,1401,0,1,0,0,0,0,0,0,''),(1402,1402,0,1,0,0,0,0,0,0,''),(1403,1403,0,1,0,0,0,0,0,0,''),(1404,1404,0,1,0,0,0,0,0,0,''),(1405,1405,0,1,0,0,0,0,0,0,''),(1406,1406,0,1,0,0,0,0,0,0,''),(1407,1407,0,1,0,0,0,0,0,0,''),(1408,1408,0,1,0,0,0,0,0,0,''),(1409,1409,0,1,0,0,0,0,0,0,''),(1410,1410,0,1,0,0,0,0,0,0,''),(1411,1411,0,1,0,0,0,0,0,0,''),(1412,1412,0,1,0,0,0,0,0,0,''),(1413,1413,0,1,0,0,0,0,0,0,''),(1414,1414,0,1,0,0,0,0,0,0,''),(1415,1415,0,1,0,0,0,0,0,0,''),(1416,1416,0,1,0,0,0,0,0,0,''),(1417,1417,0,1,0,0,0,0,0,0,''),(1418,1418,0,1,0,0,0,0,0,0,''),(1419,1419,0,1,0,0,0,0,0,0,''),(1420,1420,0,1,0,0,0,0,0,0,''),(1421,1421,0,1,0,0,0,0,0,0,''),(1422,1422,0,1,0,0,0,0,0,0,''),(1423,1423,0,1,0,0,0,0,0,0,''),(1424,1424,0,1,0,0,0,0,0,0,''),(1425,1425,0,1,0,0,0,0,0,0,''),(1426,1426,0,1,0,0,0,0,0,0,''),(1427,1427,0,1,0,0,0,0,0,0,''),(1428,1428,0,1,0,0,0,0,0,0,''),(1429,1429,0,1,0,0,0,0,0,0,''),(1430,1430,0,1,0,0,0,0,0,0,''),(1431,1431,0,1,0,0,0,0,0,0,''),(1432,1432,0,1,0,0,0,0,0,0,''),(1433,1433,0,1,0,0,0,0,0,0,''),(1434,1434,0,1,0,0,0,0,0,0,''),(1435,1435,0,1,0,0,0,0,0,0,''),(1436,1436,0,1,0,0,0,0,0,0,''),(1437,1437,0,1,0,0,0,0,0,0,''),(1438,1438,0,1,0,0,0,0,0,0,''),(1439,1439,0,1,0,0,0,0,0,0,''),(1440,1440,0,1,0,0,0,0,0,0,''),(1441,1441,0,1,0,0,0,0,0,0,''),(1442,1442,0,1,0,0,0,0,0,0,''),(1443,1443,0,1,0,0,0,0,0,0,''),(1444,1444,0,1,0,0,0,0,0,0,''),(1445,1445,0,1,0,0,0,0,0,0,''),(1446,1446,0,1,0,0,0,0,0,0,''),(1447,1447,0,1,0,0,0,0,0,0,''),(1448,1448,0,1,0,0,0,0,0,0,''),(1449,1449,0,1,0,0,0,0,0,0,''),(1450,1450,0,1,0,0,0,0,0,0,''),(1451,1451,0,1,0,0,0,0,0,0,''),(1452,1452,0,1,0,0,0,0,0,0,''),(1453,1453,0,1,0,0,0,0,0,0,''),(1454,1454,0,1,0,0,0,0,0,0,''),(1455,1455,0,1,0,0,0,0,0,0,''),(1456,1456,0,1,0,0,0,0,0,0,''),(1457,1457,0,1,0,0,0,0,0,0,''),(1458,1458,0,1,0,0,0,0,0,0,''),(1459,1459,0,1,0,0,0,0,0,0,''),(1460,1460,0,1,0,0,0,0,0,0,''),(1461,1461,0,1,0,0,0,0,0,0,''),(1462,1462,0,1,0,0,0,0,0,0,''),(1463,1463,0,1,0,0,0,0,0,0,''),(1464,1464,0,1,0,0,0,0,0,0,''),(1465,1465,0,1,0,0,0,0,0,0,''),(1466,1466,0,1,0,0,0,0,0,0,''),(1467,1467,0,1,0,0,0,0,0,0,''),(1468,1468,0,1,0,0,0,0,0,0,''),(1469,1469,0,1,0,0,0,0,0,0,''),(1470,1470,0,1,0,0,0,0,0,0,''),(1471,1471,0,1,0,0,0,0,0,0,''),(1472,1472,0,1,0,0,0,0,0,0,''),(1473,1473,0,1,0,0,0,0,0,0,''),(1474,1474,0,1,0,0,0,0,0,0,''),(1475,1475,0,1,0,0,0,0,0,0,''),(1476,1476,0,1,0,0,0,0,0,0,''),(1477,1477,0,1,0,0,0,0,0,0,''),(1478,1478,0,1,0,0,0,0,0,0,''),(1479,1479,0,1,0,0,0,0,0,0,''),(1480,1480,0,1,0,0,0,0,0,0,''),(1481,1481,0,1,0,0,0,0,0,0,''),(1482,1482,0,1,0,0,0,0,0,0,''),(1483,1483,0,1,0,0,0,0,0,0,''),(1484,1484,0,1,0,0,0,0,0,0,''),(1485,1485,0,1,0,0,0,0,0,0,''),(1486,1486,0,1,0,0,0,0,0,0,''),(1487,1487,0,1,0,0,0,0,0,0,''),(1488,1488,0,1,0,0,0,0,0,0,''),(1489,1489,0,1,0,0,0,0,0,0,''),(1490,1490,0,1,0,0,0,0,0,0,''),(1491,1491,0,1,0,0,0,0,0,0,''),(1492,1492,0,1,0,0,0,0,0,0,''),(1493,1493,0,1,0,0,0,0,0,0,''),(1494,1494,0,1,0,0,0,0,0,0,''),(1495,1495,0,1,0,0,0,0,0,0,''),(1496,1496,0,1,0,0,0,0,0,0,''),(1497,1497,0,1,0,0,0,0,0,0,''),(1498,1498,0,1,0,0,0,0,0,0,''),(1499,1499,0,1,0,0,0,0,0,0,''),(1500,1500,0,1,0,0,0,0,0,0,''),(1501,1501,0,1,0,0,0,0,0,0,''),(1502,1502,0,1,0,0,0,0,0,0,''),(1503,1503,0,1,0,0,0,0,0,0,''),(1504,1504,0,1,0,0,0,0,0,0,''),(1505,1505,0,1,0,0,0,0,0,0,''),(1506,1506,0,1,0,0,0,0,0,0,''),(1507,1507,0,1,0,0,0,0,0,0,''),(1508,1508,0,1,0,0,0,0,0,0,''),(1509,1509,0,1,0,0,0,0,0,0,''),(1510,1510,0,1,0,0,0,0,0,0,''),(1511,1511,0,1,0,0,0,0,0,0,''),(1512,1512,0,1,0,0,0,0,0,0,''),(1513,1513,0,1,0,0,0,0,0,0,''),(1514,1514,0,1,0,0,0,0,0,0,''),(1515,1515,0,1,0,0,0,0,0,0,''),(1516,1516,0,1,0,0,0,0,0,0,''),(1517,1517,0,1,0,0,0,0,0,0,''),(1518,1518,0,1,0,0,0,0,0,0,''),(1519,1519,0,1,0,0,0,0,0,0,''),(1520,1520,0,1,0,0,0,0,0,0,''),(1521,1521,0,1,0,0,0,0,0,0,''),(1522,1522,0,1,0,0,0,0,0,0,''),(1523,1523,0,1,0,0,0,0,0,0,''),(1524,1524,0,1,0,0,0,0,0,0,''),(1525,1525,0,1,0,0,0,0,0,0,''),(1526,1526,0,1,0,0,0,0,0,0,''),(1527,1527,0,1,0,0,0,0,0,0,''),(1528,1528,0,1,0,0,0,0,0,0,''),(1529,1529,0,1,0,0,0,0,0,0,''),(1530,1530,0,1,0,0,0,0,0,0,''),(1531,1531,0,1,0,0,0,0,0,0,''),(1532,1532,0,1,0,0,0,0,0,0,''),(1533,1533,0,1,0,0,0,0,0,0,''),(1534,1534,0,1,0,0,0,0,0,0,''),(1535,1535,0,1,0,0,0,0,0,0,''),(1536,1536,0,1,0,0,0,0,0,0,''),(1537,1537,0,1,0,0,0,0,0,0,''),(1538,1538,0,1,0,0,0,0,0,0,''),(1539,1539,0,1,0,0,0,0,0,0,''),(1540,1540,0,1,0,0,0,0,0,0,''),(1541,1541,0,1,0,0,0,0,0,0,''),(1542,1542,0,1,0,0,0,0,0,0,''),(1543,1543,0,1,0,0,0,0,0,0,''),(1544,1544,0,1,0,0,0,0,0,0,''),(1545,1545,0,1,0,0,0,0,0,0,''),(1546,1546,0,1,0,0,0,0,0,0,''),(1547,1547,0,1,0,0,0,0,0,0,''),(1548,1548,0,1,0,0,0,0,0,0,''),(1549,1549,0,1,0,0,0,0,0,0,''),(1550,1550,0,1,0,0,0,0,0,0,''),(1551,1551,0,1,0,0,0,0,0,0,''),(1552,1552,0,1,0,0,0,0,0,0,''),(1553,1553,0,1,0,0,0,0,0,0,''),(1554,1554,0,1,0,0,0,0,0,0,''),(1555,1555,0,1,0,0,0,0,0,0,''),(1556,1556,0,1,0,0,0,0,0,0,''),(1557,1557,0,1,0,0,0,0,0,0,''),(1558,1558,0,1,0,0,0,0,0,0,''),(1559,1559,0,1,0,0,0,0,0,0,''),(1560,1560,0,1,0,0,0,0,0,0,''),(1561,1561,0,1,0,0,0,0,0,0,''),(1562,1562,0,1,0,0,0,0,0,0,''),(1563,1563,0,1,0,0,0,0,0,0,''),(1564,1564,0,1,0,0,0,0,0,0,''),(1565,1565,0,1,0,0,0,0,0,0,''),(1566,1566,0,1,0,0,0,0,0,0,''),(1567,1567,0,1,0,0,0,0,0,0,''),(1568,1568,0,1,0,0,0,0,0,0,''),(1569,1569,0,1,0,0,0,0,0,0,''),(1570,1570,0,1,0,0,0,0,0,0,''),(1571,1571,0,1,0,0,0,0,0,0,''),(1572,1572,0,1,0,0,0,0,0,0,''),(1573,1573,0,1,0,0,0,0,0,0,''),(1574,1574,0,1,0,0,0,0,0,0,''),(1575,1575,0,1,0,0,0,0,0,0,''),(1576,1576,0,1,0,0,0,0,0,0,''),(1577,1577,0,1,0,0,0,0,0,0,''),(1578,1578,0,1,0,0,0,0,0,0,''),(1579,1579,0,1,0,0,0,0,0,0,''),(1580,1580,0,1,0,0,0,0,0,0,''),(1581,1581,0,1,0,0,0,0,0,0,''),(1582,1582,0,1,0,0,0,0,0,0,''),(1583,1583,0,1,0,0,0,0,0,0,''),(1584,1584,0,1,0,0,0,0,0,0,''),(1585,1585,0,1,0,0,0,0,0,0,''),(1586,1586,0,1,0,0,0,0,0,0,''),(1587,1587,0,1,0,0,0,0,0,0,''),(1588,1588,0,1,0,0,0,0,0,0,''),(1589,1589,0,1,0,0,0,0,0,0,''),(1590,1590,0,1,0,0,0,0,0,0,''),(1591,1591,0,1,0,0,0,0,0,0,''),(1592,1592,0,1,0,0,0,0,0,0,''),(1593,1593,0,1,0,0,0,0,0,0,''),(1594,1594,0,1,0,0,0,0,0,0,''),(1595,1595,0,1,0,0,0,0,0,0,''),(1596,1596,0,1,0,0,0,0,0,0,''),(1597,1597,0,1,0,0,0,0,0,0,''),(1598,1598,0,1,0,0,0,0,0,0,''),(1599,1599,0,1,0,0,0,0,0,0,''),(1600,1600,0,1,0,0,0,0,0,0,''),(1601,1601,0,1,0,0,0,0,0,0,''),(1602,1602,0,1,0,0,0,0,0,0,''),(1603,1603,0,1,0,0,0,0,0,0,''),(1604,1604,0,1,0,0,0,0,0,0,''),(1605,1605,0,1,0,0,0,0,0,0,''),(1606,1606,0,1,0,0,0,0,0,0,''),(1607,1607,0,1,0,0,0,0,0,0,''),(1608,1608,0,1,0,0,0,0,0,0,''),(1609,1609,0,1,0,0,0,0,0,0,''),(1610,1610,0,1,0,0,0,0,0,0,''),(1611,1611,0,1,0,0,0,0,0,0,''),(1612,1612,0,1,0,0,0,0,0,0,''),(1613,1613,0,1,0,0,0,0,0,0,''),(1614,1614,0,1,0,0,0,0,0,0,''),(1615,1615,0,1,0,0,0,0,0,0,''),(1616,1616,0,1,0,0,0,0,0,0,''),(1617,1617,0,1,0,0,0,0,0,0,''),(1618,1618,0,1,0,0,0,0,0,0,''),(1619,1619,0,1,0,0,0,0,0,0,''),(1620,1620,0,1,0,0,0,0,0,0,''),(1621,1621,0,1,0,0,0,0,0,0,''),(1622,1622,0,1,0,0,0,0,0,0,''),(1623,1623,0,1,0,0,0,0,0,0,''),(1624,1624,0,1,0,0,0,0,0,0,''),(1625,1625,0,1,0,0,0,0,0,0,''),(1626,1626,0,1,0,0,0,0,0,0,''),(1627,1627,0,1,0,0,0,0,0,0,''),(1628,1628,0,1,0,0,0,0,0,0,''),(1629,1629,0,1,0,0,0,0,0,0,''),(1630,1630,0,1,0,0,0,0,0,0,''),(1631,1631,0,1,0,0,0,0,0,0,''),(1632,1632,0,1,0,0,0,0,0,0,''),(1633,1633,0,1,0,0,0,0,0,0,''),(1634,1634,0,1,0,0,0,0,0,0,''),(1635,1635,0,1,0,0,0,0,0,0,''),(1636,1636,0,1,0,0,0,0,0,0,''),(1637,1637,0,1,0,0,0,0,0,0,''),(1638,1638,0,1,0,0,0,0,0,0,''),(1639,1639,0,1,0,0,0,0,0,0,''),(1640,1640,0,1,0,0,0,0,0,0,''),(1641,1641,0,1,0,0,0,0,0,0,''),(1642,1642,0,1,0,0,0,0,0,0,''),(1643,1643,0,1,0,0,0,0,0,0,''),(1644,1644,0,1,0,0,0,0,0,0,''),(1645,1645,0,1,0,0,0,0,0,0,''),(1646,1646,0,1,0,0,0,0,0,0,''),(1647,1647,0,1,0,0,0,0,0,0,''),(1648,1648,0,1,0,0,0,0,0,0,''),(1649,1649,0,1,0,0,0,0,0,0,''),(1650,1650,0,1,0,0,0,0,0,0,''),(1651,1651,0,1,0,0,0,0,0,0,''),(1652,1652,0,1,0,0,0,0,0,0,''),(1653,1653,0,1,0,0,0,0,0,0,''),(1654,1654,0,1,0,0,0,0,0,0,''),(1655,1655,0,1,0,0,0,0,0,0,''),(1656,1656,0,1,0,0,0,0,0,0,''),(1657,1657,0,1,0,0,0,0,0,0,''),(1658,1658,0,1,0,0,0,0,0,0,''),(1659,1659,0,1,0,0,0,0,0,0,''),(1660,1660,0,1,0,0,0,0,0,0,''),(1661,1661,0,1,0,0,0,0,0,0,''),(1662,1662,0,1,0,0,0,0,0,0,''),(1663,1663,0,1,0,0,0,0,0,0,''),(1664,1664,0,1,0,0,0,0,0,0,''),(1665,1665,0,1,0,0,0,0,0,0,''),(1666,1666,0,1,0,0,0,0,0,0,''),(1667,1667,0,1,0,0,0,0,0,0,''),(1668,1668,0,1,0,0,0,0,0,0,''),(1669,1669,0,1,0,0,0,0,0,0,''),(1670,1670,0,1,0,0,0,0,0,0,''),(1671,1671,0,1,0,0,0,0,0,0,''),(1672,1672,0,1,0,0,0,0,0,0,''),(1673,1673,0,1,0,0,0,0,0,0,''),(1674,1674,0,1,0,0,0,0,0,0,''),(1675,1675,0,1,0,0,0,0,0,0,''),(1676,1676,0,1,0,0,0,0,0,0,''),(1677,1677,0,1,0,0,0,0,0,0,''),(1678,1678,0,1,0,0,0,0,0,0,''),(1679,1679,0,1,0,0,0,0,0,0,''),(1680,1680,0,1,0,0,0,0,0,0,''),(1681,1681,0,1,0,0,0,0,0,0,''),(1682,1682,0,1,0,0,0,0,0,0,''),(1683,1683,0,1,0,0,0,0,0,0,''),(1684,1684,0,1,0,0,0,0,0,0,''),(1685,1685,0,1,0,0,0,0,0,0,''),(1686,1686,0,1,0,0,0,0,0,0,''),(1687,1687,0,1,0,0,0,0,0,0,''),(1688,1688,0,1,0,0,0,0,0,0,''),(1689,1689,0,1,0,0,0,0,0,0,''),(1690,1690,0,1,0,0,0,0,0,0,''),(1691,1691,0,1,0,0,0,0,0,0,''),(1692,1692,0,1,0,0,0,0,0,0,''),(1693,1693,0,1,0,0,0,0,0,0,''),(1694,1694,0,1,0,0,0,0,0,0,''),(1695,1695,0,1,0,0,0,0,0,0,''),(1696,1696,0,1,0,0,0,0,0,0,''),(1697,1697,0,1,0,0,0,0,0,0,''),(1698,1698,0,1,0,0,0,0,0,0,''),(1699,1699,0,1,0,0,0,0,0,0,''),(1700,1700,0,1,0,0,0,0,0,0,''),(1701,1701,0,1,0,0,0,0,0,0,''),(1702,1702,0,1,0,0,0,0,0,0,''),(1703,1703,0,1,0,0,0,0,0,0,''),(1704,1704,0,1,0,0,0,0,0,0,''),(1705,1705,0,1,0,0,0,0,0,0,''),(1706,1706,0,1,0,0,0,0,0,0,''),(1707,1707,0,1,0,0,0,0,0,0,''),(1708,1708,0,1,0,0,0,0,0,0,''),(1709,1709,0,1,0,0,0,0,0,0,''),(1710,1710,0,1,0,0,0,0,0,0,''),(1711,1711,0,1,0,0,0,0,0,0,''),(1712,1712,0,1,0,0,0,0,0,0,''),(1713,1713,0,1,0,0,0,0,0,0,''),(1714,1714,0,1,0,0,0,0,0,0,''),(1715,1715,0,1,0,0,0,0,0,0,''),(1716,1716,0,1,0,0,0,0,0,0,''),(1717,1717,0,1,0,0,0,0,0,0,''),(1718,1718,0,1,0,0,0,0,0,0,''),(1719,1719,0,1,0,0,0,0,0,0,''),(1720,1720,0,1,0,0,0,0,0,0,''),(1721,1721,0,1,0,0,0,0,0,0,''),(1722,1722,0,1,0,0,0,0,0,0,''),(1723,1723,0,1,0,0,0,0,0,0,''),(1724,1724,0,1,0,0,0,0,0,0,''),(1725,1725,0,1,0,0,0,0,0,0,''),(1726,1726,0,1,0,0,0,0,0,0,''),(1727,1727,0,1,0,0,0,0,0,0,''),(1728,1728,0,1,0,0,0,0,0,0,''),(1729,1729,0,1,0,0,0,0,0,0,''),(1730,1730,0,1,0,0,0,0,0,0,''),(1731,1731,0,1,0,0,0,0,0,0,''),(1732,1732,0,1,0,0,0,0,0,0,''),(1733,1733,0,1,0,0,0,0,0,0,''),(1734,1734,0,1,0,0,0,0,0,0,''),(1735,1735,0,1,0,0,0,0,0,0,''),(1736,1736,0,1,0,0,0,0,0,0,''),(1737,1737,0,1,0,0,0,0,0,0,''),(1738,1738,0,1,0,0,0,0,0,0,''),(1739,1739,0,1,0,0,0,0,0,0,''),(1740,1740,0,1,0,0,0,0,0,0,''),(1741,1741,0,1,0,0,0,0,0,0,''),(1742,1742,0,1,0,0,0,0,0,0,''),(1743,1743,0,1,0,0,0,0,0,0,''),(1744,1744,0,1,0,0,0,0,0,0,''),(1745,1745,0,1,0,0,0,0,0,0,''),(1746,1746,0,1,0,0,0,0,0,0,''),(1747,1747,0,1,0,0,0,0,0,0,''),(1748,1748,0,1,0,0,0,0,0,0,''),(1749,1749,0,1,0,0,0,0,0,0,''),(1750,1750,0,1,0,0,0,0,0,0,''),(1751,1751,0,1,0,0,0,0,0,0,''),(1752,1752,0,1,0,0,0,0,0,0,''),(1753,1753,0,1,0,0,0,0,0,0,''),(1754,1754,0,1,0,0,0,0,0,0,''),(1755,1755,0,1,0,0,0,0,0,0,''),(1756,1756,0,1,0,0,0,0,0,0,''),(1757,1757,0,1,0,0,0,0,0,0,''),(1758,1758,0,1,0,0,0,0,0,0,''),(1759,1759,0,1,0,0,0,0,0,0,''),(1760,1760,0,1,0,0,0,0,0,0,''),(1761,1761,0,1,0,0,0,0,0,0,''),(1762,1762,0,1,0,0,0,0,0,0,''),(1763,1763,0,1,0,0,0,0,0,0,''),(1764,1764,0,1,0,0,0,0,0,0,''),(1765,1765,0,1,0,0,0,0,0,0,''),(1766,1766,0,1,0,0,0,0,0,0,''),(1767,1767,0,1,0,0,0,0,0,0,''),(1768,1768,0,1,0,0,0,0,0,0,''),(1769,1769,0,1,0,0,0,0,0,0,''),(1770,1770,0,1,0,0,0,0,0,0,''),(1771,1771,0,1,0,0,0,0,0,0,''),(1772,1772,0,1,0,0,0,0,0,0,''),(1773,1773,0,1,0,0,0,0,0,0,''),(1774,1774,0,1,0,0,0,0,0,0,''),(1775,1775,0,1,0,0,0,0,0,0,''),(1776,1776,0,1,0,0,0,0,0,0,''),(1777,1777,0,1,0,0,0,0,0,0,''),(1778,1778,0,1,0,0,0,0,0,0,''),(1779,1779,0,1,0,0,0,0,0,0,''),(1780,1780,0,1,0,0,0,0,0,0,''),(1781,1781,0,1,0,0,0,0,0,0,''),(1782,1782,0,1,0,0,0,0,0,0,''),(1783,1783,0,1,0,0,0,0,0,0,''),(1784,1784,0,1,0,0,0,0,0,0,''),(1785,1785,0,1,0,0,0,0,0,0,''),(1786,1786,0,1,0,0,0,0,0,0,''),(1787,1787,0,1,0,0,0,0,0,0,''),(1788,1788,0,1,0,0,0,0,0,0,''),(1789,1789,0,1,0,0,0,0,0,0,''),(1790,1790,0,1,0,0,0,0,0,0,''),(1791,1791,0,1,0,0,0,0,0,0,''),(1792,1792,0,1,0,0,0,0,0,0,''),(1793,1793,0,1,0,0,0,0,0,0,''),(1794,1794,0,1,0,0,0,0,0,0,''),(1795,1795,0,1,0,0,0,0,0,0,''),(1796,1796,0,1,0,0,0,0,0,0,''),(1797,1797,0,1,0,0,0,0,0,0,''),(1798,1798,0,1,0,0,0,0,0,0,''),(1799,1799,0,1,0,0,0,0,0,0,''),(1800,1800,0,1,0,0,0,0,0,0,''),(1801,1801,0,1,0,0,0,0,0,0,''),(1802,1802,0,1,0,0,0,0,0,0,''),(1803,1803,0,1,0,0,0,0,0,0,''),(1804,1804,0,1,0,0,0,0,0,0,''),(1805,1805,0,1,0,0,0,0,0,0,''),(1806,1806,0,1,0,0,0,0,0,0,''),(1807,1807,0,1,0,0,0,0,0,0,''),(1808,1808,0,1,0,0,0,0,0,0,''),(1809,1809,0,1,0,0,0,0,0,0,''),(1810,1810,0,1,0,0,0,0,0,0,''),(1811,1811,0,1,0,0,0,0,0,0,''),(1812,1812,0,1,0,0,0,0,0,0,''),(1813,1813,0,1,0,0,0,0,0,0,''),(1814,1814,0,1,0,0,0,0,0,0,''),(1815,1815,0,1,0,0,0,0,0,0,''),(1816,1816,0,1,0,0,0,0,0,0,''),(1817,1817,0,1,0,0,0,0,0,0,''),(1818,1818,0,1,0,0,0,0,0,0,''),(1819,1819,0,1,0,0,0,0,0,0,''),(1820,1820,0,1,0,0,0,0,0,0,''),(1821,1821,0,1,0,0,0,0,0,0,''),(1822,1822,0,1,0,0,0,0,0,0,''),(1823,1823,0,1,0,0,0,0,0,0,''),(1824,1824,0,1,0,0,0,0,0,0,''),(1825,1825,0,1,0,0,0,0,0,0,''),(1826,1826,0,1,0,0,0,0,0,0,''),(1827,1827,0,1,0,0,0,0,0,0,''),(1828,1828,0,1,0,0,0,0,0,0,''),(1829,1829,0,1,0,0,0,0,0,0,''),(1830,1830,0,1,0,0,0,0,0,0,''),(1831,1831,0,1,0,0,0,0,0,0,''),(1832,1832,0,1,0,0,0,0,0,0,''),(1833,1833,0,1,0,0,0,0,0,0,''),(1834,1834,0,1,0,0,0,0,0,0,''),(1835,1835,0,1,0,0,0,0,0,0,''),(1836,1836,0,1,0,0,0,0,0,0,''),(1837,1837,0,1,0,0,0,0,0,0,''),(1838,1838,0,1,0,0,0,0,0,0,''),(1839,1839,0,1,0,0,0,0,0,0,''),(1840,1840,0,1,0,0,0,0,0,0,''),(1841,1841,0,1,0,0,0,0,0,0,''),(1842,1842,0,1,0,0,0,0,0,0,''),(1843,1843,0,1,0,0,0,0,0,0,''),(1844,1844,0,1,0,0,0,0,0,0,''),(1845,1845,0,1,0,0,0,0,0,0,''),(1846,1846,0,1,0,0,0,0,0,0,''),(1847,1847,0,1,0,0,0,0,0,0,''),(1848,1848,0,1,0,0,0,0,0,0,''),(1849,1849,0,1,0,0,0,0,0,0,''),(1850,1850,0,1,0,0,0,0,0,0,''),(1851,1851,0,1,0,0,0,0,0,0,''),(1852,1852,0,1,0,0,0,0,0,0,''),(1853,1853,0,1,0,0,0,0,0,0,''),(1854,1854,0,1,0,0,0,0,0,0,''),(1855,1855,0,1,0,0,0,0,0,0,''),(1856,1856,0,1,0,0,0,0,0,0,''),(1857,1857,0,1,0,0,0,0,0,0,''),(1858,1858,0,1,0,0,0,0,0,0,''),(1859,1859,0,1,0,0,0,0,0,0,''),(1860,1860,0,1,0,0,0,0,0,0,''),(1861,1861,0,1,0,0,0,0,0,0,''),(1862,1862,0,1,0,0,0,0,0,0,''),(1863,1863,0,1,0,0,0,0,0,0,''),(1864,1864,0,1,0,0,0,0,0,0,''),(1865,1865,0,1,0,0,0,0,0,0,''),(1866,1866,0,1,0,0,0,0,0,0,''),(1867,1867,0,1,0,0,0,0,0,0,''),(1868,1868,0,1,0,0,0,0,0,0,''),(1869,1869,0,1,0,0,0,0,0,0,''),(1870,1870,0,1,0,0,0,0,0,0,''),(1871,1871,0,1,0,0,0,0,0,0,''),(1872,1872,0,1,0,0,0,0,0,0,''),(1873,1873,0,1,0,0,0,0,0,0,''),(1874,1874,0,1,0,0,0,0,0,0,''),(1875,1875,0,1,0,0,0,0,0,0,''),(1876,1876,0,1,0,0,0,0,0,0,''),(1877,1877,0,1,0,0,0,0,0,0,''),(1878,1878,0,1,0,0,0,0,0,0,''),(1879,1879,0,1,0,0,0,0,0,0,''),(1880,1880,0,1,0,0,0,0,0,0,''),(1881,1881,0,1,0,0,0,0,0,0,''),(1882,1882,0,1,0,0,0,0,0,0,''),(1883,1883,0,1,0,0,0,0,0,0,''),(1884,1884,0,1,0,0,0,0,0,0,''),(1885,1885,0,1,0,0,0,0,0,0,''),(1886,1886,0,1,0,0,0,0,0,0,''),(1887,1887,0,1,0,0,0,0,0,0,''),(1888,1888,0,1,0,0,0,0,0,0,''),(1889,1889,0,1,0,0,0,0,0,0,''),(1890,1890,0,1,0,0,0,0,0,0,''),(1891,1891,0,1,0,0,0,0,0,0,''),(1892,1892,0,1,0,0,0,0,0,0,''),(1893,1893,0,1,0,0,0,0,0,0,''),(1894,1894,0,1,0,0,0,0,0,0,''),(1895,1895,0,1,0,0,0,0,0,0,''),(1896,1896,0,1,0,0,0,0,0,0,''),(1897,1897,0,1,0,0,0,0,0,0,''),(1898,1898,0,1,0,0,0,0,0,0,''),(1899,1899,0,1,0,0,0,0,0,0,''),(1900,1900,0,1,0,0,0,0,0,0,''),(1901,1901,0,1,0,0,0,0,0,0,''),(1902,1902,0,1,0,0,0,0,0,0,''),(1903,1903,0,1,0,0,0,0,0,0,''),(1904,1904,0,1,0,0,0,0,0,0,''),(1905,1905,0,1,0,0,0,0,0,0,''),(1906,1906,0,1,0,0,0,0,0,0,''),(1907,1907,0,1,0,0,0,0,0,0,''),(1908,1908,0,1,0,0,0,0,0,0,''),(1909,1909,0,1,0,0,0,0,0,0,''),(1910,1910,0,1,0,0,0,0,0,0,''),(1911,1911,0,1,0,0,0,0,0,0,''),(1912,1912,0,1,0,0,0,0,0,0,''),(1913,1913,0,1,0,0,0,0,0,0,''),(1914,1914,0,1,0,0,0,0,0,0,''),(1915,1915,0,1,0,0,0,0,0,0,''),(1916,1916,0,1,0,0,0,0,0,0,''),(1917,1917,0,1,0,0,0,0,0,0,''),(1918,1918,0,1,0,0,0,0,0,0,''),(1919,1919,0,1,0,0,0,0,0,0,''),(1920,1920,0,1,0,0,0,0,0,0,''),(1921,1921,0,1,0,0,0,0,0,0,''),(1922,1922,0,1,0,0,0,0,0,0,''),(1923,1923,0,1,0,0,0,0,0,0,''),(1924,1924,0,1,0,0,0,0,0,0,''),(1925,1925,0,1,0,0,0,0,0,0,''),(1926,1926,0,1,0,0,0,0,0,0,''),(1927,1927,0,1,0,0,0,0,0,0,''),(1928,1928,0,1,0,0,0,0,0,0,''),(1929,1929,0,1,0,0,0,0,0,0,''),(1930,1930,0,1,0,0,0,0,0,0,''),(1931,1931,0,1,0,0,0,0,0,0,''),(1932,1932,0,1,0,0,0,0,0,0,''),(1933,1933,0,1,0,0,0,0,0,0,''),(1934,1934,0,1,0,0,0,0,0,0,''),(1935,1935,0,1,0,0,0,0,0,0,''),(1936,1936,0,1,0,0,0,0,0,0,''),(1937,1937,0,1,0,0,0,0,0,0,''),(1938,1938,0,1,0,0,0,0,0,0,''),(1939,1939,0,1,0,0,0,0,0,0,''),(1940,1940,0,1,0,0,0,0,0,0,''),(1941,1941,0,1,0,0,0,0,0,0,''),(1942,1942,0,1,0,0,0,0,0,0,''),(1943,1943,0,1,0,0,0,0,0,0,''),(1944,1944,0,1,0,0,0,0,0,0,''),(1945,1945,0,1,0,0,0,0,0,0,''),(1946,1946,0,1,0,0,0,0,0,0,''),(1947,1947,0,1,0,0,0,0,0,0,''),(1948,1948,0,1,0,0,0,0,0,0,''),(1949,1949,0,1,0,0,0,0,0,0,''),(1950,1950,0,1,0,0,0,0,0,0,''),(1951,1951,0,1,0,0,0,0,0,0,''),(1952,1952,0,1,0,0,0,0,0,0,''),(1953,1953,0,1,0,0,0,0,0,0,''),(1954,1954,0,1,0,0,0,0,0,0,''),(1955,1955,0,1,0,0,0,0,0,0,''),(1956,1956,0,1,0,0,0,0,0,0,''),(1957,1957,0,1,0,0,0,0,0,0,''),(1958,1958,0,1,0,0,0,0,0,0,''),(1959,1959,0,1,0,0,0,0,0,0,''),(1960,1960,0,1,0,0,0,0,0,0,''),(1961,1961,0,1,0,0,0,0,0,0,''),(1962,1962,0,1,0,0,0,0,0,0,''),(1963,1963,0,1,0,0,0,0,0,0,''),(1964,1964,0,1,0,0,0,0,0,0,''),(1965,1965,0,1,0,0,0,0,0,0,''),(1966,1966,0,1,0,0,0,0,0,0,''),(1967,1967,0,1,0,0,0,0,0,0,''),(1968,1968,0,1,0,0,0,0,0,0,''),(1969,1969,0,1,0,0,0,0,0,0,''),(1970,1970,0,1,0,0,0,0,0,0,''),(1971,1971,0,1,0,0,0,0,0,0,''),(1972,1972,0,1,0,0,0,0,0,0,''),(1973,1973,0,1,0,0,0,0,0,0,''),(1974,1974,0,1,0,0,0,0,0,0,''),(1975,1975,0,1,0,0,0,0,0,0,''),(1976,1976,0,1,0,0,0,0,0,0,''),(1977,1977,0,1,0,0,0,0,0,0,''),(1978,1978,0,1,0,0,0,0,0,0,''),(1979,1979,0,1,0,0,0,0,0,0,''),(1980,1980,0,1,0,0,0,0,0,0,''),(1981,1981,0,1,0,0,0,0,0,0,''),(1982,1982,0,1,0,0,0,0,0,0,''),(1983,1983,0,1,0,0,0,0,0,0,''),(1984,1984,0,1,0,0,0,0,0,0,''),(1985,1985,0,1,0,0,0,0,0,0,''),(1986,1986,0,1,0,0,0,0,0,0,''),(1987,1987,0,1,0,0,0,0,0,0,''),(1988,1988,0,1,0,0,0,0,0,0,''),(1989,1989,0,1,0,0,0,0,0,0,''),(1990,1990,0,1,0,0,0,0,0,0,''),(1991,1991,0,1,0,0,0,0,0,0,''),(1992,1992,0,1,0,0,0,0,0,0,''),(1993,1993,0,1,0,0,0,0,0,0,''),(1994,1994,0,1,0,0,0,0,0,0,''),(1995,1995,0,1,0,0,0,0,0,0,''),(1996,1996,0,1,0,0,0,0,0,0,''),(1997,1997,0,1,0,0,0,0,0,0,''),(1998,1998,0,1,0,0,0,0,0,0,''),(1999,1999,0,1,0,0,0,0,0,0,''),(2000,2000,0,1,0,0,0,0,0,0,''),(2001,2001,0,1,0,0,0,0,0,0,''),(2002,2002,0,1,0,0,0,0,0,0,''),(2003,2003,0,1,0,0,0,0,0,0,''),(2004,2004,0,1,0,0,0,0,0,0,''),(2005,2005,0,1,0,0,0,0,0,0,''),(2006,2006,0,1,0,0,0,0,0,0,''),(2007,2007,0,1,0,0,0,0,0,0,''),(2008,2008,0,1,0,0,0,0,0,0,''),(2009,2009,0,1,0,0,0,0,0,0,''),(2010,2010,0,1,0,0,0,0,0,0,''),(2011,2011,0,1,0,0,0,0,0,0,''),(2012,2012,0,1,0,0,0,0,0,0,''),(2013,2013,0,1,0,0,0,0,0,0,''),(2014,2014,0,1,0,0,0,0,0,0,''),(2015,2015,0,1,0,0,0,0,0,0,''),(2016,2016,0,1,0,0,0,0,0,0,''),(2017,2017,0,1,0,0,0,0,0,0,''),(2018,2018,0,1,0,0,0,0,0,0,''),(2019,2019,0,1,0,0,0,0,0,0,''),(2020,2020,0,1,0,0,0,0,0,0,''),(2021,2021,0,1,0,0,0,0,0,0,''),(2022,2022,0,1,0,0,0,0,0,0,''),(2023,2023,0,1,0,0,0,0,0,0,''),(2024,2024,0,1,0,0,0,0,0,0,''),(2025,2025,0,1,0,0,0,0,0,0,''),(2026,2026,0,1,0,0,0,0,0,0,''),(2027,2027,0,1,0,0,0,0,0,0,''),(2028,2028,0,1,0,0,0,0,0,0,''),(2029,2029,0,1,0,0,0,0,0,0,''),(2030,2030,0,1,0,0,0,0,0,0,''),(2031,2031,0,1,0,0,0,0,0,0,''),(2032,2032,0,1,0,0,0,0,0,0,''),(2033,2033,0,1,0,0,0,0,0,0,''),(2034,2034,0,1,0,0,0,0,0,0,''),(2035,2035,0,1,0,0,0,0,0,0,''),(2036,2036,0,1,0,0,0,0,0,0,''),(2037,2037,0,1,0,0,0,0,0,0,''),(2038,2038,0,1,0,0,0,0,0,0,''),(2039,2039,0,1,0,0,0,0,0,0,''),(2040,2040,0,1,0,0,0,0,0,0,''),(2041,2041,0,1,0,0,0,0,0,0,''),(2042,2042,0,1,0,0,0,0,0,0,''),(2043,2043,0,1,0,0,0,0,0,0,''),(2044,2044,0,1,0,0,0,0,0,0,''),(2045,2045,0,1,0,0,0,0,0,0,''),(2046,2046,0,1,0,0,0,0,0,0,''),(2047,2047,0,1,0,0,0,0,0,0,''),(2048,2048,0,1,0,0,0,0,0,0,''),(2049,2049,0,1,0,0,0,0,0,0,''),(2050,2050,0,1,0,0,0,0,0,0,''),(2051,2051,0,1,0,0,0,0,0,0,''),(2052,2052,0,1,0,0,0,0,0,0,''),(2053,2053,0,1,0,0,0,0,0,0,''),(2054,2054,0,1,0,0,0,0,0,0,''),(2055,2055,0,1,0,0,0,0,0,0,''),(2056,2056,0,1,0,0,0,0,0,0,''),(2057,2057,0,1,0,0,0,0,0,0,''),(2058,2058,0,1,0,0,0,0,0,0,''),(2059,2059,0,1,0,0,0,0,0,0,''),(2060,2060,0,1,0,0,0,0,0,0,''),(2061,2061,0,1,0,0,0,0,0,0,''),(2062,2062,0,1,0,0,0,0,0,0,''),(2063,2063,0,1,0,0,0,0,0,0,''),(2064,2064,0,1,0,0,0,0,0,0,''),(2065,2065,0,1,0,0,0,0,0,0,''),(2066,2066,0,1,0,0,0,0,0,0,''),(2067,2067,0,1,0,0,0,0,0,0,''),(2068,2068,0,1,0,0,0,0,0,0,''),(2069,2069,0,1,0,0,0,0,0,0,''),(2070,2070,0,1,0,0,0,0,0,0,''),(2071,2071,0,1,0,0,0,0,0,0,''),(2072,2072,0,1,0,0,0,0,0,0,''),(2073,2073,0,1,0,0,0,0,0,0,''),(2074,2074,0,1,0,0,0,0,0,0,''),(2075,2075,0,1,0,0,0,0,0,0,''),(2076,2076,0,1,0,0,0,0,0,0,''),(2077,2077,0,1,0,0,0,0,0,0,''),(2078,2078,0,1,0,0,0,0,0,0,''),(2079,2079,0,1,0,0,0,0,0,0,''),(2080,2080,0,1,0,0,0,0,0,0,''),(2081,2081,0,1,0,0,0,0,0,0,''),(2082,2082,0,1,0,0,0,0,0,0,''),(2083,2083,0,1,0,0,0,0,0,0,''),(2084,2084,0,1,0,0,0,0,0,0,''),(2085,2085,0,1,0,0,0,0,0,0,''),(2086,2086,0,1,0,0,0,0,0,0,''),(2087,2087,0,1,0,0,0,0,0,0,''),(2088,2088,0,1,0,0,0,0,0,0,''),(2089,2089,0,1,0,0,0,0,0,0,''),(2090,2090,0,1,0,0,0,0,0,0,''),(2091,2091,0,1,0,0,0,0,0,0,''),(2092,2092,0,1,0,0,0,0,0,0,''),(2093,2093,0,1,0,0,0,0,0,0,''),(2094,2094,0,1,0,0,0,0,0,0,''),(2095,2095,0,1,0,0,0,0,0,0,''),(2096,2096,0,1,0,0,0,0,0,0,''),(2097,2097,0,1,0,0,0,0,0,0,''),(2098,2098,0,1,0,0,0,0,0,0,''),(2099,2099,0,1,0,0,0,0,0,0,''),(2100,2100,0,1,0,0,0,0,0,0,''),(2101,2101,0,1,0,0,0,0,0,0,''),(2102,2102,0,1,0,0,0,0,0,0,''),(2103,2103,0,1,0,0,0,0,0,0,''),(2104,2104,0,1,0,0,0,0,0,0,''),(2105,2105,0,1,0,0,0,0,0,0,''),(2106,2106,0,1,0,0,0,0,0,0,''),(2107,2107,0,1,0,0,0,0,0,0,''),(2108,2108,0,1,0,0,0,0,0,0,''),(2109,2109,0,1,0,0,0,0,0,0,''),(2110,2110,0,1,0,0,0,0,0,0,''),(2111,2111,0,1,0,0,0,0,0,0,''),(2112,2112,0,1,0,0,0,0,0,0,''),(2113,2113,0,1,0,0,0,0,0,0,''),(2114,2114,0,1,0,0,0,0,0,0,''),(2115,2115,0,1,0,0,0,0,0,0,''),(2116,2116,0,1,0,0,0,0,0,0,''),(2117,2117,0,1,0,0,0,0,0,0,''),(2118,2118,0,1,0,0,0,0,0,0,''),(2119,2119,0,1,0,0,0,0,0,0,''),(2120,2120,0,1,0,0,0,0,0,0,''),(2121,2121,0,1,0,0,0,0,0,0,''),(2122,2122,0,1,0,0,0,0,0,0,''),(2123,2123,0,1,0,0,0,0,0,0,''),(2124,2124,0,1,0,0,0,0,0,0,''),(2125,2125,0,1,0,0,0,0,0,0,''),(2126,2126,0,1,0,0,0,0,0,0,''),(2127,2127,0,1,0,0,0,0,0,0,''),(2128,2128,0,1,0,0,0,0,0,0,''),(2129,2129,0,1,0,0,0,0,0,0,''),(2130,2130,0,1,0,0,0,0,0,0,''),(2131,2131,0,1,0,0,0,0,0,0,''),(2132,2132,0,1,0,0,0,0,0,0,''),(2133,2133,0,1,0,0,0,0,0,0,''),(2134,2134,0,1,0,0,0,0,0,0,''),(2135,2135,0,1,0,0,0,0,0,0,''),(2136,2136,0,1,0,0,0,0,0,0,''),(2137,2137,0,1,0,0,0,0,0,0,''),(2138,2138,0,1,0,0,0,0,0,0,''),(2139,2139,0,1,0,0,0,0,0,0,''),(2140,2140,0,1,0,0,0,0,0,0,''),(2141,2141,0,1,0,0,0,0,0,0,''),(2142,2142,0,1,0,0,0,0,0,0,''),(2143,2143,0,1,0,0,0,0,0,0,''),(2144,2144,0,1,0,0,0,0,0,0,''),(2145,2145,0,1,0,0,0,0,0,0,''),(2146,2146,0,1,0,0,0,0,0,0,''),(2147,2147,0,1,0,0,0,0,0,0,''),(2148,2148,0,1,0,0,0,0,0,0,''),(2149,2149,0,1,0,0,0,0,0,0,''),(2150,2150,0,1,0,0,0,0,0,0,''),(2151,2151,0,1,0,0,0,0,0,0,''),(2152,2152,0,1,0,0,0,0,0,0,''),(2153,2153,0,1,0,0,0,0,0,0,''),(2154,2154,0,1,0,0,0,0,0,0,''),(2155,2155,0,1,0,0,0,0,0,0,''),(2156,2156,0,1,0,0,0,0,0,0,''),(2157,2157,0,1,0,0,0,0,0,0,''),(2158,2158,0,1,0,0,0,0,0,0,''),(2159,2159,0,1,0,0,0,0,0,0,''),(2160,2160,0,1,0,0,0,0,0,0,''),(2161,2161,0,1,0,0,0,0,0,0,''),(2162,2162,0,1,0,0,0,0,0,0,''),(2163,2163,0,1,0,0,0,0,0,0,''),(2164,2164,0,1,0,0,0,0,0,0,''),(2165,2165,0,1,0,0,0,0,0,0,''),(2166,2166,0,1,0,0,0,0,0,0,''),(2167,2167,0,1,0,0,0,0,0,0,''),(2168,2168,0,1,0,0,0,0,0,0,''),(2169,2169,0,1,0,0,0,0,0,0,''),(2170,2170,0,1,0,0,0,0,0,0,''),(2171,2171,0,1,0,0,0,0,0,0,''),(2172,2172,0,1,0,0,0,0,0,0,''),(2173,2173,0,1,0,0,0,0,0,0,''),(2174,2174,0,1,0,0,0,0,0,0,''),(2175,2175,0,1,0,0,0,0,0,0,''),(2176,2176,0,1,0,0,0,0,0,0,''),(2177,2177,0,1,0,0,0,0,0,0,''),(2178,2178,0,1,0,0,0,0,0,0,''),(2179,2179,0,1,0,0,0,0,0,0,''),(2180,2180,0,1,0,0,0,0,0,0,''),(2181,2181,0,1,0,0,0,0,0,0,''),(2182,2182,0,1,0,0,0,0,0,0,''),(2183,2183,0,1,0,0,0,0,0,0,''),(2184,2184,0,1,0,0,0,0,0,0,''),(2185,2185,0,1,0,0,0,0,0,0,''),(2186,2186,0,1,0,0,0,0,0,0,''),(2187,2187,0,1,0,0,0,0,0,0,''),(2188,2188,0,1,0,0,0,0,0,0,''),(2189,2189,0,1,0,0,0,0,0,0,''),(2190,2190,0,1,0,0,0,0,0,0,''),(2191,2191,0,1,0,0,0,0,0,0,''),(2192,2192,0,1,0,0,0,0,0,0,''),(2193,2193,0,1,0,0,0,0,0,0,''),(2194,2194,0,1,0,0,0,0,0,0,''),(2195,2195,0,1,0,0,0,0,0,0,''),(2196,2196,0,1,0,0,0,0,0,0,''),(2197,2197,0,1,0,0,0,0,0,0,''),(2198,2198,0,1,0,0,0,0,0,0,''),(2199,2199,0,1,0,0,0,0,0,0,''),(2200,2200,0,1,0,0,0,0,0,0,''),(2201,2201,0,1,0,0,0,0,0,0,''),(2202,2202,0,1,0,0,0,0,0,0,''),(2203,2203,0,1,0,0,0,0,0,0,''),(2204,2204,0,1,0,0,0,0,0,0,''),(2205,2205,0,1,0,0,0,0,0,0,''),(2206,2206,0,1,0,0,0,0,0,0,''),(2207,2207,0,1,0,0,0,0,0,0,''),(2208,2208,0,1,0,0,0,0,0,0,''),(2209,2209,0,1,0,0,0,0,0,0,''),(2210,2210,0,1,0,0,0,0,0,0,''),(2211,2211,0,1,0,0,0,0,0,0,''),(2212,2212,0,1,0,0,0,0,0,0,''),(2213,2213,0,1,0,0,0,0,0,0,''),(2214,2214,0,1,0,0,0,0,0,0,''),(2215,2215,0,1,0,0,0,0,0,0,''),(2216,2216,0,1,0,0,0,0,0,0,''),(2217,2217,0,1,0,0,0,0,0,0,''),(2218,2218,0,1,0,0,0,0,0,0,''),(2219,2219,0,1,0,0,0,0,0,0,''),(2220,2220,0,1,0,0,0,0,0,0,''),(2221,2221,0,1,0,0,0,0,0,0,''),(2222,2222,0,1,0,0,0,0,0,0,''),(2223,2223,0,1,0,0,0,0,0,0,''),(2224,2224,0,1,0,0,0,0,0,0,''),(2225,2225,0,1,0,0,0,0,0,0,''),(2226,2226,0,1,0,0,0,0,0,0,''),(2227,2227,0,1,0,0,0,0,0,0,''),(2228,2228,0,1,0,0,0,0,0,0,''),(2229,2229,0,1,0,0,0,0,0,0,''),(2230,2230,0,1,0,0,0,0,0,0,''),(2231,2231,0,1,0,0,0,0,0,0,''),(2232,2232,0,1,0,0,0,0,0,0,''),(2233,2233,0,1,0,0,0,0,0,0,''),(2234,2234,0,1,0,0,0,0,0,0,''),(2235,2235,0,1,0,0,0,0,0,0,''),(2236,2236,0,1,0,0,0,0,0,0,''),(2237,2237,0,1,0,0,0,0,0,0,''),(2238,2238,0,1,0,0,0,0,0,0,''),(2239,2239,0,1,0,0,0,0,0,0,''),(2240,2240,0,1,0,0,0,0,0,0,''),(2241,2241,0,1,0,0,0,0,0,0,''),(2242,2242,0,1,0,0,0,0,0,0,''),(2243,2243,0,1,0,0,0,0,0,0,''),(2244,2244,0,1,0,0,0,0,0,0,''),(2245,2245,0,1,0,0,0,0,0,0,''),(2246,2246,0,1,0,0,0,0,0,0,''),(2247,2247,0,1,0,0,0,0,0,0,''),(2248,2248,0,1,0,0,0,0,0,0,''),(2249,2249,0,1,0,0,0,0,0,0,''),(2250,2250,0,1,0,0,0,0,0,0,''),(2251,2251,0,1,0,0,0,0,0,0,''),(2252,2252,0,1,0,0,0,0,0,0,''),(2253,2253,0,1,0,0,0,0,0,0,''),(2254,2254,0,1,0,0,0,0,0,0,''),(2255,2255,0,1,0,0,0,0,0,0,''),(2256,2256,0,1,0,0,0,0,0,0,''),(2257,2257,0,1,0,0,0,0,0,0,''),(2258,2258,0,1,0,0,0,0,0,0,''),(2259,2259,0,1,0,0,0,0,0,0,''),(2260,2260,0,1,0,0,0,0,0,0,''),(2261,2261,0,1,0,0,0,0,0,0,''),(2262,2262,0,1,0,0,0,0,0,0,''),(2263,2263,0,1,0,0,0,0,0,0,''),(2264,2264,0,1,0,0,0,0,0,0,''),(2265,2265,0,1,0,0,0,0,0,0,''),(2266,2266,0,1,0,0,0,0,0,0,''),(2267,2267,0,1,0,0,0,0,0,0,''),(2268,2268,0,1,0,0,0,0,0,0,''),(2269,2269,0,1,0,0,0,0,0,0,''),(2270,2270,0,1,0,0,0,0,0,0,''),(2271,2271,0,1,0,0,0,0,0,0,''),(2272,2272,0,1,0,0,0,0,0,0,''),(2273,2273,0,1,0,0,0,0,0,0,''),(2274,2274,0,1,0,0,0,0,0,0,''),(2275,2275,0,1,0,0,0,0,0,0,''),(2276,2276,0,1,0,0,0,0,0,0,''),(2277,2277,0,1,0,0,0,0,0,0,''),(2278,2278,0,1,0,0,0,0,0,0,''),(2279,2279,0,1,0,0,0,0,0,0,''),(2280,2280,0,1,0,0,0,0,0,0,''),(2281,2281,0,1,0,0,0,0,0,0,''),(2282,2282,0,1,0,0,0,0,0,0,''),(2283,2283,0,1,0,0,0,0,0,0,''),(2284,2284,0,1,0,0,0,0,0,0,''),(2285,2285,0,1,0,0,0,0,0,0,''),(2286,2286,0,1,0,0,0,0,0,0,''),(2287,2287,0,1,0,0,0,0,0,0,''),(2288,2288,0,1,0,0,0,0,0,0,''),(2289,2289,0,1,0,0,0,0,0,0,''),(2290,2290,0,1,0,0,0,0,0,0,''),(2291,2291,0,1,0,0,0,0,0,0,''),(2292,2292,0,1,0,0,0,0,0,0,''),(2293,2293,0,1,0,0,0,0,0,0,''),(2294,2294,0,1,0,0,0,0,0,0,''),(2295,2295,0,1,0,0,0,0,0,0,''),(2296,2296,0,1,0,0,0,0,0,0,''),(2297,2297,0,1,0,0,0,0,0,0,''),(2298,2298,0,1,0,0,0,0,0,0,''),(2299,2299,0,1,0,0,0,0,0,0,''),(2300,2300,0,1,0,0,0,0,0,0,''),(2301,2301,0,1,0,0,0,0,0,0,''),(2302,2302,0,1,0,0,0,0,0,0,''),(2303,2303,0,1,0,0,0,0,0,0,''),(2304,2304,0,1,0,0,0,0,0,0,''),(2305,2305,0,1,0,0,0,0,0,0,''),(2306,2306,0,1,0,0,0,0,0,0,''),(2307,2307,0,1,0,0,0,0,0,0,''),(2308,2308,0,1,0,0,0,0,0,0,''),(2309,2309,0,1,0,0,0,0,0,0,''),(2310,2310,0,1,0,0,0,0,0,0,''),(2311,2311,0,1,0,0,0,0,0,0,''),(2312,2312,0,1,0,0,0,0,0,0,''),(2313,2313,0,1,0,0,0,0,0,0,''),(2314,2314,0,1,0,0,0,0,0,0,''),(2315,2315,0,1,0,0,0,0,0,0,''),(2316,2316,0,1,0,0,0,0,0,0,''),(2317,2317,0,1,0,0,0,0,0,0,''),(2318,2318,0,1,0,0,0,0,0,0,''),(2319,2319,0,1,0,0,0,0,0,0,''),(2320,2320,0,1,0,0,0,0,0,0,''),(2321,2321,0,1,0,0,0,0,0,0,''),(2322,2322,0,1,0,0,0,0,0,0,''),(2323,2323,0,1,0,0,0,0,0,0,''),(2324,2324,0,1,0,0,0,0,0,0,''),(2325,2325,0,1,0,0,0,0,0,0,''),(2326,2326,0,1,0,0,0,0,0,0,''),(2327,2327,0,1,0,0,0,0,0,0,''),(2328,2328,0,1,0,0,0,0,0,0,''),(2329,2329,0,1,0,0,0,0,0,0,''),(2330,2330,0,1,0,0,0,0,0,0,''),(2331,2331,0,1,0,0,0,0,0,0,''),(2332,2332,0,1,0,0,0,0,0,0,''),(2333,2333,0,1,0,0,0,0,0,0,''),(2334,2334,0,1,0,0,0,0,0,0,''),(2335,2335,0,1,0,0,0,0,0,0,''),(2336,2336,0,1,0,0,0,0,0,0,''),(2337,2337,0,1,0,0,0,0,0,0,''),(2338,2338,0,1,0,0,0,0,0,0,''),(2339,2339,0,1,0,0,0,0,0,0,''),(2340,2340,0,1,0,0,0,0,0,0,''),(2341,2341,0,1,0,0,0,0,0,0,''),(2342,2342,0,1,0,0,0,0,0,0,''),(2343,2343,0,1,0,0,0,0,0,0,''),(2344,2344,0,1,0,0,0,0,0,0,''),(2345,2345,0,1,0,0,0,0,0,0,''),(2346,2346,0,1,0,0,0,0,0,0,''),(2347,2347,0,1,0,0,0,0,0,0,''),(2348,2348,0,1,0,0,0,0,0,0,''),(2349,2349,0,1,0,0,0,0,0,0,''),(2350,2350,0,1,0,0,0,0,0,0,''),(2351,2351,0,1,0,0,0,0,0,0,''),(2352,2352,0,1,0,0,0,0,0,0,''),(2353,2353,0,1,0,0,0,0,0,0,''),(2354,2354,0,1,0,0,0,0,0,0,''),(2355,2355,0,1,0,0,0,0,0,0,''),(2356,2356,0,1,0,0,0,0,0,0,''),(2357,2357,0,1,0,0,0,0,0,0,''),(2358,2358,0,1,0,0,0,0,0,0,''),(2359,2359,0,1,0,0,0,0,0,0,''),(2360,2360,0,1,0,0,0,0,0,0,''),(2361,2361,0,1,0,0,0,0,0,0,''),(2362,2362,0,1,0,0,0,0,0,0,''),(2363,2363,0,1,0,0,0,0,0,0,''),(2364,2364,0,1,0,0,0,0,0,0,''),(2365,2365,0,1,0,0,0,0,0,0,''),(2366,2366,0,1,0,0,0,0,0,0,''),(2367,2367,0,1,0,0,0,0,0,0,''),(2368,2368,0,1,0,0,0,0,0,0,''),(2369,2369,0,1,0,0,0,0,0,0,''),(2370,2370,0,1,0,0,0,0,0,0,''),(2371,2371,0,1,0,0,0,0,0,0,''),(2372,2372,0,1,0,0,0,0,0,0,''),(2373,2373,0,1,0,0,0,0,0,0,''),(2374,2374,0,1,0,0,0,0,0,0,''),(2375,2375,0,1,0,0,0,0,0,0,''),(2376,2376,0,1,0,0,0,0,0,0,''),(2377,2377,0,1,0,0,0,0,0,0,''),(2378,2378,0,1,0,0,0,0,0,0,''),(2379,2379,0,1,0,0,0,0,0,0,''),(2380,2380,0,1,0,0,0,0,0,0,''),(2381,2381,0,1,0,0,0,0,0,0,''),(2382,2382,0,1,0,0,0,0,0,0,''),(2383,2383,0,1,0,0,0,0,0,0,''),(2384,2384,0,1,0,0,0,0,0,0,''),(2385,2385,0,1,0,0,0,0,0,0,''),(2386,2386,0,1,0,0,0,0,0,0,''),(2387,2387,0,1,0,0,0,0,0,0,''),(2388,2388,0,1,0,0,0,0,0,0,''),(2389,2389,0,1,0,0,0,0,0,0,''),(2390,2390,0,1,0,0,0,0,0,0,''),(2391,2391,0,1,0,0,0,0,0,0,''),(2392,2392,0,1,0,0,0,0,0,0,''),(2393,2393,0,1,0,0,0,0,0,0,''),(2394,2394,0,1,0,0,0,0,0,0,''),(2395,2395,0,1,0,0,0,0,0,0,''),(2396,2396,0,1,0,0,0,0,0,0,''),(2397,2397,0,1,0,0,0,0,0,0,''),(2398,2398,0,1,0,0,0,0,0,0,''),(2399,2399,0,1,0,0,0,0,0,0,''),(2400,2400,0,1,0,0,0,0,0,0,''),(2401,2401,0,1,0,0,0,0,0,0,''),(2402,2402,0,1,0,0,0,0,0,0,''),(2403,2403,0,1,0,0,0,0,0,0,''),(2404,2404,0,1,0,0,0,0,0,0,''),(2405,2405,0,1,0,0,0,0,0,0,''),(2406,2406,0,1,0,0,0,0,0,0,''),(2407,2407,0,1,0,0,0,0,0,0,''),(2408,2408,0,1,0,0,0,0,0,0,''),(2409,2409,0,1,0,0,0,0,0,0,''),(2410,2410,0,1,0,0,0,0,0,0,''),(2411,2411,0,1,0,0,0,0,0,0,''),(2412,2412,0,1,0,0,0,0,0,0,''),(2413,2413,0,1,0,0,0,0,0,0,''),(2414,2414,0,1,0,0,0,0,0,0,''),(2415,2415,0,1,0,0,0,0,0,0,''),(2416,2416,0,1,0,0,0,0,0,0,''),(2417,2417,0,1,0,0,0,0,0,0,''),(2418,2418,0,1,0,0,0,0,0,0,''),(2419,2419,0,1,0,0,0,0,0,0,''),(2420,2420,0,1,0,0,0,0,0,0,''),(2421,2421,0,1,0,0,0,0,0,0,''),(2422,2422,0,1,0,0,0,0,0,0,''),(2423,2423,0,1,0,0,0,0,0,0,''),(2424,2424,0,1,0,0,0,0,0,0,''),(2425,2425,0,1,0,0,0,0,0,0,''),(2426,2426,0,1,0,0,0,0,0,0,''),(2427,2427,0,1,0,0,0,0,0,0,''),(2428,2428,0,1,0,0,0,0,0,0,''),(2429,2429,0,1,0,0,0,0,0,0,''),(2430,2430,0,1,0,0,0,0,0,0,''),(2431,2431,0,1,0,0,0,0,0,0,''),(2432,2432,0,1,0,0,0,0,0,0,''),(2433,2433,0,1,0,0,0,0,0,0,''),(2434,2434,0,1,0,0,0,0,0,0,''),(2435,2435,0,1,0,0,0,0,0,0,''),(2436,2436,0,1,0,0,0,0,0,0,''),(2437,2437,0,1,0,0,0,0,0,0,''),(2438,2438,0,1,0,0,0,0,0,0,''),(2439,2439,0,1,0,0,0,0,0,0,''),(2440,2440,0,1,0,0,0,0,0,0,''),(2441,2441,0,1,0,0,0,0,0,0,''),(2442,2442,0,1,0,0,0,0,0,0,''),(2443,2443,0,1,0,0,0,0,0,0,''),(2444,2444,0,1,0,0,0,0,0,0,''),(2445,2445,0,1,0,0,0,0,0,0,''),(2446,2446,0,1,0,0,0,0,0,0,''),(2447,2447,0,1,0,0,0,0,0,0,''),(2448,2448,0,1,0,0,0,0,0,0,''),(2449,2449,0,1,0,0,0,0,0,0,''),(2450,2450,0,1,0,0,0,0,0,0,''),(2451,2451,0,1,0,0,0,0,0,0,''),(2452,2452,0,1,0,0,0,0,0,0,''),(2453,2453,0,1,0,0,0,0,0,0,''),(2454,2454,0,1,0,0,0,0,0,0,''),(2455,2455,0,1,0,0,0,0,0,0,''),(2456,2456,0,1,0,0,0,0,0,0,''),(2457,2457,0,1,0,0,0,0,0,0,''),(2458,2458,0,1,0,0,0,0,0,0,''),(2459,2459,0,1,0,0,0,0,0,0,''),(2460,2460,0,1,0,0,0,0,0,0,''),(2461,2461,0,1,0,0,0,0,0,0,''),(2462,2462,0,1,0,0,0,0,0,0,''),(2463,2463,0,1,0,0,0,0,0,0,''),(2464,2464,0,1,0,0,0,0,0,0,''),(2465,2465,0,1,0,0,0,0,0,0,''),(2466,2466,0,1,0,0,0,0,0,0,''),(2467,2467,0,1,0,0,0,0,0,0,''),(2468,2468,0,1,0,0,0,0,0,0,''),(2469,2469,0,1,0,0,0,0,0,0,''),(2470,2470,0,1,0,0,0,0,0,0,''),(2471,2471,0,1,0,0,0,0,0,0,''),(2472,2472,0,1,0,0,0,0,0,0,''),(2473,2473,0,1,0,0,0,0,0,0,''),(2474,2474,0,1,0,0,0,0,0,0,''),(2475,2475,0,1,0,0,0,0,0,0,''),(2476,2476,0,1,0,0,0,0,0,0,''),(2477,2477,0,1,0,0,0,0,0,0,''),(2478,2478,0,1,0,0,0,0,0,0,''),(2479,2479,0,1,0,0,0,0,0,0,''),(2480,2480,0,1,0,0,0,0,0,0,''),(2481,2481,0,1,0,0,0,0,0,0,''),(2482,2482,0,1,0,0,0,0,0,0,''),(2483,2483,0,1,0,0,0,0,0,0,''),(2484,2484,0,1,0,0,0,0,0,0,''),(2485,2485,0,1,0,0,0,0,0,0,''),(2486,2486,0,1,0,0,0,0,0,0,''),(2487,2487,0,1,0,0,0,0,0,0,''),(2488,2488,0,1,0,0,0,0,0,0,''),(2489,2489,0,1,0,0,0,0,0,0,''),(2490,2490,0,1,0,0,0,0,0,0,''),(2491,2491,0,1,0,0,0,0,0,0,''),(2492,2492,0,1,0,0,0,0,0,0,''),(2493,2493,0,1,0,0,0,0,0,0,''),(2494,2494,0,1,0,0,0,0,0,0,''),(2495,2495,0,1,0,0,0,0,0,0,''),(2496,2496,0,1,0,0,0,0,0,0,''),(2497,2497,0,1,0,0,0,0,0,0,''),(2498,2498,0,1,0,0,0,0,0,0,''),(2499,2499,0,1,0,0,0,0,0,0,''),(2500,2500,0,1,0,0,0,0,0,0,''),(2501,2501,0,1,0,0,0,0,0,0,''),(2502,2502,0,1,0,0,0,0,0,0,''),(2503,2503,0,1,0,0,0,0,0,0,''),(2504,2504,0,1,0,0,0,0,0,0,''),(2505,2505,0,1,0,0,0,0,0,0,''),(2506,2506,0,1,0,0,0,0,0,0,''),(2507,2507,0,1,0,0,0,0,0,0,''),(2508,2508,0,1,0,0,0,0,0,0,''),(2509,2509,0,1,0,0,0,0,0,0,''),(2510,2510,0,1,0,0,0,0,0,0,''),(2511,2511,0,1,0,0,0,0,0,0,''),(2512,2512,0,1,0,0,0,0,0,0,''),(2513,2513,0,1,0,0,0,0,0,0,''),(2514,2514,0,1,0,0,0,0,0,0,''),(2515,2515,0,1,0,0,0,0,0,0,''),(2516,2516,0,1,0,0,0,0,0,0,''),(2517,2517,0,1,0,0,0,0,0,0,''),(2518,2518,0,1,0,0,0,0,0,0,''),(2519,2519,0,1,0,0,0,0,0,0,''),(2520,2520,0,1,0,0,0,0,0,0,''),(2521,2521,0,1,0,0,0,0,0,0,''),(2522,2522,0,1,0,0,0,0,0,0,''),(2523,2523,0,1,0,0,0,0,0,0,''),(2524,2524,0,1,0,0,0,0,0,0,''),(2525,2525,0,1,0,0,0,0,0,0,''),(2526,2526,0,1,0,0,0,0,0,0,''),(2527,2527,0,1,0,0,0,0,0,0,''),(2528,2528,0,1,0,0,0,0,0,0,''),(2529,2529,0,1,0,0,0,0,0,0,''),(2530,2530,0,1,0,0,0,0,0,0,''),(2531,2531,0,1,0,0,0,0,0,0,''),(2532,2532,0,1,0,0,0,0,0,0,''),(2533,2533,0,1,0,0,0,0,0,0,''),(2534,2534,0,1,0,0,0,0,0,0,''),(2535,2535,0,1,0,0,0,0,0,0,''),(2536,2536,0,1,0,0,0,0,0,0,''),(2537,2537,0,1,0,0,0,0,0,0,''),(2538,2538,0,1,0,0,0,0,0,0,''),(2539,2539,0,1,0,0,0,0,0,0,''),(2540,2540,0,1,0,0,0,0,0,0,''),(2541,2541,0,1,0,0,0,0,0,0,''),(2542,2542,0,1,0,0,0,0,0,0,''),(2543,2543,0,1,0,0,0,0,0,0,''),(2544,2544,0,1,0,0,0,0,0,0,''),(2545,2545,0,1,0,0,0,0,0,0,''),(2546,2546,0,1,0,0,0,0,0,0,''),(2547,2547,0,1,0,0,0,0,0,0,''),(2548,2548,0,1,0,0,0,0,0,0,''),(2549,2549,0,1,0,0,0,0,0,0,''),(2550,2550,0,1,0,0,0,0,0,0,''),(2551,2551,0,1,0,0,0,0,0,0,''),(2552,2552,0,1,0,0,0,0,0,0,''),(2553,2553,0,1,0,0,0,0,0,0,''),(2554,2554,0,1,0,0,0,0,0,0,''),(2555,2555,0,1,0,0,0,0,0,0,''),(2556,2556,0,1,0,0,0,0,0,0,''),(2557,2557,0,1,0,0,0,0,0,0,''),(2558,2558,0,1,0,0,0,0,0,0,''),(2559,2559,0,1,0,0,0,0,0,0,''),(2560,2560,0,1,0,0,0,0,0,0,''),(2561,2561,0,1,0,0,0,0,0,0,''),(2562,2562,0,1,0,0,0,0,0,0,''),(2563,2563,0,1,0,0,0,0,0,0,''),(2564,2564,0,1,0,0,0,0,0,0,''),(2565,2565,0,1,0,0,0,0,0,0,''),(2566,2566,0,1,0,0,0,0,0,0,''),(2567,2567,0,1,0,0,0,0,0,0,''),(2568,2568,0,1,0,0,0,0,0,0,''),(2569,2569,0,1,0,0,0,0,0,0,''),(2570,2570,0,1,0,0,0,0,0,0,''),(2571,2571,0,1,0,0,0,0,0,0,''),(2572,2572,0,1,0,0,0,0,0,0,''),(2573,2573,0,1,0,0,0,0,0,0,''),(2574,2574,0,1,0,0,0,0,0,0,''),(2575,2575,0,1,0,0,0,0,0,0,''),(2576,2576,0,1,0,0,0,0,0,0,''),(2577,2577,0,1,0,0,0,0,0,0,''),(2578,2578,0,1,0,0,0,0,0,0,''),(2579,2579,0,1,0,0,0,0,0,0,''),(2580,2580,0,1,0,0,0,0,0,0,''),(2581,2581,0,1,0,0,0,0,0,0,''),(2582,2582,0,1,0,0,0,0,0,0,''),(2583,2583,0,1,0,0,0,0,0,0,''),(2584,2584,0,1,0,0,0,0,0,0,''),(2585,2585,0,1,0,0,0,0,0,0,''),(2586,2586,0,1,0,0,0,0,0,0,''),(2587,2587,0,1,0,0,0,0,0,0,''),(2588,2588,0,1,0,0,0,0,0,0,''),(2589,2589,0,1,0,0,0,0,0,0,''),(2590,2590,0,1,0,0,0,0,0,0,''),(2591,2591,0,1,0,0,0,0,0,0,''),(2592,2592,0,1,0,0,0,0,0,0,''),(2593,2593,0,1,0,0,0,0,0,0,''),(2594,2594,0,1,0,0,0,0,0,0,''),(2595,2595,0,1,0,0,0,0,0,0,''),(2596,2596,0,1,0,0,0,0,0,0,''),(2597,2597,0,1,0,0,0,0,0,0,''),(2598,2598,0,1,0,0,0,0,0,0,''),(2599,2599,0,1,0,0,0,0,0,0,''),(2600,2600,0,1,0,0,0,0,0,0,''),(2601,2601,0,1,0,0,0,0,0,0,''),(2602,2602,0,1,0,0,0,0,0,0,''),(2603,2603,0,1,0,0,0,0,0,0,''),(2604,2604,0,1,0,0,0,0,0,0,''),(2605,2605,0,1,0,0,0,0,0,0,''),(2606,2606,0,1,0,0,0,0,0,0,''),(2607,2607,0,1,0,0,0,0,0,0,''),(2608,2608,0,1,0,0,0,0,0,0,''),(2609,2609,0,1,0,0,0,0,0,0,''),(2610,2610,0,1,0,0,0,0,0,0,''),(2611,2611,0,1,0,0,0,0,0,0,''),(2612,2612,0,1,0,0,0,0,0,0,''),(2613,2613,0,1,0,0,0,0,0,0,''),(2614,2614,0,1,0,0,0,0,0,0,''),(2615,2615,0,1,0,0,0,0,0,0,''),(2616,2616,0,1,0,0,0,0,0,0,''),(2617,2617,0,1,0,0,0,0,0,0,''),(2618,2618,0,1,0,0,0,0,0,0,''),(2619,2619,0,1,0,0,0,0,0,0,''),(2620,2620,0,1,0,0,0,0,0,0,''),(2621,2621,0,1,0,0,0,0,0,0,''),(2622,2622,0,1,0,0,0,0,0,0,''),(2623,2623,0,1,0,0,0,0,0,0,''),(2624,2624,0,1,0,0,0,0,0,0,''),(2625,2625,0,1,0,0,0,0,0,0,''),(2626,2626,0,1,0,0,0,0,0,0,''),(2627,2627,0,1,0,0,0,0,0,0,''),(2628,2628,0,1,0,0,0,0,0,0,''),(2629,2629,0,1,0,0,0,0,0,0,''),(2630,2630,0,1,0,0,0,0,0,0,''),(2631,2631,0,1,0,0,0,0,0,0,''),(2632,2632,0,1,0,0,0,0,0,0,''),(2633,2633,0,1,0,0,0,0,0,0,''),(2634,2634,0,1,0,0,0,0,0,0,''),(2635,2635,0,1,0,0,0,0,0,0,''),(2636,2636,0,1,0,0,0,0,0,0,''),(2637,2637,0,1,0,0,0,0,0,0,''),(2638,2638,0,1,0,0,0,0,0,0,''),(2639,2639,0,1,0,0,0,0,0,0,''),(2640,2640,0,1,0,0,0,0,0,0,''),(2641,2641,0,1,0,0,0,0,0,0,''),(2642,2642,0,1,0,0,0,0,0,0,''),(2643,2643,0,1,0,0,0,0,0,0,''),(2644,2644,0,1,0,0,0,0,0,0,''),(2645,2645,0,1,0,0,0,0,0,0,''),(2646,2646,0,1,0,0,0,0,0,0,''),(2647,2647,0,1,0,0,0,0,0,0,''),(2648,2648,0,1,0,0,0,0,0,0,''),(2649,2649,0,1,0,0,0,0,0,0,''),(2650,2650,0,1,0,0,0,0,0,0,''),(2651,2651,0,1,0,0,0,0,0,0,''),(2652,2652,0,1,0,0,0,0,0,0,''),(2653,2653,0,1,0,0,0,0,0,0,''),(2654,2654,0,1,0,0,0,0,0,0,''),(2655,2655,0,1,0,0,0,0,0,0,''),(2656,2656,0,1,0,0,0,0,0,0,''),(2657,2657,0,1,0,0,0,0,0,0,''),(2658,2658,0,1,0,0,0,0,0,0,''),(2659,2659,0,1,0,0,0,0,0,0,''),(2660,2660,0,1,0,0,0,0,0,0,''),(2661,2661,0,1,0,0,0,0,0,0,''),(2662,2662,0,1,0,0,0,0,0,0,''),(2663,2663,0,1,0,0,0,0,0,0,''),(2664,2664,0,1,0,0,0,0,0,0,''),(2665,2665,0,1,0,0,0,0,0,0,''),(2666,2666,0,1,0,0,0,0,0,0,''),(2667,2667,0,1,0,0,0,0,0,0,''),(2668,2668,0,1,0,0,0,0,0,0,''),(2669,2669,0,1,0,0,0,0,0,0,''),(2670,2670,0,1,0,0,0,0,0,0,''),(2671,2671,0,1,0,0,0,0,0,0,''),(2672,2672,0,1,0,0,0,0,0,0,''),(2673,2673,0,1,0,0,0,0,0,0,''),(2674,2674,0,1,0,0,0,0,0,0,''),(2675,2675,0,1,0,0,0,0,0,0,''),(2676,2676,0,1,0,0,0,0,0,0,''),(2677,2677,0,1,0,0,0,0,0,0,''),(2678,2678,0,1,0,0,0,0,0,0,''),(2679,2679,0,1,0,0,0,0,0,0,''),(2680,2680,0,1,0,0,0,0,0,0,''),(2681,2681,0,1,0,0,0,0,0,0,''),(2682,2682,0,1,0,0,0,0,0,0,''),(2683,2683,0,1,0,0,0,0,0,0,''),(2684,2684,0,1,0,0,0,0,0,0,''),(2685,2685,0,1,0,0,0,0,0,0,''),(2686,2686,0,1,0,0,0,0,0,0,''),(2687,2687,0,1,0,0,0,0,0,0,''),(2688,2688,0,1,0,0,0,0,0,0,''),(2689,2689,0,1,0,0,0,0,0,0,''),(2690,2690,0,1,0,0,0,0,0,0,''),(2691,2691,0,1,0,0,0,0,0,0,''),(2692,2692,0,1,0,0,0,0,0,0,''),(2693,2693,0,1,0,0,0,0,0,0,''),(2694,2694,0,1,0,0,0,0,0,0,''),(2695,2695,0,1,0,0,0,0,0,0,''),(2696,2696,0,1,0,0,0,0,0,0,''),(2697,2697,0,1,0,0,0,0,0,0,''),(2698,2698,0,1,0,0,0,0,0,0,''),(2699,2699,0,1,0,0,0,0,0,0,''),(2700,2700,0,1,0,0,0,0,0,0,''),(2701,2701,0,1,0,0,0,0,0,0,''),(2702,2702,0,1,0,0,0,0,0,0,''),(2703,2703,0,1,0,0,0,0,0,0,''),(2704,2704,0,1,0,0,0,0,0,0,''),(2705,2705,0,1,0,0,0,0,0,0,''),(2706,2706,0,1,0,0,0,0,0,0,''),(2707,2707,0,1,0,0,0,0,0,0,''),(2708,2708,0,1,0,0,0,0,0,0,''),(2709,2709,0,1,0,0,0,0,0,0,''),(2710,2710,0,1,0,0,0,0,0,0,''),(2711,2711,0,1,0,0,0,0,0,0,''),(2712,2712,0,1,0,0,0,0,0,0,''),(2713,2713,0,1,0,0,0,0,0,0,''),(2714,2714,0,1,0,0,0,0,0,0,''),(2715,2715,0,1,0,0,0,0,0,0,''),(2716,2716,0,1,0,0,0,0,0,0,''),(2717,2717,0,1,0,0,0,0,0,0,''),(2718,2718,0,1,0,0,0,0,0,0,''),(2719,2719,0,1,0,0,0,0,0,0,''),(2720,2720,0,1,0,0,0,0,0,0,''),(2721,2721,0,1,0,0,0,0,0,0,''),(2722,2722,0,1,0,0,0,0,0,0,''),(2723,2723,0,1,0,0,0,0,0,0,''),(2724,2724,0,1,0,0,0,0,0,0,''),(2725,2725,0,1,0,0,0,0,0,0,''),(2726,2726,0,1,0,0,0,0,0,0,''),(2727,2727,0,1,0,0,0,0,0,0,''),(2728,2728,0,1,0,0,0,0,0,0,''),(2729,2729,0,1,0,0,0,0,0,0,''),(2730,2730,0,1,0,0,0,0,0,0,''),(2731,2731,0,1,0,0,0,0,0,0,''),(2732,2732,0,1,0,0,0,0,0,0,''),(2733,2733,0,1,0,0,0,0,0,0,''),(2734,2734,0,1,0,0,0,0,0,0,''),(2735,2735,0,1,0,0,0,0,0,0,''),(2736,2736,0,1,0,0,0,0,0,0,''),(2737,2737,0,1,0,0,0,0,0,0,''),(2738,2738,0,1,0,0,0,0,0,0,''),(2739,2739,0,1,0,0,0,0,0,0,''),(2740,2740,0,1,0,0,0,0,0,0,''),(2741,2741,0,1,0,0,0,0,0,0,''),(2742,2742,0,1,0,0,0,0,0,0,''),(2743,2743,0,1,0,0,0,0,0,0,''),(2744,2744,0,1,0,0,0,0,0,0,''),(2745,2745,0,1,0,0,0,0,0,0,''),(2746,2746,0,1,0,0,0,0,0,0,''),(2747,2747,0,1,0,0,0,0,0,0,''),(2748,2748,0,1,0,0,0,0,0,0,''),(2749,2749,0,1,0,0,0,0,0,0,''),(2750,2750,0,1,0,0,0,0,0,0,''),(2751,2751,0,1,0,0,0,0,0,0,''),(2752,2752,0,1,0,0,0,0,0,0,''),(2753,2753,0,1,0,0,0,0,0,0,''),(2754,2754,0,1,0,0,0,0,0,0,''),(2755,2755,0,1,0,0,0,0,0,0,''),(2756,2756,0,1,0,0,0,0,0,0,''),(2757,2757,0,1,0,0,0,0,0,0,''),(2758,2758,0,1,0,0,0,0,0,0,''),(2759,2759,0,1,0,0,0,0,0,0,''),(2760,2760,0,1,0,0,0,0,0,0,''),(2761,2761,0,1,0,0,0,0,0,0,''),(2762,2762,0,1,0,0,0,0,0,0,''),(2763,2763,0,1,0,0,0,0,0,0,''),(2764,2764,0,1,0,0,0,0,0,0,''),(2765,2765,0,1,0,0,0,0,0,0,''),(2766,2766,0,1,0,0,0,0,0,0,''),(2767,2767,0,1,0,0,0,0,0,0,''),(2768,2768,0,1,0,0,0,0,0,0,''),(2769,2769,0,1,0,0,0,0,0,0,''),(2770,2770,0,1,0,0,0,0,0,0,''),(2771,2771,0,1,0,0,0,0,0,0,''),(2772,2772,0,1,0,0,0,0,0,0,''),(2773,2773,0,1,0,0,0,0,0,0,''),(2774,2774,0,1,0,0,0,0,0,0,''),(2775,2775,0,1,0,0,0,0,0,0,''),(2776,2776,0,1,0,0,0,0,0,0,''),(2777,2777,0,1,0,0,0,0,0,0,''),(2778,2778,0,1,0,0,0,0,0,0,''),(2779,2779,0,1,0,0,0,0,0,0,''),(2780,2780,0,1,0,0,0,0,0,0,''),(2781,2781,0,1,0,0,0,0,0,0,''),(2782,2782,0,1,0,0,0,0,0,0,''),(2783,2783,0,1,0,0,0,0,0,0,''),(2784,2784,0,1,0,0,0,0,0,0,''),(2785,2785,0,1,0,0,0,0,0,0,''),(2786,2786,0,1,0,0,0,0,0,0,''),(2787,2787,0,1,0,0,0,0,0,0,''),(2788,2788,0,1,0,0,0,0,0,0,''),(2789,2789,0,1,0,0,0,0,0,0,''),(2790,2790,0,1,0,0,0,0,0,0,''),(2791,2791,0,1,0,0,0,0,0,0,''),(2792,2792,0,1,0,0,0,0,0,0,''),(2793,2793,0,1,0,0,0,0,0,0,''),(2794,2794,0,1,0,0,0,0,0,0,''),(2795,2795,0,1,0,0,0,0,0,0,''),(2796,2796,0,1,0,0,0,0,0,0,''),(2797,2797,0,1,0,0,0,0,0,0,''),(2798,2798,0,1,0,0,0,0,0,0,''),(2799,2799,0,1,0,0,0,0,0,0,''),(2800,2800,0,1,0,0,0,0,0,0,''),(2801,2801,0,1,0,0,0,0,0,0,''),(2802,2802,0,1,0,0,0,0,0,0,''),(2803,2803,0,1,0,0,0,0,0,0,''),(2804,2804,0,1,0,0,0,0,0,0,''),(2805,2805,0,1,0,0,0,0,0,0,''),(2806,2806,0,1,0,0,0,0,0,0,''),(2807,2807,0,1,0,0,0,0,0,0,''),(2808,2808,0,1,0,0,0,0,0,0,''),(2809,2809,0,1,0,0,0,0,0,0,''),(2810,2810,0,1,0,0,0,0,0,0,''),(2811,2811,0,1,0,0,0,0,0,0,''),(2812,2812,0,1,0,0,0,0,0,0,''),(2813,2813,0,1,0,0,0,0,0,0,''),(2814,2814,0,1,0,0,0,0,0,0,''),(2815,2815,0,1,0,0,0,0,0,0,''),(2816,2816,0,1,0,0,0,0,0,0,''),(2817,2817,0,1,0,0,0,0,0,0,''),(2818,2818,0,1,0,0,0,0,0,0,''),(2819,2819,0,1,0,0,0,0,0,0,''),(2820,2820,0,1,0,0,0,0,0,0,''),(2821,2821,0,1,0,0,0,0,0,0,''),(2822,2822,0,1,0,0,0,0,0,0,''),(2823,2823,0,1,0,0,0,0,0,0,''),(2824,2824,0,1,0,0,0,0,0,0,''),(2825,2825,0,1,0,0,0,0,0,0,''),(2826,2826,0,1,0,0,0,0,0,0,''),(2827,2827,0,1,0,0,0,0,0,0,''),(2828,2828,0,1,0,0,0,0,0,0,''),(2829,2829,0,1,0,0,0,0,0,0,''),(2830,2830,0,1,0,0,0,0,0,0,''),(2831,2831,0,1,0,0,0,0,0,0,''),(2832,2832,0,1,0,0,0,0,0,0,''),(2833,2833,0,1,0,0,0,0,0,0,''),(2834,2834,0,1,0,0,0,0,0,0,''),(2835,2835,0,1,0,0,0,0,0,0,''),(2836,2836,0,1,0,0,0,0,0,0,''),(2837,2837,0,1,0,0,0,0,0,0,''),(2838,2838,0,1,0,0,0,0,0,0,''),(2839,2839,0,1,0,0,0,0,0,0,''),(2840,2840,0,1,0,0,0,0,0,0,''),(2841,2841,0,1,0,0,0,0,0,0,''),(2842,2842,0,1,0,0,0,0,0,0,''),(2843,2843,0,1,0,0,0,0,0,0,''),(2844,2844,0,1,0,0,0,0,0,0,''),(2845,2845,0,1,0,0,0,0,0,0,''),(2846,2846,0,1,0,0,0,0,0,0,''),(2847,2847,0,1,0,0,0,0,0,0,''),(2848,2848,0,1,0,0,0,0,0,0,''),(2849,2849,0,1,0,0,0,0,0,0,''),(2850,2850,0,1,0,0,0,0,0,0,''),(2851,2851,0,1,0,0,0,0,0,0,''),(2852,2852,0,1,0,0,0,0,0,0,''),(2853,2853,0,1,0,0,0,0,0,0,''),(2854,2854,0,1,0,0,0,0,0,0,''),(2855,2855,0,1,0,0,0,0,0,0,''),(2856,2856,0,1,0,0,0,0,0,0,''),(2857,2857,0,1,0,0,0,0,0,0,''),(2858,2858,0,1,0,0,0,0,0,0,''),(2859,2859,0,1,0,0,0,0,0,0,''),(2860,2860,0,1,0,0,0,0,0,0,''),(2861,2861,0,1,0,0,0,0,0,0,''),(2862,2862,0,1,0,0,0,0,0,0,''),(2863,2863,0,1,0,0,0,0,0,0,''),(2864,2864,0,1,0,0,0,0,0,0,''),(2865,2865,0,1,0,0,0,0,0,0,''),(2866,2866,0,1,0,0,0,0,0,0,''),(2867,2867,0,1,0,0,0,0,0,0,''),(2868,2868,0,1,0,0,0,0,0,0,''),(2869,2869,0,1,0,0,0,0,0,0,''),(2870,2870,0,1,0,0,0,0,0,0,''),(2871,2871,0,1,0,0,0,0,0,0,''),(2872,2872,0,1,0,0,0,0,0,0,''),(2873,2873,0,1,0,0,0,0,0,0,''),(2874,2874,0,1,0,0,0,0,0,0,''),(2875,2875,0,1,0,0,0,0,0,0,''),(2876,2876,0,1,0,0,0,0,0,0,''),(2877,2877,0,1,0,0,0,0,0,0,''),(2878,2878,0,1,0,0,0,0,0,0,''),(2879,2879,0,1,0,0,0,0,0,0,''),(2880,2880,0,1,0,0,0,0,0,0,''),(2881,2881,0,1,0,0,0,0,0,0,''),(2882,2882,0,1,0,0,0,0,0,0,''),(2883,2883,0,1,0,0,0,0,0,0,''),(2884,2884,0,1,0,0,0,0,0,0,''),(2885,2885,0,1,0,0,0,0,0,0,''),(2886,2886,0,1,0,0,0,0,0,0,''),(2887,2887,0,1,0,0,0,0,0,0,''),(2888,2888,0,1,0,0,0,0,0,0,''),(2889,2889,0,1,0,0,0,0,0,0,''),(2890,2890,0,1,0,0,0,0,0,0,''),(2891,2891,0,1,0,0,0,0,0,0,''),(2892,2892,0,1,0,0,0,0,0,0,''),(2893,2893,0,1,0,0,0,0,0,0,''),(2894,2894,0,1,0,0,0,0,0,0,''),(2895,2895,0,1,0,0,0,0,0,0,''),(2896,2896,0,1,0,0,0,0,0,0,''),(2897,2897,0,1,0,0,0,0,0,0,''),(2898,2898,0,1,0,0,0,0,0,0,''),(2899,2899,0,1,0,0,0,0,0,0,''),(2900,2900,0,1,0,0,0,0,0,0,''),(2901,2901,0,1,0,0,0,0,0,0,''),(2902,2902,0,1,0,0,0,0,0,0,''),(2903,2903,0,1,0,0,0,0,0,0,''),(2904,2904,0,1,0,0,0,0,0,0,''),(2905,2905,0,1,0,0,0,0,0,0,''),(2906,2906,0,1,0,0,0,0,0,0,''),(2907,2907,0,1,0,0,0,0,0,0,''),(2908,2908,0,1,0,0,0,0,0,0,''),(2909,2909,0,1,0,0,0,0,0,0,''),(2910,2910,0,1,0,0,0,0,0,0,''),(2911,2911,0,1,0,0,0,0,0,0,''),(2912,2912,0,1,0,0,0,0,0,0,''),(2913,2913,0,1,0,0,0,0,0,0,''),(2914,2914,0,1,0,0,0,0,0,0,''),(2915,2915,0,1,0,0,0,0,0,0,''),(2916,2916,0,1,0,0,0,0,0,0,''),(2917,2917,0,1,0,0,0,0,0,0,''),(2918,2918,0,1,0,0,0,0,0,0,''),(2919,2919,0,1,0,0,0,0,0,0,''),(2920,2920,0,1,0,0,0,0,0,0,''),(2921,2921,0,1,0,0,0,0,0,0,''),(2922,2922,0,1,0,0,0,0,0,0,''),(2923,2923,0,1,0,0,0,0,0,0,''),(2924,2924,0,1,0,0,0,0,0,0,''),(2925,2925,0,1,0,0,0,0,0,0,''),(2926,2926,0,1,0,0,0,0,0,0,''),(2927,2927,0,1,0,0,0,0,0,0,''),(2928,2928,0,1,0,0,0,0,0,0,''),(2929,2929,0,1,0,0,0,0,0,0,''),(2930,2930,0,1,0,0,0,0,0,0,''),(2931,2931,0,1,0,0,0,0,0,0,''),(2932,2932,0,1,0,0,0,0,0,0,''),(2933,2933,0,1,0,0,0,0,0,0,''),(2934,2934,0,1,0,0,0,0,0,0,''),(2935,2935,0,1,0,0,0,0,0,0,''),(2936,2936,0,1,0,0,0,0,0,0,''),(2937,2937,0,1,0,0,0,0,0,0,''),(2938,2938,0,1,0,0,0,0,0,0,''),(2939,2939,0,1,0,0,0,0,0,0,''),(2940,2940,0,1,0,0,0,0,0,0,''),(2941,2941,0,1,0,0,0,0,0,0,''),(2942,2942,0,1,0,0,0,0,0,0,''),(2943,2943,0,1,0,0,0,0,0,0,''),(2944,2944,0,1,0,0,0,0,0,0,''),(2945,2945,0,1,0,0,0,0,0,0,''),(2946,2946,0,1,0,0,0,0,0,0,''),(2947,2947,0,1,0,0,0,0,0,0,''),(2948,2948,0,1,0,0,0,0,0,0,''),(2949,2949,0,1,0,0,0,0,0,0,''),(2950,2950,0,1,0,0,0,0,0,0,''),(2951,2951,0,1,0,0,0,0,0,0,''),(2952,2952,0,1,0,0,0,0,0,0,''),(2953,2953,0,1,0,0,0,0,0,0,''),(2954,2954,0,1,0,0,0,0,0,0,''),(2955,2955,0,1,0,0,0,0,0,0,''),(2956,2956,0,1,0,0,0,0,0,0,''),(2957,2957,0,1,0,0,0,0,0,0,''),(2958,2958,0,1,0,0,0,0,0,0,''),(2959,2959,0,1,0,0,0,0,0,0,''),(2960,2960,0,1,0,0,0,0,0,0,''),(2961,2961,0,1,0,0,0,0,0,0,''),(2962,2962,0,1,0,0,0,0,0,0,''),(2963,2963,0,1,0,0,0,0,0,0,''),(2964,2964,0,1,0,0,0,0,0,0,''),(2965,2965,0,1,0,0,0,0,0,0,''),(2966,2966,0,1,0,0,0,0,0,0,''),(2967,2967,0,1,0,0,0,0,0,0,''),(2968,2968,0,1,0,0,0,0,0,0,''),(2969,2969,0,1,0,0,0,0,0,0,''),(2970,2970,0,1,0,0,0,0,0,0,''),(2971,2971,0,1,0,0,0,0,0,0,''),(2972,2972,0,1,0,0,0,0,0,0,''),(2973,2973,0,1,0,0,0,0,0,0,''),(2974,2974,0,1,0,0,0,0,0,0,''),(2975,2975,0,1,0,0,0,0,0,0,''),(2976,2976,0,1,0,0,0,0,0,0,''),(2977,2977,0,1,0,0,0,0,0,0,''),(2978,2978,0,1,0,0,0,0,0,0,''),(2979,2979,0,1,0,0,0,0,0,0,''),(2980,2980,0,1,0,0,0,0,0,0,''),(2981,2981,0,1,0,0,0,0,0,0,''),(2982,2982,0,1,0,0,0,0,0,0,''),(2983,2983,0,1,0,0,0,0,0,0,''),(2984,2984,0,1,0,0,0,0,0,0,''),(2985,2985,0,1,0,0,0,0,0,0,''),(2986,2986,0,1,0,0,0,0,0,0,''),(2987,2987,0,1,0,0,0,0,0,0,''),(2988,2988,0,1,0,0,0,0,0,0,''),(2989,2989,0,1,0,0,0,0,0,0,''),(2990,2990,0,1,0,0,0,0,0,0,''),(2991,2991,0,1,0,0,0,0,0,0,''),(2992,2992,0,1,0,0,0,0,0,0,''),(2993,2993,0,1,0,0,0,0,0,0,''),(2994,2994,0,1,0,0,0,0,0,0,''),(2995,2995,0,1,0,0,0,0,0,0,''),(2996,2996,0,1,0,0,0,0,0,0,''),(2997,2997,0,1,0,0,0,0,0,0,''),(2998,2998,0,1,0,0,0,0,0,0,''),(2999,2999,0,1,0,0,0,0,0,0,''),(3000,3000,0,1,0,0,0,0,0,0,''),(3001,3001,0,1,0,0,0,0,0,0,''),(3002,3002,0,1,0,0,0,0,0,0,''),(3003,3003,0,1,0,0,0,0,0,0,''),(3004,3004,0,1,0,0,0,0,0,0,''),(3005,3005,0,1,0,0,0,0,0,0,''),(3006,3006,0,1,0,0,0,0,0,0,''),(3007,3007,0,1,0,0,0,0,0,0,''),(3008,3008,0,1,0,0,0,0,0,0,''),(3009,3009,0,1,0,0,0,0,0,0,''),(3010,3010,0,1,0,0,0,0,0,0,''),(3011,3011,0,1,0,0,0,0,0,0,''),(3012,3012,0,1,0,0,0,0,0,0,''),(3013,3013,0,1,0,0,0,0,0,0,''),(3014,3014,0,1,0,0,0,0,0,0,''),(3015,3015,0,1,0,0,0,0,0,0,''),(3016,3016,0,1,0,0,0,0,0,0,''),(3017,3017,0,1,0,0,0,0,0,0,''),(3018,3018,0,1,0,0,0,0,0,0,''),(3019,3019,0,1,0,0,0,0,0,0,''),(3020,3020,0,1,0,0,0,0,0,0,''),(3021,3021,0,1,0,0,0,0,0,0,''),(3022,3022,0,1,0,0,0,0,0,0,''),(3023,3023,0,1,0,0,0,0,0,0,''),(3024,3024,0,1,0,0,0,0,0,0,''),(3025,3025,0,1,0,0,0,0,0,0,''),(3026,3026,0,1,0,0,0,0,0,0,''),(3027,3027,0,1,0,0,0,0,0,0,''),(3028,3028,0,1,0,0,0,0,0,0,''),(3029,3029,0,1,0,0,0,0,0,0,''),(3030,3030,0,1,0,0,0,0,0,0,''),(3031,3031,0,1,0,0,0,0,0,0,''),(3032,3032,0,1,0,0,0,0,0,0,''),(3033,3033,0,1,0,0,0,0,0,0,''),(3034,3034,0,1,0,0,0,0,0,0,''),(3035,3035,0,1,0,0,0,0,0,0,''),(3036,3036,0,1,0,0,0,0,0,0,''),(3037,3037,0,1,0,0,0,0,0,0,''),(3038,3038,0,1,0,0,0,0,0,0,''),(3039,3039,0,1,0,0,0,0,0,0,''),(3040,3040,0,1,0,0,0,0,0,0,''),(3041,3041,0,1,0,0,0,0,0,0,''),(3042,3042,0,1,0,0,0,0,0,0,''),(3043,3043,0,1,0,0,0,0,0,0,''),(3044,3044,0,1,0,0,0,0,0,0,''),(3045,3045,0,1,0,0,0,0,0,0,''),(3046,3046,0,1,0,0,0,0,0,0,''),(3047,3047,0,1,0,0,0,0,0,0,''),(3048,3048,0,1,0,0,0,0,0,0,''),(3049,3049,0,1,0,0,0,0,0,0,''),(3050,3050,0,1,0,0,0,0,0,0,''),(3051,3051,0,1,0,0,0,0,0,0,''),(3052,3052,0,1,0,0,0,0,0,0,''),(3053,3053,0,1,0,0,0,0,0,0,''),(3054,3054,0,1,0,0,0,0,0,0,''),(3055,3055,0,1,0,0,0,0,0,0,''),(3056,3056,0,1,0,0,0,0,0,0,''),(3057,3057,0,1,0,0,0,0,0,0,''),(3058,3058,0,1,0,0,0,0,0,0,''),(3059,3059,0,1,0,0,0,0,0,0,''),(3060,3060,0,1,0,0,0,0,0,0,''),(3061,3061,0,1,0,0,0,0,0,0,''),(3062,3062,0,1,0,0,0,0,0,0,''),(3063,3063,0,1,0,0,0,0,0,0,''),(3064,3064,0,1,0,0,0,0,0,0,''),(3065,3065,0,1,0,0,0,0,0,0,''),(3066,3066,0,1,0,0,0,0,0,0,''),(3067,3067,0,1,0,0,0,0,0,0,''),(3068,3068,0,1,0,0,0,0,0,0,''),(3069,3069,0,1,0,0,0,0,0,0,''),(3070,3070,0,1,0,0,0,0,0,0,''),(3071,3071,0,1,0,0,0,0,0,0,''),(3072,3072,0,1,0,0,0,0,0,0,''),(3073,3073,0,1,0,0,0,0,0,0,''),(3074,3074,0,1,0,0,0,0,0,0,''),(3075,3075,0,1,0,0,0,0,0,0,''),(3076,3076,0,1,0,0,0,0,0,0,''),(3077,3077,0,1,0,0,0,0,0,0,''),(3078,3078,0,1,0,0,0,0,0,0,''),(3079,3079,0,1,0,0,0,0,0,0,''),(3080,3080,0,1,0,0,0,0,0,0,''),(3081,3081,0,1,0,0,0,0,0,0,''),(3082,3082,0,1,0,0,0,0,0,0,''),(3083,3083,0,1,0,0,0,0,0,0,''),(3084,3084,0,1,0,0,0,0,0,0,''),(3085,3085,0,1,0,0,0,0,0,0,''),(3086,3086,0,1,0,0,0,0,0,0,''),(3087,3087,0,1,0,0,0,0,0,0,''),(3088,3088,0,1,0,0,0,0,0,0,''),(3089,3089,0,1,0,0,0,0,0,0,''),(3090,3090,0,1,0,0,0,0,0,0,''),(3091,3091,0,1,0,0,0,0,0,0,''),(3092,3092,0,1,0,0,0,0,0,0,''),(3093,3093,0,1,0,0,0,0,0,0,''),(3094,3094,0,1,0,0,0,0,0,0,''),(3095,3095,0,1,0,0,0,0,0,0,''),(3096,3096,0,1,0,0,0,0,0,0,''),(3097,3097,0,1,0,0,0,0,0,0,''),(3098,3098,0,1,0,0,0,0,0,0,''),(3099,3099,0,1,0,0,0,0,0,0,''),(3100,3100,0,1,0,0,0,0,0,0,''),(3101,3101,0,1,0,0,0,0,0,0,''),(3102,3102,0,1,0,0,0,0,0,0,''),(3103,3103,0,1,0,0,0,0,0,0,''),(3104,3104,0,1,0,0,0,0,0,0,''),(3105,3105,0,1,0,0,0,0,0,0,''),(3106,3106,0,1,0,0,0,0,0,0,''),(3107,3107,0,1,0,0,0,0,0,0,''),(3108,3108,0,1,0,0,0,0,0,0,''),(3109,3109,0,1,0,0,0,0,0,0,''),(3110,3110,0,1,0,0,0,0,0,0,''),(3111,3111,0,1,0,0,0,0,0,0,''),(3112,3112,0,1,0,0,0,0,0,0,''),(3113,3113,0,1,0,0,0,0,0,0,''),(3114,3114,0,1,0,0,0,0,0,0,''),(3115,3115,0,1,0,0,0,0,0,0,''),(3116,3116,0,1,0,0,0,0,0,0,''),(3117,3117,0,1,0,0,0,0,0,0,''),(3118,3118,0,1,0,0,0,0,0,0,''),(3119,3119,0,1,0,0,0,0,0,0,''),(3120,3120,0,1,0,0,0,0,0,0,''),(3121,3121,0,1,0,0,0,0,0,0,''),(3122,3122,0,1,0,0,0,0,0,0,''),(3123,3123,0,1,0,0,0,0,0,0,''),(3124,3124,0,1,0,0,0,0,0,0,''),(3125,3125,0,1,0,0,0,0,0,0,''),(3126,3126,0,1,0,0,0,0,0,0,''),(3127,3127,0,1,0,0,0,0,0,0,''),(3128,3128,0,1,0,0,0,0,0,0,''),(3129,3129,0,1,0,0,0,0,0,0,''),(3130,3130,0,1,0,0,0,0,0,0,''),(3131,3131,0,1,0,0,0,0,0,0,''),(3132,3132,0,1,0,0,0,0,0,0,''),(3133,3133,0,1,0,0,0,0,0,0,''),(3134,3134,0,1,0,0,0,0,0,0,''),(3135,3135,0,1,0,0,0,0,0,0,''),(3136,3136,0,1,0,0,0,0,0,0,''),(3137,3137,0,1,0,0,0,0,0,0,''),(3138,3138,0,1,0,0,0,0,0,0,''),(3139,3139,0,1,0,0,0,0,0,0,''),(3140,3140,0,1,0,0,0,0,0,0,''),(3141,3141,0,1,0,0,0,0,0,0,''),(3142,3142,0,1,0,0,0,0,0,0,''),(3143,3143,0,1,0,0,0,0,0,0,''),(3144,3144,0,1,0,0,0,0,0,0,''),(3145,3145,0,1,0,0,0,0,0,0,''),(3146,3146,0,1,0,0,0,0,0,0,''),(3147,3147,0,1,0,0,0,0,0,0,''),(3148,3148,0,1,0,0,0,0,0,0,''),(3149,3149,0,1,0,0,0,0,0,0,''),(3150,3150,0,1,0,0,0,0,0,0,''),(3151,3151,0,1,0,0,0,0,0,0,''),(3152,3152,0,1,0,0,0,0,0,0,''),(3153,3153,0,1,0,0,0,0,0,0,''),(3154,3154,0,1,0,0,0,0,0,0,''),(3155,3155,0,1,0,0,0,0,0,0,''),(3156,3156,0,1,0,0,0,0,0,0,''),(3157,3157,0,1,0,0,0,0,0,0,''),(3158,3158,0,1,0,0,0,0,0,0,''),(3159,3159,0,1,0,0,0,0,0,0,''),(3160,3160,0,1,0,0,0,0,0,0,''),(3161,3161,0,1,0,0,0,0,0,0,''),(3162,3162,0,1,0,0,0,0,0,0,''),(3163,3163,0,1,0,0,0,0,0,0,''),(3164,3164,0,1,0,0,0,0,0,0,''),(3165,3165,0,1,0,0,0,0,0,0,''),(3166,3166,0,1,0,0,0,0,0,0,''),(3167,3167,0,1,0,0,0,0,0,0,''),(3168,3168,0,1,0,0,0,0,0,0,''),(3169,3169,0,1,0,0,0,0,0,0,''),(3170,3170,0,1,0,0,0,0,0,0,''),(3171,3171,0,1,0,0,0,0,0,0,''),(3172,3172,0,1,0,0,0,0,0,0,''),(3173,3173,0,1,0,0,0,0,0,0,''),(3174,3174,0,1,0,0,0,0,0,0,''),(3175,3175,0,1,0,0,0,0,0,0,''),(3176,3176,0,1,0,0,0,0,0,0,''),(3177,3177,0,1,0,0,0,0,0,0,''),(3178,3178,0,1,0,0,0,0,0,0,''),(3179,3179,0,1,0,0,0,0,0,0,''),(3180,3180,0,1,0,0,0,0,0,0,''),(3181,3181,0,1,0,0,0,0,0,0,''),(3182,3182,0,1,0,0,0,0,0,0,''),(3183,3183,0,1,0,0,0,0,0,0,''),(3184,3184,0,1,0,0,0,0,0,0,''),(3185,3185,0,1,0,0,0,0,0,0,''),(3186,3186,0,1,0,0,0,0,0,0,''),(3187,3187,0,1,0,0,0,0,0,0,''),(3188,3188,0,1,0,0,0,0,0,0,''),(3189,3189,0,1,0,0,0,0,0,0,''),(3190,3190,0,1,0,0,0,0,0,0,''),(3191,3191,0,1,0,0,0,0,0,0,''),(3192,3192,0,1,0,0,0,0,0,0,''),(3193,3193,0,1,0,0,0,0,0,0,''),(3194,3194,0,1,0,0,0,0,0,0,''),(3195,3195,0,1,0,0,0,0,0,0,''),(3196,3196,0,1,0,0,0,0,0,0,''),(3197,3197,0,1,0,0,0,0,0,0,''),(3198,3198,0,1,0,0,0,0,0,0,''),(3199,3199,0,1,0,0,0,0,0,0,''),(3200,3200,0,1,0,0,0,0,0,0,''),(3201,3201,0,1,0,0,0,0,0,0,''),(3202,3202,0,1,0,0,0,0,0,0,''),(3203,3203,0,1,0,0,0,0,0,0,''),(3204,3204,0,1,0,0,0,0,0,0,''),(3205,3205,0,1,0,0,0,0,0,0,''),(3206,3206,0,1,0,0,0,0,0,0,''),(3207,3207,0,1,0,0,0,0,0,0,''),(3208,3208,0,1,0,0,0,0,0,0,''),(3209,3209,0,1,0,0,0,0,0,0,''),(3210,3210,0,1,0,0,0,0,0,0,''),(3211,3211,0,1,0,0,0,0,0,0,''),(3212,3212,0,1,0,0,0,0,0,0,''),(3213,3213,0,1,0,0,0,0,0,0,''),(3214,3214,0,1,0,0,0,0,0,0,''),(3215,3215,0,1,0,0,0,0,0,0,''),(3216,3216,0,1,0,0,0,0,0,0,''),(3217,3217,0,1,0,0,0,0,0,0,''),(3218,3218,0,1,0,0,0,0,0,0,''),(3219,3219,0,1,0,0,0,0,0,0,''),(3220,3220,0,1,0,0,0,0,0,0,''),(3221,3221,0,1,0,0,0,0,0,0,''),(3222,3222,0,1,0,0,0,0,0,0,''),(3223,3223,0,1,0,0,0,0,0,0,''),(3224,3224,0,1,0,0,0,0,0,0,''),(3225,3225,0,1,0,0,0,0,0,0,''),(3226,3226,0,1,0,0,0,0,0,0,''),(3227,3227,0,1,0,0,0,0,0,0,''),(3228,3228,0,1,0,0,0,0,0,0,''),(3229,3229,0,1,0,0,0,0,0,0,''),(3230,3230,0,1,0,0,0,0,0,0,''),(3231,3231,0,1,0,0,0,0,0,0,''),(3232,3232,0,1,0,0,0,0,0,0,''),(3233,3233,0,1,0,0,0,0,0,0,''),(3234,3234,0,1,0,0,0,0,0,0,''),(3235,3235,0,1,0,0,0,0,0,0,''),(3236,3236,0,1,0,0,0,0,0,0,''),(3237,3237,0,1,0,0,0,0,0,0,''),(3238,3238,0,1,0,0,0,0,0,0,''),(3239,3239,0,1,0,0,0,0,0,0,''),(3240,3240,0,1,0,0,0,0,0,0,''),(3241,3241,0,1,0,0,0,0,0,0,''),(3242,3242,0,1,0,0,0,0,0,0,''),(3243,3243,0,1,0,0,0,0,0,0,''),(3244,3244,0,1,0,0,0,0,0,0,''),(3245,3245,0,1,0,0,0,0,0,0,''),(3246,3246,0,1,0,0,0,0,0,0,''),(3247,3247,0,1,0,0,0,0,0,0,''),(3248,3248,0,1,0,0,0,0,0,0,''),(3249,3249,0,1,0,0,0,0,0,0,''),(3250,3250,0,1,0,0,0,0,0,0,''),(3251,3251,0,1,0,0,0,0,0,0,''),(3252,3252,0,1,0,0,0,0,0,0,''),(3253,3253,0,1,0,0,0,0,0,0,''),(3254,3254,0,1,0,0,0,0,0,0,''),(3255,3255,0,1,0,0,0,0,0,0,''),(3256,3256,0,1,0,0,0,0,0,0,''),(3257,3257,0,1,0,0,0,0,0,0,''),(3258,3258,0,1,0,0,0,0,0,0,''),(3259,3259,0,1,0,0,0,0,0,0,''),(3260,3260,0,1,0,0,0,0,0,0,''),(3261,3261,0,1,0,0,0,0,0,0,''),(3262,3262,0,1,0,0,0,0,0,0,''),(3263,3263,0,1,0,0,0,0,0,0,''),(3264,3264,0,1,0,0,0,0,0,0,''),(3265,3265,0,1,0,0,0,0,0,0,''),(3266,3266,0,1,0,0,0,0,0,0,''),(3267,3267,0,1,0,0,0,0,0,0,''),(3268,3268,0,1,0,0,0,0,0,0,''),(3269,3269,0,1,0,0,0,0,0,0,''),(3270,3270,0,1,0,0,0,0,0,0,''),(3271,3271,0,1,0,0,0,0,0,0,''),(3272,3272,0,1,0,0,0,0,0,0,''),(3273,3273,0,1,0,0,0,0,0,0,''),(3274,3274,0,1,0,0,0,0,0,0,''),(3275,3275,0,1,0,0,0,0,0,0,''),(3276,3276,0,1,0,0,0,0,0,0,''),(3277,3277,0,1,0,0,0,0,0,0,''),(3278,3278,0,1,0,0,0,0,0,0,''),(3279,3279,0,1,0,0,0,0,0,0,''),(3280,3280,0,1,0,0,0,0,0,0,''),(3281,3281,0,1,0,0,0,0,0,0,''),(3282,3282,0,1,0,0,0,0,0,0,''),(3283,3283,0,1,0,0,0,0,0,0,''),(3284,3284,0,1,0,0,0,0,0,0,''),(3285,3285,0,1,0,0,0,0,0,0,''),(3286,3286,0,1,0,0,0,0,0,0,''),(3287,3287,0,1,0,0,0,0,0,0,''),(3288,3288,0,1,0,0,0,0,0,0,''),(3289,3289,0,1,0,0,0,0,0,0,''),(3290,3290,0,1,0,0,0,0,0,0,''),(3291,3291,0,1,0,0,0,0,0,0,''),(3292,3292,0,1,0,0,0,0,0,0,''),(3293,3293,0,1,0,0,0,0,0,0,''),(3294,3294,0,1,0,0,0,0,0,0,''),(3295,3295,0,1,0,0,0,0,0,0,''),(3296,3296,0,1,0,0,0,0,0,0,''),(3297,3297,0,1,0,0,0,0,0,0,''),(3298,3298,0,1,0,0,0,0,0,0,''),(3299,3299,0,1,0,0,0,0,0,0,''),(3300,3300,0,1,0,0,0,0,0,0,''),(3301,3301,0,1,0,0,0,0,0,0,''),(3302,3302,0,1,0,0,0,0,0,0,''),(3303,3303,0,1,0,0,0,0,0,0,''),(3304,3304,0,1,0,0,0,0,0,0,''),(3305,3305,0,1,0,0,0,0,0,0,''),(3306,3306,0,1,0,0,0,0,0,0,''),(3307,3307,0,1,0,0,0,0,0,0,''),(3308,3308,0,1,0,0,0,0,0,0,''),(3309,3309,0,1,0,0,0,0,0,0,''),(3310,3310,0,1,0,0,0,0,0,0,''),(3311,3311,0,1,0,0,0,0,0,0,''),(3312,3312,0,1,0,0,0,0,0,0,''),(3313,3313,0,1,0,0,0,0,0,0,''),(3314,3314,0,1,0,0,0,0,0,0,''),(3315,3315,0,1,0,0,0,0,0,0,''),(3316,3316,0,1,0,0,0,0,0,0,''),(3317,3317,0,1,0,0,0,0,0,0,''),(3318,3318,0,1,0,0,0,0,0,0,''),(3319,3319,0,1,0,0,0,0,0,0,''),(3320,3320,0,1,0,0,0,0,0,0,''),(3321,3321,0,1,0,0,0,0,0,0,''),(3322,3322,0,1,0,0,0,0,0,0,''),(3323,3323,0,1,0,0,0,0,0,0,''),(3324,3324,0,1,0,0,0,0,0,0,''),(3325,3325,0,1,0,0,0,0,0,0,''),(3326,3326,0,1,0,0,0,0,0,0,''),(3327,3327,0,1,0,0,0,0,0,0,''),(3328,3328,0,1,0,0,0,0,0,0,''),(3329,3329,0,1,0,0,0,0,0,0,''),(3330,3330,0,1,0,0,0,0,0,0,''),(3331,3331,0,1,0,0,0,0,0,0,''),(3332,3332,0,1,0,0,0,0,0,0,''),(3333,3333,0,1,0,0,0,0,0,0,''),(3334,3334,0,1,0,0,0,0,0,0,''),(3335,3335,0,1,0,0,0,0,0,0,''),(3336,3336,0,1,0,0,0,0,0,0,''),(3337,3337,0,1,0,0,0,0,0,0,''),(3338,3338,0,1,0,0,0,0,0,0,''),(3339,3339,0,1,0,0,0,0,0,0,''),(3340,3340,0,1,0,0,0,0,0,0,''),(3341,3341,0,1,0,0,0,0,0,0,''),(3342,3342,0,1,0,0,0,0,0,0,''),(3343,3343,0,1,0,0,0,0,0,0,''),(3344,3344,0,1,0,0,0,0,0,0,''),(3345,3345,0,1,0,0,0,0,0,0,''),(3346,3346,0,1,0,0,0,0,0,0,''),(3347,3347,0,1,0,0,0,0,0,0,''),(3348,3348,0,1,0,0,0,0,0,0,''),(3349,3349,0,1,0,0,0,0,0,0,''),(3350,3350,0,1,0,0,0,0,0,0,''),(3351,3351,0,1,0,0,0,0,0,0,''),(3352,3352,0,1,0,0,0,0,0,0,''),(3353,3353,0,1,0,0,0,0,0,0,''),(3354,3354,0,1,0,0,0,0,0,0,''),(3355,3355,0,1,0,0,0,0,0,0,''),(3356,3356,0,1,0,0,0,0,0,0,''),(3357,3357,0,1,0,0,0,0,0,0,''),(3358,3358,0,1,0,0,0,0,0,0,''),(3359,3359,0,1,0,0,0,0,0,0,''),(3360,3360,0,1,0,0,0,0,0,0,''),(3361,3361,0,1,0,0,0,0,0,0,''),(3362,3362,0,1,0,0,0,0,0,0,''),(3363,3363,0,1,0,0,0,0,0,0,''),(3364,3364,0,1,0,0,0,0,0,0,''),(3365,3365,0,1,0,0,0,0,0,0,''),(3366,3366,0,1,0,0,0,0,0,0,''),(3367,3367,0,1,0,0,0,0,0,0,''),(3368,3368,0,1,0,0,0,0,0,0,''),(3369,3369,0,1,0,0,0,0,0,0,''),(3370,3370,0,1,0,0,0,0,0,0,''),(3371,3371,0,1,0,0,0,0,0,0,''),(3372,3372,0,1,0,0,0,0,0,0,''),(3373,3373,0,1,0,0,0,0,0,0,''),(3374,3374,0,1,0,0,0,0,0,0,''),(3375,3375,0,1,0,0,0,0,0,0,''),(3376,3376,0,1,0,0,0,0,0,0,''),(3377,3377,0,1,0,0,0,0,0,0,''),(3378,3378,0,1,0,0,0,0,0,0,''),(3379,3379,0,1,0,0,0,0,0,0,''),(3380,3380,0,1,0,0,0,0,0,0,''),(3381,3381,0,1,0,0,0,0,0,0,''),(3382,3382,0,1,0,0,0,0,0,0,''),(3383,3383,0,1,0,0,0,0,0,0,''),(3384,3384,0,1,0,0,0,0,0,0,''),(3385,3385,0,1,0,0,0,0,0,0,''),(3386,3386,0,1,0,0,0,0,0,0,''),(3387,3387,0,1,0,0,0,0,0,0,''),(3388,3388,0,1,0,0,0,0,0,0,'');

--
-- Table structure for table `pre3574_stock_mvt`
--

CREATE TABLE `pre3574_stock_mvt` (
  `id_stock_mvt` bigint NOT NULL AUTO_INCREMENT,
  `id_stock` int NOT NULL,
  `id_order` int DEFAULT NULL,
  `id_supply_order` int DEFAULT NULL,
  `id_stock_mvt_reason` int NOT NULL,
  `id_employee` int NOT NULL,
  `employee_lastname` varchar(255) COLLATE utf8mb4_unicode_ci DEFAULT NULL,
  `employee_firstname` varchar(255) COLLATE utf8mb4_unicode_ci DEFAULT NULL,
  `physical_quantity` int unsigned NOT NULL,
  `date_add` datetime NOT NULL,
  `sign` smallint NOT NULL DEFAULT '1',
  `price_te` decimal(20,6) DEFAULT '0.000000',
  `last_wa` decimal(20,6) DEFAULT '0.000000',
  `current_wa` decimal(20,6) DEFAULT '0.000000',
  `referer` bigint DEFAULT NULL,
  PRIMARY KEY (`id_stock_mvt`),
  KEY `id_stock` (`id_stock`),
  KEY `id_stock_mvt_reason` (`id_stock_mvt_reason`)
) ENGINE=InnoDB AUTO_INCREMENT=3 DEFAULT CHARSET=utf8mb4 COLLATE=utf8mb4_unicode_ci;

--
-- Dumping data for table `pre3574_stock_mvt`
--

INSERT INTO `pre3574_stock_mvt` VALUES (1,1,NULL,NULL,11,1,'Jamart','Jérome',100,'2026-03-19 16:32:35',1,0.000000,0.000000,0.000000,NULL),(2,2,NULL,NULL,11,1,'Jamart','Jérome',100,'2026-03-19 16:40:17',1,0.000000,0.000000,0.000000,NULL);

--
-- Table structure for table `pre3574_stock_mvt_reason`
--

CREATE TABLE `pre3574_stock_mvt_reason` (
  `id_stock_mvt_reason` int unsigned NOT NULL AUTO_INCREMENT,
  `sign` tinyint(1) NOT NULL DEFAULT '1',
  `date_add` datetime NOT NULL,
  `date_upd` datetime NOT NULL,
  `deleted` tinyint unsigned NOT NULL DEFAULT '0',
  PRIMARY KEY (`id_stock_mvt_reason`)
) ENGINE=InnoDB AUTO_INCREMENT=13 DEFAULT CHARSET=utf8mb4 COLLATE=utf8mb4_0900_ai_ci;

--
-- Dumping data for table `pre3574_stock_mvt_reason`
--

INSERT INTO `pre3574_stock_mvt_reason` VALUES (1,1,'2026-03-19 14:03:09','2026-03-19 14:03:09',0),(2,-1,'2026-03-19 14:03:09','2026-03-19 14:03:09',0),(3,-1,'2026-03-19 14:03:09','2026-03-19 14:03:09',0),(4,-1,'2026-03-19 14:03:09','2026-03-19 14:03:09',0),(5,1,'2026-03-19 14:03:09','2026-03-19 14:03:09',0),(6,-1,'2026-03-19 14:03:09','2026-03-19 14:03:09',0),(7,1,'2026-03-19 14:03:09','2026-03-19 14:03:09',0),(8,1,'2026-03-19 14:03:09','2026-03-19 14:03:09',0),(9,1,'2026-03-19 14:03:09','2026-03-19 14:03:09',0),(10,1,'2026-03-19 14:03:09','2026-03-19 14:03:09',0),(11,1,'2026-03-19 14:03:09','2026-03-19 14:03:09',0),(12,-1,'2026-03-19 14:03:09','2026-03-19 14:03:09',0);

--
-- Table structure for table `pre3574_stock_mvt_reason_lang`
--

CREATE TABLE `pre3574_stock_mvt_reason_lang` (
  `id_stock_mvt_reason` int unsigned NOT NULL,
  `id_lang` int unsigned NOT NULL,
  `name` varchar(255) CHARACTER SET utf8mb3 COLLATE utf8mb3_general_ci NOT NULL,
  PRIMARY KEY (`id_stock_mvt_reason`,`id_lang`)
) ENGINE=InnoDB DEFAULT CHARSET=utf8mb4 COLLATE=utf8mb4_0900_ai_ci;

--
-- Dumping data for table `pre3574_stock_mvt_reason_lang`
--

INSERT INTO `pre3574_stock_mvt_reason_lang` VALUES (1,1,'Increase'),(1,2,'Increase'),(2,1,'Decrease'),(2,2,'Decrease'),(3,1,'Customer Order'),(3,2,'Customer Order'),(4,1,'Regulation following an inventory of stock'),(4,2,'Regulation following an inventory of stock'),(5,1,'Regulation following an inventory of stock'),(5,2,'Regulation following an inventory of stock'),(6,1,'Transfer to another warehouse'),(6,2,'Transfer to another warehouse'),(7,1,'Transfer from another warehouse'),(7,2,'Transfer from another warehouse'),(8,1,'Supply Order'),(8,2,'Supply Order'),(9,1,'Customer Order'),(9,2,'Customer Order'),(10,1,'Product return'),(10,2,'Product Return'),(11,1,'Employee Edition'),(11,2,'Employee Edition'),(12,1,'Employee Edition'),(12,2,'Employee Edition');

--
-- Table structure for table `pre3574_store`
--

CREATE TABLE `pre3574_store` (
  `id_store` int unsigned NOT NULL AUTO_INCREMENT,
  `id_country` int unsigned NOT NULL,
  `id_state` int unsigned DEFAULT NULL,
  `city` varchar(64) NOT NULL,
  `postcode` varchar(12) NOT NULL,
  `latitude` decimal(13,8) DEFAULT NULL,
  `longitude` decimal(13,8) DEFAULT NULL,
  `phone` varchar(16) DEFAULT NULL,
  `fax` varchar(16) DEFAULT NULL,
  `email` varchar(255) DEFAULT NULL,
  `active` tinyint unsigned NOT NULL DEFAULT '0',
  `date_add` datetime NOT NULL,
  `date_upd` datetime NOT NULL,
  PRIMARY KEY (`id_store`)
) ENGINE=InnoDB DEFAULT CHARSET=utf8mb4 COLLATE=utf8mb4_0900_ai_ci;

--
-- Dumping data for table `pre3574_store`
--


--
-- Table structure for table `pre3574_store_lang`
--

CREATE TABLE `pre3574_store_lang` (
  `id_store` int unsigned NOT NULL,
  `id_lang` int unsigned NOT NULL,
  `name` varchar(255) NOT NULL,
  `address1` varchar(255) NOT NULL,
  `address2` varchar(255) DEFAULT NULL,
  `hours` mediumtext,
  `note` mediumtext,
  PRIMARY KEY (`id_store`,`id_lang`)
) ENGINE=InnoDB DEFAULT CHARSET=utf8mb4 COLLATE=utf8mb4_0900_ai_ci;

--
-- Dumping data for table `pre3574_store_lang`
--


--
-- Table structure for table `pre3574_store_shop`
--

CREATE TABLE `pre3574_store_shop` (
  `id_store` int unsigned NOT NULL,
  `id_shop` int unsigned NOT NULL,
  PRIMARY KEY (`id_store`,`id_shop`),
  KEY `id_shop` (`id_shop`)
) ENGINE=InnoDB DEFAULT CHARSET=utf8mb4 COLLATE=utf8mb4_0900_ai_ci;

--
-- Dumping data for table `pre3574_store_shop`
--


--
-- Table structure for table `pre3574_supplier`
--

CREATE TABLE `pre3574_supplier` (
  `id_supplier` int unsigned NOT NULL AUTO_INCREMENT,
  `name` varchar(64) NOT NULL,
  `date_add` datetime NOT NULL,
  `date_upd` datetime NOT NULL,
  `active` tinyint(1) NOT NULL DEFAULT '0',
  PRIMARY KEY (`id_supplier`)
) ENGINE=InnoDB DEFAULT CHARSET=utf8mb4 COLLATE=utf8mb4_0900_ai_ci;

--
-- Dumping data for table `pre3574_supplier`
--


--
-- Table structure for table `pre3574_supplier_lang`
--

CREATE TABLE `pre3574_supplier_lang` (
  `id_supplier` int unsigned NOT NULL,
  `id_lang` int unsigned NOT NULL,
  `description` mediumtext,
  `meta_title` varchar(255) DEFAULT NULL,
  `meta_keywords` varchar(255) DEFAULT NULL,
  `meta_description` varchar(512) DEFAULT NULL,
  PRIMARY KEY (`id_supplier`,`id_lang`)
) ENGINE=InnoDB DEFAULT CHARSET=utf8mb4 COLLATE=utf8mb4_0900_ai_ci;

--
-- Dumping data for table `pre3574_supplier_lang`
--


--
-- Table structure for table `pre3574_supplier_shop`
--

CREATE TABLE `pre3574_supplier_shop` (
  `id_supplier` int unsigned NOT NULL,
  `id_shop` int unsigned NOT NULL,
  PRIMARY KEY (`id_supplier`,`id_shop`),
  KEY `id_shop` (`id_shop`)
) ENGINE=InnoDB DEFAULT CHARSET=utf8mb4 COLLATE=utf8mb4_0900_ai_ci;

--
-- Dumping data for table `pre3574_supplier_shop`
--


--
-- Table structure for table `pre3574_supply_order`
--

CREATE TABLE `pre3574_supply_order` (
  `id_supply_order` int unsigned NOT NULL AUTO_INCREMENT,
  `id_supplier` int unsigned NOT NULL,
  `supplier_name` varchar(64) NOT NULL,
  `id_lang` int unsigned NOT NULL,
  `id_warehouse` int unsigned NOT NULL,
  `id_supply_order_state` int unsigned NOT NULL,
  `id_currency` int unsigned NOT NULL,
  `id_ref_currency` int unsigned NOT NULL,
  `reference` varchar(64) NOT NULL,
  `date_add` datetime NOT NULL,
  `date_upd` datetime NOT NULL,
  `date_delivery_expected` datetime DEFAULT NULL,
  `total_te` decimal(20,6) DEFAULT '0.000000',
  `total_with_discount_te` decimal(20,6) DEFAULT '0.000000',
  `total_tax` decimal(20,6) DEFAULT '0.000000',
  `total_ti` decimal(20,6) DEFAULT '0.000000',
  `discount_rate` decimal(20,6) DEFAULT '0.000000',
  `discount_value_te` decimal(20,6) DEFAULT '0.000000',
  `is_template` tinyint(1) DEFAULT '0',
  PRIMARY KEY (`id_supply_order`),
  KEY `id_supplier` (`id_supplier`),
  KEY `id_warehouse` (`id_warehouse`),
  KEY `reference` (`reference`)
) ENGINE=InnoDB DEFAULT CHARSET=utf8mb4 COLLATE=utf8mb4_0900_ai_ci;

--
-- Dumping data for table `pre3574_supply_order`
--


--
-- Table structure for table `pre3574_supply_order_detail`
--

CREATE TABLE `pre3574_supply_order_detail` (
  `id_supply_order_detail` int unsigned NOT NULL AUTO_INCREMENT,
  `id_supply_order` int unsigned NOT NULL,
  `id_currency` int unsigned NOT NULL,
  `id_product` int unsigned NOT NULL,
  `id_product_attribute` int unsigned NOT NULL,
  `reference` varchar(64) NOT NULL,
  `supplier_reference` varchar(64) NOT NULL,
  `name` varchar(128) NOT NULL,
  `ean13` varchar(13) DEFAULT NULL,
  `isbn` varchar(32) DEFAULT NULL,
  `upc` varchar(12) DEFAULT NULL,
  `mpn` varchar(40) DEFAULT NULL,
  `exchange_rate` decimal(20,6) DEFAULT '0.000000',
  `unit_price_te` decimal(20,6) DEFAULT '0.000000',
  `quantity_expected` int unsigned NOT NULL,
  `quantity_received` int unsigned NOT NULL,
  `price_te` decimal(20,6) DEFAULT '0.000000',
  `discount_rate` decimal(20,6) DEFAULT '0.000000',
  `discount_value_te` decimal(20,6) DEFAULT '0.000000',
  `price_with_discount_te` decimal(20,6) DEFAULT '0.000000',
  `tax_rate` decimal(20,6) DEFAULT '0.000000',
  `tax_value` decimal(20,6) DEFAULT '0.000000',
  `price_ti` decimal(20,6) DEFAULT '0.000000',
  `tax_value_with_order_discount` decimal(20,6) DEFAULT '0.000000',
  `price_with_order_discount_te` decimal(20,6) DEFAULT '0.000000',
  PRIMARY KEY (`id_supply_order_detail`),
  KEY `id_supply_order` (`id_supply_order`,`id_product`),
  KEY `id_product_attribute` (`id_product_attribute`),
  KEY `id_product_product_attribute` (`id_product`,`id_product_attribute`)
) ENGINE=InnoDB DEFAULT CHARSET=utf8mb4 COLLATE=utf8mb4_0900_ai_ci;

--
-- Dumping data for table `pre3574_supply_order_detail`
--


--
-- Table structure for table `pre3574_supply_order_history`
--

CREATE TABLE `pre3574_supply_order_history` (
  `id_supply_order_history` int unsigned NOT NULL AUTO_INCREMENT,
  `id_supply_order` int unsigned NOT NULL,
  `id_employee` int unsigned NOT NULL,
  `employee_lastname` varchar(255) DEFAULT '',
  `employee_firstname` varchar(255) DEFAULT '',
  `id_state` int unsigned NOT NULL,
  `date_add` datetime NOT NULL,
  PRIMARY KEY (`id_supply_order_history`),
  KEY `id_supply_order` (`id_supply_order`),
  KEY `id_employee` (`id_employee`),
  KEY `id_state` (`id_state`)
) ENGINE=InnoDB DEFAULT CHARSET=utf8mb4 COLLATE=utf8mb4_0900_ai_ci;

--
-- Dumping data for table `pre3574_supply_order_history`
--


--
-- Table structure for table `pre3574_supply_order_receipt_history`
--

CREATE TABLE `pre3574_supply_order_receipt_history` (
  `id_supply_order_receipt_history` int unsigned NOT NULL AUTO_INCREMENT,
  `id_supply_order_detail` int unsigned NOT NULL,
  `id_employee` int unsigned NOT NULL,
  `employee_lastname` varchar(255) DEFAULT '',
  `employee_firstname` varchar(255) DEFAULT '',
  `id_supply_order_state` int unsigned NOT NULL,
  `quantity` int unsigned NOT NULL,
  `date_add` datetime NOT NULL,
  PRIMARY KEY (`id_supply_order_receipt_history`),
  KEY `id_supply_order_detail` (`id_supply_order_detail`),
  KEY `id_supply_order_state` (`id_supply_order_state`)
) ENGINE=InnoDB DEFAULT CHARSET=utf8mb4 COLLATE=utf8mb4_0900_ai_ci;

--
-- Dumping data for table `pre3574_supply_order_receipt_history`
--


--
-- Table structure for table `pre3574_supply_order_state`
--

CREATE TABLE `pre3574_supply_order_state` (
  `id_supply_order_state` int unsigned NOT NULL AUTO_INCREMENT,
  `delivery_note` tinyint(1) NOT NULL DEFAULT '0',
  `editable` tinyint(1) NOT NULL DEFAULT '0',
  `receipt_state` tinyint(1) NOT NULL DEFAULT '0',
  `pending_receipt` tinyint(1) NOT NULL DEFAULT '0',
  `enclosed` tinyint(1) NOT NULL DEFAULT '0',
  `color` varchar(32) DEFAULT NULL,
  PRIMARY KEY (`id_supply_order_state`)
) ENGINE=InnoDB AUTO_INCREMENT=7 DEFAULT CHARSET=utf8mb4 COLLATE=utf8mb4_0900_ai_ci;

--
-- Dumping data for table `pre3574_supply_order_state`
--

INSERT INTO `pre3574_supply_order_state` VALUES (1,0,1,0,0,0,'#faab00'),(2,1,0,0,0,0,'#273cff'),(3,0,0,0,1,0,'#ff37f5'),(4,0,0,1,1,0,'#ff3e33'),(5,0,0,1,0,1,'#00d60c'),(6,0,0,0,0,1,'#666666');

--
-- Table structure for table `pre3574_supply_order_state_lang`
--

CREATE TABLE `pre3574_supply_order_state_lang` (
  `id_supply_order_state` int unsigned NOT NULL,
  `id_lang` int unsigned NOT NULL,
  `name` varchar(128) DEFAULT NULL,
  PRIMARY KEY (`id_supply_order_state`,`id_lang`)
) ENGINE=InnoDB DEFAULT CHARSET=utf8mb4 COLLATE=utf8mb4_0900_ai_ci;

--
-- Dumping data for table `pre3574_supply_order_state_lang`
--

INSERT INTO `pre3574_supply_order_state_lang` VALUES (1,1,'1 - Creation in progress'),(1,2,'1 - Creation in progress'),(2,1,'2 - Order validated'),(2,2,'2 - Order validated'),(3,1,'3 - Pending receipt'),(3,2,'3 - Pending receipt'),(4,1,'4 - Order received in part'),(4,2,'4 - Order received in part'),(5,1,'5 - Order received completely'),(5,2,'5 - Order received completely'),(6,1,'6 - Order canceled'),(6,2,'6 - Order canceled');

--
-- Table structure for table `pre3574_tab`
--

CREATE TABLE `pre3574_tab` (
  `id_tab` int NOT NULL AUTO_INCREMENT,
  `id_parent` int NOT NULL,
  `position` int NOT NULL,
  `module` varchar(64) COLLATE utf8mb4_unicode_ci DEFAULT NULL,
  `class_name` varchar(64) COLLATE utf8mb4_unicode_ci NOT NULL,
  `route_name` varchar(256) COLLATE utf8mb4_unicode_ci DEFAULT NULL,
  `active` tinyint(1) NOT NULL,
  `enabled` tinyint(1) NOT NULL,
  `icon` varchar(32) COLLATE utf8mb4_unicode_ci DEFAULT NULL,
  `wording` varchar(255) COLLATE utf8mb4_unicode_ci DEFAULT NULL,
  `wording_domain` varchar(255) COLLATE utf8mb4_unicode_ci DEFAULT NULL,
  PRIMARY KEY (`id_tab`)
) ENGINE=InnoDB AUTO_INCREMENT=152 DEFAULT CHARSET=utf8mb4 COLLATE=utf8mb4_unicode_ci;

--
-- Dumping data for table `pre3574_tab`
--

INSERT INTO `pre3574_tab` VALUES (1,0,0,NULL,'AdminDashboard','',1,1,'trending_up','Dashboard','Admin.Navigation.Menu'),(2,0,1,NULL,'SELL','',1,1,'','Sell','Admin.Navigation.Menu'),(3,2,0,NULL,'AdminParentOrders','',1,1,'shopping_basket','Orders','Admin.Navigation.Menu'),(4,3,0,NULL,'AdminOrders','',1,1,'','Orders','Admin.Navigation.Menu'),(5,3,1,NULL,'AdminInvoices','',1,1,'','Invoices','Admin.Navigation.Menu'),(6,3,2,NULL,'AdminSlip','',1,1,'','Credit Slips','Admin.Navigation.Menu'),(7,3,3,NULL,'AdminDeliverySlip','',1,1,'','Delivery Slips','Admin.Navigation.Menu'),(8,3,4,NULL,'AdminCarts','',1,1,'','Shopping Carts','Admin.Navigation.Menu'),(9,2,1,NULL,'AdminCatalog','',1,1,'store','Catalog','Admin.Navigation.Menu'),(10,9,0,NULL,'AdminProducts','',1,1,'','Products','Admin.Navigation.Menu'),(11,9,1,NULL,'AdminCategories','',1,1,'','Categories','Admin.Navigation.Menu'),(12,9,2,NULL,'AdminTracking','',1,1,'','Monitoring','Admin.Navigation.Menu'),(13,9,3,NULL,'AdminParentAttributesGroups','',1,1,'','Attributes & Features','Admin.Navigation.Menu'),(14,13,0,NULL,'AdminAttributesGroups','',1,1,'','Attributes','Admin.Navigation.Menu'),(15,13,1,NULL,'AdminFeatures','',1,1,'','Features','Admin.Navigation.Menu'),(16,9,4,NULL,'AdminParentManufacturers','',1,1,'','Brands & Suppliers','Admin.Navigation.Menu'),(17,16,0,NULL,'AdminManufacturers','',1,1,'','Brands','Admin.Navigation.Menu'),(18,16,1,NULL,'AdminSuppliers','',1,1,'','Suppliers','Admin.Navigation.Menu'),(19,9,5,NULL,'AdminAttachments','',1,1,'','Files','Admin.Navigation.Menu'),(20,9,6,NULL,'AdminParentCartRules','',1,1,'','Discounts','Admin.Navigation.Menu'),(21,20,0,NULL,'AdminCartRules','',1,1,'','Cart Rules','Admin.Navigation.Menu'),(22,20,1,NULL,'AdminSpecificPriceRule','',1,1,'','Catalog Price Rules','Admin.Navigation.Menu'),(23,9,7,NULL,'AdminStockManagement','',1,1,'','Stock','Admin.Navigation.Menu'),(24,2,2,NULL,'AdminParentCustomer','',1,1,'account_circle','Customers','Admin.Navigation.Menu'),(25,24,0,NULL,'AdminCustomers','',1,1,'','Customers','Admin.Navigation.Menu'),(26,24,1,NULL,'AdminAddresses','',1,1,'','Addresses','Admin.Navigation.Menu'),(27,24,2,NULL,'AdminOutstanding','',0,1,'','Outstanding','Admin.Navigation.Menu'),(28,2,3,NULL,'AdminParentCustomerThreads','',1,1,'chat','Customer Service','Admin.Navigation.Menu'),(29,28,0,NULL,'AdminCustomerThreads','',1,1,'','Customer Service','Admin.Navigation.Menu'),(30,28,1,NULL,'AdminOrderMessage','',1,1,'','Order Messages','Admin.Navigation.Menu'),(31,28,2,NULL,'AdminReturn','',1,1,'','Merchandise Returns','Admin.Navigation.Menu'),(32,2,4,NULL,'AdminStats','',1,1,'assessment','Stats','Admin.Navigation.Menu'),(33,2,5,NULL,'AdminStock','',1,1,'store','',''),(34,33,0,NULL,'AdminWarehouses','',1,1,'','Warehouses','Admin.Navigation.Menu'),(35,33,1,NULL,'AdminParentStockManagement','',1,1,'','Stock Management','Admin.Navigation.Menu'),(36,35,0,NULL,'AdminStockManagement','',1,1,'','Stock Management','Admin.Navigation.Menu'),(37,0,2,NULL,'IMPROVE','',1,1,'','Improve','Admin.Navigation.Menu'),(38,37,0,NULL,'AdminParentModulesSf','',1,1,'extension','Modules','Admin.Navigation.Menu'),(39,38,4,NULL,'AdminModulesSf','',1,1,'','Module Manager','Admin.Navigation.Menu'),(40,39,0,NULL,'AdminModulesManage','',1,1,'','Modules','Admin.Navigation.Menu'),(41,39,1,NULL,'AdminModulesNotifications','',1,1,'','Alerts','Admin.Navigation.Menu'),(42,39,2,NULL,'AdminModulesUpdates','',1,1,'','Updates','Admin.Navigation.Menu'),(43,37,1,NULL,'AdminParentThemes','',1,1,'desktop_mac','Design','Admin.Navigation.Menu'),(44,128,1,'','AdminThemes','',1,1,'','Theme & Logo','Admin.Navigation.Menu'),(45,43,3,NULL,'AdminParentMailTheme','',1,1,'','Email Theme','Admin.Navigation.Menu'),(46,45,0,NULL,'AdminMailTheme','',1,1,'','Email Theme','Admin.Navigation.Menu'),(47,43,4,NULL,'AdminCmsContent','',1,1,'','Pages','Admin.Navigation.Menu'),(48,43,5,NULL,'AdminModulesPositions','',1,1,'','Positions','Admin.Navigation.Menu'),(49,43,6,NULL,'AdminImages','',1,1,'','Image Settings','Admin.Navigation.Menu'),(50,37,2,NULL,'AdminParentShipping','',1,1,'local_shipping','Shipping','Admin.Navigation.Menu'),(51,50,0,NULL,'AdminCarriers','',1,1,'','Carriers','Admin.Navigation.Menu'),(52,50,1,NULL,'AdminShipping','',1,1,'','Preferences','Admin.Navigation.Menu'),(53,37,3,NULL,'AdminParentPayment','',1,1,'payment','Payment','Admin.Navigation.Menu'),(54,53,0,NULL,'AdminPayment','',1,1,'','Payment Methods','Admin.Navigation.Menu'),(55,53,1,NULL,'AdminPaymentPreferences','',1,1,'','Preferences','Admin.Navigation.Menu'),(56,37,4,NULL,'AdminInternational','',1,1,'language','International','Admin.Navigation.Menu'),(57,56,0,NULL,'AdminParentLocalization','',1,1,'','Localization','Admin.Navigation.Menu'),(58,57,0,NULL,'AdminLocalization','',1,1,'','Localization','Admin.Navigation.Menu'),(59,57,1,NULL,'AdminLanguages','',1,1,'','Languages','Admin.Navigation.Menu'),(60,57,2,NULL,'AdminCurrencies','',1,1,'','Currencies','Admin.Navigation.Menu'),(61,57,3,NULL,'AdminGeolocation','',1,1,'','Geolocation','Admin.Navigation.Menu'),(62,56,1,NULL,'AdminParentCountries','',1,1,'','Locations','Admin.Navigation.Menu'),(63,62,0,NULL,'AdminZones','',1,1,'','Zones','Admin.Navigation.Menu'),(64,62,1,NULL,'AdminCountries','',1,1,'','Countries','Admin.Navigation.Menu'),(65,62,2,NULL,'AdminStates','',1,1,'','States','Admin.Navigation.Menu'),(66,56,2,NULL,'AdminParentTaxes','',1,1,'','Taxes','Admin.Navigation.Menu'),(67,66,0,NULL,'AdminTaxes','',1,1,'','Taxes','Admin.Navigation.Menu'),(68,66,1,NULL,'AdminTaxRulesGroup','',1,1,'','Tax Rules','Admin.Navigation.Menu'),(69,56,3,NULL,'AdminTranslations','',1,1,'','Translations','Admin.Navigation.Menu'),(70,0,3,NULL,'CONFIGURE','',1,1,'','Configure','Admin.Navigation.Menu'),(71,70,0,NULL,'ShopParameters','',1,1,'settings','Shop Parameters','Admin.Navigation.Menu'),(72,71,0,NULL,'AdminParentPreferences','',1,1,'','General','Admin.Navigation.Menu'),(73,72,0,NULL,'AdminPreferences','',1,1,'','General','Admin.Navigation.Menu'),(74,72,1,NULL,'AdminMaintenance','',1,1,'','Maintenance','Admin.Navigation.Menu'),(75,71,1,NULL,'AdminParentOrderPreferences','',1,1,'','Order Settings','Admin.Navigation.Menu'),(76,75,0,NULL,'AdminOrderPreferences','',1,1,'','Order Settings','Admin.Navigation.Menu'),(77,75,1,NULL,'AdminStatuses','',1,1,'','Statuses','Admin.Navigation.Menu'),(78,71,2,NULL,'AdminPPreferences','',1,1,'','Product Settings','Admin.Navigation.Menu'),(79,71,3,NULL,'AdminParentCustomerPreferences','',1,1,'','Customer Settings','Admin.Navigation.Menu'),(80,79,0,NULL,'AdminCustomerPreferences','',1,1,'','Customer Settings','Admin.Navigation.Menu'),(81,79,1,NULL,'AdminGroups','',1,1,'','Groups','Admin.Navigation.Menu'),(82,79,2,NULL,'AdminGenders','',1,1,'','Titles','Admin.Navigation.Menu'),(83,71,4,NULL,'AdminParentStores','',1,1,'','Contact','Admin.Navigation.Menu'),(84,83,0,NULL,'AdminContacts','',1,1,'','Contacts','Admin.Navigation.Menu'),(85,83,1,NULL,'AdminStores','',1,1,'','Stores','Admin.Navigation.Menu'),(86,71,5,NULL,'AdminParentMeta','',1,1,'','Traffic & SEO','Admin.Navigation.Menu'),(87,86,0,NULL,'AdminMeta','',1,1,'','SEO & URLs','Admin.Navigation.Menu'),(88,86,1,NULL,'AdminSearchEngines','',1,1,'','Search Engines','Admin.Navigation.Menu'),(89,71,6,NULL,'AdminParentSearchConf','',1,1,'','Search','Admin.Navigation.Menu'),(90,89,0,NULL,'AdminSearchConf','',1,1,'','Search','Admin.Navigation.Menu'),(91,89,1,NULL,'AdminTags','',1,1,'','Tags','Admin.Navigation.Menu'),(92,70,1,NULL,'AdminAdvancedParameters','',1,1,'settings_applications','Advanced Parameters','Admin.Navigation.Menu'),(93,92,0,NULL,'AdminInformation','',1,1,'','Information','Admin.Navigation.Menu'),(94,92,1,NULL,'AdminPerformance','',1,1,'','Performance','Admin.Navigation.Menu'),(95,92,2,NULL,'AdminAdminPreferences','',1,1,'','Administration','Admin.Navigation.Menu'),(96,92,3,NULL,'AdminEmails','',1,1,'','E-mail','Admin.Navigation.Menu'),(97,92,4,NULL,'AdminImport','',1,1,'','Import','Admin.Navigation.Menu'),(98,92,5,NULL,'AdminParentEmployees','',1,1,'','Team','Admin.Navigation.Menu'),(99,98,0,NULL,'AdminEmployees','',1,1,'','Employees','Admin.Navigation.Menu'),(100,98,1,NULL,'AdminProfiles','',1,1,'','Profiles','Admin.Navigation.Menu'),(101,98,2,NULL,'AdminAccess','',1,1,'','Permissions','Admin.Navigation.Menu'),(102,92,6,NULL,'AdminParentRequestSql','',1,1,'','Database','Admin.Navigation.Menu'),(103,102,0,NULL,'AdminRequestSql','',1,1,'','SQL Manager','Admin.Navigation.Menu'),(104,102,1,NULL,'AdminBackup','',1,1,'','DB Backup','Admin.Navigation.Menu'),(105,92,7,NULL,'AdminLogs','',1,1,'','Logs','Admin.Navigation.Menu'),(106,92,8,NULL,'AdminWebservice','',1,1,'','Webservice','Admin.Navigation.Menu'),(107,92,9,NULL,'AdminAuthorizationServer','',0,1,'','Authorization Server','Admin.Navigation.Menu'),(108,92,10,NULL,'AdminShopGroup','',0,1,'','Multistore','Admin.Navigation.Menu'),(109,92,11,NULL,'AdminShopUrl','',0,1,'','Multistore','Admin.Navigation.Menu'),(110,92,12,NULL,'AdminFeatureFlag','',1,1,'','New & Experimental Features','Admin.Navigation.Menu'),(111,92,13,NULL,'AdminParentSecurity','',1,1,'','Security','Admin.Navigation.Menu'),(112,111,0,NULL,'AdminSecurity','admin_security',1,1,'','Security','Admin.Navigation.Menu'),(113,111,1,NULL,'AdminSecuritySessionEmployee','admin_security_sessions_employee_list',1,1,'','Employee Sessions','Admin.Navigation.Menu'),(114,111,2,NULL,'AdminSecuritySessionCustomer','admin_security_sessions_customer_list',1,1,'','Customer Sessions','Admin.Navigation.Menu'),(115,-1,2,NULL,'AdminQuickAccesses','',1,1,'','Quick Access','Admin.Navigation.Menu'),(116,0,4,NULL,'DEFAULT','',1,1,'','More','Admin.Navigation.Menu'),(117,-1,3,NULL,'AdminPatterns','',1,1,'','',''),(118,43,7,'ps_linklist','AdminLinkWidget','admin_link_block_list',1,1,'','Link List','Modules.Linklist.Admin'),(119,0,5,'blockreassurance','AdminBlockListing','',0,1,'',NULL,NULL),(120,38,5,'blockwishlist','WishlistConfigurationAdminParentController','',0,1,'',NULL,NULL),(121,120,1,'blockwishlist','WishlistConfigurationAdminController','',1,1,'',NULL,NULL),(122,120,2,'blockwishlist','WishlistStatisticsAdminController','',1,1,'',NULL,NULL),(123,-1,4,'psgdpr','AdminAjaxPsgdpr','',1,1,'',NULL,NULL),(124,-1,5,'psgdpr','AdminDownloadInvoicesPsgdpr','',1,1,'',NULL,NULL),(125,-1,6,'ps_imageslider','AdminConfigureSlides','',1,1,'',NULL,NULL),(126,-1,7,'ps_googleanalytics','AdminGanalyticsAjax','',1,1,'',NULL,NULL),(127,-1,8,'ps_faviconnotificationbo','AdminConfigureFaviconBo','',1,1,'',NULL,NULL),(128,43,1,'','AdminThemesParent','',1,1,'','Theme & Logo','Admin.Navigation.Menu'),(129,128,2,'ps_themecusto','AdminPsThemeCustoConfiguration','',1,1,'',NULL,NULL),(130,128,3,'ps_themecusto','AdminPsThemeCustoAdvanced','',1,1,'',NULL,NULL),(131,-1,9,'dashgoals','AdminDashgoals','',1,1,'',NULL,NULL),(132,38,3,'ps_mbo','AdminPsMboModuleParent','',1,1,'',NULL,NULL),(133,132,2,'ps_mbo','AdminPsMboModule','',1,1,'',NULL,NULL),(134,132,1,'ps_mbo','AdminPsMboSelection','',0,1,'','Modules in the spotlight','Modules.Mbo.Modulesselection'),(135,-1,0,'ps_mbo','AdminPsMboRecommended','',1,1,'',NULL,NULL),(136,43,2,'ps_mbo','AdminPsMboTheme','',1,1,'','Themes Catalog','Modules.Mbo.Themescatalog'),(137,38,2,'ps_mbo','ApiPsMbo','',0,1,'',NULL,NULL),(138,38,0,'ps_mbo','ApiSecurityPsMbo','',0,1,'',NULL,NULL),(139,0,6,'ps_accounts','AdminAjaxPsAccounts','',0,1,'',NULL,NULL),(140,0,7,'ps_accounts','AdminAjaxV2PsAccounts','',0,1,'',NULL,NULL),(141,0,8,'ps_accounts','AdminOAuth2PsAccounts','',0,1,'',NULL,NULL),(142,0,9,'ps_accounts','AdminLoginPsAccounts','',0,1,'',NULL,NULL),(143,0,10,'ps_accounts','AdminDebugPsAccounts','',0,1,'',NULL,NULL),(144,0,11,'ps_accounts','AdminLogin','',0,1,'',NULL,NULL),(145,0,12,'ps_accounts','SfAdminOAuth2PsAccounts','',0,1,'',NULL,NULL),(146,0,13,'ps_accounts','SfAdminLoginPsAccounts','',0,1,'',NULL,NULL),(147,0,14,'opcmsd','Opcmsd','',1,1,'',NULL,NULL),(148,147,1,'opcmsd','Msd','',1,1,'',NULL,NULL),(149,147,2,'opcmsd','MsdCustomer','',1,1,'',NULL,NULL),(150,147,3,'opcmsd','MsdProduct','',1,1,'',NULL,NULL),(151,147,4,'opcmsd','MsdOrder','',1,1,'',NULL,NULL);

--
-- Table structure for table `pre3574_tab_lang`
--

CREATE TABLE `pre3574_tab_lang` (
  `id_tab` int NOT NULL,
  `id_lang` int NOT NULL,
  `name` varchar(128) COLLATE utf8mb4_unicode_ci NOT NULL,
  PRIMARY KEY (`id_tab`,`id_lang`),
  KEY `IDX_840B35B4ED47AB56` (`id_tab`),
  KEY `IDX_840B35B4BA299860` (`id_lang`)
) ENGINE=InnoDB DEFAULT CHARSET=utf8mb4 COLLATE=utf8mb4_unicode_ci;

--
-- Dumping data for table `pre3574_tab_lang`
--

INSERT INTO `pre3574_tab_lang` VALUES (1,1,'Dashboard'),(1,2,'Dashboard'),(2,1,'Sell'),(2,2,'Sell'),(3,1,'Orders'),(3,2,'Orders'),(4,1,'Orders'),(4,2,'Orders'),(5,1,'Invoices'),(5,2,'Invoices'),(6,1,'Credit Slips'),(6,2,'Credit Slips'),(7,1,'Delivery Slips'),(7,2,'Delivery Slips'),(8,1,'Shopping Carts'),(8,2,'Shopping Carts'),(9,1,'Catalog'),(9,2,'Catalog'),(10,1,'Products'),(10,2,'Products'),(11,1,'Categories'),(11,2,'Categories'),(12,1,'Monitoring'),(12,2,'Monitoring'),(13,1,'Attributes & Features'),(13,2,'Attributes & Features'),(14,1,'Attributes'),(14,2,'Attributes'),(15,1,'Features'),(15,2,'Features'),(16,1,'Brands & Suppliers'),(16,2,'Brands & Suppliers'),(17,1,'Brands'),(17,2,'Brands'),(18,1,'Suppliers'),(18,2,'Suppliers'),(19,1,'Files'),(19,2,'Files'),(20,1,'Discounts'),(20,2,'Discounts'),(21,1,'Cart Rules'),(21,2,'Cart Rules'),(22,1,'Catalog Price Rules'),(22,2,'Catalog Price Rules'),(23,1,'Stock'),(23,2,'Stock'),(24,1,'Customers'),(24,2,'Customers'),(25,1,'Customers'),(25,2,'Customers'),(26,1,'Addresses'),(26,2,'Addresses'),(27,1,'Outstanding'),(27,2,'Outstanding'),(28,1,'Customer Service'),(28,2,'Customer Service'),(29,1,'Customer Service'),(29,2,'Customer Service'),(30,1,'Order Messages'),(30,2,'Order Messages'),(31,1,'Merchandise Returns'),(31,2,'Merchandise Returns'),(32,1,'Stats'),(32,2,'Stats'),(34,1,'Warehouses'),(34,2,'Warehouses'),(35,1,'Stock Management'),(35,2,'Stock Management'),(37,1,'Improve'),(37,2,'Improve'),(38,1,'Modules'),(38,2,'Modules'),(39,1,'Module Manager'),(39,2,'Module Manager'),(40,1,'Modules'),(40,2,'Modules'),(41,1,'Alerts'),(41,2,'Alerts'),(42,1,'Updates'),(42,2,'Updates'),(43,1,'Design'),(43,2,'Design'),(44,1,'Theme & Logo'),(44,2,'Theme & Logo'),(45,1,'Email Theme'),(45,2,'Email Theme'),(46,1,'Email Theme'),(46,2,'Email Theme'),(47,1,'Pages'),(47,2,'Pages'),(48,1,'Positions'),(48,2,'Positions'),(49,1,'Image Settings'),(49,2,'Image Settings'),(50,1,'Shipping'),(50,2,'Shipping'),(51,1,'Carriers'),(51,2,'Carriers'),(52,1,'Preferences'),(52,2,'Preferences'),(53,1,'Payment'),(53,2,'Payment'),(54,1,'Payment Methods'),(54,2,'Payment Methods'),(55,1,'Preferences'),(55,2,'Preferences'),(56,1,'International'),(56,2,'International'),(57,1,'Localization'),(57,2,'Localization'),(58,1,'Localization'),(58,2,'Localization'),(59,1,'Languages'),(59,2,'Languages'),(60,1,'Currencies'),(60,2,'Currencies'),(61,1,'Geolocation'),(61,2,'Geolocation'),(62,1,'Locations'),(62,2,'Locations'),(63,1,'Zones'),(63,2,'Zones'),(64,1,'Countries'),(64,2,'Countries'),(65,1,'States'),(65,2,'States'),(66,1,'Taxes'),(66,2,'Taxes'),(67,1,'Taxes'),(67,2,'Taxes'),(68,1,'Tax Rules'),(68,2,'Tax Rules'),(69,1,'Translations'),(69,2,'Translations'),(70,1,'Configure'),(70,2,'Configure'),(71,1,'Shop Parameters'),(71,2,'Shop Parameters'),(72,1,'General'),(72,2,'General'),(73,1,'General'),(73,2,'General'),(74,1,'Maintenance'),(74,2,'Maintenance'),(75,1,'Order Settings'),(75,2,'Order Settings'),(76,1,'Order Settings'),(76,2,'Order Settings'),(77,1,'Statuses'),(77,2,'Statuses'),(78,1,'Product Settings'),(78,2,'Product Settings'),(79,1,'Customer Settings'),(79,2,'Customer Settings'),(80,1,'Customer Settings'),(80,2,'Customer Settings'),(81,1,'Groups'),(81,2,'Groups'),(82,1,'Titles'),(82,2,'Titles'),(83,1,'Contact'),(83,2,'Contact'),(84,1,'Contacts'),(84,2,'Contacts'),(85,1,'Stores'),(85,2,'Stores'),(86,1,'Traffic & SEO'),(86,2,'Traffic & SEO'),(87,1,'SEO & URLs'),(87,2,'SEO & URLs'),(88,1,'Search Engines'),(88,2,'Search Engines'),(89,1,'Search'),(89,2,'Search'),(90,1,'Search'),(90,2,'Search'),(91,1,'Tags'),(91,2,'Tags'),(92,1,'Advanced Parameters'),(92,2,'Advanced Parameters'),(93,1,'Information'),(93,2,'Information'),(94,1,'Performance'),(94,2,'Performance'),(95,1,'Administration'),(95,2,'Administration'),(96,1,'E-mail'),(96,2,'E-mail'),(97,1,'Import'),(97,2,'Import'),(98,1,'Team'),(98,2,'Team'),(99,1,'Employees'),(99,2,'Employees'),(100,1,'Profiles'),(100,2,'Profiles'),(101,1,'Permissions'),(101,2,'Permissions'),(102,1,'Database'),(102,2,'Database'),(103,1,'SQL Manager'),(103,2,'SQL Manager'),(104,1,'DB Backup'),(104,2,'DB Backup'),(105,1,'Logs'),(105,2,'Logs'),(106,1,'Webservice'),(106,2,'Webservice'),(107,1,'Authorization Server'),(107,2,'Authorization Server'),(108,1,'Multistore'),(108,2,'Multistore'),(109,1,'Multistore'),(109,2,'Multistore'),(110,1,'New & Experimental Features'),(110,2,'New & Experimental Features'),(111,1,'Security'),(111,2,'Security'),(112,1,'Security'),(112,2,'Security'),(113,1,'Employee Sessions'),(113,2,'Employee Sessions'),(114,1,'Customer Sessions'),(114,2,'Customer Sessions'),(115,1,'Quick Access'),(115,2,'Quick Access'),(116,1,'More'),(116,2,'More'),(118,1,'Link List'),(118,2,'Link List'),(119,1,'AdminBlockListing'),(119,2,'AdminBlockListing'),(120,1,'Wishlist Module'),(120,2,'Wishlist Module'),(121,1,'Configuration'),(121,2,'Configuration'),(122,1,'Statistics'),(122,2,'Statistics'),(123,1,'Official GDPR compliance'),(123,2,'Official GDPR compliance'),(124,1,'Official GDPR compliance'),(124,2,'Official GDPR compliance'),(125,1,'Image slider'),(125,2,'Image slider'),(126,1,'Google Analytics'),(126,2,'Google Analytics'),(127,1,'Order Notifications on the Favicon'),(127,2,'Order Notifications on the Favicon'),(128,1,'Theme & Logo'),(128,2,'Theme & Logo'),(129,1,'Pages Configuration'),(129,2,'Pages Configuration'),(130,1,'Advanced Customization'),(130,2,'Advanced Customization'),(131,1,'Dashgoals'),(131,2,'Dashgoals'),(132,1,'Marketplace'),(132,2,'Marketplace'),(133,1,'Marketplace'),(133,2,'Marketplace'),(134,1,'Modules in the spotlight'),(134,2,'Modules à la une'),(135,1,'Modules recommandés'),(135,2,'Modules recommandés'),(136,1,'Themes Catalog'),(136,2,'Catalogue de thèmes'),(137,1,'MBO Api'),(137,2,'MBO Api'),(138,1,'MBO Api Security'),(138,2,'MBO Api Security'),(139,1,'AdminAjaxPsAccounts (PrestaShop Account)'),(139,2,'AdminAjaxPsAccounts (PrestaShop Account)'),(140,1,'AdminAjaxV2PsAccounts (PrestaShop Account)'),(140,2,'AdminAjaxV2PsAccounts (PrestaShop Account)'),(141,1,'AdminOAuth2PsAccounts (PrestaShop Account)'),(141,2,'AdminOAuth2PsAccounts (PrestaShop Account)'),(142,1,'AdminLoginPsAccounts (PrestaShop Account)'),(142,2,'AdminLoginPsAccounts (PrestaShop Account)'),(143,1,'AdminDebugPsAccounts'),(143,2,'AdminDebugPsAccounts'),(144,1,'AdminLogin'),(144,2,'AdminLogin'),(145,1,'SfAdminOAuth2PsAccounts'),(145,2,'SfAdminOAuth2PsAccounts'),(146,1,'SfAdminLoginPsAccounts'),(146,2,'SfAdminLoginPsAccounts'),(147,1,'Dynamics 365'),(147,2,'Dynamics 365'),(148,1,'Configuration'),(148,2,'Configuration'),(149,1,'Sync Customer'),(149,2,'Sync Customer'),(150,1,'Sync Product'),(150,2,'Sync Product'),(151,1,'Sync Order'),(151,2,'Sync Order');

--
-- Table structure for table `pre3574_tab_module_preference`
--

CREATE TABLE `pre3574_tab_module_preference` (
  `id_tab_module_preference` int NOT NULL AUTO_INCREMENT,
  `id_employee` int NOT NULL,
  `id_tab` int NOT NULL,
  `module` varchar(191) NOT NULL,
  PRIMARY KEY (`id_tab_module_preference`),
  UNIQUE KEY `employee_module` (`id_employee`,`id_tab`,`module`)
) ENGINE=InnoDB DEFAULT CHARSET=utf8mb4 COLLATE=utf8mb4_0900_ai_ci;

--
-- Dumping data for table `pre3574_tab_module_preference`
--


--
-- Table structure for table `pre3574_tag`
--

CREATE TABLE `pre3574_tag` (
  `id_tag` int unsigned NOT NULL AUTO_INCREMENT,
  `id_lang` int unsigned NOT NULL,
  `name` varchar(32) NOT NULL,
  PRIMARY KEY (`id_tag`),
  KEY `tag_name` (`name`),
  KEY `id_lang` (`id_lang`)
) ENGINE=InnoDB DEFAULT CHARSET=utf8mb4 COLLATE=utf8mb4_0900_ai_ci;

--
-- Dumping data for table `pre3574_tag`
--


--
-- Table structure for table `pre3574_tag_count`
--

CREATE TABLE `pre3574_tag_count` (
  `id_group` int unsigned NOT NULL DEFAULT '0',
  `id_tag` int unsigned NOT NULL DEFAULT '0',
  `id_lang` int unsigned NOT NULL DEFAULT '0',
  `id_shop` int unsigned NOT NULL DEFAULT '0',
  `counter` int unsigned NOT NULL DEFAULT '0',
  PRIMARY KEY (`id_group`,`id_tag`),
  KEY `id_group` (`id_group`,`id_lang`,`id_shop`,`counter`)
) ENGINE=InnoDB DEFAULT CHARSET=utf8mb4 COLLATE=utf8mb4_0900_ai_ci;

--
-- Dumping data for table `pre3574_tag_count`
--


--
-- Table structure for table `pre3574_tax`
--

CREATE TABLE `pre3574_tax` (
  `id_tax` int unsigned NOT NULL AUTO_INCREMENT,
  `rate` decimal(10,3) NOT NULL,
  `active` tinyint unsigned NOT NULL DEFAULT '1',
  `deleted` tinyint unsigned NOT NULL DEFAULT '0',
  PRIMARY KEY (`id_tax`)
) ENGINE=InnoDB AUTO_INCREMENT=33 DEFAULT CHARSET=utf8mb4 COLLATE=utf8mb4_0900_ai_ci;

--
-- Dumping data for table `pre3574_tax`
--

INSERT INTO `pre3574_tax` VALUES (1,20.000,1,0),(2,10.000,1,0),(3,5.500,1,0),(4,2.100,1,0),(5,20.000,1,0),(6,21.000,1,0),(7,20.000,1,0),(8,19.000,1,0),(9,21.000,1,0),(10,19.000,1,0),(11,25.000,1,0),(12,24.000,1,0),(13,21.000,1,0),(14,25.500,1,0),(15,20.000,1,0),(16,24.000,1,0),(17,25.000,1,0),(18,27.000,1,0),(19,23.000,1,0),(20,22.000,1,0),(21,21.000,1,0),(22,17.000,1,0),(23,21.000,1,0),(24,20.000,1,0),(25,18.000,1,0),(26,21.000,1,0),(27,23.000,1,0),(28,23.000,1,0),(29,21.000,1,0),(30,25.000,1,0),(31,22.000,1,0),(32,23.000,1,0);

--
-- Table structure for table `pre3574_tax_lang`
--

CREATE TABLE `pre3574_tax_lang` (
  `id_tax` int unsigned NOT NULL,
  `id_lang` int unsigned NOT NULL,
  `name` varchar(32) NOT NULL,
  PRIMARY KEY (`id_tax`,`id_lang`)
) ENGINE=InnoDB DEFAULT CHARSET=utf8mb4 COLLATE=utf8mb4_0900_ai_ci;

--
-- Dumping data for table `pre3574_tax_lang`
--

INSERT INTO `pre3574_tax_lang` VALUES (1,1,'TVA FR 20%'),(1,2,'TVA FR 20%'),(2,1,'TVA FR 10%'),(2,2,'TVA FR 10%'),(3,1,'TVA FR 5.5%'),(3,2,'TVA FR 5.5%'),(4,1,'TVA FR 2.1%'),(4,2,'TVA FR 2.1%'),(5,1,'USt. AT 20%'),(5,2,'USt. AT 20%'),(6,1,'TVA BE 21%'),(6,2,'TVA BE 21%'),(7,1,'ДДС BG 20%'),(7,2,'ДДС BG 20%'),(8,1,'ΦΠΑ CY 19%'),(8,2,'ΦΠΑ CY 19%'),(9,1,'DPH CZ 21%'),(9,2,'DPH CZ 21%'),(10,1,'MwSt. DE 19%'),(10,2,'MwSt. DE 19%'),(11,1,'moms DK 25%'),(11,2,'moms DK 25%'),(12,1,'km EE 24%'),(12,2,'km EE 24%'),(13,1,'IVA ES 21%'),(13,2,'IVA ES 21%'),(14,1,'ALV FI 25.5%'),(14,2,'ALV FI 25.5%'),(15,1,'VAT UK 20%'),(15,2,'VAT UK 20%'),(16,1,'ΦΠΑ GR 24%'),(16,2,'ΦΠΑ GR 24%'),(17,1,'Croatia PDV 25%'),(17,2,'Croatia PDV 25%'),(18,1,'ÁFA HU 27%'),(18,2,'ÁFA HU 27%'),(19,1,'VAT IE 23%'),(19,2,'VAT IE 23%'),(20,1,'IVA IT 22%'),(20,2,'IVA IT 22%'),(21,1,'PVM LT 21%'),(21,2,'PVM LT 21%'),(22,1,'TVA LU 17%'),(22,2,'TVA LU 17%'),(23,1,'PVN LV 21%'),(23,2,'PVN LV 21%'),(24,1,'TVA MC 20%'),(24,2,'TVA MC 20%'),(25,1,'VAT MT 18%'),(25,2,'VAT MT 18%'),(26,1,'BTW NL 21%'),(26,2,'BTW NL 21%'),(27,1,'PTU PL 23%'),(27,2,'PTU PL 23%'),(28,1,'IVA PT 23%'),(28,2,'IVA PT 23%'),(29,1,'TVA RO 21%'),(29,2,'TVA RO 21%'),(30,1,'Moms SE 25%'),(30,2,'Moms SE 25%'),(31,1,'DDV SI 22%'),(31,2,'DDV SI 22%'),(32,1,'DPH SK 23%'),(32,2,'DPH SK 23%');

--
-- Table structure for table `pre3574_tax_rule`
--

CREATE TABLE `pre3574_tax_rule` (
  `id_tax_rule` int NOT NULL AUTO_INCREMENT,
  `id_tax_rules_group` int NOT NULL,
  `id_country` int NOT NULL,
  `id_state` int NOT NULL,
  `zipcode_from` varchar(12) NOT NULL,
  `zipcode_to` varchar(12) NOT NULL,
  `id_tax` int NOT NULL,
  `behavior` int NOT NULL,
  `description` varchar(100) NOT NULL,
  PRIMARY KEY (`id_tax_rule`),
  KEY `id_tax_rules_group` (`id_tax_rules_group`),
  KEY `id_tax` (`id_tax`),
  KEY `category_getproducts` (`id_tax_rules_group`,`id_country`,`id_state`,`zipcode_from`)
) ENGINE=InnoDB AUTO_INCREMENT=146 DEFAULT CHARSET=utf8mb4 COLLATE=utf8mb4_0900_ai_ci;

--
-- Dumping data for table `pre3574_tax_rule`
--

INSERT INTO `pre3574_tax_rule` VALUES (1,1,3,0,'0','0',1,0,''),(2,1,233,0,'0','0',1,0,''),(3,1,16,0,'0','0',1,0,''),(4,1,20,0,'0','0',1,0,''),(5,1,1,0,'0','0',1,0,''),(6,1,86,0,'0','0',1,0,''),(7,1,9,0,'0','0',1,0,''),(8,1,74,0,'0','0',1,0,''),(9,1,6,0,'0','0',1,0,''),(10,1,8,0,'0','0',1,0,''),(11,1,147,0,'0','0',1,0,''),(12,1,26,0,'0','0',1,0,''),(13,1,10,0,'0','0',1,0,''),(14,1,76,0,'0','0',1,0,''),(15,1,124,0,'0','0',1,0,''),(16,1,130,0,'0','0',1,0,''),(17,1,12,0,'0','0',1,0,''),(18,1,142,0,'0','0',1,0,''),(19,1,138,0,'0','0',1,0,''),(20,1,13,0,'0','0',1,0,''),(21,1,2,0,'0','0',1,0,''),(22,1,14,0,'0','0',1,0,''),(23,1,15,0,'0','0',1,0,''),(24,1,36,0,'0','0',1,0,''),(25,1,191,0,'0','0',1,0,''),(26,1,37,0,'0','0',1,0,''),(27,1,7,0,'0','0',1,0,''),(28,1,18,0,'0','0',1,0,''),(29,1,17,0,'0','0',1,0,''),(30,2,3,0,'0','0',2,0,''),(31,2,233,0,'0','0',2,0,''),(32,2,16,0,'0','0',2,0,''),(33,2,20,0,'0','0',2,0,''),(34,2,1,0,'0','0',2,0,''),(35,2,86,0,'0','0',2,0,''),(36,2,9,0,'0','0',2,0,''),(37,2,74,0,'0','0',2,0,''),(38,2,6,0,'0','0',2,0,''),(39,2,8,0,'0','0',2,0,''),(40,2,147,0,'0','0',2,0,''),(41,2,26,0,'0','0',2,0,''),(42,2,10,0,'0','0',2,0,''),(43,2,76,0,'0','0',2,0,''),(44,2,124,0,'0','0',2,0,''),(45,2,130,0,'0','0',2,0,''),(46,2,12,0,'0','0',2,0,''),(47,2,142,0,'0','0',2,0,''),(48,2,138,0,'0','0',2,0,''),(49,2,13,0,'0','0',2,0,''),(50,2,2,0,'0','0',2,0,''),(51,2,14,0,'0','0',2,0,''),(52,2,15,0,'0','0',2,0,''),(53,2,36,0,'0','0',2,0,''),(54,2,191,0,'0','0',2,0,''),(55,2,37,0,'0','0',2,0,''),(56,2,7,0,'0','0',2,0,''),(57,2,18,0,'0','0',2,0,''),(58,2,17,0,'0','0',2,0,''),(59,3,3,0,'0','0',3,0,''),(60,3,233,0,'0','0',3,0,''),(61,3,16,0,'0','0',3,0,''),(62,3,20,0,'0','0',3,0,''),(63,3,1,0,'0','0',3,0,''),(64,3,86,0,'0','0',3,0,''),(65,3,9,0,'0','0',3,0,''),(66,3,74,0,'0','0',3,0,''),(67,3,6,0,'0','0',3,0,''),(68,3,8,0,'0','0',3,0,''),(69,3,147,0,'0','0',3,0,''),(70,3,26,0,'0','0',3,0,''),(71,3,10,0,'0','0',3,0,''),(72,3,76,0,'0','0',3,0,''),(73,3,124,0,'0','0',3,0,''),(74,3,130,0,'0','0',3,0,''),(75,3,12,0,'0','0',3,0,''),(76,3,142,0,'0','0',3,0,''),(77,3,138,0,'0','0',3,0,''),(78,3,13,0,'0','0',3,0,''),(79,3,2,0,'0','0',3,0,''),(80,3,14,0,'0','0',3,0,''),(81,3,15,0,'0','0',3,0,''),(82,3,36,0,'0','0',3,0,''),(83,3,191,0,'0','0',3,0,''),(84,3,37,0,'0','0',3,0,''),(85,3,7,0,'0','0',3,0,''),(86,3,18,0,'0','0',3,0,''),(87,3,17,0,'0','0',3,0,''),(88,4,3,0,'0','0',4,0,''),(89,4,233,0,'0','0',4,0,''),(90,4,16,0,'0','0',4,0,''),(91,4,20,0,'0','0',4,0,''),(92,4,1,0,'0','0',4,0,''),(93,4,86,0,'0','0',4,0,''),(94,4,9,0,'0','0',4,0,''),(95,4,74,0,'0','0',4,0,''),(96,4,6,0,'0','0',4,0,''),(97,4,8,0,'0','0',4,0,''),(98,4,147,0,'0','0',4,0,''),(99,4,26,0,'0','0',4,0,''),(100,4,10,0,'0','0',4,0,''),(101,4,76,0,'0','0',4,0,''),(102,4,124,0,'0','0',4,0,''),(103,4,130,0,'0','0',4,0,''),(104,4,12,0,'0','0',4,0,''),(105,4,142,0,'0','0',4,0,''),(106,4,138,0,'0','0',4,0,''),(107,4,13,0,'0','0',4,0,''),(108,4,2,0,'0','0',4,0,''),(109,4,14,0,'0','0',4,0,''),(110,4,15,0,'0','0',4,0,''),(111,4,36,0,'0','0',4,0,''),(112,4,191,0,'0','0',4,0,''),(113,4,37,0,'0','0',4,0,''),(114,4,7,0,'0','0',4,0,''),(115,4,18,0,'0','0',4,0,''),(116,4,17,0,'0','0',4,0,''),(117,5,8,0,'0','0',1,0,''),(118,5,2,0,'0','0',5,0,''),(119,5,3,0,'0','0',6,0,''),(120,5,233,0,'0','0',7,0,''),(121,5,76,0,'0','0',8,0,''),(122,5,16,0,'0','0',9,0,''),(123,5,1,0,'0','0',10,0,''),(124,5,20,0,'0','0',11,0,''),(125,5,86,0,'0','0',12,0,''),(126,5,6,0,'0','0',13,0,''),(127,5,7,0,'0','0',14,0,''),(128,5,17,0,'0','0',15,0,''),(129,5,9,0,'0','0',16,0,''),(130,5,74,0,'0','0',17,0,''),(131,5,142,0,'0','0',18,0,''),(132,5,26,0,'0','0',19,0,''),(133,5,10,0,'0','0',20,0,''),(134,5,130,0,'0','0',21,0,''),(135,5,12,0,'0','0',22,0,''),(136,5,124,0,'0','0',23,0,''),(137,5,147,0,'0','0',24,0,''),(138,5,138,0,'0','0',25,0,''),(139,5,13,0,'0','0',26,0,''),(140,5,14,0,'0','0',27,0,''),(141,5,15,0,'0','0',28,0,''),(142,5,36,0,'0','0',29,0,''),(143,5,18,0,'0','0',30,0,''),(144,5,191,0,'0','0',31,0,''),(145,5,37,0,'0','0',32,0,'');

--
-- Table structure for table `pre3574_tax_rules_group`
--

CREATE TABLE `pre3574_tax_rules_group` (
  `id_tax_rules_group` int NOT NULL AUTO_INCREMENT,
  `name` varchar(50) NOT NULL,
  `active` int NOT NULL,
  `deleted` tinyint unsigned NOT NULL,
  `date_add` datetime NOT NULL,
  `date_upd` datetime NOT NULL,
  PRIMARY KEY (`id_tax_rules_group`)
) ENGINE=InnoDB AUTO_INCREMENT=6 DEFAULT CHARSET=utf8mb4 COLLATE=utf8mb4_0900_ai_ci;

--
-- Dumping data for table `pre3574_tax_rules_group`
--

INSERT INTO `pre3574_tax_rules_group` VALUES (1,'FR Taux standard (20%)',1,0,'2026-03-19 15:02:38','2026-03-19 15:02:38'),(2,'FR Taux réduit (10%)',1,0,'2026-03-19 15:02:38','2026-03-19 15:02:38'),(3,'FR Taux réduit (5.5%)',1,0,'2026-03-19 15:02:38','2026-03-19 15:02:38'),(4,'FR Taux super réduit (2.1%)',1,0,'2026-03-19 15:02:38','2026-03-19 15:02:38'),(5,'EU VAT For Virtual Products',1,0,'2026-03-19 15:02:38','2026-03-19 15:02:38');

--
-- Table structure for table `pre3574_tax_rules_group_shop`
--

CREATE TABLE `pre3574_tax_rules_group_shop` (
  `id_tax_rules_group` int unsigned NOT NULL,
  `id_shop` int unsigned NOT NULL,
  PRIMARY KEY (`id_tax_rules_group`,`id_shop`),
  KEY `id_shop` (`id_shop`)
) ENGINE=InnoDB DEFAULT CHARSET=utf8mb4 COLLATE=utf8mb4_0900_ai_ci;

--
-- Dumping data for table `pre3574_tax_rules_group_shop`
--

INSERT INTO `pre3574_tax_rules_group_shop` VALUES (1,1),(2,1),(3,1),(4,1),(5,1);

--
-- Table structure for table `pre3574_timezone`
--

CREATE TABLE `pre3574_timezone` (
  `id_timezone` int unsigned NOT NULL AUTO_INCREMENT,
  `name` varchar(32) NOT NULL,
  PRIMARY KEY (`id_timezone`)
) ENGINE=InnoDB AUTO_INCREMENT=560 DEFAULT CHARSET=utf8mb4 COLLATE=utf8mb4_0900_ai_ci;

--
-- Dumping data for table `pre3574_timezone`
--

INSERT INTO `pre3574_timezone` VALUES (1,'Africa/Abidjan'),(2,'Africa/Accra'),(3,'Africa/Addis_Ababa'),(4,'Africa/Algiers'),(5,'Africa/Asmara'),(6,'Africa/Asmera'),(7,'Africa/Bamako'),(8,'Africa/Bangui'),(9,'Africa/Banjul'),(10,'Africa/Bissau'),(11,'Africa/Blantyre'),(12,'Africa/Brazzaville'),(13,'Africa/Bujumbura'),(14,'Africa/Cairo'),(15,'Africa/Casablanca'),(16,'Africa/Ceuta'),(17,'Africa/Conakry'),(18,'Africa/Dakar'),(19,'Africa/Dar_es_Salaam'),(20,'Africa/Djibouti'),(21,'Africa/Douala'),(22,'Africa/El_Aaiun'),(23,'Africa/Freetown'),(24,'Africa/Gaborone'),(25,'Africa/Harare'),(26,'Africa/Johannesburg'),(27,'Africa/Kampala'),(28,'Africa/Khartoum'),(29,'Africa/Kigali'),(30,'Africa/Kinshasa'),(31,'Africa/Lagos'),(32,'Africa/Libreville'),(33,'Africa/Lome'),(34,'Africa/Luanda'),(35,'Africa/Lubumbashi'),(36,'Africa/Lusaka'),(37,'Africa/Malabo'),(38,'Africa/Maputo'),(39,'Africa/Maseru'),(40,'Africa/Mbabane'),(41,'Africa/Mogadishu'),(42,'Africa/Monrovia'),(43,'Africa/Nairobi'),(44,'Africa/Ndjamena'),(45,'Africa/Niamey'),(46,'Africa/Nouakchott'),(47,'Africa/Ouagadougou'),(48,'Africa/Porto-Novo'),(49,'Africa/Sao_Tome'),(50,'Africa/Timbuktu'),(51,'Africa/Tripoli'),(52,'Africa/Tunis'),(53,'Africa/Windhoek'),(54,'America/Adak'),(55,'America/Anchorage '),(56,'America/Anguilla'),(57,'America/Antigua'),(58,'America/Araguaina'),(59,'America/Argentina/Buenos_Aires'),(60,'America/Argentina/Catamarca'),(61,'America/Argentina/ComodRivadavia'),(62,'America/Argentina/Cordoba'),(63,'America/Argentina/Jujuy'),(64,'America/Argentina/La_Rioja'),(65,'America/Argentina/Mendoza'),(66,'America/Argentina/Rio_Gallegos'),(67,'America/Argentina/Salta'),(68,'America/Argentina/San_Juan'),(69,'America/Argentina/San_Luis'),(70,'America/Argentina/Tucuman'),(71,'America/Argentina/Ushuaia'),(72,'America/Aruba'),(73,'America/Asuncion'),(74,'America/Atikokan'),(75,'America/Atka'),(76,'America/Bahia'),(77,'America/Barbados'),(78,'America/Belem'),(79,'America/Belize'),(80,'America/Blanc-Sablon'),(81,'America/Boa_Vista'),(82,'America/Bogota'),(83,'America/Boise'),(84,'America/Buenos_Aires'),(85,'America/Cambridge_Bay'),(86,'America/Campo_Grande'),(87,'America/Cancun'),(88,'America/Caracas'),(89,'America/Catamarca'),(90,'America/Cayenne'),(91,'America/Cayman'),(92,'America/Chicago'),(93,'America/Chihuahua'),(94,'America/Coral_Harbour'),(95,'America/Cordoba'),(96,'America/Costa_Rica'),(97,'America/Cuiaba'),(98,'America/Curacao'),(99,'America/Danmarkshavn'),(100,'America/Dawson'),(101,'America/Dawson_Creek'),(102,'America/Denver'),(103,'America/Detroit'),(104,'America/Dominica'),(105,'America/Edmonton'),(106,'America/Eirunepe'),(107,'America/El_Salvador'),(108,'America/Ensenada'),(109,'America/Fort_Wayne'),(110,'America/Fortaleza'),(111,'America/Glace_Bay'),(112,'America/Godthab'),(113,'America/Goose_Bay'),(114,'America/Grand_Turk'),(115,'America/Grenada'),(116,'America/Guadeloupe'),(117,'America/Guatemala'),(118,'America/Guayaquil'),(119,'America/Guyana'),(120,'America/Halifax'),(121,'America/Havana'),(122,'America/Hermosillo'),(123,'America/Indiana/Indianapolis'),(124,'America/Indiana/Knox'),(125,'America/Indiana/Marengo'),(126,'America/Indiana/Petersburg'),(127,'America/Indiana/Tell_City'),(128,'America/Indiana/Vevay'),(129,'America/Indiana/Vincennes'),(130,'America/Indiana/Winamac'),(131,'America/Indianapolis'),(132,'America/Inuvik'),(133,'America/Iqaluit'),(134,'America/Jamaica'),(135,'America/Jujuy'),(136,'America/Juneau'),(137,'America/Kentucky/Louisville'),(138,'America/Kentucky/Monticello'),(139,'America/Knox_IN'),(140,'America/La_Paz'),(141,'America/Lima'),(142,'America/Los_Angeles'),(143,'America/Louisville'),(144,'America/Maceio'),(145,'America/Managua'),(146,'America/Manaus'),(147,'America/Marigot'),(148,'America/Martinique'),(149,'America/Mazatlan'),(150,'America/Mendoza'),(151,'America/Menominee'),(152,'America/Merida'),(153,'America/Mexico_City'),(154,'America/Miquelon'),(155,'America/Moncton'),(156,'America/Monterrey'),(157,'America/Montevideo'),(158,'America/Montreal'),(159,'America/Montserrat'),(160,'America/Nassau'),(161,'America/New_York'),(162,'America/Nipigon'),(163,'America/Nome'),(164,'America/Noronha'),(165,'America/North_Dakota/Center'),(166,'America/North_Dakota/New_Salem'),(167,'America/Panama'),(168,'America/Pangnirtung'),(169,'America/Paramaribo'),(170,'America/Phoenix'),(171,'America/Port-au-Prince'),(172,'America/Port_of_Spain'),(173,'America/Porto_Acre'),(174,'America/Porto_Velho'),(175,'America/Puerto_Rico'),(176,'America/Rainy_River'),(177,'America/Rankin_Inlet'),(178,'America/Recife'),(179,'America/Regina'),(180,'America/Resolute'),(181,'America/Rio_Branco'),(182,'America/Rosario'),(183,'America/Santarem'),(184,'America/Santiago'),(185,'America/Santo_Domingo'),(186,'America/Sao_Paulo'),(187,'America/Scoresbysund'),(188,'America/Shiprock'),(189,'America/St_Barthelemy'),(190,'America/St_Johns'),(191,'America/St_Kitts'),(192,'America/St_Lucia'),(193,'America/St_Thomas'),(194,'America/St_Vincent'),(195,'America/Swift_Current'),(196,'America/Tegucigalpa'),(197,'America/Thule'),(198,'America/Thunder_Bay'),(199,'America/Tijuana'),(200,'America/Toronto'),(201,'America/Tortola'),(202,'America/Vancouver'),(203,'America/Virgin'),(204,'America/Whitehorse'),(205,'America/Winnipeg'),(206,'America/Yakutat'),(207,'America/Yellowknife'),(208,'Antarctica/Casey'),(209,'Antarctica/Davis'),(210,'Antarctica/DumontDUrville'),(211,'Antarctica/Mawson'),(212,'Antarctica/McMurdo'),(213,'Antarctica/Palmer'),(214,'Antarctica/Rothera'),(215,'Antarctica/South_Pole'),(216,'Antarctica/Syowa'),(217,'Antarctica/Vostok'),(218,'Arctic/Longyearbyen'),(219,'Asia/Aden'),(220,'Asia/Almaty'),(221,'Asia/Amman'),(222,'Asia/Anadyr'),(223,'Asia/Aqtau'),(224,'Asia/Aqtobe'),(225,'Asia/Ashgabat'),(226,'Asia/Ashkhabad'),(227,'Asia/Baghdad'),(228,'Asia/Bahrain'),(229,'Asia/Baku'),(230,'Asia/Bangkok'),(231,'Asia/Beirut'),(232,'Asia/Bishkek'),(233,'Asia/Brunei'),(234,'Asia/Calcutta'),(235,'Asia/Choibalsan'),(236,'Asia/Chongqing'),(237,'Asia/Chungking'),(238,'Asia/Colombo'),(239,'Asia/Dacca'),(240,'Asia/Damascus'),(241,'Asia/Dhaka'),(242,'Asia/Dili'),(243,'Asia/Dubai'),(244,'Asia/Dushanbe'),(245,'Asia/Gaza'),(246,'Asia/Harbin'),(247,'Asia/Ho_Chi_Minh'),(248,'Asia/Hong_Kong'),(249,'Asia/Hovd'),(250,'Asia/Irkutsk'),(251,'Asia/Istanbul'),(252,'Asia/Jakarta'),(253,'Asia/Jayapura'),(254,'Asia/Jerusalem'),(255,'Asia/Kabul'),(256,'Asia/Kamchatka'),(257,'Asia/Karachi'),(258,'Asia/Kashgar'),(259,'Asia/Kathmandu'),(260,'Asia/Katmandu'),(261,'Asia/Kolkata'),(262,'Asia/Krasnoyarsk'),(263,'Asia/Kuala_Lumpur'),(264,'Asia/Kuching'),(265,'Asia/Kuwait'),(266,'Asia/Macao'),(267,'Asia/Macau'),(268,'Asia/Magadan'),(269,'Asia/Makassar'),(270,'Asia/Manila'),(271,'Asia/Muscat'),(272,'Asia/Nicosia'),(273,'Asia/Novosibirsk'),(274,'Asia/Omsk'),(275,'Asia/Oral'),(276,'Asia/Phnom_Penh'),(277,'Asia/Pontianak'),(278,'Asia/Pyongyang'),(279,'Asia/Qatar'),(280,'Asia/Qyzylorda'),(281,'Asia/Rangoon'),(282,'Asia/Riyadh'),(283,'Asia/Saigon'),(284,'Asia/Sakhalin'),(285,'Asia/Samarkand'),(286,'Asia/Seoul'),(287,'Asia/Shanghai'),(288,'Asia/Singapore'),(289,'Asia/Taipei'),(290,'Asia/Tashkent'),(291,'Asia/Tbilisi'),(292,'Asia/Tehran'),(293,'Asia/Tel_Aviv'),(294,'Asia/Thimbu'),(295,'Asia/Thimphu'),(296,'Asia/Tokyo'),(297,'Asia/Ujung_Pandang'),(298,'Asia/Ulaanbaatar'),(299,'Asia/Ulan_Bator'),(300,'Asia/Urumqi'),(301,'Asia/Vientiane'),(302,'Asia/Vladivostok'),(303,'Asia/Yakutsk'),(304,'Asia/Yekaterinburg'),(305,'Asia/Yerevan'),(306,'Atlantic/Azores'),(307,'Atlantic/Bermuda'),(308,'Atlantic/Canary'),(309,'Atlantic/Cape_Verde'),(310,'Atlantic/Faeroe'),(311,'Atlantic/Faroe'),(312,'Atlantic/Jan_Mayen'),(313,'Atlantic/Madeira'),(314,'Atlantic/Reykjavik'),(315,'Atlantic/South_Georgia'),(316,'Atlantic/St_Helena'),(317,'Atlantic/Stanley'),(318,'Australia/ACT'),(319,'Australia/Adelaide'),(320,'Australia/Brisbane'),(321,'Australia/Broken_Hill'),(322,'Australia/Canberra'),(323,'Australia/Currie'),(324,'Australia/Darwin'),(325,'Australia/Eucla'),(326,'Australia/Hobart'),(327,'Australia/LHI'),(328,'Australia/Lindeman'),(329,'Australia/Lord_Howe'),(330,'Australia/Melbourne'),(331,'Australia/North'),(332,'Australia/NSW'),(333,'Australia/Perth'),(334,'Australia/Queensland'),(335,'Australia/South'),(336,'Australia/Sydney'),(337,'Australia/Tasmania'),(338,'Australia/Victoria'),(339,'Australia/West'),(340,'Australia/Yancowinna'),(341,'Europe/Amsterdam'),(342,'Europe/Andorra'),(343,'Europe/Athens'),(344,'Europe/Belfast'),(345,'Europe/Belgrade'),(346,'Europe/Berlin'),(347,'Europe/Bratislava'),(348,'Europe/Brussels'),(349,'Europe/Bucharest'),(350,'Europe/Budapest'),(351,'Europe/Chisinau'),(352,'Europe/Copenhagen'),(353,'Europe/Dublin'),(354,'Europe/Gibraltar'),(355,'Europe/Guernsey'),(356,'Europe/Helsinki'),(357,'Europe/Isle_of_Man'),(358,'Europe/Istanbul'),(359,'Europe/Jersey'),(360,'Europe/Kaliningrad'),(361,'Europe/Kiev'),(362,'Europe/Lisbon'),(363,'Europe/Ljubljana'),(364,'Europe/London'),(365,'Europe/Luxembourg'),(366,'Europe/Madrid'),(367,'Europe/Malta'),(368,'Europe/Mariehamn'),(369,'Europe/Minsk'),(370,'Europe/Monaco'),(371,'Europe/Moscow'),(372,'Europe/Nicosia'),(373,'Europe/Oslo'),(374,'Europe/Paris'),(375,'Europe/Podgorica'),(376,'Europe/Prague'),(377,'Europe/Riga'),(378,'Europe/Rome'),(379,'Europe/Samara'),(380,'Europe/San_Marino'),(381,'Europe/Sarajevo'),(382,'Europe/Simferopol'),(383,'Europe/Skopje'),(384,'Europe/Sofia'),(385,'Europe/Stockholm'),(386,'Europe/Tallinn'),(387,'Europe/Tirane'),(388,'Europe/Tiraspol'),(389,'Europe/Uzhgorod'),(390,'Europe/Vaduz'),(391,'Europe/Vatican'),(392,'Europe/Vienna'),(393,'Europe/Vilnius'),(394,'Europe/Volgograd'),(395,'Europe/Warsaw'),(396,'Europe/Zagreb'),(397,'Europe/Zaporozhye'),(398,'Europe/Zurich'),(399,'Indian/Antananarivo'),(400,'Indian/Chagos'),(401,'Indian/Christmas'),(402,'Indian/Cocos'),(403,'Indian/Comoro'),(404,'Indian/Kerguelen'),(405,'Indian/Mahe'),(406,'Indian/Maldives'),(407,'Indian/Mauritius'),(408,'Indian/Mayotte'),(409,'Indian/Reunion'),(410,'Pacific/Apia'),(411,'Pacific/Auckland'),(412,'Pacific/Chatham'),(413,'Pacific/Easter'),(414,'Pacific/Efate'),(415,'Pacific/Enderbury'),(416,'Pacific/Fakaofo'),(417,'Pacific/Fiji'),(418,'Pacific/Funafuti'),(419,'Pacific/Galapagos'),(420,'Pacific/Gambier'),(421,'Pacific/Guadalcanal'),(422,'Pacific/Guam'),(423,'Pacific/Honolulu'),(424,'Pacific/Johnston'),(425,'Pacific/Kiritimati'),(426,'Pacific/Kosrae'),(427,'Pacific/Kwajalein'),(428,'Pacific/Majuro'),(429,'Pacific/Marquesas'),(430,'Pacific/Midway'),(431,'Pacific/Nauru'),(432,'Pacific/Niue'),(433,'Pacific/Norfolk'),(434,'Pacific/Noumea'),(435,'Pacific/Pago_Pago'),(436,'Pacific/Palau'),(437,'Pacific/Pitcairn'),(438,'Pacific/Ponape'),(439,'Pacific/Port_Moresby'),(440,'Pacific/Rarotonga'),(441,'Pacific/Saipan'),(442,'Pacific/Samoa'),(443,'Pacific/Tahiti'),(444,'Pacific/Tarawa'),(445,'Pacific/Tongatapu'),(446,'Pacific/Truk'),(447,'Pacific/Wake'),(448,'Pacific/Wallis'),(449,'Pacific/Yap'),(450,'Brazil/Acre'),(451,'Brazil/DeNoronha'),(452,'Brazil/East'),(453,'Brazil/West'),(454,'Canada/Atlantic'),(455,'Canada/Central'),(456,'Canada/East-Saskatchewan'),(457,'Canada/Eastern'),(458,'Canada/Mountain'),(459,'Canada/Newfoundland'),(460,'Canada/Pacific'),(461,'Canada/Saskatchewan'),(462,'Canada/Yukon'),(463,'CET'),(464,'Chile/Continental'),(465,'Chile/EasterIsland'),(466,'CST6CDT'),(467,'Cuba'),(468,'EET'),(469,'Egypt'),(470,'Eire'),(471,'EST'),(472,'EST5EDT'),(473,'Etc/GMT'),(474,'Etc/GMT+0'),(475,'Etc/GMT+1'),(476,'Etc/GMT+10'),(477,'Etc/GMT+11'),(478,'Etc/GMT+12'),(479,'Etc/GMT+2'),(480,'Etc/GMT+3'),(481,'Etc/GMT+4'),(482,'Etc/GMT+5'),(483,'Etc/GMT+6'),(484,'Etc/GMT+7'),(485,'Etc/GMT+8'),(486,'Etc/GMT+9'),(487,'Etc/GMT-0'),(488,'Etc/GMT-1'),(489,'Etc/GMT-10'),(490,'Etc/GMT-11'),(491,'Etc/GMT-12'),(492,'Etc/GMT-13'),(493,'Etc/GMT-14'),(494,'Etc/GMT-2'),(495,'Etc/GMT-3'),(496,'Etc/GMT-4'),(497,'Etc/GMT-5'),(498,'Etc/GMT-6'),(499,'Etc/GMT-7'),(500,'Etc/GMT-8'),(501,'Etc/GMT-9'),(502,'Etc/GMT0'),(503,'Etc/Greenwich'),(504,'Etc/UCT'),(505,'Etc/Universal'),(506,'Etc/UTC'),(507,'Etc/Zulu'),(508,'Factory'),(509,'GB'),(510,'GB-Eire'),(511,'GMT'),(512,'GMT+0'),(513,'GMT-0'),(514,'GMT0'),(515,'Greenwich'),(516,'Hongkong'),(517,'HST'),(518,'Iceland'),(519,'Iran'),(520,'Israel'),(521,'Jamaica'),(522,'Japan'),(523,'Kwajalein'),(524,'Libya'),(525,'MET'),(526,'Mexico/BajaNorte'),(527,'Mexico/BajaSur'),(528,'Mexico/General'),(529,'MST'),(530,'MST7MDT'),(531,'Navajo'),(532,'NZ'),(533,'NZ-CHAT'),(534,'Poland'),(535,'Portugal'),(536,'PRC'),(537,'PST8PDT'),(538,'ROC'),(539,'ROK'),(540,'Singapore'),(541,'Turkey'),(542,'UCT'),(543,'Universal'),(544,'US/Alaska'),(545,'US/Aleutian'),(546,'US/Arizona'),(547,'US/Central'),(548,'US/East-Indiana'),(549,'US/Eastern'),(550,'US/Hawaii'),(551,'US/Indiana-Starke'),(552,'US/Michigan'),(553,'US/Mountain'),(554,'US/Pacific'),(555,'US/Samoa'),(556,'UTC'),(557,'W-SU'),(558,'WET'),(559,'Zulu');

--
-- Table structure for table `pre3574_translation`
--

CREATE TABLE `pre3574_translation` (
  `id_translation` int NOT NULL AUTO_INCREMENT,
  `id_lang` int NOT NULL,
  `key` text CHARACTER SET utf8mb3 COLLATE utf8mb3_bin NOT NULL,
  `translation` text COLLATE utf8mb4_unicode_ci NOT NULL,
  `domain` varchar(80) COLLATE utf8mb4_unicode_ci NOT NULL,
  `theme` varchar(32) COLLATE utf8mb4_unicode_ci DEFAULT NULL,
  PRIMARY KEY (`id_translation`),
  KEY `IDX_561B9A68BA299860` (`id_lang`),
  KEY `key` (`domain`)
) ENGINE=InnoDB DEFAULT CHARSET=utf8mb4 COLLATE=utf8mb4_unicode_ci;

--
-- Dumping data for table `pre3574_translation`
--


--
-- Table structure for table `pre3574_warehouse`
--

CREATE TABLE `pre3574_warehouse` (
  `id_warehouse` int unsigned NOT NULL AUTO_INCREMENT,
  `id_currency` int unsigned NOT NULL,
  `id_address` int unsigned NOT NULL,
  `id_employee` int unsigned NOT NULL,
  `reference` varchar(64) DEFAULT NULL,
  `name` varchar(45) NOT NULL,
  `management_type` enum('WA','FIFO','LIFO') NOT NULL DEFAULT 'WA',
  `deleted` tinyint unsigned NOT NULL DEFAULT '0',
  PRIMARY KEY (`id_warehouse`)
) ENGINE=InnoDB DEFAULT CHARSET=utf8mb4 COLLATE=utf8mb4_0900_ai_ci;

--
-- Dumping data for table `pre3574_warehouse`
--


--
-- Table structure for table `pre3574_warehouse_carrier`
--

CREATE TABLE `pre3574_warehouse_carrier` (
  `id_carrier` int unsigned NOT NULL,
  `id_warehouse` int unsigned NOT NULL,
  PRIMARY KEY (`id_warehouse`,`id_carrier`),
  KEY `id_warehouse` (`id_warehouse`),
  KEY `id_carrier` (`id_carrier`)
) ENGINE=InnoDB DEFAULT CHARSET=utf8mb4 COLLATE=utf8mb4_0900_ai_ci;

--
-- Dumping data for table `pre3574_warehouse_carrier`
--


--
-- Table structure for table `pre3574_warehouse_product_location`
--

CREATE TABLE `pre3574_warehouse_product_location` (
  `id_warehouse_product_location` int unsigned NOT NULL AUTO_INCREMENT,
  `id_product` int unsigned NOT NULL,
  `id_product_attribute` int unsigned NOT NULL,
  `id_warehouse` int unsigned NOT NULL,
  `location` varchar(64) DEFAULT NULL,
  PRIMARY KEY (`id_warehouse_product_location`),
  UNIQUE KEY `id_product` (`id_product`,`id_product_attribute`,`id_warehouse`)
) ENGINE=InnoDB DEFAULT CHARSET=utf8mb4 COLLATE=utf8mb4_0900_ai_ci;

--
-- Dumping data for table `pre3574_warehouse_product_location`
--


--
-- Table structure for table `pre3574_warehouse_shop`
--

CREATE TABLE `pre3574_warehouse_shop` (
  `id_shop` int unsigned NOT NULL,
  `id_warehouse` int unsigned NOT NULL,
  PRIMARY KEY (`id_warehouse`,`id_shop`),
  KEY `id_warehouse` (`id_warehouse`),
  KEY `id_shop` (`id_shop`)
) ENGINE=InnoDB DEFAULT CHARSET=utf8mb4 COLLATE=utf8mb4_0900_ai_ci;

--
-- Dumping data for table `pre3574_warehouse_shop`
--


--
-- Table structure for table `pre3574_web_browser`
--

CREATE TABLE `pre3574_web_browser` (
  `id_web_browser` int unsigned NOT NULL AUTO_INCREMENT,
  `name` varchar(64) DEFAULT NULL,
  PRIMARY KEY (`id_web_browser`)
) ENGINE=InnoDB AUTO_INCREMENT=12 DEFAULT CHARSET=utf8mb4 COLLATE=utf8mb4_0900_ai_ci;

--
-- Dumping data for table `pre3574_web_browser`
--

INSERT INTO `pre3574_web_browser` VALUES (1,'Safari'),(2,'Safari iPad'),(3,'Firefox'),(4,'Opera'),(5,'IE 6'),(6,'IE 7'),(7,'IE 8'),(8,'IE 9'),(9,'IE 10'),(10,'IE 11'),(11,'Chrome');

--
-- Table structure for table `pre3574_webservice_account`
--

CREATE TABLE `pre3574_webservice_account` (
  `id_webservice_account` int NOT NULL AUTO_INCREMENT,
  `key` varchar(32) NOT NULL,
  `description` mediumtext,
  `class_name` varchar(50) NOT NULL DEFAULT 'WebserviceRequest',
  `is_module` tinyint NOT NULL DEFAULT '0',
  `module_name` varchar(50) DEFAULT NULL,
  `active` tinyint NOT NULL,
  PRIMARY KEY (`id_webservice_account`),
  KEY `key` (`key`)
) ENGINE=InnoDB DEFAULT CHARSET=utf8mb4 COLLATE=utf8mb4_0900_ai_ci;

--
-- Dumping data for table `pre3574_webservice_account`
--


--
-- Table structure for table `pre3574_webservice_account_shop`
--

CREATE TABLE `pre3574_webservice_account_shop` (
  `id_webservice_account` int unsigned NOT NULL,
  `id_shop` int unsigned NOT NULL,
  PRIMARY KEY (`id_webservice_account`,`id_shop`),
  KEY `id_shop` (`id_shop`)
) ENGINE=InnoDB DEFAULT CHARSET=utf8mb4 COLLATE=utf8mb4_0900_ai_ci;

--
-- Dumping data for table `pre3574_webservice_account_shop`
--


--
-- Table structure for table `pre3574_webservice_permission`
--

CREATE TABLE `pre3574_webservice_permission` (
  `id_webservice_permission` int NOT NULL AUTO_INCREMENT,
  `resource` varchar(50) NOT NULL,
  `method` enum('GET','POST','PUT','PATCH','DELETE','HEAD') NOT NULL,
  `id_webservice_account` int NOT NULL,
  PRIMARY KEY (`id_webservice_permission`),
  UNIQUE KEY `resource_2` (`resource`,`method`,`id_webservice_account`),
  KEY `resource` (`resource`),
  KEY `method` (`method`),
  KEY `id_webservice_account` (`id_webservice_account`)
) ENGINE=InnoDB DEFAULT CHARSET=utf8mb4 COLLATE=utf8mb4_0900_ai_ci;

--
-- Dumping data for table `pre3574_webservice_permission`
--


--
-- Table structure for table `pre3574_wishlist`
--

CREATE TABLE `pre3574_wishlist` (
  `id_wishlist` int unsigned NOT NULL AUTO_INCREMENT,
  `id_customer` int unsigned NOT NULL,
  `id_shop` int unsigned DEFAULT '1',
  `id_shop_group` int unsigned DEFAULT '1',
  `token` varchar(64) NOT NULL,
  `name` varchar(64) NOT NULL,
  `counter` int unsigned DEFAULT NULL,
  `date_add` datetime NOT NULL,
  `date_upd` datetime NOT NULL,
  `default` int unsigned DEFAULT '0',
  PRIMARY KEY (`id_wishlist`)
) ENGINE=InnoDB DEFAULT CHARSET=utf8mb3;

--
-- Dumping data for table `pre3574_wishlist`
--


--
-- Table structure for table `pre3574_wishlist_product`
--

CREATE TABLE `pre3574_wishlist_product` (
  `id_wishlist_product` int NOT NULL AUTO_INCREMENT,
  `id_wishlist` int unsigned NOT NULL,
  `id_product` int unsigned NOT NULL,
  `id_product_attribute` int unsigned NOT NULL,
  `quantity` int unsigned NOT NULL,
  `priority` int unsigned NOT NULL,
  PRIMARY KEY (`id_wishlist_product`)
) ENGINE=InnoDB DEFAULT CHARSET=utf8mb3;

--
-- Dumping data for table `pre3574_wishlist_product`
--


--
-- Table structure for table `pre3574_wishlist_product_cart`
--

CREATE TABLE `pre3574_wishlist_product_cart` (
  `id_wishlist_product` int unsigned NOT NULL,
  `id_cart` int unsigned NOT NULL,
  `quantity` int unsigned NOT NULL,
  `date_add` datetime NOT NULL
) ENGINE=InnoDB DEFAULT CHARSET=utf8mb3;

--
-- Dumping data for table `pre3574_wishlist_product_cart`
--


--
-- Table structure for table `pre3574_zone`
--

CREATE TABLE `pre3574_zone` (
  `id_zone` int unsigned NOT NULL AUTO_INCREMENT,
  `name` varchar(64) NOT NULL,
  `active` tinyint unsigned NOT NULL DEFAULT '0',
  PRIMARY KEY (`id_zone`)
) ENGINE=InnoDB AUTO_INCREMENT=9 DEFAULT CHARSET=utf8mb4 COLLATE=utf8mb4_0900_ai_ci;

--
-- Dumping data for table `pre3574_zone`
--

INSERT INTO `pre3574_zone` VALUES (1,'Europe',1),(2,'North America',1),(3,'Asia',1),(4,'Africa',1),(5,'Oceania',1),(6,'South America',1),(7,'Europe (non-EU)',1),(8,'Central America/Antilla',1);

--
-- Table structure for table `pre3574_zone_shop`
--

CREATE TABLE `pre3574_zone_shop` (
  `id_zone` int unsigned NOT NULL,
  `id_shop` int unsigned NOT NULL,
  PRIMARY KEY (`id_zone`,`id_shop`),
  KEY `id_shop` (`id_shop`)
) ENGINE=InnoDB DEFAULT CHARSET=utf8mb4 COLLATE=utf8mb4_0900_ai_ci;

--
-- Dumping data for table `pre3574_zone_shop`
--

INSERT INTO `pre3574_zone_shop` VALUES (1,1),(2,1),(3,1),(4,1),(5,1),(6,1),(7,1),(8,1);


